This is the mail archive of the gcc-testresults@gcc.gnu.org mailing list for the GCC project.


Index Nav: [Date Index] [Subject Index] [Author Index] [Thread Index]
Message Nav: [Date Prev] [Date Next] [Thread Prev] [Thread Next]
Other format: [Raw text]

Results for 4.5.2 (GCC) testsuite on i386-pc-solaris2.10


\$ uname -a
SunOS tsukimi 5.10 Generic_142901-07 i86pc i386 i86pc

\$ cat /etc/release
                       Solaris 10 10/09 s10x_u8wos_08a X86
           Copyright 2009 Sun Microsystems, Inc.  All Rights Reserved.
                        Use is subject to license terms.
                           Assembled 16 September 2009

\$ /usr/local/bin/as --version
GNU assembler (GNU Binutils) 2.21

\$ /usr/ccs/bin/ld -V
ld: Software Generation Utilities - Solaris Link Editors: 5.10-1.497

\$ /usr/sbin/psrinfo -pv
The physical processor has 1 virtual processor (0)
  x86 (GenuineIntel family 6 model 23 step 6 clock 2400 MHz)
        Intel(r) Core(tm)2 Duo CPU     T8300  @ 2.40GHz
The physical processor has 1 virtual processor (1)
  x86 (GenuineIntel family 6 model 23 step 6 clock 2400 MHz)
        Intel(r) Core(tm)2 Duo CPU     T8300  @ 2.40GHz

Bootstrapped with :

\$ /usr/sfw/bin/gcc -v
Reading specs from /usr/sfw/lib/gcc/i386-pc-solaris2.10/3.4.3/specs
Configured with: /builds/sfw10-gate/usr/src/cmd/gcc/gcc-3.4.3/configure --prefix=/usr/sfw --with-as=/usr/sfw/bin/gas --with-gnu-as --with-ld=/usr/ccs/bin/ld --without-gnu-ld --enable-languages=c,c++ --enable-shared
Thread model: posix
gcc version 3.4.3 (csl-sol210-3_4-branch+sol_rpath)
LAST_UPDATED: Sunday, December 19, 2010 12:50:41 AM UTC (revision 168039)

Native configuration is i386-pc-solaris2.10

		=== g++ tests ===


Running target unix

		=== g++ Summary for unix ===

# of expected passes		23101
# of expected failures		152
# of unsupported tests		164

Running target unix/-m64
FAIL: g++.dg/tls/static-1.C execution test

		=== g++ Summary for unix/-m64 ===

# of expected passes		22720
# of unexpected failures	1
# of expected failures		152
# of unsupported tests		347

		=== g++ Summary ===

# of expected passes		45821
# of unexpected failures	1
# of expected failures		304
# of unsupported tests		511
/var/opt/BUILD/gcc-4.5.2/gcc/testsuite/g++/../../g++  version 4.5.2 (GCC) 

		=== gcc tests ===


Running target unix
FAIL: gcc.c-torture/compile/limits-exprparen.c  -O0  (test for excess errors)
FAIL: gcc.c-torture/compile/limits-exprparen.c  -O1  (test for excess errors)
FAIL: gcc.c-torture/compile/limits-exprparen.c  -O2  (test for excess errors)
FAIL: gcc.c-torture/compile/limits-exprparen.c  -O3 -fomit-frame-pointer  (test for excess errors)
FAIL: gcc.c-torture/compile/limits-exprparen.c  -O3 -g  (test for excess errors)
FAIL: gcc.c-torture/compile/limits-exprparen.c  -Os  (test for excess errors)
FAIL: gcc.c-torture/compile/limits-exprparen.c  -O2 -flto  (test for excess errors)
FAIL: gcc.c-torture/compile/limits-exprparen.c  -O2 -fwhopr  (test for excess errors)
FAIL: gcc.c-torture/compile/limits-structnest.c  -O2  (test for excess errors)
FAIL: gcc.c-torture/compile/limits-structnest.c  -O3 -fomit-frame-pointer  (test for excess errors)
FAIL: gcc.c-torture/compile/limits-structnest.c  -O3 -g  (test for excess errors)
FAIL: gcc.c-torture/compile/limits-structnest.c  -Os  (test for excess errors)
FAIL: gcc.c-torture/compile/limits-structnest.c  -O2 -flto  (test for excess errors)
FAIL: gcc.c-torture/compile/limits-structnest.c  -O2 -fwhopr  (test for excess errors)
FAIL: gcc.dg/winline-1.c (test for excess errors)
FAIL: gcc.dg/wtr-union-init-1.c initialization of unions (test for warnings, line 18)
FAIL: gcc.dg/wtr-union-init-1.c (test for excess errors)
FAIL: gcc.dg/torture/builtin-math-4.c  -O3 -fomit-frame-pointer -funroll-loops  (test for excess errors)
FAIL: gcc.dg/torture/builtin-math-4.c  -O2 -fwhopr  (test for excess errors)
FAIL: gcc.dg/torture/builtin-math-5.c  -O0  (test for excess errors)
FAIL: gcc.dg/torture/builtin-math-5.c  -O0  scan-tree-dump-times original "csqrtf" 3: dump file does not exist
FAIL: gcc.dg/torture/builtin-math-5.c  -O0  scan-tree-dump-times original "csqrt " 3: dump file does not exist
FAIL: gcc.dg/torture/builtin-math-5.c  -O0  scan-tree-dump-times original "csqrtl" 3: dump file does not exist
FAIL: gcc.dg/torture/builtin-math-5.c  -O0  scan-tree-dump-times original "cexpf" 2: dump file does not exist
FAIL: gcc.dg/torture/builtin-math-5.c  -O0  scan-tree-dump-times original "cexp " 2: dump file does not exist
FAIL: gcc.dg/torture/builtin-math-5.c  -O0  scan-tree-dump-times original "cexpl" 2: dump file does not exist
FAIL: gcc.dg/torture/builtin-math-5.c  -O0  scan-tree-dump-times original "cpowf" 18: dump file does not exist
FAIL: gcc.dg/torture/builtin-math-5.c  -O0  scan-tree-dump-times original "cpow " 18: dump file does not exist
FAIL: gcc.dg/torture/builtin-math-5.c  -O0  scan-tree-dump-times original "cpowl" 18: dump file does not exist
FAIL: gcc.dg/torture/builtin-math-7.c  -O3 -fomit-frame-pointer  execution test
FAIL: gcc.dg/torture/stackalign/pr16660-1.c  -O2  (test for excess errors)
WARNING: gcc.dg/torture/stackalign/pr16660-1.c  -O2  compilation failed to produce executable
FAIL: gcc.dg/torture/stackalign/pr16660-2.c  -O2 -fwhopr  execution test
FAIL: gcc.dg/torture/stackalign/push-1.c  -O0  (test for excess errors)
WARNING: gcc.dg/torture/stackalign/push-1.c  -O0  compilation failed to produce executable

		=== gcc Summary for unix ===

# of expected passes		71271
# of unexpected failures	33
# of expected failures		167
# of unsupported tests		701

Running target unix/-m64
FAIL: gcc.c-torture/compile/limits-exprparen.c  -O0  (test for excess errors)
FAIL: gcc.c-torture/compile/limits-exprparen.c  -O1  (test for excess errors)
FAIL: gcc.c-torture/compile/limits-exprparen.c  -O2  (test for excess errors)
FAIL: gcc.c-torture/compile/limits-exprparen.c  -O3 -fomit-frame-pointer  (test for excess errors)
FAIL: gcc.c-torture/compile/limits-exprparen.c  -O3 -g  (test for excess errors)
FAIL: gcc.c-torture/compile/limits-exprparen.c  -Os  (test for excess errors)
FAIL: gcc.c-torture/compile/limits-exprparen.c  -O2 -flto  (test for excess errors)
FAIL: gcc.c-torture/compile/limits-exprparen.c  -O2 -fwhopr  (test for excess errors)
FAIL: gcc.c-torture/compile/limits-structnest.c  -O2  (test for excess errors)
FAIL: gcc.c-torture/compile/limits-structnest.c  -O3 -fomit-frame-pointer  (test for excess errors)
FAIL: gcc.c-torture/compile/limits-structnest.c  -O3 -g  (test for excess errors)
FAIL: gcc.c-torture/compile/limits-structnest.c  -Os  (test for excess errors)
FAIL: gcc.c-torture/compile/limits-structnest.c  -O2 -flto  (test for excess errors)
FAIL: gcc.c-torture/compile/limits-structnest.c  -O2 -fwhopr  (test for excess errors)
FAIL: gcc.dg/cpp/trad/include.c (internal compiler error)
FAIL: gcc.dg/cpp/trad/include.c (test for excess errors)

		=== gcc Summary for unix/-m64 ===

# of expected passes		70831
# of unexpected failures	16
# of expected failures		165
# of unsupported tests		1053

		=== gcc Summary ===

# of expected passes		142102
# of unexpected failures	49
# of expected failures		332
# of unsupported tests		1754
/var/opt/BUILD/gcc-4.5.2/gcc/xgcc  version 4.5.2 (GCC) 

		=== gfortran tests ===


Running target unix

		=== gfortran Summary for unix ===

# of expected passes		34206
# of expected failures		20
# of unsupported tests		154

Running target unix/-m64
FAIL: gfortran.fortran-torture/execute/inquire_3.f90 compilation,  -O3 -g 
FAIL: gfortran.fortran-torture/execute/inquire_4.f90 compilation,  -O2 -fbounds-check 
FAIL: gfortran.fortran-torture/execute/inquire_4.f90 compilation,  -O3 -g 

		=== gfortran Summary for unix/-m64 ===

# of expected passes		34361
# of unexpected failures	3
# of expected failures		20
# of untested testcases		3
# of unsupported tests		78

		=== gfortran Summary ===

# of expected passes		68567
# of unexpected failures	3
# of expected failures		40
# of untested testcases		3
# of unsupported tests		232
/var/opt/BUILD/gcc-4.5.2/gcc/testsuite/gfortran/../../gfortran  version 4.5.2 (GCC) 

		=== libgomp tests ===


Running target unix

		=== libgomp Summary for unix ===

# of expected passes		2506
# of unsupported tests		2

Running target unix/-m64
FAIL: libgomp.c/copyin-3.c execution test
FAIL: libgomp.c/nqueens-1.c execution test
FAIL: libgomp.c/pr24455.c execution test
FAIL: libgomp.c++/ctor-10.C  -O0  execution test
FAIL: libgomp.c++/ctor-10.C  -O1  execution test
FAIL: libgomp.c++/ctor-10.C  -O2  execution test
FAIL: libgomp.c++/ctor-10.C  -O3 -fomit-frame-pointer  execution test
FAIL: libgomp.c++/ctor-10.C  -O3 -fomit-frame-pointer -funroll-loops  execution test
FAIL: libgomp.c++/ctor-10.C  -O3 -fomit-frame-pointer -funroll-all-loops -finline-functions  execution test
FAIL: libgomp.c++/ctor-10.C  -O3 -g  execution test
FAIL: libgomp.c++/ctor-10.C  -Os  execution test
FAIL: libgomp.c++/pr24455.C  -O0  execution test
FAIL: libgomp.c++/pr24455.C  -O1  execution test
FAIL: libgomp.c++/pr24455.C  -O2  execution test
FAIL: libgomp.c++/pr24455.C  -O3 -fomit-frame-pointer  execution test
FAIL: libgomp.c++/pr24455.C  -O3 -fomit-frame-pointer -funroll-loops  execution test
FAIL: libgomp.c++/pr24455.C  -O3 -fomit-frame-pointer -funroll-all-loops -finline-functions  execution test
FAIL: libgomp.c++/pr24455.C  -O3 -g  execution test
FAIL: libgomp.c++/pr24455.C  -Os  execution test
FAIL: libgomp.fortran/appendix-a/a.22.8.f90  -O0  execution test
FAIL: libgomp.fortran/appendix-a/a.22.8.f90  -O1  execution test
FAIL: libgomp.fortran/appendix-a/a.22.8.f90  -O2  execution test
FAIL: libgomp.fortran/appendix-a/a.22.8.f90  -O3 -fomit-frame-pointer  execution test
FAIL: libgomp.fortran/appendix-a/a.22.8.f90  -O3 -fomit-frame-pointer -funroll-loops  execution test
FAIL: libgomp.fortran/appendix-a/a.22.8.f90  -O3 -fomit-frame-pointer -funroll-all-loops -finline-functions  execution test
FAIL: libgomp.fortran/appendix-a/a.22.8.f90  -O3 -g  execution test
FAIL: libgomp.fortran/appendix-a/a.22.8.f90  -Os  execution test
FAIL: libgomp.fortran/threadprivate1.f90  -O0  execution test
FAIL: libgomp.fortran/threadprivate1.f90  -O1  execution test
FAIL: libgomp.fortran/threadprivate1.f90  -O2  execution test
FAIL: libgomp.fortran/threadprivate1.f90  -O3 -fomit-frame-pointer  execution test
FAIL: libgomp.fortran/threadprivate1.f90  -O3 -fomit-frame-pointer -funroll-loops  execution test
FAIL: libgomp.fortran/threadprivate1.f90  -O3 -fomit-frame-pointer -funroll-all-loops -finline-functions  execution test
FAIL: libgomp.fortran/threadprivate1.f90  -O3 -g  execution test
FAIL: libgomp.fortran/threadprivate1.f90  -Os  execution test
FAIL: libgomp.fortran/threadprivate2.f90  -O0  execution test
FAIL: libgomp.fortran/threadprivate2.f90  -O1  execution test
FAIL: libgomp.fortran/threadprivate2.f90  -O2  execution test
FAIL: libgomp.fortran/threadprivate2.f90  -O3 -fomit-frame-pointer  execution test
FAIL: libgomp.fortran/threadprivate2.f90  -O3 -fomit-frame-pointer -funroll-loops  execution test
FAIL: libgomp.fortran/threadprivate2.f90  -O3 -fomit-frame-pointer -funroll-all-loops -finline-functions  execution test
FAIL: libgomp.fortran/threadprivate2.f90  -O3 -g  execution test
FAIL: libgomp.fortran/threadprivate2.f90  -Os  execution test

		=== libgomp Summary for unix/-m64 ===

# of expected passes		2463
# of unexpected failures	43
# of unsupported tests		2

		=== libgomp Summary ===

# of expected passes		4969
# of unexpected failures	43
# of unsupported tests		4
		=== libstdc++ tests ===


Running target unix
FAIL: ext/vstring/inserters_extractors/wchar_t/28277.cc execution test

		=== libstdc++ Summary for unix ===

# of expected passes		6679
# of unexpected failures	1
# of expected failures		94
# of unsupported tests		444

Running target unix/-m64
FAIL: ext/vstring/inserters_extractors/wchar_t/28277.cc execution test

		=== libstdc++ Summary for unix/-m64 ===

# of expected passes		6681
# of unexpected failures	1
# of expected failures		92
# of unsupported tests		444

		=== libstdc++ Summary ===

# of expected passes		13360
# of unexpected failures	2
# of expected failures		186
# of unsupported tests		888

		=== libstdc++ Summary ===


Compiler version: 4.5.2 (GCC) 
Platform: i386-pc-solaris2.10
configure flags: --prefix=/usr/local/gcc4 --target=i386-pc-solaris2.10 --with-gnu-as --with-as=/usr/local/bin/as --with-gmp=/local/gcc --with-mpfr=/local/gcc --with-mpc=/local/gcc --enable-languages=c,c++,fortran


Index Nav: [Date Index] [Subject Index] [Author Index] [Thread Index]
Message Nav: [Date Prev] [Date Next] [Thread Prev] [Thread Next]