This is the mail archive of the gcc-testresults@gcc.gnu.org mailing list for the GCC project.


Index Nav: [Date Index] [Subject Index] [Author Index] [Thread Index]
Message Nav: [Date Prev] [Date Next] [Thread Prev] [Thread Next]
Other format: [Raw text]

Results for 4.6.0 20101216 (experimental) [trunk revision 167955] (GCC) testsuite on hppa-unknown-linux-gnu


LAST_UPDATED: Thu Dec 16 21:57:25 UTC 2010 (revision 167955)

		=== acats tests ===

		=== acats Summary ===
# of expected passes		2321
# of unexpected failures	0
Native configuration is hppa-unknown-linux-gnu

		=== g++ tests ===


Running target unix
FAIL: g++.old-deja/g++.law/arg7.C (test for excess errors)
UNRESOLVED: g++.old-deja/g++.law/arg7.C compilation failed to produce executable

		=== g++ Summary ===

# of expected passes		25793
# of unexpected failures	1
# of expected failures		156
# of unresolved testcases	1
# of unsupported tests		417
/home2/dave/gcc-4.6/objdir/gcc/testsuite/g++/../../g++  version 4.6.0 20101216 (experimental) [trunk revision 167955] (GCC) 

		=== gcc tests ===


Running target unix
FAIL: gcc.dg/cproj-fails-with-broken-glibc.c execution test
XPASS: gcc.dg/guality/example.c  -O0  execution test
XPASS: gcc.dg/guality/example.c  -O1  execution test
XPASS: gcc.dg/guality/example.c  -O2  execution test
XPASS: gcc.dg/guality/guality.c  -O0  execution test
XPASS: gcc.dg/guality/guality.c  -O1  execution test
XPASS: gcc.dg/guality/guality.c  -O2  execution test
XPASS: gcc.dg/guality/guality.c  -O3 -fomit-frame-pointer  execution test
XPASS: gcc.dg/guality/guality.c  -O3 -g  execution test
XPASS: gcc.dg/guality/guality.c  -Os  execution test
XPASS: gcc.dg/guality/inline-params.c  -O2  execution test
XPASS: gcc.dg/guality/inline-params.c  -O3 -fomit-frame-pointer  execution test
XPASS: gcc.dg/guality/inline-params.c  -O3 -g  execution test
XPASS: gcc.dg/guality/inline-params.c  -Os  execution test
FAIL: gcc.dg/guality/nrv-1.c  -O2  line 20 a2.i[0] == 42
FAIL: gcc.dg/guality/nrv-1.c  -O3 -fomit-frame-pointer  line 20 a2.i[0] == 42
FAIL: gcc.dg/guality/nrv-1.c  -O3 -g  line 20 a2.i[0] == 42
FAIL: gcc.dg/guality/nrv-1.c  -Os  line 20 a2.i[0] == 42
XPASS: gcc.dg/guality/pr41353-1.c  -O0  line 28 j == 28 + 37
XPASS: gcc.dg/guality/pr41353-1.c  -O1  line 28 j == 28 + 37
XPASS: gcc.dg/guality/pr41353-1.c  -O2  line 28 j == 28 + 37
XPASS: gcc.dg/guality/pr41353-1.c  -O3 -fomit-frame-pointer  line 28 j == 28 + 37
XPASS: gcc.dg/guality/pr41353-1.c  -O3 -g  line 28 j == 28 + 37
XPASS: gcc.dg/guality/pr41353-1.c  -Os  line 28 j == 28 + 37
XPASS: gcc.dg/guality/pr41353-1.c  -O2 -flto -flto-partition=none  line 28 j == 28 + 37
XPASS: gcc.dg/guality/pr41353-1.c  -O2 -flto  line 28 j == 28 + 37
FAIL: gcc.dg/guality/pr41404-1.c  -O1  line 10 *foo == 'f'
FAIL: gcc.dg/guality/pr41404-1.c  -O2  line 10 *foo == 'f'
FAIL: gcc.dg/guality/pr41404-1.c  -O3 -fomit-frame-pointer  line 10 *foo == 'f'
FAIL: gcc.dg/guality/pr41404-1.c  -O3 -g  line 10 *foo == 'f'
FAIL: gcc.dg/guality/pr41404-1.c  -Os  line 10 *foo == 'f'
XPASS: gcc.dg/guality/pr41447-1.c  -O0  execution test
XPASS: gcc.dg/guality/pr41447-1.c  -O1  execution test
XPASS: gcc.dg/guality/pr41447-1.c  -O2  execution test
XPASS: gcc.dg/guality/pr41447-1.c  -O3 -fomit-frame-pointer  execution test
XPASS: gcc.dg/guality/pr41447-1.c  -O3 -g  execution test
XPASS: gcc.dg/guality/pr41447-1.c  -Os  execution test
XPASS: gcc.dg/guality/pr41616-1.c  -O0  execution test
XPASS: gcc.dg/guality/pr41616-1.c  -O1  execution test
XPASS: gcc.dg/guality/pr41616-1.c  -O2  execution test
XPASS: gcc.dg/guality/pr41616-1.c  -O3 -fomit-frame-pointer  execution test
XPASS: gcc.dg/guality/pr41616-1.c  -O3 -g  execution test
XPASS: gcc.dg/guality/pr41616-1.c  -Os  execution test
FAIL: gcc.dg/guality/pr43077-1.c  -O2 -flto -flto-partition=none  line 42 varb == 2
FAIL: gcc.dg/guality/pr43077-1.c  -O2 -flto  line 42 varb == 2
FAIL: gcc.dg/guality/sra-1.c  -O1  line 43 a.j == 14
FAIL: gcc.dg/guality/sra-1.c  -O2  line 43 a.j == 14
FAIL: gcc.dg/guality/sra-1.c  -O3 -fomit-frame-pointer  line 43 a.j == 14
FAIL: gcc.dg/guality/sra-1.c  -O3 -g  line 43 a.j == 14
FAIL: gcc.dg/guality/sra-1.c  -Os  line 43 a.j == 14
FAIL: gcc.dg/guality/vla-1.c  -O0  line 17 sizeof (a) == 6
FAIL: gcc.dg/guality/vla-1.c  -O0  line 24 sizeof (a) == 17 * sizeof (short)
FAIL: gcc.dg/guality/vla-1.c  -O1  line 24 sizeof (a) == 17 * sizeof (short)
FAIL: gcc.dg/guality/vla-1.c  -O2  line 24 sizeof (a) == 17 * sizeof (short)
FAIL: gcc.dg/guality/vla-1.c  -O3 -fomit-frame-pointer  line 24 sizeof (a) == 17 * sizeof (short)
FAIL: gcc.dg/guality/vla-1.c  -O3 -g  line 24 sizeof (a) == 17 * sizeof (short)
FAIL: gcc.dg/guality/vla-1.c  -Os  line 24 sizeof (a) == 17 * sizeof (short)
FAIL: gcc.dg/guality/vla-2.c  -O0  line 16 sizeof (a) == 5 * sizeof (int)
FAIL: gcc.dg/guality/vla-2.c  -O0  line 25 sizeof (a) == 6 * sizeof (int)
FAIL: gcc.dg/guality/vla-2.c  -O1  line 16 sizeof (a) == 5 * sizeof (int)
FAIL: gcc.dg/guality/vla-2.c  -O1  line 25 sizeof (a) == 6 * sizeof (int)
FAIL: gcc.dg/guality/vla-2.c  -O2  line 16 sizeof (a) == 5 * sizeof (int)
FAIL: gcc.dg/guality/vla-2.c  -O2  line 25 sizeof (a) == 6 * sizeof (int)
FAIL: gcc.dg/guality/vla-2.c  -O3 -fomit-frame-pointer  line 16 sizeof (a) == 5 * sizeof (int)
FAIL: gcc.dg/guality/vla-2.c  -O3 -fomit-frame-pointer  line 25 sizeof (a) == 6 * sizeof (int)
FAIL: gcc.dg/guality/vla-2.c  -O3 -g  line 16 sizeof (a) == 5 * sizeof (int)
FAIL: gcc.dg/guality/vla-2.c  -O3 -g  line 25 sizeof (a) == 6 * sizeof (int)
FAIL: gcc.dg/guality/vla-2.c  -Os  line 16 sizeof (a) == 5 * sizeof (int)
FAIL: gcc.dg/guality/vla-2.c  -Os  line 25 sizeof (a) == 6 * sizeof (int)
XPASS: gcc.dg/tree-ssa/loop-1.c scan-assembler-times foo 5

		=== gcc Summary ===

# of expected passes		68636
# of unexpected failures	36
# of unexpected successes	34
# of expected failures		136
# of unsupported tests		1111
/home2/dave/gcc-4.6/objdir/gcc/xgcc  version 4.6.0 20101216 (experimental) [trunk revision 167955] (GCC) 

		=== gfortran tests ===


Running target unix
FAIL: gfortran.dg/list_read_10.f90  -O0  (internal compiler error)
FAIL: gfortran.dg/list_read_10.f90  -O0  (test for excess errors)
UNRESOLVED: gfortran.dg/list_read_10.f90  -O0  compilation failed to produce executable
XPASS: gfortran.dg/pr25923.f90  -O  PR45505 (test for warnings, line 13)
XPASS: gfortran.dg/pr25923.f90  -O  PR45505 (test for bogus messages, line 22)
FAIL: gfortran.dg/pr45636.f90  -O  scan-tree-dump-times forwprop2 "memset" 0
FAIL: gfortran.dg/streamio_9.f90  -O3 -fomit-frame-pointer  (internal compiler error)
FAIL: gfortran.dg/streamio_9.f90  -O3 -fomit-frame-pointer  (test for excess errors)
UNRESOLVED: gfortran.dg/streamio_9.f90  -O3 -fomit-frame-pointer  compilation failed to produce executable
FAIL: gfortran.dg/g77/large_vec.f  -O3 -fomit-frame-pointer -funroll-loops  (internal compiler error)
FAIL: gfortran.dg/g77/large_vec.f  -O3 -fomit-frame-pointer -funroll-loops  (test for excess errors)
UNRESOLVED: gfortran.dg/g77/large_vec.f  -O3 -fomit-frame-pointer -funroll-loops  compilation failed to produce executable

		=== gfortran Summary ===

# of expected passes		36442
# of unexpected failures	7
# of unexpected successes	2
# of expected failures		40
# of unresolved testcases	3
# of unsupported tests		345
/home2/dave/gcc-4.6/objdir/gcc/testsuite/gfortran/../../gfortran  version 4.6.0 20101216 (experimental) [trunk revision 167955] (GCC) 

		=== gnat tests ===


Running target unix

		=== gnat Summary ===

# of expected passes		858
# of expected failures		11
# of unsupported tests		3
		=== obj-c++ tests ===


Running target unix
UNRESOLVED: obj-c++.dg/try-catch-2.mm -fgnu-runtime compilation failed to produce executable
UNRESOLVED: obj-c++.dg/try-catch-9.mm -fgnu-runtime compilation failed to produce executable

		=== obj-c++ Summary ===

# of expected passes		1267
# of expected failures		2
# of unresolved testcases	2
# of unsupported tests		86
/home2/dave/gcc-4.6/objdir/gcc/testsuite/obj-c++/../../g++  version 4.6.0 20101216 (experimental) [trunk revision 167955] (GCC) 

		=== objc tests ===


Running target unix
XPASS: objc.dg-struct-layout-encoding-1/t025_main.m execution test
XPASS: objc.dg-struct-layout-encoding-1/t026_main.m execution test
XPASS: objc.dg-struct-layout-encoding-1/t027_main.m execution test
XPASS: objc.dg-struct-layout-encoding-1/t028_main.m execution test
XPASS: objc.dg-struct-layout-encoding-1/t029_main.m execution test
XPASS: objc.dg-struct-layout-encoding-1/t030_main.m execution test
XPASS: objc.dg-struct-layout-encoding-1/t031_main.m execution test

		=== objc Summary ===

# of expected passes		2773
# of unexpected successes	7
# of expected failures		10
# of unsupported tests		74
/home2/dave/gcc-4.6/objdir/gcc/xgcc  version 4.6.0 20101216 (experimental) [trunk revision 167955] (GCC) 

		=== libffi tests ===


Running target unix
FAIL: libffi.call/return_fl3.c -Os (test for excess errors)
UNRESOLVED: libffi.call/return_fl3.c -Os compilation failed to produce executable

		=== libffi Summary ===

# of expected passes		1632
# of unexpected failures	1
# of expected failures		10
# of unresolved testcases	1
# of unsupported tests		15
		=== libgomp tests ===


Running target unix
FAIL: libgomp.c++/task-2.C  -O2  (internal compiler error)
FAIL: libgomp.c++/task-2.C  -O2  (test for excess errors)
UNRESOLVED: libgomp.c++/task-2.C  -O2  compilation failed to produce executable

		=== libgomp Summary ===

# of expected passes		2524
# of unexpected failures	2
# of unresolved testcases	1
		=== libjava tests ===


Running target unix
FAIL: pr29812 execution - gij test
FAIL: ExtraClassLoader execution - source compiled test
FAIL: ExtraClassLoader -findirect-dispatch execution - source compiled test
FAIL: ExtraClassLoader -O3 execution - source compiled test
FAIL: ExtraClassLoader -O3 -findirect-dispatch execution - source compiled test

		=== libjava Summary ===

# of expected passes		2564
# of unexpected failures	5
# of untested testcases		5
		=== libmudflap tests ===


Running target unix
FAIL: libmudflap.c/fail40-frag.c output pattern test
FAIL: libmudflap.c/pass49-frag.c execution test
FAIL: libmudflap.c/pass49-frag.c output pattern test
FAIL: libmudflap.c/pass49-frag.c execution test
FAIL: libmudflap.c/pass49-frag.c output pattern test
FAIL: libmudflap.c/pass51-frag.c execution test
FAIL: libmudflap.c/pass51-frag.c execution test
FAIL: libmudflap.c/fail40-frag.c (-static) output pattern test
FAIL: libmudflap.c/pass49-frag.c (-static) execution test
FAIL: libmudflap.c/pass49-frag.c (-static) output pattern test
FAIL: libmudflap.c/pass49-frag.c (-static) execution test
FAIL: libmudflap.c/pass49-frag.c (-static) output pattern test
FAIL: libmudflap.c/pass51-frag.c (-static) execution test
FAIL: libmudflap.c/pass51-frag.c (-static) execution test
FAIL: libmudflap.c/fail40-frag.c (-O2) output pattern test
FAIL: libmudflap.c/pass49-frag.c (-O2) execution test
FAIL: libmudflap.c/pass49-frag.c (-O2) output pattern test
FAIL: libmudflap.c/pass49-frag.c (-O2) execution test
FAIL: libmudflap.c/pass49-frag.c (-O2) output pattern test
FAIL: libmudflap.c/pass51-frag.c (-O2) execution test
FAIL: libmudflap.c/pass51-frag.c (-O2) execution test
FAIL: libmudflap.c/fail40-frag.c (-O3) output pattern test
FAIL: libmudflap.c/pass49-frag.c (-O3) execution test
FAIL: libmudflap.c/pass49-frag.c (-O3) output pattern test
FAIL: libmudflap.c/pass49-frag.c (-O3) execution test
FAIL: libmudflap.c/pass49-frag.c (-O3) output pattern test
FAIL: libmudflap.c/pass51-frag.c (-O3) execution test
FAIL: libmudflap.c/pass51-frag.c (-O3) execution test
FAIL: libmudflap.cth/pass39-frag.c (-static -DSTATIC) (rerun 9) execution test
FAIL: libmudflap.cth/pass39-frag.c (-static -DSTATIC) (rerun 9) output pattern test

		=== libmudflap Summary ===

# of expected passes		1864
# of unexpected failures	30
		=== libstdc++ tests ===


Running target unix
FAIL: 22_locale/time_get/get_date/wchar_t/4.cc execution test

		=== libstdc++ Summary ===

# of expected passes		8000
# of unexpected failures	1
# of expected failures		83
# of unsupported tests		126

Compiler version: 4.6.0 20101216 (experimental) [trunk revision 167955] (GCC) 
Platform: hppa-unknown-linux-gnu
configure flags: --with-gnu-as --with-gnu-ld --enable-shared --enable-nls --prefix=/home2/dave/opt/gnu/gcc/gcc-4.6.0 --with-local-prefix=/home2/dave/opt/gnu --enable-threads=posix --enable-__cxa_atexit --build=hppa-linux --enable-clocale=gnu --enable-java-gc=boehm --enable-java-awt=xlib --enable-languages=c,c++,objc,fortran,obj-c++,java,ada


Index Nav: [Date Index] [Subject Index] [Author Index] [Thread Index]
Message Nav: [Date Prev] [Date Next] [Thread Prev] [Thread Next]