This is the mail archive of the
gcc-testresults@gcc.gnu.org
mailing list for the GCC project.
Results for 4.6.0 20101212 (experimental) (GCC) testsuite on x86_64-apple-darwin10.5.0
- From: Jack Howarth <howarth at bromo dot med dot uc dot edu>
- To: gcc-testresults at gcc dot gnu dot org
- Date: Sun, 12 Dec 2010 22:36:38 -0500
- Subject: Results for 4.6.0 20101212 (experimental) (GCC) testsuite on x86_64-apple-darwin10.5.0
r167727 with profiledbootstrap BOOT_CFLAGS="-g -O3".
Native configuration is x86_64-apple-darwin10.5.0
=== g++ tests ===
Running target unix/-m32
WARNING: g++.dg/ext/label13.C compilation failed to produce executable
FAIL: g++.dg/torture/stackalign/eh-alloca-1.C -O3 -g execution test
FAIL: g++.dg/torture/stackalign/eh-vararg-1.C -O3 -g execution test
FAIL: g++.dg/torture/stackalign/eh-vararg-2.C -O3 -g execution test
FAIL: g++.dg/torture/stackalign/eh-alloca-1.C -O3 -g execution test
FAIL: g++.dg/torture/stackalign/eh-vararg-1.C -O3 -g execution test
FAIL: g++.dg/torture/stackalign/eh-vararg-2.C -O3 -g execution test
=== g++ Summary for unix/-m32 ===
# of expected passes 26109
# of unexpected failures 6
# of expected failures 157
# of unsupported tests 179
Running target unix/-m64
WARNING: g++.dg/ext/label13.C compilation failed to produce executable
=== g++ Summary for unix/-m64 ===
# of expected passes 26355
# of expected failures 157
# of unsupported tests 373
=== g++ Summary ===
# of expected passes 52464
# of unexpected failures 6
# of expected failures 314
# of unsupported tests 552
/sw/src/fink.build/gcc46-4.6.0-1000/darwin_objdir/gcc/testsuite/g++/../../g++ version 4.6.0 20101212 (experimental) (GCC)
=== gcc tests ===
Running target unix/-m32
FAIL: gcc.dg/pr43157.c (test for excess errors)
FAIL: gcc.dg/torture/stackalign/non-local-goto-1.c -O1 (internal compiler error)
FAIL: gcc.dg/torture/stackalign/non-local-goto-1.c -O1 (test for excess errors)
WARNING: gcc.dg/torture/stackalign/non-local-goto-1.c -O1 compilation failed to produce executable
FAIL: gcc.dg/torture/stackalign/non-local-goto-2.c -O1 (internal compiler error)
FAIL: gcc.dg/torture/stackalign/non-local-goto-2.c -O1 (test for excess errors)
WARNING: gcc.dg/torture/stackalign/non-local-goto-2.c -O1 compilation failed to produce executable
FAIL: gcc.dg/torture/stackalign/non-local-goto-1.c -O1 (internal compiler error)
FAIL: gcc.dg/torture/stackalign/non-local-goto-1.c -O1 (test for excess errors)
WARNING: gcc.dg/torture/stackalign/non-local-goto-1.c -O1 compilation failed to produce executable
FAIL: gcc.dg/torture/stackalign/non-local-goto-2.c -O1 (internal compiler error)
FAIL: gcc.dg/torture/stackalign/non-local-goto-2.c -O1 (test for excess errors)
WARNING: gcc.dg/torture/stackalign/non-local-goto-2.c -O1 compilation failed to produce executable
FAIL: gcc.dg/torture/stackalign/non-local-goto-1.c -O1 (internal compiler error)
FAIL: gcc.dg/torture/stackalign/non-local-goto-1.c -O1 (test for excess errors)
WARNING: gcc.dg/torture/stackalign/non-local-goto-1.c -O1 compilation failed to produce executable
FAIL: gcc.dg/torture/stackalign/non-local-goto-2.c -O1 (internal compiler error)
FAIL: gcc.dg/torture/stackalign/non-local-goto-2.c -O1 (test for excess errors)
WARNING: gcc.dg/torture/stackalign/non-local-goto-2.c -O1 compilation failed to produce executable
FAIL: gcc.dg/torture/stackalign/non-local-goto-1.c -O1 (internal compiler error)
FAIL: gcc.dg/torture/stackalign/non-local-goto-1.c -O1 (test for excess errors)
WARNING: gcc.dg/torture/stackalign/non-local-goto-1.c -O1 compilation failed to produce executable
FAIL: gcc.dg/torture/stackalign/non-local-goto-2.c -O1 (internal compiler error)
FAIL: gcc.dg/torture/stackalign/non-local-goto-2.c -O1 (test for excess errors)
WARNING: gcc.dg/torture/stackalign/non-local-goto-2.c -O1 compilation failed to produce executable
XPASS: gcc.dg/tree-ssa/20040204-1.c scan-tree-dump-times optimized "link_error" 0
FAIL: gcc.target/i386/combine-mul.c scan-assembler-not 12345
FAIL: gcc.target/i386/max-stack-align.c (test for excess errors)
=== gcc Summary for unix/-m32 ===
# of expected passes 73622
# of unexpected failures 19
# of unexpected successes 1
# of expected failures 214
# of unsupported tests 1348
Running target unix/-m64
FAIL: gcc.dg/pr43157.c (test for excess errors)
FAIL: gcc.dg/matrix/transpose-3.c execution, -fprofile-use -fipa-matrix-reorg -fdump-ipa-matrix-reorg -O3 -fwhole-program
FAIL: gcc.dg/torture/stackalign/non-local-goto-1.c -O1 (internal compiler error)
FAIL: gcc.dg/torture/stackalign/non-local-goto-1.c -O1 (test for excess errors)
WARNING: gcc.dg/torture/stackalign/non-local-goto-1.c -O1 compilation failed to produce executable
FAIL: gcc.dg/torture/stackalign/non-local-goto-2.c -O1 (internal compiler error)
FAIL: gcc.dg/torture/stackalign/non-local-goto-2.c -O1 (test for excess errors)
WARNING: gcc.dg/torture/stackalign/non-local-goto-2.c -O1 compilation failed to produce executable
FAIL: gcc.dg/torture/stackalign/non-local-goto-1.c -O1 (internal compiler error)
FAIL: gcc.dg/torture/stackalign/non-local-goto-1.c -O1 (test for excess errors)
WARNING: gcc.dg/torture/stackalign/non-local-goto-1.c -O1 compilation failed to produce executable
FAIL: gcc.dg/torture/stackalign/non-local-goto-2.c -O1 (internal compiler error)
FAIL: gcc.dg/torture/stackalign/non-local-goto-2.c -O1 (test for excess errors)
WARNING: gcc.dg/torture/stackalign/non-local-goto-2.c -O1 compilation failed to produce executable
FAIL: gcc.dg/torture/stackalign/non-local-goto-1.c -O1 (internal compiler error)
FAIL: gcc.dg/torture/stackalign/non-local-goto-1.c -O1 (test for excess errors)
WARNING: gcc.dg/torture/stackalign/non-local-goto-1.c -O1 compilation failed to produce executable
FAIL: gcc.dg/torture/stackalign/non-local-goto-2.c -O1 (internal compiler error)
FAIL: gcc.dg/torture/stackalign/non-local-goto-2.c -O1 (test for excess errors)
WARNING: gcc.dg/torture/stackalign/non-local-goto-2.c -O1 compilation failed to produce executable
FAIL: gcc.dg/torture/stackalign/non-local-goto-1.c -O1 (internal compiler error)
FAIL: gcc.dg/torture/stackalign/non-local-goto-1.c -O1 (test for excess errors)
WARNING: gcc.dg/torture/stackalign/non-local-goto-1.c -O1 compilation failed to produce executable
FAIL: gcc.dg/torture/stackalign/non-local-goto-2.c -O1 (internal compiler error)
FAIL: gcc.dg/torture/stackalign/non-local-goto-2.c -O1 (test for excess errors)
WARNING: gcc.dg/torture/stackalign/non-local-goto-2.c -O1 compilation failed to produce executable
XPASS: gcc.dg/tree-ssa/20040204-1.c scan-tree-dump-times optimized "link_error" 0
FAIL: gcc.target/i386/combine-mul.c scan-assembler-not 12345
=== gcc Summary for unix/-m64 ===
# of expected passes 73763
# of unexpected failures 19
# of unexpected successes 1
# of expected failures 215
# of unsupported tests 1720
=== gcc Summary ===
# of expected passes 147385
# of unexpected failures 38
# of unexpected successes 2
# of expected failures 429
# of unsupported tests 3068
/sw/src/fink.build/gcc46-4.6.0-1000/darwin_objdir/gcc/xgcc version 4.6.0 20101212 (experimental) (GCC)
=== gfortran tests ===
Running target unix/-m32
XPASS: gfortran.dg/pr25923.f90 -O PR45505 (test for warnings, line 13)
XPASS: gfortran.dg/pr25923.f90 -O PR45505 (test for bogus messages, line 22)
=== gfortran Summary for unix/-m32 ===
# of expected passes 37265
# of unexpected successes 2
# of expected failures 51
# of unsupported tests 177
Running target unix/-m64
=== gfortran Summary for unix/-m64 ===
# of expected passes 37506
# of expected failures 51
# of unsupported tests 63
=== gfortran Summary ===
# of expected passes 74771
# of unexpected successes 2
# of expected failures 102
# of unsupported tests 240
/sw/src/fink.build/gcc46-4.6.0-1000/darwin_objdir/gcc/testsuite/gfortran/../../gfortran version 4.6.0 20101212 (experimental) (GCC)
=== obj-c++ tests ===
Running target unix/-m32
WARNING: obj-c++.dg/try-catch-2.mm -fgnu-runtime compilation failed to produce executable
WARNING: obj-c++.dg/try-catch-9.mm -fgnu-runtime compilation failed to produce executable
=== obj-c++ Summary for unix/-m32 ===
# of expected passes 2781
# of expected failures 2
# of unsupported tests 75
Running target unix/-m64
WARNING: obj-c++.dg/try-catch-2.mm -fgnu-runtime compilation failed to produce executable
WARNING: obj-c++.dg/try-catch-9.mm -fgnu-runtime compilation failed to produce executable
WARNING: obj-c++.dg/try-catch-2.mm -fnext-runtime compilation failed to produce executable
WARNING: obj-c++.dg/try-catch-9.mm -fnext-runtime compilation failed to produce executable
=== obj-c++ Summary for unix/-m64 ===
# of expected passes 2622
# of expected failures 125
# of unsupported tests 80
=== obj-c++ Summary ===
# of expected passes 5403
# of expected failures 127
# of unsupported tests 155
/sw/src/fink.build/gcc46-4.6.0-1000/darwin_objdir/gcc/testsuite/obj-c++/../../g++ version 4.6.0 20101212 (experimental) (GCC)
=== objc tests ===
Running target unix/-m32
XPASS: objc.dg-struct-layout-encoding-1/t026_main.m execution test
=== objc Summary for unix/-m32 ===
# of expected passes 5674
# of unexpected successes 1
# of expected failures 6
# of unsupported tests 92
Running target unix/-m64
FAIL: objc.dg/exceptions-2.m -fnext-runtime (test for excess errors)
WARNING: objc.dg/exceptions-2.m -fnext-runtime compilation failed to produce executable
XPASS: objc.dg-struct-layout-encoding-1/t026_main.m execution test
=== objc Summary for unix/-m64 ===
# of expected passes 4299
# of unexpected failures 1
# of unexpected successes 1
# of expected failures 151
# of unsupported tests 108
=== objc Summary ===
# of expected passes 9973
# of unexpected failures 1
# of unexpected successes 2
# of expected failures 157
# of unsupported tests 200
/sw/src/fink.build/gcc46-4.6.0-1000/darwin_objdir/gcc/xgcc version 4.6.0 20101212 (experimental) (GCC)
=== libffi tests ===
Running target unix/-m32
=== libffi Summary for unix/-m32 ===
# of expected passes 1634
# of expected failures 10
# of unsupported tests 15
Running target unix/-m64
=== libffi Summary for unix/-m64 ===
# of expected passes 1634
# of expected failures 10
# of unsupported tests 15
=== libffi Summary ===
# of expected passes 3268
# of expected failures 20
# of unsupported tests 30
=== libgomp tests ===
Running target unix/-m32
=== libgomp Summary for unix/-m32 ===
# of expected passes 2552
# of unsupported tests 2
Running target unix/-m64
=== libgomp Summary for unix/-m64 ===
# of expected passes 2552
# of unsupported tests 2
=== libgomp Summary ===
# of expected passes 5104
# of unsupported tests 4
=== libjava tests ===
Running target unix/-m32
FAIL: PR16923.c compilation
=== libjava Summary for unix/-m32 ===
# of expected passes 2572
# of unexpected failures 1
Running target unix/-m64
=== libjava Summary for unix/-m64 ===
# of expected passes 2574
=== libjava Summary ===
# of expected passes 5146
# of unexpected failures 1
=== libstdc++ tests ===
Running target unix/-m32
=== libstdc++ Summary for unix/-m32 ===
# of expected passes 6951
# of expected failures 83
# of unsupported tests 657
Running target unix/-m64
=== libstdc++ Summary for unix/-m64 ===
# of expected passes 6949
# of expected failures 83
# of unsupported tests 658
=== libstdc++ Summary ===
# of expected passes 13900
# of expected failures 166
# of unsupported tests 1315
Compiler version: 4.6.0 20101212 (experimental) (GCC)
Platform: x86_64-apple-darwin10.5.0
configure flags: --prefix=/sw --prefix=/sw/lib/gcc4.6 --mandir=/sw/share/man --infodir=/sw/lib/gcc4.6/info --enable-languages=c,c++,fortran,objc,obj-c++,java --with-gmp=/sw --with-libiconv-prefix=/sw --with-ppl=/sw --with-cloog=/sw --with-mpc=/sw --with-system-zlib --x-includes=/usr/X11R6/include --x-libraries=/usr/X11R6/lib --program-suffix=-fsf-4.6 --enable-checking=yes --enable-cloog-backend=isl