This is the mail archive of the
gcc-testresults@gcc.gnu.org
mailing list for the GCC project.
Results for 4.6.0 20101208 (experimental) [trunk revision 167584] (GCC) testsuite on i386-pc-solaris2.9
- From: Rainer Orth <ro at CeBiTec dot Uni-Bielefeld dot DE>
- To: gcc-testresults at gcc dot gnu dot org
- Date: Fri, 10 Dec 2010 18:41:05 +0100 (MET)
- Subject: Results for 4.6.0 20101208 (experimental) [trunk revision 167584] (GCC) testsuite on i386-pc-solaris2.9
LAST_UPDATED: Wed Dec 8 11:47:36 UTC 2010 (revision 167584)
=== acats tests ===
=== acats Summary ===
# of expected passes 2321
# of unexpected failures 0
Native configuration is i386-pc-solaris2.9
=== g++ tests ===
Running target unix
=== g++ Summary ===
# of expected passes 25565
# of expected failures 157
# of unsupported tests 177
/var/gcc/regression/trunk/9-gcc-gas-gld/build/gcc/testsuite/g++/../../g++ version 4.6.0 20101208 (experimental) [trunk revision 167584] (GCC)
=== gcc tests ===
Running target unix
XPASS: gcc.dg/tree-ssa/20040204-1.c scan-tree-dump-times optimized "link_error" 0
FAIL: gcc.target/i386/pr38240.c (internal compiler error)
FAIL: gcc.target/i386/pr38240.c (test for excess errors)
=== gcc Summary ===
# of expected passes 74539
# of unexpected failures 2
# of unexpected successes 1
# of expected failures 204
# of unsupported tests 826
/var/gcc/regression/trunk/9-gcc-gas-gld/build/gcc/xgcc version 4.6.0 20101208 (experimental) [trunk revision 167584] (GCC)
=== gfortran tests ===
Running target unix
=== gfortran Summary ===
# of expected passes 36885
# of expected failures 42
# of unsupported tests 340
/var/gcc/regression/trunk/9-gcc-gas-gld/build/gcc/testsuite/gfortran/../../gfortran version 4.6.0 20101208 (experimental) [trunk revision 167584] (GCC)
=== gnat tests ===
Running target unix
FAIL: gnat.dg/pack9.adb scan-tree-dump-not optimized "gnat_rcheck"
=== gnat Summary ===
# of expected passes 857
# of unexpected failures 1
# of expected failures 10
# of unsupported tests 3
=== objc tests ===
Running target unix
XPASS: objc.dg-struct-layout-encoding-1/t026_main.m execution test
=== objc Summary ===
# of expected passes 2696
# of unexpected successes 1
# of expected failures 6
# of unsupported tests 98
/var/gcc/regression/trunk/9-gcc-gas-gld/build/gcc/xgcc version 4.6.0 20101208 (experimental) [trunk revision 167584] (GCC)
=== libffi tests ===
Running target unix
=== libffi Summary ===
# of expected passes 1634
# of expected failures 10
# of unsupported tests 15
=== libgomp tests ===
Running target unix
=== libgomp Summary ===
# of expected passes 2506
# of unsupported tests 2
=== libjava tests ===
Running target unix
FAIL: Divide_1 output - source compiled test
FAIL: Divide_1 -findirect-dispatch output - source compiled test
FAIL: Divide_1 -O3 output - source compiled test
FAIL: Divide_1 -O3 -findirect-dispatch output - source compiled test
=== libjava Summary ===
# of expected passes 2570
# of unexpected failures 4
=== libstdc++ tests ===
Running target unix
FAIL: libstdc++-abi/abi_check
=== libstdc++ Summary ===
# of expected passes 6820
# of unexpected failures 1
# of expected failures 87
# of unsupported tests 727
Compiler version: 4.6.0 20101208 (experimental) [trunk revision 167584] (GCC)
Platform: i386-pc-solaris2.9
configure flags: --prefix=/vol/gcc --target=i386-pc-solaris2.9 --with-as=/vol/gcc/bin/gas-2.21 --with-gnu-as --with-ld=/vol/gcc/bin/gld-2.21 --with-gnu-ld --with-gmp=/vol/gcc --with-mpfr=/vol/gcc --with-mpc=/vol/gcc --enable-languages=all,ada
BOOT_CFLAGS=-g -O2