This is the mail archive of the
gcc-testresults@gcc.gnu.org
mailing list for the GCC project.
Results for 4.6.0 20101208 (experimental) [trunk revision 167584] (GCC) testsuite on i386-pc-solaris2.10
- From: Rainer Orth <ro at CeBiTec dot Uni-Bielefeld dot DE>
- To: gcc-testresults at gcc dot gnu dot org
- Date: Fri, 10 Dec 2010 11:57:03 +0100 (MET)
- Subject: Results for 4.6.0 20101208 (experimental) [trunk revision 167584] (GCC) testsuite on i386-pc-solaris2.10
LAST_UPDATED: Wed Dec 8 11:47:36 UTC 2010 (revision 167584)
=== acats tests ===
=== acats Summary ===
# of expected passes 2321
# of unexpected failures 0
Native configuration is i386-pc-solaris2.10
=== g++ tests ===
Running target unix
=== g++ Summary for unix ===
# of expected passes 25567
# of expected failures 157
# of unsupported tests 176
Running target unix/-m64
=== g++ Summary for unix/-m64 ===
# of expected passes 25806
# of expected failures 157
# of unsupported tests 371
=== g++ Summary ===
# of expected passes 51373
# of expected failures 314
# of unsupported tests 547
/var/gcc/regression/trunk/10-gcc-gas-gld/build/gcc/testsuite/g++/../../g++ version 4.6.0 20101208 (experimental) [trunk revision 167584] (GCC)
=== gcc tests ===
Running target unix
XPASS: gcc.dg/tree-ssa/20040204-1.c scan-tree-dump-times optimized "link_error" 0
=== gcc Summary for unix ===
# of expected passes 74645
# of unexpected successes 1
# of expected failures 204
# of unsupported tests 779
Running target unix/-m64
FAIL: gcc.dg/cpp/trad/include.c (internal compiler error)
FAIL: gcc.dg/cpp/trad/include.c (test for excess errors)
XPASS: gcc.dg/tree-ssa/20040204-1.c scan-tree-dump-times optimized "link_error" 0
FAIL: gcc.misc-tests/linkage.c link
=== gcc Summary for unix/-m64 ===
# of expected passes 74794
# of unexpected failures 3
# of unexpected successes 1
# of expected failures 204
# of unsupported tests 1180
=== gcc Summary ===
# of expected passes 149439
# of unexpected failures 3
# of unexpected successes 2
# of expected failures 408
# of unsupported tests 1959
/var/gcc/regression/trunk/10-gcc-gas-gld/build/gcc/xgcc version 4.6.0 20101208 (experimental) [trunk revision 167584] (GCC)
=== gfortran tests ===
Running target unix
WARNING: program timed out.
FAIL: gfortran.dg/vect/fast-math-pr38968.f90 execution test
=== gfortran Summary for unix ===
# of expected passes 37172
# of unexpected failures 1
# of expected failures 42
# of unsupported tests 196
Running target unix/-m64
=== gfortran Summary for unix/-m64 ===
# of expected passes 37424
# of expected failures 40
# of unsupported tests 80
=== gfortran Summary ===
# of expected passes 74596
# of unexpected failures 1
# of expected failures 82
# of unsupported tests 276
/var/gcc/regression/trunk/10-gcc-gas-gld/build/gcc/testsuite/gfortran/../../gfortran version 4.6.0 20101208 (experimental) [trunk revision 167584] (GCC)
=== gnat tests ===
Running target unix
FAIL: gnat.dg/pack9.adb scan-tree-dump-not optimized "gnat_rcheck"
=== gnat Summary for unix ===
# of expected passes 857
# of unexpected failures 1
# of expected failures 10
# of unsupported tests 3
Running target unix/-m64
FAIL: gnat.dg/pack9.adb scan-tree-dump-not optimized "gnat_rcheck"
=== gnat Summary for unix/-m64 ===
# of expected passes 857
# of unexpected failures 1
# of expected failures 10
# of unsupported tests 3
=== gnat Summary ===
# of expected passes 1714
# of unexpected failures 2
# of expected failures 20
# of unsupported tests 6
=== objc tests ===
Running target unix
XPASS: objc.dg-struct-layout-encoding-1/t026_main.m execution test
=== objc Summary for unix ===
# of expected passes 2744
# of unexpected successes 1
# of expected failures 6
# of unsupported tests 74
Running target unix/-m64
XPASS: objc.dg-struct-layout-encoding-1/t026_main.m execution test
=== objc Summary for unix/-m64 ===
# of expected passes 2734
# of unexpected successes 1
# of expected failures 16
# of unsupported tests 74
=== objc Summary ===
# of expected passes 5478
# of unexpected successes 2
# of expected failures 22
# of unsupported tests 148
/var/gcc/regression/trunk/10-gcc-gas-gld/build/gcc/xgcc version 4.6.0 20101208 (experimental) [trunk revision 167584] (GCC)
=== libffi tests ===
Running target unix
=== libffi Summary for unix ===
# of expected passes 1634
# of expected failures 10
# of unsupported tests 15
Running target unix/-m64
=== libffi Summary for unix/-m64 ===
# of expected passes 1634
# of expected failures 10
# of unsupported tests 15
=== libffi Summary ===
# of expected passes 3268
# of expected failures 20
# of unsupported tests 30
=== libgomp tests ===
Running target unix
=== libgomp Summary for unix ===
# of expected passes 2506
# of unsupported tests 2
Running target unix/-m64
=== libgomp Summary for unix/-m64 ===
# of expected passes 2506
# of unsupported tests 2
=== libgomp Summary ===
# of expected passes 5012
# of unsupported tests 4
=== libjava tests ===
Running target unix
=== libjava Summary for unix ===
# of expected passes 2574
Running target unix/-m64
FAIL: PR16923.c compilation
=== libjava Summary for unix/-m64 ===
# of expected passes 2572
# of unexpected failures 1
=== libjava Summary ===
# of expected passes 5146
# of unexpected failures 1
=== libstdc++ tests ===
Running target unix
FAIL: libstdc++-abi/abi_check
=== libstdc++ Summary for unix ===
# of expected passes 7313
# of unexpected failures 1
# of expected failures 86
# of unsupported tests 459
Running target unix/-m64
FAIL: libstdc++-abi/abi_check
=== libstdc++ Summary for unix/-m64 ===
# of expected passes 7315
# of unexpected failures 1
# of expected failures 84
# of unsupported tests 459
=== libstdc++ Summary ===
# of expected passes 14628
# of unexpected failures 2
# of expected failures 170
# of unsupported tests 918
Compiler version: 4.6.0 20101208 (experimental) [trunk revision 167584] (GCC)
Platform: i386-pc-solaris2.10
configure flags: --prefix=/vol/gcc --target=i386-pc-solaris2.10 --with-as=/vol/gcc/bin/gas-2.21 --with-gnu-as --with-ld=/vol/gcc/bin/gld-2.21 --with-gnu-ld --with-gmp=/vol/gcc --with-mpfr=/vol/gcc --with-mpc=/vol/gcc --enable-languages=c,ada,c++,fortran,java,objc
BOOT_CFLAGS=-g -O2