This is the mail archive of the
gcc-testresults@gcc.gnu.org
mailing list for the GCC project.
Results for 4.5.1 20101208 [gcc-4_5-branch revision 167585] (SUSE Linux) testsuite on x86_64-suse-linux-gnu
- From: rguenther at suse dot de (Richard Guenther)
- To: gcc-testresults at gcc dot gnu dot org
- Date: Wed, 08 Dec 2010 15:57:20 +0100
- Subject: Results for 4.5.1 20101208 [gcc-4_5-branch revision 167585] (SUSE Linux) testsuite on x86_64-suse-linux-gnu
LAST_UPDATED: Wed Dec 8 12:11:12 UTC 2010 (revision 167585)
=== acats tests ===
=== acats Summary ===
# of expected passes 2321
# of unexpected failures 0
Native configuration is x86_64-suse-linux-gnu
=== g++ tests ===
Running target unix
FAIL: g++.dg/torture/pr34850.C -O0 (test for warnings, line 14)
FAIL: g++.dg/torture/pr34850.C -O1 (test for warnings, line 14)
FAIL: g++.dg/torture/pr34850.C -O2 (test for warnings, line 14)
FAIL: g++.dg/torture/pr34850.C -O3 -fomit-frame-pointer (test for warnings, line 14)
FAIL: g++.dg/torture/pr34850.C -O3 -g (test for warnings, line 14)
FAIL: g++.dg/torture/pr34850.C -Os (test for warnings, line 14)
FAIL: g++.dg/torture/pr34850.C -O2 -flto (test for warnings, line 14)
FAIL: g++.dg/torture/pr34850.C -O2 -fwhopr (test for warnings, line 14)
=== g++ Summary ===
# of expected passes 22993
# of unexpected failures 8
# of expected failures 151
# of unsupported tests 303
/usr/src/packages/BUILD/gcc-4.5.1-20101208/obj-x86_64-suse-linux/gcc/testsuite/g++/../../g++ version 4.5.1 20101208 [gcc-4_5-branch revision 167585] (SUSE Linux)
=== gcc tests ===
Running target unix
FAIL: gcc.c-torture/compile/limits-exprparen.c -O0 (test for excess errors)
FAIL: gcc.c-torture/compile/limits-exprparen.c -O1 (test for excess errors)
FAIL: gcc.c-torture/compile/limits-exprparen.c -O2 (test for excess errors)
FAIL: gcc.c-torture/compile/limits-exprparen.c -O3 -fomit-frame-pointer (test for excess errors)
FAIL: gcc.c-torture/compile/limits-exprparen.c -O3 -g (test for excess errors)
FAIL: gcc.c-torture/compile/limits-exprparen.c -Os (test for excess errors)
FAIL: gcc.c-torture/compile/limits-exprparen.c -O2 -flto (test for excess errors)
FAIL: gcc.c-torture/compile/limits-exprparen.c -O2 -fwhopr (test for excess errors)
XPASS: gcc.dg/guality/example.c -O0 execution test
XPASS: gcc.dg/guality/example.c -O1 execution test
XPASS: gcc.dg/guality/example.c -O2 execution test
XPASS: gcc.dg/guality/example.c -O2 -flto execution test
XPASS: gcc.dg/guality/example.c -O2 -fwhopr execution test
XPASS: gcc.dg/guality/guality.c -O0 execution test
XPASS: gcc.dg/guality/guality.c -O1 execution test
XPASS: gcc.dg/guality/guality.c -O2 execution test
XPASS: gcc.dg/guality/guality.c -O3 -fomit-frame-pointer execution test
XPASS: gcc.dg/guality/guality.c -O3 -g execution test
XPASS: gcc.dg/guality/guality.c -Os execution test
XPASS: gcc.dg/guality/guality.c -O2 -flto execution test
XPASS: gcc.dg/guality/guality.c -O2 -fwhopr execution test
XPASS: gcc.dg/guality/pr41353-1.c -O0 line 28 j == 28 + 37
XPASS: gcc.dg/guality/pr41353-1.c -O1 line 28 j == 28 + 37
XPASS: gcc.dg/guality/pr41353-1.c -O2 line 28 j == 28 + 37
XPASS: gcc.dg/guality/pr41353-1.c -O3 -fomit-frame-pointer line 28 j == 28 + 37
XPASS: gcc.dg/guality/pr41353-1.c -O3 -g line 28 j == 28 + 37
XPASS: gcc.dg/guality/pr41353-1.c -Os line 28 j == 28 + 37
FAIL: gcc.dg/guality/pr41353-1.c -O2 -flto line 28 i == 37
FAIL: gcc.dg/guality/pr41353-1.c -O2 -flto line 28 i1 == 2 * 37
FAIL: gcc.dg/guality/pr41353-1.c -O2 -flto line 28 i2 == 3 * 37
FAIL: gcc.dg/guality/pr41353-1.c -O2 -fwhopr line 28 i == 37
FAIL: gcc.dg/guality/pr41353-1.c -O2 -fwhopr line 28 i1 == 2 * 37
FAIL: gcc.dg/guality/pr41353-1.c -O2 -fwhopr line 28 i2 == 3 * 37
XPASS: gcc.dg/guality/pr41447-1.c -O0 execution test
XPASS: gcc.dg/guality/pr41616-1.c -O0 execution test
XPASS: gcc.dg/guality/pr41616-1.c -O1 execution test
XPASS: gcc.dg/guality/pr41616-1.c -O2 execution test
XPASS: gcc.dg/guality/pr41616-1.c -Os execution test
XPASS: gcc.dg/guality/pr41616-1.c -O2 -flto execution test
XPASS: gcc.dg/guality/pr41616-1.c -O2 -fwhopr execution test
FAIL: gcc.dg/guality/vla-1.c -O2 -flto line 17 sizeof (a) == 6
FAIL: gcc.dg/guality/vla-1.c -O2 -flto line 24 sizeof (a) == 17 * sizeof (short)
FAIL: gcc.dg/guality/vla-1.c -O2 -fwhopr line 17 sizeof (a) == 6
FAIL: gcc.dg/guality/vla-1.c -O2 -fwhopr line 24 sizeof (a) == 17 * sizeof (short)
=== gcc Summary ===
# of expected passes 72893
# of unexpected failures 18
# of unexpected successes 26
# of expected failures 184
# of unsupported tests 982
/usr/src/packages/BUILD/gcc-4.5.1-20101208/obj-x86_64-suse-linux/gcc/xgcc version 4.5.1 20101208 [gcc-4_5-branch revision 167585] (SUSE Linux)
=== gfortran tests ===
Running target unix
=== gfortran Summary ===
# of expected passes 34395
# of expected failures 20
# of unsupported tests 58
/usr/src/packages/BUILD/gcc-4.5.1-20101208/obj-x86_64-suse-linux/gcc/testsuite/gfortran/../../gfortran version 4.5.1 20101208 [gcc-4_5-branch revision 167585] (SUSE Linux)
=== gnat tests ===
Running target unix
=== gnat Summary ===
# of expected passes 765
# of expected failures 7
=== obj-c++ tests ===
Running target unix
WARNING: obj-c++.dg/lookup-2.mm -fgnu-runtime compilation failed to produce executable
WARNING: obj-c++.dg/try-catch-2.mm -fgnu-runtime compilation failed to produce executable
WARNING: obj-c++.dg/try-catch-9.mm -fgnu-runtime compilation failed to produce executable
=== obj-c++ Summary ===
# of expected passes 432
# of expected failures 11
# of unsupported tests 14
/usr/src/packages/BUILD/gcc-4.5.1-20101208/obj-x86_64-suse-linux/gcc/testsuite/obj-c++/../../g++ version 4.5.1 20101208 [gcc-4_5-branch revision 167585] (SUSE Linux)
=== objc tests ===
Running target unix
=== objc Summary ===
# of expected passes 1874
# of expected failures 15
# of unsupported tests 20
/usr/src/packages/BUILD/gcc-4.5.1-20101208/obj-x86_64-suse-linux/gcc/xgcc version 4.5.1 20101208 [gcc-4_5-branch revision 167585] (SUSE Linux)
=== libffi tests ===
Running target unix
=== libffi Summary ===
# of expected passes 1634
# of expected failures 10
# of unsupported tests 15
=== libgomp tests ===
Running target unix
=== libgomp Summary ===
# of expected passes 2510
=== libjava tests ===
Running target unix
=== libjava Summary ===
# of expected passes 2574
=== libstdc++ tests ===
Running target unix
=== libstdc++ Summary ===
# of expected passes 1
=== libstdc++ tests ===
Running target unix
=== libstdc++ Summary ===
# of expected passes 7731
# of expected failures 95
# of unsupported tests 11
Compiler version: 4.5.1 20101208 [gcc-4_5-branch revision 167585] (SUSE Linux)
Platform: x86_64-suse-linux-gnu
configure flags: --prefix=/usr --infodir=/usr/share/info --mandir=/usr/share/man --libdir=/usr/lib64 --libexecdir=/usr/lib64 --enable-languages=c,c++,objc,fortran,obj-c++,java,ada --enable-checking=release --with-gxx-include-dir=/usr/include/c++/4.5 --enable-ssp --disable-libssp --disable-plugin --with-bugurl=http://bugs.opensuse.org/ --with-pkgversion='SUSE Linux' --with-java-home=/usr/lib64/jvm/java-1.5.0-gcj-4.5-1.5.0.0/jre --with-ecj-jar=/usr/lib64/gcc/x86_64-suse-linux/4.5/ecj.jar --enable-java-awt=gtk --enable-gtk-cairo --disable-libjava-multilib --disable-libmudflap --with-slibdir=/lib64 --with-system-zlib --enable-__cxa_atexit --enable-libstdcxx-allocator=new --disable-libstdcxx-pch --enable-version-specific-runtime-libs --program-suffix=-4.5 --enable-linux-futex --without-system-libunwind --enable-gold --with-plugin-ld=/usr/bin/gold --with-arch-32=i586 --with-tune=generic --build=x86_64-suse-linux