This is the mail archive of the
gcc-testresults@gcc.gnu.org
mailing list for the GCC project.
Results for 4.6.0 20101207 (experimental) [trunk revision 167529] (GCC) testsuite on i386-pc-solaris2.10
- From: Sean McGovern <sean at seanmcgovern dot ca>
- To: gcc-testresults at gcc dot gnu dot org
- Date: Tue, 7 Dec 2010 05:19:13 -0500 (EST)
- Subject: Results for 4.6.0 20101207 (experimental) [trunk revision 167529] (GCC) testsuite on i386-pc-solaris2.10
\$ uname -a
SunOS nitori 5.10 Generic_142901-07 i86pc i386 i86pc
\$ cat /etc/release
Solaris 10 10/09 s10x_u8wos_08a X86
Copyright 2009 Sun Microsystems, Inc. All Rights Reserved.
Use is subject to license terms.
Assembled 16 September 2009
\$ /usr/local/bin/as --version
GNU assembler (GNU Binutils) 2.20.1.20100303
\$ /usr/ccs/bin/ld -V
ld: Software Generation Utilities - Solaris Link Editors: 5.10-1.497
\$ /usr/sbin/psrinfo -pv
The physical processor has 1 virtual processor (0)
x86 (GenuineIntel family 6 model 23 step 6 clock 2400 MHz)
Intel(r) Core(tm)2 Duo CPU T8300 @ 2.40GHz
The physical processor has 1 virtual processor (1)
x86 (GenuineIntel family 6 model 23 step 6 clock 2400 MHz)
Intel(r) Core(tm)2 Duo CPU T8300 @ 2.40GHz
Bootstrapped with :
\$ /usr/sfw/bin/gcc -v
Reading specs from /usr/sfw/lib/gcc/i386-pc-solaris2.10/3.4.3/specs
Configured with: /builds/sfw10-gate/usr/src/cmd/gcc/gcc-3.4.3/configure --prefix=/usr/sfw --with-as=/usr/sfw/bin/gas --with-gnu-as --with-ld=/usr/ccs/bin/ld --without-gnu-ld --enable-languages=c,c++ --enable-shared
Thread model: posix
gcc version 3.4.3 (csl-sol210-3_4-branch+sol_rpath)
LAST_UPDATED: Tue Dec 7 06:48:04 UTC 2010 (revision 167529)
Native configuration is i386-pc-solaris2.10
=== gcc tests ===
Running target unix
FAIL: gcc.c-torture/compile/limits-exprparen.c -O0 (internal compiler error)
FAIL: gcc.c-torture/compile/limits-exprparen.c -O0 (test for excess errors)
FAIL: gcc.c-torture/compile/limits-exprparen.c -O1 (internal compiler error)
FAIL: gcc.c-torture/compile/limits-exprparen.c -O1 (test for excess errors)
FAIL: gcc.c-torture/compile/limits-exprparen.c -O2 (internal compiler error)
FAIL: gcc.c-torture/compile/limits-exprparen.c -O2 (test for excess errors)
FAIL: gcc.c-torture/compile/limits-exprparen.c -O3 -fomit-frame-pointer (internal compiler error)
FAIL: gcc.c-torture/compile/limits-exprparen.c -O3 -fomit-frame-pointer (test for excess errors)
FAIL: gcc.c-torture/compile/limits-exprparen.c -O3 -g (internal compiler error)
FAIL: gcc.c-torture/compile/limits-exprparen.c -O3 -g (test for excess errors)
FAIL: gcc.c-torture/compile/limits-exprparen.c -Os (internal compiler error)
FAIL: gcc.c-torture/compile/limits-exprparen.c -Os (test for excess errors)
FAIL: gcc.c-torture/compile/limits-exprparen.c -O2 -flto -flto-partition=none (internal compiler error)
FAIL: gcc.c-torture/compile/limits-exprparen.c -O2 -flto -flto-partition=none (test for excess errors)
FAIL: gcc.c-torture/compile/limits-exprparen.c -O2 -flto (internal compiler error)
FAIL: gcc.c-torture/compile/limits-exprparen.c -O2 -flto (test for excess errors)
FAIL: gcc.c-torture/compile/limits-structnest.c -O2 (test for excess errors)
FAIL: gcc.c-torture/compile/limits-structnest.c -O3 -fomit-frame-pointer (test for excess errors)
FAIL: gcc.c-torture/compile/limits-structnest.c -O3 -g (test for excess errors)
FAIL: gcc.c-torture/compile/limits-structnest.c -Os (test for excess errors)
ERROR: couldn't fork child process: not enough memory
ERROR: tcl error sourcing /var/opt/SOURCES/gcc-trunk/gcc/testsuite/gcc.c-torture/execute/execute.exp.
XPASS: gcc.dg/tree-ssa/20040204-1.c scan-tree-dump-times optimized "link_error" 0
FAIL: gcc.misc-tests/gcov-1.c gcov failed: spawn failed
FAIL: gcc.misc-tests/gcov-10.c gcov failed: spawn failed
FAIL: gcc.misc-tests/gcov-10b.c gcov failed: spawn failed
FAIL: gcc.misc-tests/gcov-11.c gcov failed: spawn failed
FAIL: gcc.misc-tests/gcov-2.c gcov failed: spawn failed
FAIL: gcc.misc-tests/gcov-3.c gcov failed: spawn failed
FAIL: gcc.misc-tests/gcov-4.c gcov failed: spawn failed
FAIL: gcc.misc-tests/gcov-4b.c gcov failed: spawn failed
FAIL: gcc.misc-tests/gcov-5b.c gcov failed: spawn failed
FAIL: gcc.misc-tests/gcov-6.c gcov failed: spawn failed
FAIL: gcc.misc-tests/gcov-7.c gcov failed: spawn failed
FAIL: gcc.misc-tests/gcov-8.c gcov failed: spawn failed
FAIL: gcc.misc-tests/gcov-9.c gcov failed: spawn failed
=== gcc Summary for unix ===
# of expected passes 74395
# of unexpected failures 33
# of unexpected successes 1
# of expected failures 204
# of unsupported tests 791
Running target unix/-m64
FAIL: gcc.c-torture/compile/limits-exprparen.c -O0 (internal compiler error)
FAIL: gcc.c-torture/compile/limits-exprparen.c -O0 (test for excess errors)
FAIL: gcc.c-torture/compile/limits-exprparen.c -O1 (internal compiler error)
FAIL: gcc.c-torture/compile/limits-exprparen.c -O1 (test for excess errors)
FAIL: gcc.c-torture/compile/limits-exprparen.c -O2 (internal compiler error)
FAIL: gcc.c-torture/compile/limits-exprparen.c -O2 (test for excess errors)
FAIL: gcc.c-torture/compile/limits-exprparen.c -O3 -fomit-frame-pointer (internal compiler error)
FAIL: gcc.c-torture/compile/limits-exprparen.c -O3 -fomit-frame-pointer (test for excess errors)
FAIL: gcc.c-torture/compile/limits-exprparen.c -O3 -g (internal compiler error)
FAIL: gcc.c-torture/compile/limits-exprparen.c -O3 -g (test for excess errors)
FAIL: gcc.c-torture/compile/limits-exprparen.c -Os (internal compiler error)
FAIL: gcc.c-torture/compile/limits-exprparen.c -Os (test for excess errors)
FAIL: gcc.c-torture/compile/limits-exprparen.c -O2 -flto -flto-partition=none (internal compiler error)
FAIL: gcc.c-torture/compile/limits-exprparen.c -O2 -flto -flto-partition=none (test for excess errors)
FAIL: gcc.c-torture/compile/limits-exprparen.c -O2 -flto (internal compiler error)
FAIL: gcc.c-torture/compile/limits-exprparen.c -O2 -flto (test for excess errors)
ERROR: tcl error sourcing /var/opt/SOURCES/gcc-trunk/gcc/testsuite/gcc.c-torture/execute/execute.exp.
ERROR: torture-init: torture_without_loops is not empty as expected
FAIL: gcc.dg/cpp/trad/include.c (internal compiler error)
FAIL: gcc.dg/cpp/trad/include.c (test for excess errors)
XPASS: gcc.dg/tree-ssa/20040204-1.c scan-tree-dump-times optimized "link_error" 0
FAIL: gcc.misc-tests/gcov-1.c gcov failed: spawn failed
FAIL: gcc.misc-tests/gcov-10.c gcov failed: spawn failed
FAIL: gcc.misc-tests/gcov-10b.c gcov failed: spawn failed
FAIL: gcc.misc-tests/gcov-11.c gcov failed: spawn failed
FAIL: gcc.misc-tests/gcov-2.c gcov failed: spawn failed
FAIL: gcc.misc-tests/gcov-3.c gcov failed: spawn failed
FAIL: gcc.misc-tests/gcov-4.c gcov failed: spawn failed
FAIL: gcc.misc-tests/gcov-4b.c gcov failed: spawn failed
FAIL: gcc.misc-tests/gcov-5b.c gcov failed: spawn failed
FAIL: gcc.misc-tests/gcov-6.c gcov failed: spawn failed
FAIL: gcc.misc-tests/gcov-7.c gcov failed: spawn failed
FAIL: gcc.misc-tests/gcov-8.c gcov failed: spawn failed
FAIL: gcc.misc-tests/gcov-9.c gcov failed: spawn failed
=== gcc Summary for unix/-m64 ===
# of expected passes 74520
# of unexpected failures 31
# of unexpected successes 1
# of expected failures 204
# of unsupported tests 1200
=== gcc Summary ===
# of expected passes 148915
# of unexpected failures 64
# of unexpected successes 2
# of expected failures 408
# of unsupported tests 1991
/var/opt/BUILD/gcc-trunk.2010-12-07/gcc/xgcc version 4.6.0 20101207 (experimental) [trunk revision 167529] (GCC)
=== libgomp tests ===
Running target unix
=== libgomp Summary for unix ===
# of expected passes 262
# of unsupported tests 2
Running target unix/-m64
FAIL: libgomp.c/copyin-3.c execution test
FAIL: libgomp.c/nqueens-1.c execution test
FAIL: libgomp.c/pr24455.c execution test
=== libgomp Summary for unix/-m64 ===
# of expected passes 259
# of unexpected failures 3
# of unsupported tests 2
=== libgomp Summary ===
# of expected passes 521
# of unexpected failures 3
# of unsupported tests 4
Compiler version: 4.6.0 20101207 (experimental) [trunk revision 167529] (GCC)
Platform: i386-pc-solaris2.10
configure flags: --prefix=/usr/local/gcc-trunk --target=i386-pc-solaris2.10 --with-gnu-as --with-as=/usr/local/bin/as --with-gmp=/local/gcc --with-mpfr=/local/gcc --with-mpc=/local/gcc --enable-languages=c