This is the mail archive of the
gcc-testresults@gcc.gnu.org
mailing list for the GCC project.
Results for 4.6.0 20101203 (experimental) [trunk revision 167416] (GCC) testsuite on i386-pc-solaris2.10
- From: Rainer Orth <ro at CeBiTec dot Uni-Bielefeld dot DE>
- To: gcc-testresults at gcc dot gnu dot org
- Date: Mon, 6 Dec 2010 19:17:12 +0100 (MET)
- Subject: Results for 4.6.0 20101203 (experimental) [trunk revision 167416] (GCC) testsuite on i386-pc-solaris2.10
LAST_UPDATED: Fri Dec 3 13:25:50 UTC 2010 (revision 167416)
=== acats tests ===
=== acats Summary ===
# of expected passes 2321
# of unexpected failures 0
Native configuration is i386-pc-solaris2.10
=== g++ tests ===
Running target unix
=== g++ Summary for unix ===
# of expected passes 25460
# of expected failures 157
# of unsupported tests 184
Running target unix/-m64
FAIL: g++.dg/tls/static-1.C execution test
=== g++ Summary for unix/-m64 ===
# of expected passes 25698
# of unexpected failures 1
# of expected failures 157
# of unsupported tests 379
=== g++ Summary ===
# of expected passes 51158
# of unexpected failures 1
# of expected failures 314
# of unsupported tests 563
/var/gcc/regression/trunk/10-gcc-gas/build/gcc/testsuite/g++/../../g++ version 4.6.0 20101203 (experimental) [trunk revision 167416] (GCC)
=== gcc tests ===
Running target unix
XPASS: gcc.dg/tree-ssa/20040204-1.c scan-tree-dump-times optimized "link_error" 0
=== gcc Summary for unix ===
# of expected passes 74598
# of unexpected successes 1
# of expected failures 204
# of unsupported tests 789
Running target unix/-m64
FAIL: gcc.dg/cpp/trad/include.c (internal compiler error)
FAIL: gcc.dg/cpp/trad/include.c (test for excess errors)
XPASS: gcc.dg/tree-ssa/20040204-1.c scan-tree-dump-times optimized "link_error" 0
=== gcc Summary for unix/-m64 ===
# of expected passes 74719
# of unexpected failures 2
# of unexpected successes 1
# of expected failures 204
# of unsupported tests 1198
=== gcc Summary ===
# of expected passes 149317
# of unexpected failures 2
# of unexpected successes 2
# of expected failures 408
# of unsupported tests 1987
/var/gcc/regression/trunk/10-gcc-gas/build/gcc/xgcc version 4.6.0 20101203 (experimental) [trunk revision 167416] (GCC)
=== gfortran tests ===
Running target unix
WARNING: program timed out.
FAIL: gfortran.dg/vect/fast-math-pr38968.f90 execution test
=== gfortran Summary for unix ===
# of expected passes 37170
# of unexpected failures 1
# of expected failures 42
# of unsupported tests 196
Running target unix/-m64
=== gfortran Summary for unix/-m64 ===
# of expected passes 37422
# of expected failures 40
# of unsupported tests 80
=== gfortran Summary ===
# of expected passes 74592
# of unexpected failures 1
# of expected failures 82
# of unsupported tests 276
/var/gcc/regression/trunk/10-gcc-gas/build/gcc/testsuite/gfortran/../../gfortran version 4.6.0 20101203 (experimental) [trunk revision 167416] (GCC)
=== gnat tests ===
Running target unix
FAIL: gnat.dg/pack9.adb scan-tree-dump-not optimized "gnat_rcheck"
=== gnat Summary for unix ===
# of expected passes 857
# of unexpected failures 1
# of expected failures 10
# of unsupported tests 3
Running target unix/-m64
FAIL: gnat.dg/pack9.adb scan-tree-dump-not optimized "gnat_rcheck"
=== gnat Summary for unix/-m64 ===
# of expected passes 857
# of unexpected failures 1
# of expected failures 10
# of unsupported tests 3
=== gnat Summary ===
# of expected passes 1714
# of unexpected failures 2
# of expected failures 20
# of unsupported tests 6
=== objc tests ===
Running target unix
XPASS: objc.dg-struct-layout-encoding-1/t026_main.m execution test
=== objc Summary for unix ===
# of expected passes 2743
# of unexpected successes 1
# of expected failures 6
# of unsupported tests 74
Running target unix/-m64
XPASS: objc.dg-struct-layout-encoding-1/t026_main.m execution test
=== objc Summary for unix/-m64 ===
# of expected passes 2733
# of unexpected successes 1
# of expected failures 16
# of unsupported tests 74
=== objc Summary ===
# of expected passes 5476
# of unexpected successes 2
# of expected failures 22
# of unsupported tests 148
/var/gcc/regression/trunk/10-gcc-gas/build/gcc/xgcc version 4.6.0 20101203 (experimental) [trunk revision 167416] (GCC)
=== libffi tests ===
Running target unix
=== libffi Summary for unix ===
# of expected passes 1634
# of expected failures 10
# of unsupported tests 15
Running target unix/-m64
=== libffi Summary for unix/-m64 ===
# of expected passes 1634
# of expected failures 10
# of unsupported tests 15
=== libffi Summary ===
# of expected passes 3268
# of expected failures 20
# of unsupported tests 30
=== libgomp tests ===
Running target unix
=== libgomp Summary for unix ===
# of expected passes 2506
# of unsupported tests 2
Running target unix/-m64
FAIL: libgomp.c/copyin-3.c execution test
FAIL: libgomp.c/nqueens-1.c execution test
FAIL: libgomp.c/pr24455.c execution test
FAIL: libgomp.c++/ctor-10.C -O0 execution test
FAIL: libgomp.c++/ctor-10.C -O1 execution test
FAIL: libgomp.c++/ctor-10.C -O2 execution test
FAIL: libgomp.c++/ctor-10.C -O3 -fomit-frame-pointer execution test
FAIL: libgomp.c++/ctor-10.C -O3 -fomit-frame-pointer -funroll-loops execution test
FAIL: libgomp.c++/ctor-10.C -O3 -fomit-frame-pointer -funroll-all-loops -finline-functions execution test
FAIL: libgomp.c++/ctor-10.C -O3 -g execution test
FAIL: libgomp.c++/ctor-10.C -Os execution test
FAIL: libgomp.c++/pr24455.C -O0 execution test
FAIL: libgomp.c++/pr24455.C -O1 execution test
FAIL: libgomp.c++/pr24455.C -O2 execution test
FAIL: libgomp.c++/pr24455.C -O3 -fomit-frame-pointer execution test
FAIL: libgomp.c++/pr24455.C -O3 -fomit-frame-pointer -funroll-loops execution test
FAIL: libgomp.c++/pr24455.C -O3 -fomit-frame-pointer -funroll-all-loops -finline-functions execution test
FAIL: libgomp.c++/pr24455.C -O3 -g execution test
FAIL: libgomp.c++/pr24455.C -Os execution test
=== libgomp Summary for unix/-m64 ===
# of expected passes 2487
# of unexpected failures 19
# of unsupported tests 2
=== libgomp Summary ===
# of expected passes 4993
# of unexpected failures 19
# of unsupported tests 4
=== libjava tests ===
Running target unix
=== libjava Summary for unix ===
# of expected passes 2574
Running target unix/-m64
FAIL: PR16923 run
=== libjava Summary for unix/-m64 ===
# of expected passes 2573
# of unexpected failures 1
# of untested testcases 1
=== libjava Summary ===
# of expected passes 5147
# of unexpected failures 1
# of untested testcases 1
=== libstdc++ tests ===
Running target unix
FAIL: libstdc++-abi/abi_check
FAIL: 20_util/unique_ptr/requirements/explicit_instantiation/explicit_instantiation.cc (test for excess errors)
=== libstdc++ Summary for unix ===
# of expected passes 7298
# of unexpected failures 2
# of expected failures 86
# of unsupported tests 459
Running target unix/-m64
FAIL: libstdc++-abi/abi_check
FAIL: 20_util/unique_ptr/requirements/explicit_instantiation/explicit_instantiation.cc (test for excess errors)
=== libstdc++ Summary for unix/-m64 ===
# of expected passes 7300
# of unexpected failures 2
# of expected failures 84
# of unsupported tests 459
=== libstdc++ Summary ===
# of expected passes 14598
# of unexpected failures 4
# of expected failures 170
# of unsupported tests 918
Compiler version: 4.6.0 20101203 (experimental) [trunk revision 167416] (GCC)
Platform: i386-pc-solaris2.10
configure flags: --prefix=/vol/gcc --target=i386-pc-solaris2.10 --with-as=/vol/gcc/bin/gas-2.20.1 --with-gnu-as --with-gmp=/vol/gcc --with-mpfr=/vol/gcc --with-mpc=/vol/gcc --enable-languages=c,ada,c++,fortran,java,objc
BOOT_CFLAGS=-g -O2