This is the mail archive of the
gcc-testresults@gcc.gnu.org
mailing list for the GCC project.
Results for 4.6.0 20101126 (experimental) [trunk revision 167186] (GCC) testsuite on i386-pc-solaris2.8
- From: Rainer Orth <ro at CeBiTec dot Uni-Bielefeld dot DE>
- To: gcc-testresults at gcc dot gnu dot org
- Date: Tue, 30 Nov 2010 18:47:50 +0100 (MET)
- Subject: Results for 4.6.0 20101126 (experimental) [trunk revision 167186] (GCC) testsuite on i386-pc-solaris2.8
LAST_UPDATED: Fri Nov 26 19:29:54 UTC 2010 (revision 167186)
=== acats tests ===
=== acats Summary ===
# of expected passes 2321
# of unexpected failures 0
Native configuration is i386-pc-solaris2.8
=== g++ tests ===
Running target unix
FAIL: g++.dg/tree-prof/partition1.C compilation, -g -fprofile-generate
UNRESOLVED: g++.dg/tree-prof/partition1.C execution, -g -fprofile-generate
UNRESOLVED: g++.dg/tree-prof/partition1.C compilation, -g -fprofile-use
UNRESOLVED: g++.dg/tree-prof/partition1.C execution, -g -fprofile-use
FAIL: g++.dg/tree-prof/partition1.C compilation, -O3 -g -fprofile-generate
UNRESOLVED: g++.dg/tree-prof/partition1.C execution, -O3 -g -fprofile-generate
UNRESOLVED: g++.dg/tree-prof/partition1.C compilation, -O3 -g -fprofile-use
UNRESOLVED: g++.dg/tree-prof/partition1.C execution, -O3 -g -fprofile-use
FAIL: g++.dg/tree-prof/partition2.C compilation, -g -fprofile-generate
UNRESOLVED: g++.dg/tree-prof/partition2.C execution, -g -fprofile-generate
UNRESOLVED: g++.dg/tree-prof/partition2.C compilation, -g -fprofile-use
UNRESOLVED: g++.dg/tree-prof/partition2.C execution, -g -fprofile-use
FAIL: g++.dg/tree-prof/partition2.C compilation, -O3 -g -fprofile-generate
UNRESOLVED: g++.dg/tree-prof/partition2.C execution, -O3 -g -fprofile-generate
UNRESOLVED: g++.dg/tree-prof/partition2.C compilation, -O3 -g -fprofile-use
UNRESOLVED: g++.dg/tree-prof/partition2.C execution, -O3 -g -fprofile-use
=== g++ Summary ===
# of expected passes 25335
# of unexpected failures 4
# of expected failures 158
# of unresolved testcases 12
# of unsupported tests 197
/var/gcc/regression/trunk/8-gcc-gas/build/gcc/testsuite/g++/../../g++ version 4.6.0 20101126 (experimental) [trunk revision 167186] (GCC)
=== gcc tests ===
Running target unix
FAIL: gcc.dg/pr14963.c (internal compiler error)
FAIL: gcc.dg/pr14963.c (test for excess errors)
XPASS: gcc.dg/tree-ssa/20040204-1.c scan-tree-dump-times optimized "link_error" 0
FAIL: gcc.target/i386/pr38240.c (internal compiler error)
FAIL: gcc.target/i386/pr38240.c (test for excess errors)
=== gcc Summary ===
# of expected passes 73631
# of unexpected failures 4
# of unexpected successes 1
# of expected failures 204
# of unsupported tests 1030
/var/gcc/regression/trunk/8-gcc-gas/build/gcc/xgcc version 4.6.0 20101126 (experimental) [trunk revision 167186] (GCC)
=== gfortran tests ===
Running target unix
=== gfortran Summary ===
# of expected passes 36323
# of expected failures 42
# of unsupported tests 341
/var/gcc/regression/trunk/8-gcc-gas/build/gcc/testsuite/gfortran/../../gfortran version 4.6.0 20101126 (experimental) [trunk revision 167186] (GCC)
=== gnat tests ===
Running target unix
=== gnat Summary ===
# of expected passes 856
# of expected failures 10
# of unsupported tests 4
=== objc tests ===
Running target unix
XPASS: objc.dg-struct-layout-encoding-1/t026_main.m execution test
=== objc Summary ===
# of expected passes 2634
# of unexpected successes 1
# of expected failures 6
# of unsupported tests 98
/var/gcc/regression/trunk/8-gcc-gas/build/gcc/xgcc version 4.6.0 20101126 (experimental) [trunk revision 167186] (GCC)
=== libffi tests ===
Running target unix
=== libffi Summary ===
# of expected passes 1634
# of expected failures 10
# of unsupported tests 15
=== libgomp tests ===
Running target unix
=== libgomp Summary ===
# of expected passes 2490
# of unsupported tests 2
=== libjava tests ===
Running target unix
FAIL: PR16923 run
FAIL: Divide_1 output - source compiled test
FAIL: Divide_1 -findirect-dispatch output - source compiled test
FAIL: Divide_1 -O3 output - source compiled test
FAIL: Divide_1 -O3 -findirect-dispatch output - source compiled test
=== libjava Summary ===
# of expected passes 2569
# of unexpected failures 5
# of untested testcases 1
=== libstdc++ tests ===
Running target unix
FAIL: libstdc++-abi/abi_check
FAIL: 20_util/unique_ptr/requirements/explicit_instantiation/explicit_instantiation.cc (test for excess errors)
=== libstdc++ Summary ===
# of expected passes 6803
# of unexpected failures 2
# of expected failures 84
# of unsupported tests 727
Compiler version: 4.6.0 20101126 (experimental) [trunk revision 167186] (GCC)
Platform: i386-pc-solaris2.8
configure flags: --prefix=/vol/gcc --target=i386-pc-solaris2.8 --with-as=/vol/gcc/bin/gas-2.20.1 --with-gnu-as --with-gmp=/vol/gcc --with-mpfr=/vol/gcc --with-mpc=/vol/gcc --enable-languages=all,ada
BOOT_CFLAGS=-g -O2