This is the mail archive of the
gcc-testresults@gcc.gnu.org
mailing list for the GCC project.
Results for 4.6.0 20101123 (experimental) [trunk revision 167070] (GCC) testsuite on i386-pc-solaris2.8
- From: Rainer Orth <ro at CeBiTec dot Uni-Bielefeld dot DE>
- To: gcc-testresults at gcc dot gnu dot org
- Date: Fri, 26 Nov 2010 18:53:36 +0100 (MET)
- Subject: Results for 4.6.0 20101123 (experimental) [trunk revision 167070] (GCC) testsuite on i386-pc-solaris2.8
LAST_UPDATED: Tue Nov 23 11:06:13 UTC 2010 (revision 167070)
=== acats tests ===
=== acats Summary ===
# of expected passes 2321
# of unexpected failures 0
Native configuration is i386-pc-solaris2.8
=== g++ tests ===
Running target unix
FAIL: g++.dg/torture/pr31863.C -O2 -flto (test for excess errors)
=== g++ Summary ===
# of expected passes 25179
# of unexpected failures 1
# of expected failures 158
# of unsupported tests 268
/var/gcc/regression/trunk/8-gcc/build/gcc/testsuite/g++/../../g++ version 4.6.0 20101123 (experimental) [trunk revision 167070] (GCC)
=== gcc tests ===
Running target unix
WARNING: program timed out.
FAIL: gcc.c-torture/compile/pr46534.c -O3 -g (test for excess errors)
WARNING: program timed out.
FAIL: gcc.c-torture/compile/pr46534.c -O2 -flto -flto-partition=none (test for excess errors)
FAIL: gcc.dg/pr14963.c (internal compiler error)
FAIL: gcc.dg/pr14963.c (test for excess errors)
XPASS: gcc.dg/tree-ssa/20040204-1.c scan-tree-dump-times optimized "link_error" 0
FAIL: gcc.dg/vect/slp-multitypes-2.c (test for excess errors)
WARNING: gcc.dg/vect/slp-multitypes-2.c compilation failed to produce executable
FAIL: gcc.target/i386/pr38240.c (internal compiler error)
FAIL: gcc.target/i386/pr38240.c (test for excess errors)
=== gcc Summary ===
# of expected passes 71766
# of unexpected failures 7
# of unexpected successes 1
# of expected failures 204
# of unsupported tests 1838
/var/gcc/regression/trunk/8-gcc/build/gcc/xgcc version 4.6.0 20101123 (experimental) [trunk revision 167070] (GCC)
=== gfortran tests ===
Running target unix
=== gfortran Summary ===
# of expected passes 36254
# of expected failures 42
# of unsupported tests 343
/var/gcc/regression/trunk/8-gcc/build/gcc/testsuite/gfortran/../../gfortran version 4.6.0 20101123 (experimental) [trunk revision 167070] (GCC)
=== gnat tests ===
Running target unix
=== gnat Summary ===
# of expected passes 855
# of expected failures 10
# of unsupported tests 5
=== objc tests ===
Running target unix
XPASS: objc.dg-struct-layout-encoding-1/t026_main.m execution test
=== objc Summary ===
# of expected passes 2681
# of unexpected successes 1
# of expected failures 6
# of unsupported tests 74
/var/gcc/regression/trunk/8-gcc/build/gcc/xgcc version 4.6.0 20101123 (experimental) [trunk revision 167070] (GCC)
=== libffi tests ===
Running target unix
=== libffi Summary ===
# of expected passes 1634
# of expected failures 10
# of unsupported tests 15
=== libgomp tests ===
Running target unix
=== libgomp Summary ===
# of expected passes 2490
# of unsupported tests 2
=== libjava tests ===
Running target unix
FAIL: PR16923 run
FAIL: Divide_1 output - source compiled test
FAIL: Divide_1 -findirect-dispatch output - source compiled test
FAIL: Divide_1 -O3 output - source compiled test
FAIL: Divide_1 -O3 -findirect-dispatch output - source compiled test
FAIL: InvokeInterface execution - source compiled test
FAIL: InvokeInterface -O3 execution - source compiled test
=== libjava Summary ===
# of expected passes 2565
# of unexpected failures 7
# of untested testcases 3
=== libstdc++ tests ===
Running target unix
FAIL: libstdc++-abi/abi_check
=== libstdc++ Summary ===
# of expected passes 6778
# of unexpected failures 1
# of expected failures 85
# of unsupported tests 720
Compiler version: 4.6.0 20101123 (experimental) [trunk revision 167070] (GCC)
Platform: i386-pc-solaris2.8
configure flags: --prefix=/vol/gcc --target=i386-pc-solaris2.8 --with-gmp=/vol/gcc --with-mpfr=/vol/gcc --with-mpc=/vol/gcc --enable-languages=all,ada
BOOT_CFLAGS=-g -O2