This is the mail archive of the
gcc-testresults@gcc.gnu.org
mailing list for the GCC project.
Results for 4.6.0 20101119 (experimental) [trunk revision 166950] (GCC) testsuite on mips-sgi-irix6.5
- From: Rainer Orth <ro at CeBiTec dot Uni-Bielefeld dot DE>
- To: gcc-testresults at gcc dot gnu dot org
- Date: Mon, 22 Nov 2010 19:51:43 +0100 (MET)
- Subject: Results for 4.6.0 20101119 (experimental) [trunk revision 166950] (GCC) testsuite on mips-sgi-irix6.5
LAST_UPDATED: Fri Nov 19 19:00:45 UTC 2010 (revision 166950)
Native configuration is mips-sgi-irix6.5
=== g++ tests ===
Running target unix
FAIL: g++.dg/debug/dwarf2/icf.C scan-assembler \\\\.section.*.debug_dcall
FAIL: g++.dg/debug/dwarf2/icf.C scan-assembler New caller
FAIL: g++.dg/debug/dwarf2/icf.C scan-assembler Caller DIE offset
FAIL: g++.dg/debug/dwarf2/icf.C scan-assembler Callee DIE offset
FAIL: g++.dg/debug/dwarf2/lineno-simple1.C scan-assembler main:[^\\\\t]*(\\\\t.(fnstart|frame|mask|file)[^\\\\t]*)*\\\\t[^:]+:12\\\\n
FAIL: g++.dg/other/anon5.C undefined (test for warnings, line )
FAIL: g++.dg/other/anon5.C (test for excess errors)
FAIL: g++.dg/template/char1.C (test for warnings, line 4)
FAIL: g++.dg/lto/20081109 cp_lto_20081109_0.o-cp_lto_20081109_1.o link, -O0 -flto -flto-partition=none
UNRESOLVED: g++.dg/lto/20081109 cp_lto_20081109_0.o-cp_lto_20081109_1.o execute -O0 -flto -flto-partition=none
FAIL: g++.dg/lto/20081109 cp_lto_20081109_0.o-cp_lto_20081109_1.o link, -O2 -flto -flto-partition=none
UNRESOLVED: g++.dg/lto/20081109 cp_lto_20081109_0.o-cp_lto_20081109_1.o execute -O2 -flto -flto-partition=none
FAIL: g++.dg/lto/20081109 cp_lto_20081109_0.o-cp_lto_20081109_1.o link, -O0 -flto -flto-partition=1to1
UNRESOLVED: g++.dg/lto/20081109 cp_lto_20081109_0.o-cp_lto_20081109_1.o execute -O0 -flto -flto-partition=1to1
FAIL: g++.dg/lto/20081109 cp_lto_20081109_0.o-cp_lto_20081109_1.o link, -O2 -flto -flto-partition=1to1
UNRESOLVED: g++.dg/lto/20081109 cp_lto_20081109_0.o-cp_lto_20081109_1.o execute -O2 -flto -flto-partition=1to1
FAIL: g++.dg/lto/20081109 cp_lto_20081109_0.o-cp_lto_20081109_1.o link, -O0 -flto
UNRESOLVED: g++.dg/lto/20081109 cp_lto_20081109_0.o-cp_lto_20081109_1.o execute -O0 -flto
FAIL: g++.dg/lto/20081109 cp_lto_20081109_0.o-cp_lto_20081109_1.o link, -O2 -flto
UNRESOLVED: g++.dg/lto/20081109 cp_lto_20081109_0.o-cp_lto_20081109_1.o execute -O2 -flto
FAIL: g++.dg/lto/20091022-2 cp_lto_20091022-2_0.o-cp_lto_20091022-2_0.o link, -O3 -flto -Winline
UNRESOLVED: g++.dg/lto/20091022-2 cp_lto_20091022-2_0.o-cp_lto_20091022-2_0.o execute -O3 -flto -Winline
FAIL: g++.dg/tls/static-1.C (internal compiler error)
FAIL: g++.dg/tls/static-1.C (test for excess errors)
WARNING: g++.dg/tls/static-1.C compilation failed to produce executable
FAIL: g++.dg/torture/pr31863.C -O2 -flto (test for excess errors)
FAIL: g++.dg/torture/pr33572.C -O2 -flto -flto-partition=none (test for excess errors)
WARNING: g++.dg/torture/pr33572.C -O2 -flto -flto-partition=none compilation failed to produce executable
FAIL: g++.dg/torture/pr33572.C -O2 -flto (test for excess errors)
WARNING: g++.dg/torture/pr33572.C -O2 -flto compilation failed to produce executable
FAIL: g++.dg/torture/pr39417.C -O2 -flto -flto-partition=none (test for excess errors)
WARNING: g++.dg/torture/pr39417.C -O2 -flto -flto-partition=none compilation failed to produce executable
FAIL: g++.dg/torture/pr39417.C -O2 -flto (test for excess errors)
WARNING: g++.dg/torture/pr39417.C -O2 -flto compilation failed to produce executable
FAIL: g++.dg/torture/stackalign/eh-alloca-1.C -O2 -flto -flto-partition=none (test for excess errors)
WARNING: g++.dg/torture/stackalign/eh-alloca-1.C -O2 -flto -flto-partition=none compilation failed to produce executable
FAIL: g++.dg/torture/stackalign/eh-alloca-1.C -O2 -flto (test for excess errors)
WARNING: g++.dg/torture/stackalign/eh-alloca-1.C -O2 -flto compilation failed to produce executable
FAIL: g++.dg/torture/stackalign/eh-global-1.C -O2 -flto -flto-partition=none (test for excess errors)
WARNING: g++.dg/torture/stackalign/eh-global-1.C -O2 -flto -flto-partition=none compilation failed to produce executable
FAIL: g++.dg/torture/stackalign/eh-global-1.C -O2 -flto (test for excess errors)
WARNING: g++.dg/torture/stackalign/eh-global-1.C -O2 -flto compilation failed to produce executable
FAIL: g++.dg/torture/stackalign/eh-inline-1.C -O2 -flto -flto-partition=none (test for excess errors)
WARNING: g++.dg/torture/stackalign/eh-inline-1.C -O2 -flto -flto-partition=none compilation failed to produce executable
FAIL: g++.dg/torture/stackalign/eh-inline-1.C -O2 -flto (test for excess errors)
WARNING: g++.dg/torture/stackalign/eh-inline-1.C -O2 -flto compilation failed to produce executable
FAIL: g++.dg/torture/stackalign/eh-inline-2.C -O2 -flto -flto-partition=none (test for excess errors)
WARNING: g++.dg/torture/stackalign/eh-inline-2.C -O2 -flto -flto-partition=none compilation failed to produce executable
FAIL: g++.dg/torture/stackalign/eh-inline-2.C -O2 -flto (test for excess errors)
WARNING: g++.dg/torture/stackalign/eh-inline-2.C -O2 -flto compilation failed to produce executable
FAIL: g++.dg/torture/stackalign/eh-vararg-1.C -O2 -flto -flto-partition=none (test for excess errors)
WARNING: g++.dg/torture/stackalign/eh-vararg-1.C -O2 -flto -flto-partition=none compilation failed to produce executable
FAIL: g++.dg/torture/stackalign/eh-vararg-1.C -O2 -flto (test for excess errors)
WARNING: g++.dg/torture/stackalign/eh-vararg-1.C -O2 -flto compilation failed to produce executable
FAIL: g++.dg/torture/stackalign/eh-vararg-2.C -O2 -flto -flto-partition=none (test for excess errors)
WARNING: g++.dg/torture/stackalign/eh-vararg-2.C -O2 -flto -flto-partition=none compilation failed to produce executable
FAIL: g++.dg/torture/stackalign/eh-vararg-2.C -O2 -flto (test for excess errors)
WARNING: g++.dg/torture/stackalign/eh-vararg-2.C -O2 -flto compilation failed to produce executable
FAIL: g++.dg/torture/stackalign/throw-1.C -O2 -flto -flto-partition=none (test for excess errors)
WARNING: g++.dg/torture/stackalign/throw-1.C -O2 -flto -flto-partition=none compilation failed to produce executable
FAIL: g++.dg/torture/stackalign/throw-1.C -O2 -flto (test for excess errors)
WARNING: g++.dg/torture/stackalign/throw-1.C -O2 -flto compilation failed to produce executable
FAIL: g++.dg/torture/stackalign/throw-2.C -O2 -flto -flto-partition=none (test for excess errors)
WARNING: g++.dg/torture/stackalign/throw-2.C -O2 -flto -flto-partition=none compilation failed to produce executable
FAIL: g++.dg/torture/stackalign/throw-2.C -O2 -flto (test for excess errors)
WARNING: g++.dg/torture/stackalign/throw-2.C -O2 -flto compilation failed to produce executable
FAIL: g++.dg/torture/stackalign/throw-3.C -O2 -flto -flto-partition=none (test for excess errors)
WARNING: g++.dg/torture/stackalign/throw-3.C -O2 -flto -flto-partition=none compilation failed to produce executable
FAIL: g++.dg/torture/stackalign/throw-3.C -O2 -flto (test for excess errors)
WARNING: g++.dg/torture/stackalign/throw-3.C -O2 -flto compilation failed to produce executable
FAIL: g++.dg/torture/stackalign/throw-4.C -O2 -flto -flto-partition=none (test for excess errors)
WARNING: g++.dg/torture/stackalign/throw-4.C -O2 -flto -flto-partition=none compilation failed to produce executable
FAIL: g++.dg/torture/stackalign/throw-4.C -O2 -flto (test for excess errors)
WARNING: g++.dg/torture/stackalign/throw-4.C -O2 -flto compilation failed to produce executable
FAIL: g++.dg/torture/stackalign/eh-alloca-1.C -O2 -flto -flto-partition=none (test for excess errors)
WARNING: g++.dg/torture/stackalign/eh-alloca-1.C -O2 -flto -flto-partition=none compilation failed to produce executable
FAIL: g++.dg/torture/stackalign/eh-alloca-1.C -O2 -flto (test for excess errors)
WARNING: g++.dg/torture/stackalign/eh-alloca-1.C -O2 -flto compilation failed to produce executable
FAIL: g++.dg/torture/stackalign/eh-global-1.C -O2 -flto -flto-partition=none (test for excess errors)
WARNING: g++.dg/torture/stackalign/eh-global-1.C -O2 -flto -flto-partition=none compilation failed to produce executable
FAIL: g++.dg/torture/stackalign/eh-global-1.C -O2 -flto (test for excess errors)
WARNING: g++.dg/torture/stackalign/eh-global-1.C -O2 -flto compilation failed to produce executable
FAIL: g++.dg/torture/stackalign/eh-inline-1.C -O2 -flto -flto-partition=none (test for excess errors)
WARNING: g++.dg/torture/stackalign/eh-inline-1.C -O2 -flto -flto-partition=none compilation failed to produce executable
FAIL: g++.dg/torture/stackalign/eh-inline-1.C -O2 -flto (test for excess errors)
WARNING: g++.dg/torture/stackalign/eh-inline-1.C -O2 -flto compilation failed to produce executable
FAIL: g++.dg/torture/stackalign/eh-inline-2.C -O2 -flto -flto-partition=none (test for excess errors)
WARNING: g++.dg/torture/stackalign/eh-inline-2.C -O2 -flto -flto-partition=none compilation failed to produce executable
FAIL: g++.dg/torture/stackalign/eh-inline-2.C -O2 -flto (test for excess errors)
WARNING: g++.dg/torture/stackalign/eh-inline-2.C -O2 -flto compilation failed to produce executable
FAIL: g++.dg/torture/stackalign/eh-vararg-1.C -O2 -flto -flto-partition=none (test for excess errors)
WARNING: g++.dg/torture/stackalign/eh-vararg-1.C -O2 -flto -flto-partition=none compilation failed to produce executable
FAIL: g++.dg/torture/stackalign/eh-vararg-1.C -O2 -flto (test for excess errors)
WARNING: g++.dg/torture/stackalign/eh-vararg-1.C -O2 -flto compilation failed to produce executable
FAIL: g++.dg/torture/stackalign/eh-vararg-2.C -O2 -flto -flto-partition=none (test for excess errors)
WARNING: g++.dg/torture/stackalign/eh-vararg-2.C -O2 -flto -flto-partition=none compilation failed to produce executable
FAIL: g++.dg/torture/stackalign/eh-vararg-2.C -O2 -flto (test for excess errors)
WARNING: g++.dg/torture/stackalign/eh-vararg-2.C -O2 -flto compilation failed to produce executable
FAIL: g++.dg/torture/stackalign/throw-1.C -O2 -flto -flto-partition=none (test for excess errors)
WARNING: g++.dg/torture/stackalign/throw-1.C -O2 -flto -flto-partition=none compilation failed to produce executable
FAIL: g++.dg/torture/stackalign/throw-1.C -O2 -flto (test for excess errors)
WARNING: g++.dg/torture/stackalign/throw-1.C -O2 -flto compilation failed to produce executable
FAIL: g++.dg/torture/stackalign/throw-2.C -O2 -flto -flto-partition=none (test for excess errors)
WARNING: g++.dg/torture/stackalign/throw-2.C -O2 -flto -flto-partition=none compilation failed to produce executable
FAIL: g++.dg/torture/stackalign/throw-2.C -O2 -flto (test for excess errors)
WARNING: g++.dg/torture/stackalign/throw-2.C -O2 -flto compilation failed to produce executable
FAIL: g++.dg/torture/stackalign/throw-3.C -O2 -flto -flto-partition=none (test for excess errors)
WARNING: g++.dg/torture/stackalign/throw-3.C -O2 -flto -flto-partition=none compilation failed to produce executable
FAIL: g++.dg/torture/stackalign/throw-3.C -O2 -flto (test for excess errors)
WARNING: g++.dg/torture/stackalign/throw-3.C -O2 -flto compilation failed to produce executable
FAIL: g++.dg/torture/stackalign/throw-4.C -O2 -flto -flto-partition=none (test for excess errors)
WARNING: g++.dg/torture/stackalign/throw-4.C -O2 -flto -flto-partition=none compilation failed to produce executable
FAIL: g++.dg/torture/stackalign/throw-4.C -O2 -flto (test for excess errors)
WARNING: g++.dg/torture/stackalign/throw-4.C -O2 -flto compilation failed to produce executable
FAIL: g++.dg/tree-prof/partition1.C compilation, -g -fprofile-use
UNRESOLVED: g++.dg/tree-prof/partition1.C execution, -g -fprofile-use
FAIL: g++.dg/tree-prof/partition1.C compilation, -O0 -fprofile-use
UNRESOLVED: g++.dg/tree-prof/partition1.C execution, -O0 -fprofile-use
FAIL: g++.dg/tree-prof/partition1.C compilation, -O1 -fprofile-use
UNRESOLVED: g++.dg/tree-prof/partition1.C execution, -O1 -fprofile-use
FAIL: g++.dg/tree-prof/partition1.C compilation, -O2 -fprofile-use
UNRESOLVED: g++.dg/tree-prof/partition1.C execution, -O2 -fprofile-use
FAIL: g++.dg/tree-prof/partition1.C compilation, -O3 -fprofile-use
UNRESOLVED: g++.dg/tree-prof/partition1.C execution, -O3 -fprofile-use
FAIL: g++.dg/tree-prof/partition1.C compilation, -O3 -g -fprofile-use
UNRESOLVED: g++.dg/tree-prof/partition1.C execution, -O3 -g -fprofile-use
FAIL: g++.dg/tree-prof/partition1.C compilation, -Os -fprofile-use
UNRESOLVED: g++.dg/tree-prof/partition1.C execution, -Os -fprofile-use
FAIL: g++.dg/tree-prof/partition2.C compilation, -O1 -fprofile-use
UNRESOLVED: g++.dg/tree-prof/partition2.C execution, -O1 -fprofile-use
FAIL: g++.dg/tree-prof/partition2.C compilation, -O2 -fprofile-use
UNRESOLVED: g++.dg/tree-prof/partition2.C execution, -O2 -fprofile-use
FAIL: g++.dg/tree-prof/partition2.C compilation, -O3 -fprofile-use
UNRESOLVED: g++.dg/tree-prof/partition2.C execution, -O3 -fprofile-use
FAIL: g++.dg/tree-prof/partition2.C compilation, -O3 -g -fprofile-use
UNRESOLVED: g++.dg/tree-prof/partition2.C execution, -O3 -g -fprofile-use
FAIL: g++.dg/tree-prof/partition2.C compilation, -Os -fprofile-use
UNRESOLVED: g++.dg/tree-prof/partition2.C execution, -Os -fprofile-use
XPASS: g++.old-deja/g++.other/init19.C execution test
=== g++ Summary for unix ===
# of expected passes 25231
# of unexpected failures 74
# of unexpected successes 1
# of expected failures 157
# of unresolved testcases 19
# of unsupported tests 480
Running target unix/-mabi=64
FAIL: g++.dg/debug/dwarf2/icf.C scan-assembler \\\\.section.*.debug_dcall
FAIL: g++.dg/debug/dwarf2/icf.C scan-assembler New caller
FAIL: g++.dg/debug/dwarf2/icf.C scan-assembler Caller DIE offset
FAIL: g++.dg/debug/dwarf2/icf.C scan-assembler Callee DIE offset
FAIL: g++.dg/debug/dwarf2/lineno-simple1.C scan-assembler main:[^\\\\t]*(\\\\t.(fnstart|frame|mask|file)[^\\\\t]*)*\\\\t[^:]+:12\\\\n
FAIL: g++.dg/other/anon5.C undefined (test for warnings, line )
FAIL: g++.dg/other/anon5.C (test for excess errors)
FAIL: g++.dg/template/char1.C (test for warnings, line 4)
FAIL: g++.dg/lto/20081109 cp_lto_20081109_0.o-cp_lto_20081109_1.o link, -O0 -flto -flto-partition=none
UNRESOLVED: g++.dg/lto/20081109 cp_lto_20081109_0.o-cp_lto_20081109_1.o execute -O0 -flto -flto-partition=none
FAIL: g++.dg/lto/20081109 cp_lto_20081109_0.o-cp_lto_20081109_1.o link, -O2 -flto -flto-partition=none
UNRESOLVED: g++.dg/lto/20081109 cp_lto_20081109_0.o-cp_lto_20081109_1.o execute -O2 -flto -flto-partition=none
FAIL: g++.dg/lto/20081109 cp_lto_20081109_0.o-cp_lto_20081109_1.o link, -O0 -flto -flto-partition=1to1
UNRESOLVED: g++.dg/lto/20081109 cp_lto_20081109_0.o-cp_lto_20081109_1.o execute -O0 -flto -flto-partition=1to1
FAIL: g++.dg/lto/20081109 cp_lto_20081109_0.o-cp_lto_20081109_1.o link, -O2 -flto -flto-partition=1to1
UNRESOLVED: g++.dg/lto/20081109 cp_lto_20081109_0.o-cp_lto_20081109_1.o execute -O2 -flto -flto-partition=1to1
FAIL: g++.dg/lto/20081109 cp_lto_20081109_0.o-cp_lto_20081109_1.o link, -O0 -flto
UNRESOLVED: g++.dg/lto/20081109 cp_lto_20081109_0.o-cp_lto_20081109_1.o execute -O0 -flto
FAIL: g++.dg/lto/20081109 cp_lto_20081109_0.o-cp_lto_20081109_1.o link, -O2 -flto
UNRESOLVED: g++.dg/lto/20081109 cp_lto_20081109_0.o-cp_lto_20081109_1.o execute -O2 -flto
FAIL: g++.dg/lto/20091022-2 cp_lto_20091022-2_0.o-cp_lto_20091022-2_0.o link, -O3 -flto -Winline
UNRESOLVED: g++.dg/lto/20091022-2 cp_lto_20091022-2_0.o-cp_lto_20091022-2_0.o execute -O3 -flto -Winline
FAIL: g++.dg/tls/static-1.C (internal compiler error)
FAIL: g++.dg/tls/static-1.C (test for excess errors)
WARNING: g++.dg/tls/static-1.C compilation failed to produce executable
FAIL: g++.dg/torture/pr31863.C -O2 -flto (test for excess errors)
FAIL: g++.dg/torture/pr33572.C -O2 -flto -flto-partition=none (test for excess errors)
WARNING: g++.dg/torture/pr33572.C -O2 -flto -flto-partition=none compilation failed to produce executable
FAIL: g++.dg/torture/pr33572.C -O2 -flto (test for excess errors)
WARNING: g++.dg/torture/pr33572.C -O2 -flto compilation failed to produce executable
FAIL: g++.dg/torture/pr39417.C -O2 -flto -flto-partition=none (test for excess errors)
WARNING: g++.dg/torture/pr39417.C -O2 -flto -flto-partition=none compilation failed to produce executable
FAIL: g++.dg/torture/pr39417.C -O2 -flto (test for excess errors)
WARNING: g++.dg/torture/pr39417.C -O2 -flto compilation failed to produce executable
FAIL: g++.dg/torture/stackalign/eh-alloca-1.C -O2 -flto -flto-partition=none (test for excess errors)
WARNING: g++.dg/torture/stackalign/eh-alloca-1.C -O2 -flto -flto-partition=none compilation failed to produce executable
FAIL: g++.dg/torture/stackalign/eh-alloca-1.C -O2 -flto (test for excess errors)
WARNING: g++.dg/torture/stackalign/eh-alloca-1.C -O2 -flto compilation failed to produce executable
FAIL: g++.dg/torture/stackalign/eh-global-1.C -O2 -flto -flto-partition=none (test for excess errors)
WARNING: g++.dg/torture/stackalign/eh-global-1.C -O2 -flto -flto-partition=none compilation failed to produce executable
FAIL: g++.dg/torture/stackalign/eh-global-1.C -O2 -flto (test for excess errors)
WARNING: g++.dg/torture/stackalign/eh-global-1.C -O2 -flto compilation failed to produce executable
FAIL: g++.dg/torture/stackalign/eh-inline-1.C -O2 -flto -flto-partition=none (test for excess errors)
WARNING: g++.dg/torture/stackalign/eh-inline-1.C -O2 -flto -flto-partition=none compilation failed to produce executable
FAIL: g++.dg/torture/stackalign/eh-inline-1.C -O2 -flto (test for excess errors)
WARNING: g++.dg/torture/stackalign/eh-inline-1.C -O2 -flto compilation failed to produce executable
FAIL: g++.dg/torture/stackalign/eh-inline-2.C -O2 -flto -flto-partition=none (test for excess errors)
WARNING: g++.dg/torture/stackalign/eh-inline-2.C -O2 -flto -flto-partition=none compilation failed to produce executable
FAIL: g++.dg/torture/stackalign/eh-inline-2.C -O2 -flto (test for excess errors)
WARNING: g++.dg/torture/stackalign/eh-inline-2.C -O2 -flto compilation failed to produce executable
FAIL: g++.dg/torture/stackalign/eh-vararg-1.C -O2 -flto -flto-partition=none (test for excess errors)
WARNING: g++.dg/torture/stackalign/eh-vararg-1.C -O2 -flto -flto-partition=none compilation failed to produce executable
FAIL: g++.dg/torture/stackalign/eh-vararg-1.C -O2 -flto (test for excess errors)
WARNING: g++.dg/torture/stackalign/eh-vararg-1.C -O2 -flto compilation failed to produce executable
FAIL: g++.dg/torture/stackalign/eh-vararg-2.C -O2 -flto -flto-partition=none (test for excess errors)
WARNING: g++.dg/torture/stackalign/eh-vararg-2.C -O2 -flto -flto-partition=none compilation failed to produce executable
FAIL: g++.dg/torture/stackalign/eh-vararg-2.C -O2 -flto (test for excess errors)
WARNING: g++.dg/torture/stackalign/eh-vararg-2.C -O2 -flto compilation failed to produce executable
FAIL: g++.dg/torture/stackalign/throw-1.C -O2 -flto -flto-partition=none (test for excess errors)
WARNING: g++.dg/torture/stackalign/throw-1.C -O2 -flto -flto-partition=none compilation failed to produce executable
FAIL: g++.dg/torture/stackalign/throw-1.C -O2 -flto (test for excess errors)
WARNING: g++.dg/torture/stackalign/throw-1.C -O2 -flto compilation failed to produce executable
FAIL: g++.dg/torture/stackalign/throw-2.C -O2 -flto -flto-partition=none (test for excess errors)
WARNING: g++.dg/torture/stackalign/throw-2.C -O2 -flto -flto-partition=none compilation failed to produce executable
FAIL: g++.dg/torture/stackalign/throw-2.C -O2 -flto (test for excess errors)
WARNING: g++.dg/torture/stackalign/throw-2.C -O2 -flto compilation failed to produce executable
FAIL: g++.dg/torture/stackalign/throw-3.C -O2 -flto -flto-partition=none (test for excess errors)
WARNING: g++.dg/torture/stackalign/throw-3.C -O2 -flto -flto-partition=none compilation failed to produce executable
FAIL: g++.dg/torture/stackalign/throw-3.C -O2 -flto (test for excess errors)
WARNING: g++.dg/torture/stackalign/throw-3.C -O2 -flto compilation failed to produce executable
FAIL: g++.dg/torture/stackalign/throw-4.C -O2 -flto -flto-partition=none (test for excess errors)
WARNING: g++.dg/torture/stackalign/throw-4.C -O2 -flto -flto-partition=none compilation failed to produce executable
FAIL: g++.dg/torture/stackalign/throw-4.C -O2 -flto (test for excess errors)
WARNING: g++.dg/torture/stackalign/throw-4.C -O2 -flto compilation failed to produce executable
FAIL: g++.dg/torture/stackalign/eh-alloca-1.C -O2 -flto -flto-partition=none (test for excess errors)
WARNING: g++.dg/torture/stackalign/eh-alloca-1.C -O2 -flto -flto-partition=none compilation failed to produce executable
FAIL: g++.dg/torture/stackalign/eh-alloca-1.C -O2 -flto (test for excess errors)
WARNING: g++.dg/torture/stackalign/eh-alloca-1.C -O2 -flto compilation failed to produce executable
FAIL: g++.dg/torture/stackalign/eh-global-1.C -O2 -flto -flto-partition=none (test for excess errors)
WARNING: g++.dg/torture/stackalign/eh-global-1.C -O2 -flto -flto-partition=none compilation failed to produce executable
FAIL: g++.dg/torture/stackalign/eh-global-1.C -O2 -flto (test for excess errors)
WARNING: g++.dg/torture/stackalign/eh-global-1.C -O2 -flto compilation failed to produce executable
FAIL: g++.dg/torture/stackalign/eh-inline-1.C -O2 -flto -flto-partition=none (test for excess errors)
WARNING: g++.dg/torture/stackalign/eh-inline-1.C -O2 -flto -flto-partition=none compilation failed to produce executable
FAIL: g++.dg/torture/stackalign/eh-inline-1.C -O2 -flto (test for excess errors)
WARNING: g++.dg/torture/stackalign/eh-inline-1.C -O2 -flto compilation failed to produce executable
FAIL: g++.dg/torture/stackalign/eh-inline-2.C -O2 -flto -flto-partition=none (test for excess errors)
WARNING: g++.dg/torture/stackalign/eh-inline-2.C -O2 -flto -flto-partition=none compilation failed to produce executable
FAIL: g++.dg/torture/stackalign/eh-inline-2.C -O2 -flto (test for excess errors)
WARNING: g++.dg/torture/stackalign/eh-inline-2.C -O2 -flto compilation failed to produce executable
FAIL: g++.dg/torture/stackalign/eh-vararg-1.C -O2 -flto -flto-partition=none (test for excess errors)
WARNING: g++.dg/torture/stackalign/eh-vararg-1.C -O2 -flto -flto-partition=none compilation failed to produce executable
FAIL: g++.dg/torture/stackalign/eh-vararg-1.C -O2 -flto (test for excess errors)
WARNING: g++.dg/torture/stackalign/eh-vararg-1.C -O2 -flto compilation failed to produce executable
FAIL: g++.dg/torture/stackalign/eh-vararg-2.C -O2 -flto -flto-partition=none (test for excess errors)
WARNING: g++.dg/torture/stackalign/eh-vararg-2.C -O2 -flto -flto-partition=none compilation failed to produce executable
FAIL: g++.dg/torture/stackalign/eh-vararg-2.C -O2 -flto (test for excess errors)
WARNING: g++.dg/torture/stackalign/eh-vararg-2.C -O2 -flto compilation failed to produce executable
FAIL: g++.dg/torture/stackalign/throw-1.C -O2 -flto -flto-partition=none (test for excess errors)
WARNING: g++.dg/torture/stackalign/throw-1.C -O2 -flto -flto-partition=none compilation failed to produce executable
FAIL: g++.dg/torture/stackalign/throw-1.C -O2 -flto (test for excess errors)
WARNING: g++.dg/torture/stackalign/throw-1.C -O2 -flto compilation failed to produce executable
FAIL: g++.dg/torture/stackalign/throw-2.C -O2 -flto -flto-partition=none (test for excess errors)
WARNING: g++.dg/torture/stackalign/throw-2.C -O2 -flto -flto-partition=none compilation failed to produce executable
FAIL: g++.dg/torture/stackalign/throw-2.C -O2 -flto (test for excess errors)
WARNING: g++.dg/torture/stackalign/throw-2.C -O2 -flto compilation failed to produce executable
FAIL: g++.dg/torture/stackalign/throw-3.C -O2 -flto -flto-partition=none (test for excess errors)
WARNING: g++.dg/torture/stackalign/throw-3.C -O2 -flto -flto-partition=none compilation failed to produce executable
FAIL: g++.dg/torture/stackalign/throw-3.C -O2 -flto (test for excess errors)
WARNING: g++.dg/torture/stackalign/throw-3.C -O2 -flto compilation failed to produce executable
FAIL: g++.dg/torture/stackalign/throw-4.C -O2 -flto -flto-partition=none (test for excess errors)
WARNING: g++.dg/torture/stackalign/throw-4.C -O2 -flto -flto-partition=none compilation failed to produce executable
FAIL: g++.dg/torture/stackalign/throw-4.C -O2 -flto (test for excess errors)
WARNING: g++.dg/torture/stackalign/throw-4.C -O2 -flto compilation failed to produce executable
FAIL: g++.dg/tree-prof/partition1.C compilation, -g -fprofile-use
UNRESOLVED: g++.dg/tree-prof/partition1.C execution, -g -fprofile-use
FAIL: g++.dg/tree-prof/partition1.C compilation, -O0 -fprofile-use
UNRESOLVED: g++.dg/tree-prof/partition1.C execution, -O0 -fprofile-use
FAIL: g++.dg/tree-prof/partition1.C compilation, -O1 -fprofile-use
UNRESOLVED: g++.dg/tree-prof/partition1.C execution, -O1 -fprofile-use
FAIL: g++.dg/tree-prof/partition1.C compilation, -O2 -fprofile-use
UNRESOLVED: g++.dg/tree-prof/partition1.C execution, -O2 -fprofile-use
FAIL: g++.dg/tree-prof/partition1.C compilation, -O3 -fprofile-use
UNRESOLVED: g++.dg/tree-prof/partition1.C execution, -O3 -fprofile-use
FAIL: g++.dg/tree-prof/partition1.C compilation, -O3 -g -fprofile-use
UNRESOLVED: g++.dg/tree-prof/partition1.C execution, -O3 -g -fprofile-use
FAIL: g++.dg/tree-prof/partition1.C compilation, -Os -fprofile-use
UNRESOLVED: g++.dg/tree-prof/partition1.C execution, -Os -fprofile-use
FAIL: g++.dg/tree-prof/partition2.C compilation, -O1 -fprofile-use
UNRESOLVED: g++.dg/tree-prof/partition2.C execution, -O1 -fprofile-use
FAIL: g++.dg/tree-prof/partition2.C compilation, -O2 -fprofile-use
UNRESOLVED: g++.dg/tree-prof/partition2.C execution, -O2 -fprofile-use
FAIL: g++.dg/tree-prof/partition2.C compilation, -O3 -fprofile-use
UNRESOLVED: g++.dg/tree-prof/partition2.C execution, -O3 -fprofile-use
FAIL: g++.dg/tree-prof/partition2.C compilation, -O3 -g -fprofile-use
UNRESOLVED: g++.dg/tree-prof/partition2.C execution, -O3 -g -fprofile-use
FAIL: g++.dg/tree-prof/partition2.C compilation, -Os -fprofile-use
UNRESOLVED: g++.dg/tree-prof/partition2.C execution, -Os -fprofile-use
WARNING: program timed out.
XPASS: g++.old-deja/g++.other/init19.C execution test
=== g++ Summary for unix/-mabi=64 ===
# of expected passes 25192
# of unexpected failures 74
# of unexpected successes 1
# of expected failures 157
# of unresolved testcases 19
# of unsupported tests 481
=== g++ Summary ===
# of expected passes 50423
# of unexpected failures 148
# of unexpected successes 2
# of expected failures 314
# of unresolved testcases 38
# of unsupported tests 961
/var/gcc/regression/trunk/6.5-gcc/build/gcc/testsuite/g++/../../g++ version 4.6.0 20101119 (experimental) [trunk revision 166950] (GCC)
=== gcc tests ===
Running target unix
WARNING: program timed out.
FAIL: gcc.dg/attr-alias-5.c (test for errors, line 8)
FAIL: gcc.dg/attr-alias-5.c (test for excess errors)
WARNING: program timed out.
FAIL: gcc.dg/pr14963.c (internal compiler error)
FAIL: gcc.dg/pr14963.c (test for excess errors)
WARNING: program timed out.
FAIL: gcc.dg/pr43058.c (test for excess errors)
FAIL: gcc.dg/ucnid-13.c (test for warnings, line 6)
FAIL: gcc.dg/ucnid-13.c (test for warnings, line 9)
FAIL: gcc.dg/ucnid-13.c (test for warnings, line 11)
FAIL: gcc.dg/ucnid-13.c (test for errors, line 13)
FAIL: gcc.dg/ucnid-13.c (test for excess errors)
FAIL: gcc.dg/ucnid-7.c (test for errors, line 6)
FAIL: gcc.dg/ucnid-7.c (test for excess errors)
FAIL: gcc.dg/ucnid-8.c (test for errors, line 6)
FAIL: gcc.dg/ucnid-8.c (test for errors, line 7)
FAIL: gcc.dg/ucnid-8.c (test for warnings, line 9)
FAIL: gcc.dg/ucnid-8.c (test for errors, line 11)
FAIL: gcc.dg/ucnid-8.c UCN diag (test for warnings, line 13)
FAIL: gcc.dg/ucnid-8.c (test for excess errors)
FAIL: gcc.dg/tls/nonpic-1.c (internal compiler error)
FAIL: gcc.dg/tls/nonpic-1.c (test for excess errors)
FAIL: gcc.dg/tls/opt-1.c (internal compiler error)
FAIL: gcc.dg/tls/opt-1.c (test for excess errors)
FAIL: gcc.dg/tls/opt-14.c (internal compiler error)
FAIL: gcc.dg/tls/opt-14.c (test for excess errors)
FAIL: gcc.dg/tls/opt-3.c (internal compiler error)
FAIL: gcc.dg/tls/opt-3.c (test for excess errors)
FAIL: gcc.dg/tls/opt-5.c (internal compiler error)
FAIL: gcc.dg/tls/opt-5.c (test for excess errors)
FAIL: gcc.dg/tls/opt-6.c (internal compiler error)
FAIL: gcc.dg/tls/opt-6.c (test for excess errors)
FAIL: gcc.dg/tls/opt-9.c (internal compiler error)
FAIL: gcc.dg/tls/opt-9.c (test for excess errors)
FAIL: gcc.dg/tls/pic-1.c (internal compiler error)
FAIL: gcc.dg/tls/pic-1.c (test for excess errors)
FAIL: gcc.dg/torture/20090618-1.c -O1 (test for excess errors)
WARNING: gcc.dg/torture/20090618-1.c -O1 compilation failed to produce executable
FAIL: gcc.dg/torture/20090618-1.c -O2 (test for excess errors)
WARNING: gcc.dg/torture/20090618-1.c -O2 compilation failed to produce executable
FAIL: gcc.dg/torture/20090618-1.c -O3 -fomit-frame-pointer (test for excess errors)
WARNING: gcc.dg/torture/20090618-1.c -O3 -fomit-frame-pointer compilation failed to produce executable
FAIL: gcc.dg/torture/20090618-1.c -O3 -g (test for excess errors)
WARNING: gcc.dg/torture/20090618-1.c -O3 -g compilation failed to produce executable
FAIL: gcc.dg/torture/20090618-1.c -O2 -flto -flto-partition=none (test for excess errors)
WARNING: gcc.dg/torture/20090618-1.c -O2 -flto -flto-partition=none compilation failed to produce executable
FAIL: gcc.dg/torture/20090618-1.c -O2 -flto (test for excess errors)
WARNING: gcc.dg/torture/20090618-1.c -O2 -flto compilation failed to produce executable
FAIL: gcc.dg/torture/builtin-modf-1.c -O0 (test for excess errors)
FAIL: gcc.dg/torture/builtin-modf-1.c -O1 (test for excess errors)
FAIL: gcc.dg/torture/builtin-modf-1.c -O2 (test for excess errors)
FAIL: gcc.dg/torture/builtin-modf-1.c -O3 -fomit-frame-pointer (test for excess errors)
FAIL: gcc.dg/torture/builtin-modf-1.c -O3 -fomit-frame-pointer -funroll-loops (test for excess errors)
FAIL: gcc.dg/torture/builtin-modf-1.c -O3 -fomit-frame-pointer -funroll-all-loops -finline-functions (test for excess errors)
FAIL: gcc.dg/torture/builtin-modf-1.c -O3 -g (test for excess errors)
FAIL: gcc.dg/torture/builtin-modf-1.c -Os (test for excess errors)
FAIL: gcc.dg/torture/builtin-modf-1.c -O2 -flto -flto-partition=none (test for excess errors)
FAIL: gcc.dg/torture/builtin-modf-1.c -O2 -flto (test for excess errors)
FAIL: gcc.dg/torture/vector-shift2.c -O0 execution test
FAIL: gcc.dg/torture/vector-shift2.c -O1 execution test
FAIL: gcc.dg/torture/vector-shift2.c -O2 execution test
FAIL: gcc.dg/torture/vector-shift2.c -O3 -fomit-frame-pointer execution test
FAIL: gcc.dg/torture/vector-shift2.c -O3 -g execution test
FAIL: gcc.dg/torture/vector-shift2.c -Os execution test
FAIL: gcc.dg/torture/vector-shift2.c -O2 -flto -flto-partition=none execution test
FAIL: gcc.dg/torture/vector-shift2.c -O2 -flto execution test
FAIL: gcc.dg/tree-ssa/vrp51.c scan-assembler-not bug.
FAIL: gcc.target/mips/dspr2-MULT.c scan-assembler ac2
FAIL: gcc.target/mips/dspr2-MULTU.c scan-assembler ac2
FAIL: gcc.target/mips/extend-1.c scan-assembler-times \\tdsll\\t 5
FAIL: gcc.target/mips/extend-1.c scan-assembler-times \\tdsra\\t 5
FAIL: gcc.target/mips/octeon-exts-6.c scan-assembler-times \\texts\\t 5
FAIL: gcc.target/mips/save-restore-1.c (internal compiler error)
FAIL: gcc.target/mips/save-restore-1.c (test for excess errors)
ERROR: gcc.target/mips/save-restore-1.c: error executing dg-final: couldn't open "save-restore-1.s": no such file or directory
UNRESOLVED: gcc.target/mips/save-restore-1.c: error executing dg-final: couldn't open "save-restore-1.s": no such file or directory
FAIL: gcc.target/mips/save-restore-3.c (internal compiler error)
FAIL: gcc.target/mips/save-restore-3.c (test for excess errors)
ERROR: gcc.target/mips/save-restore-3.c: error executing dg-final: couldn't open "save-restore-3.s": no such file or directory
UNRESOLVED: gcc.target/mips/save-restore-3.c: error executing dg-final: couldn't open "save-restore-3.s": no such file or directory
FAIL: gcc.target/mips/save-restore-4.c (internal compiler error)
FAIL: gcc.target/mips/save-restore-4.c (test for excess errors)
ERROR: gcc.target/mips/save-restore-4.c: error executing dg-final: couldn't open "save-restore-4.s": no such file or directory
UNRESOLVED: gcc.target/mips/save-restore-4.c: error executing dg-final: couldn't open "save-restore-4.s": no such file or directory
FAIL: gcc.target/mips/save-restore-5.c (internal compiler error)
FAIL: gcc.target/mips/save-restore-5.c (test for excess errors)
=== gcc Summary for unix ===
# of expected passes 68788
# of unexpected failures 72
# of expected failures 119
# of unresolved testcases 3
# of unsupported tests 1008
Running target unix/-mabi=64
WARNING: program timed out.
FAIL: gcc.dg/attr-alias-5.c (test for errors, line 8)
FAIL: gcc.dg/attr-alias-5.c (test for excess errors)
FAIL: gcc.dg/intmax_t-1.c (test for excess errors)
WARNING: program timed out.
FAIL: gcc.dg/pr14963.c (internal compiler error)
FAIL: gcc.dg/pr14963.c (test for excess errors)
WARNING: program timed out.
FAIL: gcc.dg/pr43058.c (test for excess errors)
FAIL: gcc.dg/ucnid-13.c (test for warnings, line 6)
FAIL: gcc.dg/ucnid-13.c (test for warnings, line 9)
FAIL: gcc.dg/ucnid-13.c (test for warnings, line 11)
FAIL: gcc.dg/ucnid-13.c (test for errors, line 13)
FAIL: gcc.dg/ucnid-13.c (test for excess errors)
FAIL: gcc.dg/ucnid-7.c (test for errors, line 6)
FAIL: gcc.dg/ucnid-7.c (test for excess errors)
FAIL: gcc.dg/ucnid-8.c (test for errors, line 6)
FAIL: gcc.dg/ucnid-8.c (test for errors, line 7)
FAIL: gcc.dg/ucnid-8.c (test for warnings, line 9)
FAIL: gcc.dg/ucnid-8.c (test for errors, line 11)
FAIL: gcc.dg/ucnid-8.c UCN diag (test for warnings, line 13)
FAIL: gcc.dg/ucnid-8.c (test for excess errors)
FAIL: gcc.dg/lto/20090116 c_lto_20090116_0.o-c_lto_20090116_0.o link, -O1 -flto -flto-partition=1to1 -fPIC (internal compiler error)
UNRESOLVED: gcc.dg/lto/20090116 c_lto_20090116_0.o-c_lto_20090116_0.o execute -O1 -flto -flto-partition=1to1 -fPIC
FAIL: gcc.dg/tls/nonpic-1.c (internal compiler error)
FAIL: gcc.dg/tls/nonpic-1.c (test for excess errors)
FAIL: gcc.dg/tls/opt-1.c (internal compiler error)
FAIL: gcc.dg/tls/opt-1.c (test for excess errors)
FAIL: gcc.dg/tls/opt-14.c (internal compiler error)
FAIL: gcc.dg/tls/opt-14.c (test for excess errors)
FAIL: gcc.dg/tls/opt-3.c (internal compiler error)
FAIL: gcc.dg/tls/opt-3.c (test for excess errors)
FAIL: gcc.dg/tls/opt-5.c (internal compiler error)
FAIL: gcc.dg/tls/opt-5.c (test for excess errors)
FAIL: gcc.dg/tls/opt-6.c (internal compiler error)
FAIL: gcc.dg/tls/opt-6.c (test for excess errors)
FAIL: gcc.dg/tls/opt-9.c (internal compiler error)
FAIL: gcc.dg/tls/opt-9.c (test for excess errors)
FAIL: gcc.dg/tls/pic-1.c (internal compiler error)
FAIL: gcc.dg/tls/pic-1.c (test for excess errors)
FAIL: gcc.dg/torture/20090618-1.c -O1 (test for excess errors)
WARNING: gcc.dg/torture/20090618-1.c -O1 compilation failed to produce executable
FAIL: gcc.dg/torture/20090618-1.c -O2 (test for excess errors)
WARNING: gcc.dg/torture/20090618-1.c -O2 compilation failed to produce executable
FAIL: gcc.dg/torture/20090618-1.c -O3 -fomit-frame-pointer (test for excess errors)
WARNING: gcc.dg/torture/20090618-1.c -O3 -fomit-frame-pointer compilation failed to produce executable
FAIL: gcc.dg/torture/20090618-1.c -O3 -g (test for excess errors)
WARNING: gcc.dg/torture/20090618-1.c -O3 -g compilation failed to produce executable
FAIL: gcc.dg/torture/20090618-1.c -O2 -flto -flto-partition=none (test for excess errors)
WARNING: gcc.dg/torture/20090618-1.c -O2 -flto -flto-partition=none compilation failed to produce executable
FAIL: gcc.dg/torture/20090618-1.c -O2 -flto (test for excess errors)
WARNING: gcc.dg/torture/20090618-1.c -O2 -flto compilation failed to produce executable
FAIL: gcc.dg/torture/builtin-modf-1.c -O0 (test for excess errors)
FAIL: gcc.dg/torture/builtin-modf-1.c -O1 (test for excess errors)
FAIL: gcc.dg/torture/builtin-modf-1.c -O2 (test for excess errors)
FAIL: gcc.dg/torture/builtin-modf-1.c -O3 -fomit-frame-pointer (test for excess errors)
FAIL: gcc.dg/torture/builtin-modf-1.c -O3 -fomit-frame-pointer -funroll-loops (test for excess errors)
FAIL: gcc.dg/torture/builtin-modf-1.c -O3 -fomit-frame-pointer -funroll-all-loops -finline-functions (test for excess errors)
FAIL: gcc.dg/torture/builtin-modf-1.c -O3 -g (test for excess errors)
FAIL: gcc.dg/torture/builtin-modf-1.c -Os (test for excess errors)
FAIL: gcc.dg/torture/builtin-modf-1.c -O2 -flto -flto-partition=none (test for excess errors)
FAIL: gcc.dg/torture/builtin-modf-1.c -O2 -flto (test for excess errors)
FAIL: gcc.dg/torture/vector-shift2.c -O0 execution test
FAIL: gcc.dg/torture/vector-shift2.c -O1 execution test
FAIL: gcc.dg/torture/vector-shift2.c -O2 execution test
FAIL: gcc.dg/torture/vector-shift2.c -O3 -fomit-frame-pointer execution test
FAIL: gcc.dg/torture/vector-shift2.c -O3 -g execution test
FAIL: gcc.dg/torture/vector-shift2.c -Os execution test
FAIL: gcc.dg/torture/vector-shift2.c -O2 -flto -flto-partition=none execution test
FAIL: gcc.dg/torture/vector-shift2.c -O2 -flto execution test
FAIL: gcc.dg/tree-ssa/vrp51.c scan-assembler-not bug.
FAIL: gcc.target/mips/dspr2-MULT.c scan-assembler ac2
FAIL: gcc.target/mips/dspr2-MULTU.c scan-assembler ac2
FAIL: gcc.target/mips/extend-1.c scan-assembler-times \\tdsll\\t 5
FAIL: gcc.target/mips/extend-1.c scan-assembler-times \\tdsra\\t 5
FAIL: gcc.target/mips/mult-1.c scan-assembler \\tdins\\t
FAIL: gcc.target/mips/octeon-bbit-2.c scan-assembler \\tbnel\\t
FAIL: gcc.target/mips/octeon-bbit-2.c scan-assembler-not \\tbne\\t
FAIL: gcc.target/mips/octeon-exts-6.c scan-assembler-times \\texts\\t 5
FAIL: gcc.target/mips/save-restore-1.c (internal compiler error)
FAIL: gcc.target/mips/save-restore-1.c (test for excess errors)
ERROR: gcc.target/mips/save-restore-1.c: error executing dg-final: couldn't open "save-restore-1.s": no such file or directory
UNRESOLVED: gcc.target/mips/save-restore-1.c: error executing dg-final: couldn't open "save-restore-1.s": no such file or directory
FAIL: gcc.target/mips/save-restore-3.c (internal compiler error)
FAIL: gcc.target/mips/save-restore-3.c (test for excess errors)
ERROR: gcc.target/mips/save-restore-3.c: error executing dg-final: couldn't open "save-restore-3.s": no such file or directory
UNRESOLVED: gcc.target/mips/save-restore-3.c: error executing dg-final: couldn't open "save-restore-3.s": no such file or directory
FAIL: gcc.target/mips/save-restore-4.c (internal compiler error)
FAIL: gcc.target/mips/save-restore-4.c (test for excess errors)
ERROR: gcc.target/mips/save-restore-4.c: error executing dg-final: couldn't open "save-restore-4.s": no such file or directory
UNRESOLVED: gcc.target/mips/save-restore-4.c: error executing dg-final: couldn't open "save-restore-4.s": no such file or directory
FAIL: gcc.target/mips/save-restore-5.c (internal compiler error)
FAIL: gcc.target/mips/save-restore-5.c (test for excess errors)
=== gcc Summary for unix/-mabi=64 ===
# of expected passes 68793
# of unexpected failures 77
# of expected failures 120
# of unresolved testcases 4
# of unsupported tests 998
=== gcc Summary ===
# of expected passes 137581
# of unexpected failures 149
# of expected failures 239
# of unresolved testcases 7
# of unsupported tests 2006
/var/gcc/regression/trunk/6.5-gcc/build/gcc/xgcc version 4.6.0 20101119 (experimental) [trunk revision 166950] (GCC)
=== gfortran tests ===
Running target unix
FAIL: gfortran.dg/array_constructor_33.f90 -O (test for excess errors)
FAIL: gfortran.dg/complex_intrinsic_5.f90 -O0 execution test
FAIL: gfortran.dg/complex_intrinsic_5.f90 -O1 execution test
FAIL: gfortran.dg/complex_intrinsic_5.f90 -O2 execution test
FAIL: gfortran.dg/complex_intrinsic_5.f90 -O3 -fomit-frame-pointer execution test
FAIL: gfortran.dg/complex_intrinsic_5.f90 -O3 -fomit-frame-pointer -funroll-loops execution test
FAIL: gfortran.dg/complex_intrinsic_5.f90 -O3 -fomit-frame-pointer -funroll-all-loops -finline-functions execution test
FAIL: gfortran.dg/complex_intrinsic_5.f90 -O3 -g execution test
FAIL: gfortran.dg/complex_intrinsic_5.f90 -Os execution test
FAIL: gfortran.dg/cray_pointers_2.f90 -O3 -fomit-frame-pointer (test for excess errors)
WARNING: gfortran.dg/cray_pointers_2.f90 -O3 -fomit-frame-pointer compilation failed to produce executable
FAIL: gfortran.dg/cray_pointers_2.f90 -O3 -fomit-frame-pointer -funroll-loops (test for excess errors)
WARNING: gfortran.dg/cray_pointers_2.f90 -O3 -fomit-frame-pointer -funroll-loops compilation failed to produce executable
FAIL: gfortran.dg/cray_pointers_2.f90 -O3 -fomit-frame-pointer -funroll-all-loops -finline-functions (test for excess errors)
WARNING: gfortran.dg/cray_pointers_2.f90 -O3 -fomit-frame-pointer -funroll-all-loops -finline-functions compilation failed to produce executable
FAIL: gfortran.dg/cray_pointers_2.f90 -O3 -g (test for excess errors)
WARNING: gfortran.dg/cray_pointers_2.f90 -O3 -g compilation failed to produce executable
FAIL: gfortran.dg/default_format_1.f90 -O0 execution test
FAIL: gfortran.dg/default_format_1.f90 -O1 execution test
FAIL: gfortran.dg/default_format_1.f90 -O2 execution test
FAIL: gfortran.dg/default_format_1.f90 -O3 -fomit-frame-pointer execution test
FAIL: gfortran.dg/default_format_1.f90 -O3 -fomit-frame-pointer -funroll-loops execution test
FAIL: gfortran.dg/default_format_1.f90 -O3 -fomit-frame-pointer -funroll-all-loops -finline-functions execution test
FAIL: gfortran.dg/default_format_1.f90 -O3 -g execution test
FAIL: gfortran.dg/default_format_1.f90 -Os execution test
FAIL: gfortran.dg/default_format_denormal_1.f90 -O0 execution test
FAIL: gfortran.dg/default_format_denormal_1.f90 -O1 execution test
FAIL: gfortran.dg/default_format_denormal_1.f90 -O2 execution test
FAIL: gfortran.dg/default_format_denormal_1.f90 -O3 -fomit-frame-pointer execution test
FAIL: gfortran.dg/default_format_denormal_1.f90 -O3 -fomit-frame-pointer -funroll-loops execution test
FAIL: gfortran.dg/default_format_denormal_1.f90 -O3 -fomit-frame-pointer -funroll-all-loops -finline-functions execution test
FAIL: gfortran.dg/default_format_denormal_1.f90 -O3 -g execution test
FAIL: gfortran.dg/default_format_denormal_1.f90 -Os execution test
FAIL: gfortran.dg/default_format_denormal_2.f90 -O0 execution test
FAIL: gfortran.dg/default_format_denormal_2.f90 -O1 execution test
FAIL: gfortran.dg/default_format_denormal_2.f90 -O2 execution test
FAIL: gfortran.dg/default_format_denormal_2.f90 -O3 -fomit-frame-pointer execution test
FAIL: gfortran.dg/default_format_denormal_2.f90 -O3 -fomit-frame-pointer -funroll-loops execution test
FAIL: gfortran.dg/default_format_denormal_2.f90 -O3 -fomit-frame-pointer -funroll-all-loops -finline-functions execution test
FAIL: gfortran.dg/default_format_denormal_2.f90 -O3 -g execution test
FAIL: gfortran.dg/default_format_denormal_2.f90 -Os execution test
FAIL: gfortran.dg/integer_exponentiation_2.f90 -O0 execution test
FAIL: gfortran.dg/integer_exponentiation_2.f90 -O1 execution test
FAIL: gfortran.dg/integer_exponentiation_2.f90 -O2 execution test
FAIL: gfortran.dg/integer_exponentiation_2.f90 -O3 -fomit-frame-pointer execution test
FAIL: gfortran.dg/integer_exponentiation_2.f90 -O3 -fomit-frame-pointer -funroll-loops execution test
FAIL: gfortran.dg/integer_exponentiation_2.f90 -O3 -fomit-frame-pointer -funroll-all-loops -finline-functions execution test
FAIL: gfortran.dg/integer_exponentiation_2.f90 -O3 -g execution test
FAIL: gfortran.dg/integer_exponentiation_2.f90 -Os execution test
FAIL: gfortran.dg/large_real_kind_2.F90 -O1 execution test
FAIL: gfortran.dg/large_real_kind_2.F90 -O2 execution test
FAIL: gfortran.dg/large_real_kind_2.F90 -O3 -fomit-frame-pointer execution test
FAIL: gfortran.dg/large_real_kind_2.F90 -O3 -fomit-frame-pointer -funroll-loops execution test
FAIL: gfortran.dg/large_real_kind_2.F90 -O3 -fomit-frame-pointer -funroll-all-loops -finline-functions execution test
FAIL: gfortran.dg/large_real_kind_2.F90 -O3 -g execution test
FAIL: gfortran.dg/large_real_kind_2.F90 -Os execution test
FAIL: gfortran.dg/large_real_kind_form_io_2.f90 -O0 execution test
FAIL: gfortran.dg/large_real_kind_form_io_2.f90 -O1 execution test
FAIL: gfortran.dg/large_real_kind_form_io_2.f90 -O2 execution test
FAIL: gfortran.dg/large_real_kind_form_io_2.f90 -O3 -fomit-frame-pointer execution test
FAIL: gfortran.dg/large_real_kind_form_io_2.f90 -O3 -fomit-frame-pointer -funroll-loops execution test
FAIL: gfortran.dg/large_real_kind_form_io_2.f90 -O3 -fomit-frame-pointer -funroll-all-loops -finline-functions execution test
FAIL: gfortran.dg/large_real_kind_form_io_2.f90 -O3 -g execution test
FAIL: gfortran.dg/large_real_kind_form_io_2.f90 -Os execution test
FAIL: gfortran.dg/nan_3.f90 -O0 execution test
FAIL: gfortran.dg/nan_3.f90 -O1 execution test
FAIL: gfortran.dg/nan_3.f90 -O2 execution test
FAIL: gfortran.dg/nan_3.f90 -O3 -fomit-frame-pointer execution test
FAIL: gfortran.dg/nan_3.f90 -O3 -fomit-frame-pointer -funroll-loops execution test
FAIL: gfortran.dg/nan_3.f90 -O3 -fomit-frame-pointer -funroll-all-loops -finline-functions execution test
FAIL: gfortran.dg/nan_3.f90 -O3 -g execution test
FAIL: gfortran.dg/nan_3.f90 -Os execution test
FAIL: gfortran.dg/nan_6.f90 -O0 execution test
FAIL: gfortran.dg/nan_6.f90 -O1 execution test
FAIL: gfortran.dg/nan_6.f90 -O2 execution test
FAIL: gfortran.dg/nan_6.f90 -O3 -fomit-frame-pointer execution test
FAIL: gfortran.dg/nan_6.f90 -O3 -fomit-frame-pointer -funroll-loops execution test
FAIL: gfortran.dg/nan_6.f90 -O3 -fomit-frame-pointer -funroll-all-loops -finline-functions execution test
FAIL: gfortran.dg/nan_6.f90 -O3 -g execution test
FAIL: gfortran.dg/nan_6.f90 -Os execution test
FAIL: gfortran.dg/nearest_1.f90 -O0 execution test
FAIL: gfortran.dg/nearest_1.f90 -O1 execution test
FAIL: gfortran.dg/nearest_1.f90 -O2 execution test
FAIL: gfortran.dg/nearest_1.f90 -O3 -fomit-frame-pointer execution test
FAIL: gfortran.dg/nearest_1.f90 -O3 -fomit-frame-pointer -funroll-loops execution test
FAIL: gfortran.dg/nearest_1.f90 -O3 -fomit-frame-pointer -funroll-all-loops -finline-functions execution test
FAIL: gfortran.dg/nearest_1.f90 -O3 -g execution test
FAIL: gfortran.dg/nearest_1.f90 -Os execution test
XPASS: gfortran.dg/pr25923.f90 -O PR45505 (test for warnings, line 13)
XPASS: gfortran.dg/pr25923.f90 -O PR45505 (test for bogus messages, line 22)
FAIL: gfortran.dg/pr45636.f90 -O scan-tree-dump-times forwprop2 "memset" 0
FAIL: gfortran.dg/read_infnan_1.f90 -O0 execution test
FAIL: gfortran.dg/read_infnan_1.f90 -O1 execution test
FAIL: gfortran.dg/read_infnan_1.f90 -O2 execution test
FAIL: gfortran.dg/read_infnan_1.f90 -O3 -fomit-frame-pointer execution test
FAIL: gfortran.dg/read_infnan_1.f90 -O3 -fomit-frame-pointer -funroll-loops execution test
FAIL: gfortran.dg/read_infnan_1.f90 -O3 -fomit-frame-pointer -funroll-all-loops -finline-functions execution test
FAIL: gfortran.dg/read_infnan_1.f90 -O3 -g execution test
FAIL: gfortran.dg/read_infnan_1.f90 -Os execution test
FAIL: gfortran.dg/specifics_1.f90 -O0 execution test
FAIL: gfortran.dg/specifics_1.f90 -O1 execution test
FAIL: gfortran.dg/specifics_1.f90 -O2 execution test
FAIL: gfortran.dg/specifics_1.f90 -O3 -fomit-frame-pointer execution test
FAIL: gfortran.dg/specifics_1.f90 -O3 -fomit-frame-pointer -funroll-loops execution test
FAIL: gfortran.dg/specifics_1.f90 -O3 -fomit-frame-pointer -funroll-all-loops -finline-functions execution test
FAIL: gfortran.dg/specifics_1.f90 -O3 -g execution test
FAIL: gfortran.dg/specifics_1.f90 -Os execution test
XPASS: gfortran.dg/g77/cabs.f -O1 execution test
XPASS: gfortran.dg/g77/cabs.f -O2 execution test
XPASS: gfortran.dg/g77/cabs.f -O3 -fomit-frame-pointer execution test
XPASS: gfortran.dg/g77/cabs.f -O3 -fomit-frame-pointer -funroll-loops execution test
XPASS: gfortran.dg/g77/cabs.f -O3 -fomit-frame-pointer -funroll-all-loops -finline-functions execution test
XPASS: gfortran.dg/g77/cabs.f -O3 -g execution test
XPASS: gfortran.dg/g77/cabs.f -Os execution test
WARNING: program timed out.
WARNING: program timed out.
WARNING: program timed out.
WARNING: program timed out.
WARNING: program timed out.
WARNING: program timed out.
FAIL: gfortran.fortran-torture/execute/intrinsic_abs.f90 execution, -O0
FAIL: gfortran.fortran-torture/execute/intrinsic_nearest.f90 execution, -O0
FAIL: gfortran.fortran-torture/execute/intrinsic_nearest.f90 execution, -O1
FAIL: gfortran.fortran-torture/execute/intrinsic_nearest.f90 execution, -O2
FAIL: gfortran.fortran-torture/execute/intrinsic_nearest.f90 execution, -O2 -fomit-frame-pointer -finline-functions
FAIL: gfortran.fortran-torture/execute/intrinsic_nearest.f90 execution, -O2 -fomit-frame-pointer -finline-functions -funroll-loops
FAIL: gfortran.fortran-torture/execute/intrinsic_nearest.f90 execution, -O2 -fbounds-check
FAIL: gfortran.fortran-torture/execute/intrinsic_nearest.f90 execution, -O3 -g
FAIL: gfortran.fortran-torture/execute/intrinsic_nearest.f90 execution, -Os
FAIL: gfortran.fortran-torture/execute/specifics.f90 execution, -O0
FAIL: gfortran.fortran-torture/execute/specifics.f90 execution, -O1
FAIL: gfortran.fortran-torture/execute/specifics.f90 execution, -O2
FAIL: gfortran.fortran-torture/execute/specifics.f90 execution, -O2 -fomit-frame-pointer -finline-functions
FAIL: gfortran.fortran-torture/execute/specifics.f90 execution, -O2 -fomit-frame-pointer -finline-functions -funroll-loops
FAIL: gfortran.fortran-torture/execute/specifics.f90 execution, -O2 -fbounds-check
FAIL: gfortran.fortran-torture/execute/specifics.f90 execution, -O3 -g
FAIL: gfortran.fortran-torture/execute/specifics.f90 execution, -Os
=== gfortran Summary for unix ===
# of expected passes 36627
# of unexpected failures 118
# of unexpected successes 9
# of expected failures 41
# of unsupported tests 64
Running target unix/-mabi=64
FAIL: gfortran.dg/array_constructor_33.f90 -O (test for excess errors)
FAIL: gfortran.dg/complex_intrinsic_5.f90 -O0 execution test
FAIL: gfortran.dg/complex_intrinsic_5.f90 -O1 execution test
FAIL: gfortran.dg/complex_intrinsic_5.f90 -O2 execution test
FAIL: gfortran.dg/complex_intrinsic_5.f90 -O3 -fomit-frame-pointer execution test
FAIL: gfortran.dg/complex_intrinsic_5.f90 -O3 -fomit-frame-pointer -funroll-loops execution test
FAIL: gfortran.dg/complex_intrinsic_5.f90 -O3 -fomit-frame-pointer -funroll-all-loops -finline-functions execution test
FAIL: gfortran.dg/complex_intrinsic_5.f90 -O3 -g execution test
FAIL: gfortran.dg/complex_intrinsic_5.f90 -Os execution test
FAIL: gfortran.dg/cray_pointers_2.f90 -O3 -fomit-frame-pointer (test for excess errors)
WARNING: gfortran.dg/cray_pointers_2.f90 -O3 -fomit-frame-pointer compilation failed to produce executable
FAIL: gfortran.dg/cray_pointers_2.f90 -O3 -fomit-frame-pointer -funroll-loops (test for excess errors)
WARNING: gfortran.dg/cray_pointers_2.f90 -O3 -fomit-frame-pointer -funroll-loops compilation failed to produce executable
FAIL: gfortran.dg/cray_pointers_2.f90 -O3 -fomit-frame-pointer -funroll-all-loops -finline-functions (test for excess errors)
WARNING: gfortran.dg/cray_pointers_2.f90 -O3 -fomit-frame-pointer -funroll-all-loops -finline-functions compilation failed to produce executable
FAIL: gfortran.dg/cray_pointers_2.f90 -O3 -g (test for excess errors)
WARNING: gfortran.dg/cray_pointers_2.f90 -O3 -g compilation failed to produce executable
FAIL: gfortran.dg/default_format_1.f90 -O0 execution test
FAIL: gfortran.dg/default_format_1.f90 -O1 execution test
FAIL: gfortran.dg/default_format_1.f90 -O2 execution test
FAIL: gfortran.dg/default_format_1.f90 -O3 -fomit-frame-pointer execution test
FAIL: gfortran.dg/default_format_1.f90 -O3 -fomit-frame-pointer -funroll-loops execution test
FAIL: gfortran.dg/default_format_1.f90 -O3 -fomit-frame-pointer -funroll-all-loops -finline-functions execution test
FAIL: gfortran.dg/default_format_1.f90 -O3 -g execution test
FAIL: gfortran.dg/default_format_1.f90 -Os execution test
FAIL: gfortran.dg/default_format_denormal_1.f90 -O0 execution test
FAIL: gfortran.dg/default_format_denormal_1.f90 -O1 execution test
FAIL: gfortran.dg/default_format_denormal_1.f90 -O2 execution test
FAIL: gfortran.dg/default_format_denormal_1.f90 -O3 -fomit-frame-pointer execution test
FAIL: gfortran.dg/default_format_denormal_1.f90 -O3 -fomit-frame-pointer -funroll-loops execution test
FAIL: gfortran.dg/default_format_denormal_1.f90 -O3 -fomit-frame-pointer -funroll-all-loops -finline-functions execution test
FAIL: gfortran.dg/default_format_denormal_1.f90 -O3 -g execution test
FAIL: gfortran.dg/default_format_denormal_1.f90 -Os execution test
FAIL: gfortran.dg/default_format_denormal_2.f90 -O0 execution test
FAIL: gfortran.dg/default_format_denormal_2.f90 -O1 execution test
FAIL: gfortran.dg/default_format_denormal_2.f90 -O2 execution test
FAIL: gfortran.dg/default_format_denormal_2.f90 -O3 -fomit-frame-pointer execution test
FAIL: gfortran.dg/default_format_denormal_2.f90 -O3 -fomit-frame-pointer -funroll-loops execution test
FAIL: gfortran.dg/default_format_denormal_2.f90 -O3 -fomit-frame-pointer -funroll-all-loops -finline-functions execution test
FAIL: gfortran.dg/default_format_denormal_2.f90 -O3 -g execution test
FAIL: gfortran.dg/default_format_denormal_2.f90 -Os execution test
FAIL: gfortran.dg/integer_exponentiation_2.f90 -O0 execution test
FAIL: gfortran.dg/integer_exponentiation_2.f90 -O1 execution test
FAIL: gfortran.dg/integer_exponentiation_2.f90 -O2 execution test
FAIL: gfortran.dg/integer_exponentiation_2.f90 -O3 -fomit-frame-pointer execution test
FAIL: gfortran.dg/integer_exponentiation_2.f90 -O3 -fomit-frame-pointer -funroll-loops execution test
FAIL: gfortran.dg/integer_exponentiation_2.f90 -O3 -fomit-frame-pointer -funroll-all-loops -finline-functions execution test
FAIL: gfortran.dg/integer_exponentiation_2.f90 -O3 -g execution test
FAIL: gfortran.dg/integer_exponentiation_2.f90 -Os execution test
FAIL: gfortran.dg/large_real_kind_2.F90 -O1 execution test
FAIL: gfortran.dg/large_real_kind_2.F90 -O2 execution test
FAIL: gfortran.dg/large_real_kind_2.F90 -O3 -fomit-frame-pointer execution test
FAIL: gfortran.dg/large_real_kind_2.F90 -O3 -fomit-frame-pointer -funroll-loops execution test
FAIL: gfortran.dg/large_real_kind_2.F90 -O3 -fomit-frame-pointer -funroll-all-loops -finline-functions execution test
FAIL: gfortran.dg/large_real_kind_2.F90 -O3 -g execution test
FAIL: gfortran.dg/large_real_kind_2.F90 -Os execution test
FAIL: gfortran.dg/large_real_kind_form_io_2.f90 -O0 execution test
FAIL: gfortran.dg/large_real_kind_form_io_2.f90 -O1 execution test
FAIL: gfortran.dg/large_real_kind_form_io_2.f90 -O2 execution test
FAIL: gfortran.dg/large_real_kind_form_io_2.f90 -O3 -fomit-frame-pointer execution test
FAIL: gfortran.dg/large_real_kind_form_io_2.f90 -O3 -fomit-frame-pointer -funroll-loops execution test
FAIL: gfortran.dg/large_real_kind_form_io_2.f90 -O3 -fomit-frame-pointer -funroll-all-loops -finline-functions execution test
FAIL: gfortran.dg/large_real_kind_form_io_2.f90 -O3 -g execution test
FAIL: gfortran.dg/large_real_kind_form_io_2.f90 -Os execution test
FAIL: gfortran.dg/nan_3.f90 -O0 execution test
FAIL: gfortran.dg/nan_3.f90 -O1 execution test
FAIL: gfortran.dg/nan_3.f90 -O2 execution test
FAIL: gfortran.dg/nan_3.f90 -O3 -fomit-frame-pointer execution test
FAIL: gfortran.dg/nan_3.f90 -O3 -fomit-frame-pointer -funroll-loops execution test
FAIL: gfortran.dg/nan_3.f90 -O3 -fomit-frame-pointer -funroll-all-loops -finline-functions execution test
FAIL: gfortran.dg/nan_3.f90 -O3 -g execution test
FAIL: gfortran.dg/nan_3.f90 -Os execution test
FAIL: gfortran.dg/nan_6.f90 -O0 execution test
FAIL: gfortran.dg/nan_6.f90 -O1 execution test
FAIL: gfortran.dg/nan_6.f90 -O2 execution test
FAIL: gfortran.dg/nan_6.f90 -O3 -fomit-frame-pointer execution test
FAIL: gfortran.dg/nan_6.f90 -O3 -fomit-frame-pointer -funroll-loops execution test
FAIL: gfortran.dg/nan_6.f90 -O3 -fomit-frame-pointer -funroll-all-loops -finline-functions execution test
FAIL: gfortran.dg/nan_6.f90 -O3 -g execution test
FAIL: gfortran.dg/nan_6.f90 -Os execution test
FAIL: gfortran.dg/nearest_1.f90 -O0 execution test
FAIL: gfortran.dg/nearest_1.f90 -O1 execution test
FAIL: gfortran.dg/nearest_1.f90 -O2 execution test
FAIL: gfortran.dg/nearest_1.f90 -O3 -fomit-frame-pointer execution test
FAIL: gfortran.dg/nearest_1.f90 -O3 -fomit-frame-pointer -funroll-loops execution test
FAIL: gfortran.dg/nearest_1.f90 -O3 -fomit-frame-pointer -funroll-all-loops -finline-functions execution test
FAIL: gfortran.dg/nearest_1.f90 -O3 -g execution test
FAIL: gfortran.dg/nearest_1.f90 -Os execution test
FAIL: gfortran.dg/pr45636.f90 -O scan-tree-dump-times forwprop2 "memset" 0
FAIL: gfortran.dg/read_infnan_1.f90 -O0 execution test
FAIL: gfortran.dg/read_infnan_1.f90 -O1 execution test
FAIL: gfortran.dg/read_infnan_1.f90 -O2 execution test
FAIL: gfortran.dg/read_infnan_1.f90 -O3 -fomit-frame-pointer execution test
FAIL: gfortran.dg/read_infnan_1.f90 -O3 -fomit-frame-pointer -funroll-loops execution test
FAIL: gfortran.dg/read_infnan_1.f90 -O3 -fomit-frame-pointer -funroll-all-loops -finline-functions execution test
FAIL: gfortran.dg/read_infnan_1.f90 -O3 -g execution test
FAIL: gfortran.dg/read_infnan_1.f90 -Os execution test
FAIL: gfortran.dg/specifics_1.f90 -O0 execution test
FAIL: gfortran.dg/specifics_1.f90 -O1 execution test
FAIL: gfortran.dg/specifics_1.f90 -O2 execution test
FAIL: gfortran.dg/specifics_1.f90 -O3 -fomit-frame-pointer execution test
FAIL: gfortran.dg/specifics_1.f90 -O3 -fomit-frame-pointer -funroll-loops execution test
FAIL: gfortran.dg/specifics_1.f90 -O3 -fomit-frame-pointer -funroll-all-loops -finline-functions execution test
FAIL: gfortran.dg/specifics_1.f90 -O3 -g execution test
FAIL: gfortran.dg/specifics_1.f90 -Os execution test
XPASS: gfortran.dg/g77/cabs.f -O1 execution test
XPASS: gfortran.dg/g77/cabs.f -O2 execution test
XPASS: gfortran.dg/g77/cabs.f -O3 -fomit-frame-pointer execution test
XPASS: gfortran.dg/g77/cabs.f -O3 -fomit-frame-pointer -funroll-loops execution test
XPASS: gfortran.dg/g77/cabs.f -O3 -fomit-frame-pointer -funroll-all-loops -finline-functions execution test
XPASS: gfortran.dg/g77/cabs.f -O3 -g execution test
XPASS: gfortran.dg/g77/cabs.f -Os execution test
WARNING: program timed out.
WARNING: program timed out.
WARNING: program timed out.
WARNING: program timed out.
WARNING: program timed out.
WARNING: program timed out.
FAIL: gfortran.fortran-torture/execute/intrinsic_abs.f90 execution, -O0
FAIL: gfortran.fortran-torture/execute/intrinsic_nearest.f90 execution, -O0
FAIL: gfortran.fortran-torture/execute/intrinsic_nearest.f90 execution, -O1
FAIL: gfortran.fortran-torture/execute/intrinsic_nearest.f90 execution, -O2
FAIL: gfortran.fortran-torture/execute/intrinsic_nearest.f90 execution, -O2 -fomit-frame-pointer -finline-functions
FAIL: gfortran.fortran-torture/execute/intrinsic_nearest.f90 execution, -O2 -fomit-frame-pointer -finline-functions -funroll-loops
FAIL: gfortran.fortran-torture/execute/intrinsic_nearest.f90 execution, -O2 -fbounds-check
FAIL: gfortran.fortran-torture/execute/intrinsic_nearest.f90 execution, -O3 -g
FAIL: gfortran.fortran-torture/execute/intrinsic_nearest.f90 execution, -Os
FAIL: gfortran.fortran-torture/execute/specifics.f90 execution, -O0
FAIL: gfortran.fortran-torture/execute/specifics.f90 execution, -O1
FAIL: gfortran.fortran-torture/execute/specifics.f90 execution, -O2
FAIL: gfortran.fortran-torture/execute/specifics.f90 execution, -O2 -fomit-frame-pointer -finline-functions
FAIL: gfortran.fortran-torture/execute/specifics.f90 execution, -O2 -fomit-frame-pointer -finline-functions -funroll-loops
FAIL: gfortran.fortran-torture/execute/specifics.f90 execution, -O2 -fbounds-check
FAIL: gfortran.fortran-torture/execute/specifics.f90 execution, -O3 -g
FAIL: gfortran.fortran-torture/execute/specifics.f90 execution, -Os
=== gfortran Summary for unix/-mabi=64 ===
# of expected passes 36629
# of unexpected failures 118
# of unexpected successes 7
# of expected failures 41
# of unsupported tests 64
=== gfortran Summary ===
# of expected passes 73256
# of unexpected failures 236
# of unexpected successes 16
# of expected failures 82
# of unsupported tests 128
=== gnat tests ===
Running target unix
FAIL: gnat.dg/frame_overflow.adb (test for excess errors)
FAIL: gnat.dg/lto6.adb (test for excess errors)
WARNING: gnat.dg/lto6.adb compilation failed to produce executable
FAIL: gnat.dg/null_pointer_deref1.adb execution test
FAIL: gnat.dg/null_pointer_deref2.adb execution test
FAIL: gnat.dg/stack_check1.adb execution test
FAIL: gnat.dg/stack_check2.adb execution test
WARNING: program timed out.
FAIL: gnat.dg/test_prio.adb execution test
FAIL: gnat.dg/specs/addr1.ads (test for bogus messages, line 24)
FAIL: gnat.dg/specs/addr1.ads (test for excess errors)
=== gnat Summary for unix ===
# of expected passes 842
# of unexpected failures 9
# of expected failures 10
# of unsupported tests 6
Running target unix/-mabi=64
FAIL: gnat.dg/align_max.adb execution test
FAIL: gnat.dg/allocator_maxalign1.adb execution test
FAIL: gnat.dg/lto6.adb (test for excess errors)
WARNING: gnat.dg/lto6.adb compilation failed to produce executable
FAIL: gnat.dg/null_pointer_deref1.adb execution test
FAIL: gnat.dg/null_pointer_deref2.adb execution test
FAIL: gnat.dg/stack_check1.adb execution test
FAIL: gnat.dg/stack_check2.adb execution test
FAIL: gnat.dg/test_allocator_maxalign2.adb execution test
=== gnat Summary for unix/-mabi=64 ===
# of expected passes 843
# of unexpected failures 8
# of expected failures 10
# of unsupported tests 6
=== gnat Summary ===
# of expected passes 1685
# of unexpected failures 17
# of expected failures 20
# of unsupported tests 12
=== objc tests ===
Running target unix
FAIL: objc.dg/stabs-1.m scan-assembler (.SUBSPA.*[\$]CODE[\$]|.text"?)\\n\\t.stabs.*100,0,0,([.\$])?L?L[\$]?etext[0-9]*\\n([.\$])?L?L[\$]?etext
XPASS: objc.dg-struct-layout-encoding-1/t025_main.m execution test
XPASS: objc.dg-struct-layout-encoding-1/t026_main.m execution test
XPASS: objc.dg-struct-layout-encoding-1/t027_main.m execution test
XPASS: objc.dg-struct-layout-encoding-1/t028_main.m execution test
XPASS: objc.dg-struct-layout-encoding-1/t029_main.m execution test
XPASS: objc.dg-struct-layout-encoding-1/t030_main.m execution test
XPASS: objc.dg-struct-layout-encoding-1/t031_main.m execution test
=== objc Summary for unix ===
# of expected passes 2650
# of unexpected failures 1
# of unexpected successes 7
# of expected failures 10
# of unsupported tests 74
Running target unix/-mabi=64
FAIL: objc.dg/stabs-1.m scan-assembler (.SUBSPA.*[\$]CODE[\$]|.text"?)\\n\\t.stabs.*100,0,0,([.\$])?L?L[\$]?etext[0-9]*\\n([.\$])?L?L[\$]?etext
XPASS: objc.dg-struct-layout-encoding-1/t025_main.m execution test
XPASS: objc.dg-struct-layout-encoding-1/t026_main.m execution test
XPASS: objc.dg-struct-layout-encoding-1/t027_main.m execution test
XPASS: objc.dg-struct-layout-encoding-1/t028_main.m execution test
XPASS: objc.dg-struct-layout-encoding-1/t029_main.m execution test
XPASS: objc.dg-struct-layout-encoding-1/t030_main.m execution test
XPASS: objc.dg-struct-layout-encoding-1/t031_main.m execution test
=== objc Summary for unix/-mabi=64 ===
# of expected passes 2650
# of unexpected failures 1
# of unexpected successes 7
# of expected failures 10
# of unsupported tests 74
=== objc Summary ===
# of expected passes 5300
# of unexpected failures 2
# of unexpected successes 14
# of expected failures 20
# of unsupported tests 148
/var/gcc/regression/trunk/6.5-gcc/build/gcc/xgcc version 4.6.0 20101119 (experimental) [trunk revision 166950] (GCC)
=== libffi tests ===
Running target unix
FAIL: libffi.call/cls_align_pointer.c -O0 -W -Wall (test for excess errors)
WARNING: libffi.call/cls_align_pointer.c -O0 -W -Wall compilation failed to produce executable
FAIL: libffi.call/cls_double_va.c -O0 -W -Wall output pattern test, is 0.0
FAIL: libffi.call/cls_longdouble_va.c -O0 -W -Wall output pattern test, is 0.0
FAIL: libffi.call/cls_pointer.c -O0 -W -Wall (test for excess errors)
FAIL: libffi.call/cls_pointer_stack.c -O0 -W -Wall (test for excess errors)
FAIL: libffi.call/huge_struct.c -O0 -W -Wall (test for excess errors)
WARNING: libffi.call/huge_struct.c -O0 -W -Wall compilation failed to produce executable
FAIL: libffi.call/cls_align_pointer.c -O2 (test for excess errors)
WARNING: libffi.call/cls_align_pointer.c -O2 compilation failed to produce executable
FAIL: libffi.call/cls_double_va.c -O2 output pattern test, is 0.0
FAIL: libffi.call/cls_longdouble_va.c -O2 output pattern test, is 0.0
FAIL: libffi.call/cls_pointer.c -O2 (test for excess errors)
FAIL: libffi.call/cls_pointer_stack.c -O2 (test for excess errors)
FAIL: libffi.call/huge_struct.c -O2 (test for excess errors)
WARNING: libffi.call/huge_struct.c -O2 compilation failed to produce executable
FAIL: libffi.call/cls_align_pointer.c -O3 (test for excess errors)
WARNING: libffi.call/cls_align_pointer.c -O3 compilation failed to produce executable
FAIL: libffi.call/cls_double_va.c -O3 output pattern test, is 0.0
FAIL: libffi.call/cls_longdouble_va.c -O3 output pattern test, is 0.0
FAIL: libffi.call/cls_pointer.c -O3 (test for excess errors)
FAIL: libffi.call/cls_pointer_stack.c -O3 (test for excess errors)
FAIL: libffi.call/huge_struct.c -O3 (test for excess errors)
WARNING: libffi.call/huge_struct.c -O3 compilation failed to produce executable
FAIL: libffi.call/cls_align_pointer.c -Os (test for excess errors)
WARNING: libffi.call/cls_align_pointer.c -Os compilation failed to produce executable
FAIL: libffi.call/cls_double_va.c -Os output pattern test, is 0.0
FAIL: libffi.call/cls_longdouble_va.c -Os output pattern test, is 0.0
FAIL: libffi.call/cls_pointer.c -Os (test for excess errors)
FAIL: libffi.call/cls_pointer_stack.c -Os (test for excess errors)
FAIL: libffi.call/huge_struct.c -Os (test for excess errors)
WARNING: libffi.call/huge_struct.c -Os compilation failed to produce executable
FAIL: libffi.call/cls_align_pointer.c -O2 -fomit-frame-pointer (test for excess errors)
WARNING: libffi.call/cls_align_pointer.c -O2 -fomit-frame-pointer compilation failed to produce executable
FAIL: libffi.call/cls_double_va.c -O2 -fomit-frame-pointer output pattern test, is 0.0
FAIL: libffi.call/cls_longdouble_va.c -O2 -fomit-frame-pointer output pattern test, is 0.0
FAIL: libffi.call/cls_pointer.c -O2 -fomit-frame-pointer (test for excess errors)
FAIL: libffi.call/cls_pointer_stack.c -O2 -fomit-frame-pointer (test for excess errors)
FAIL: libffi.call/huge_struct.c -O2 -fomit-frame-pointer (test for excess errors)
WARNING: libffi.call/huge_struct.c -O2 -fomit-frame-pointer compilation failed to produce executable
=== libffi Summary for unix ===
# of expected passes 1584
# of unexpected failures 30
# of expected failures 10
# of unsupported tests 15
Running target unix/-mabi=64
FAIL: libffi.call/cls_align_pointer.c -O0 -W -Wall (test for excess errors)
WARNING: libffi.call/cls_align_pointer.c -O0 -W -Wall compilation failed to produce executable
FAIL: libffi.call/cls_double_va.c -O0 -W -Wall output pattern test, is 0.0
FAIL: libffi.call/cls_longdouble_va.c -O0 -W -Wall output pattern test, is 0.0
FAIL: libffi.call/huge_struct.c -O0 -W -Wall (test for excess errors)
WARNING: libffi.call/huge_struct.c -O0 -W -Wall compilation failed to produce executable
FAIL: libffi.call/cls_align_pointer.c -O2 (test for excess errors)
WARNING: libffi.call/cls_align_pointer.c -O2 compilation failed to produce executable
FAIL: libffi.call/cls_double_va.c -O2 output pattern test, is 0.0
FAIL: libffi.call/cls_longdouble_va.c -O2 output pattern test, is 0.0
FAIL: libffi.call/huge_struct.c -O2 (test for excess errors)
WARNING: libffi.call/huge_struct.c -O2 compilation failed to produce executable
FAIL: libffi.call/cls_align_pointer.c -O3 (test for excess errors)
WARNING: libffi.call/cls_align_pointer.c -O3 compilation failed to produce executable
FAIL: libffi.call/cls_double_va.c -O3 output pattern test, is 0.0
FAIL: libffi.call/cls_longdouble_va.c -O3 output pattern test, is 0.0
FAIL: libffi.call/huge_struct.c -O3 (test for excess errors)
WARNING: libffi.call/huge_struct.c -O3 compilation failed to produce executable
FAIL: libffi.call/cls_align_pointer.c -Os (test for excess errors)
WARNING: libffi.call/cls_align_pointer.c -Os compilation failed to produce executable
FAIL: libffi.call/cls_double_va.c -Os output pattern test, is 0.0
FAIL: libffi.call/cls_longdouble_va.c -Os output pattern test, is 0.0
FAIL: libffi.call/huge_struct.c -Os (test for excess errors)
WARNING: libffi.call/huge_struct.c -Os compilation failed to produce executable
FAIL: libffi.call/cls_align_pointer.c -O2 -fomit-frame-pointer (test for excess errors)
WARNING: libffi.call/cls_align_pointer.c -O2 -fomit-frame-pointer compilation failed to produce executable
FAIL: libffi.call/cls_double_va.c -O2 -fomit-frame-pointer output pattern test, is 0.0
FAIL: libffi.call/cls_longdouble_va.c -O2 -fomit-frame-pointer output pattern test, is 0.0
FAIL: libffi.call/huge_struct.c -O2 -fomit-frame-pointer (test for excess errors)
WARNING: libffi.call/huge_struct.c -O2 -fomit-frame-pointer compilation failed to produce executable
=== libffi Summary for unix/-mabi=64 ===
# of expected passes 1594
# of unexpected failures 20
# of expected failures 10
# of unsupported tests 15
=== libffi Summary ===
# of expected passes 3178
# of unexpected failures 50
# of expected failures 20
# of unsupported tests 30
=== libgomp tests ===
Running target unix
FAIL: libgomp.c/pr24455.c (internal compiler error)
FAIL: libgomp.c/pr24455.c (test for excess errors)
WARNING: libgomp.c/pr24455.c compilation failed to produce executable
FAIL: libgomp.c++/pr24455.C -O0 (internal compiler error)
FAIL: libgomp.c++/pr24455.C -O0 (test for excess errors)
WARNING: libgomp.c++/pr24455.C -O0 compilation failed to produce executable
FAIL: libgomp.c++/pr24455.C -O1 (internal compiler error)
FAIL: libgomp.c++/pr24455.C -O1 (test for excess errors)
WARNING: libgomp.c++/pr24455.C -O1 compilation failed to produce executable
FAIL: libgomp.c++/pr24455.C -O2 (internal compiler error)
FAIL: libgomp.c++/pr24455.C -O2 (test for excess errors)
WARNING: libgomp.c++/pr24455.C -O2 compilation failed to produce executable
FAIL: libgomp.c++/pr24455.C -O3 -fomit-frame-pointer (internal compiler error)
FAIL: libgomp.c++/pr24455.C -O3 -fomit-frame-pointer (test for excess errors)
WARNING: libgomp.c++/pr24455.C -O3 -fomit-frame-pointer compilation failed to produce executable
FAIL: libgomp.c++/pr24455.C -O3 -fomit-frame-pointer -funroll-loops (internal compiler error)
FAIL: libgomp.c++/pr24455.C -O3 -fomit-frame-pointer -funroll-loops (test for excess errors)
WARNING: libgomp.c++/pr24455.C -O3 -fomit-frame-pointer -funroll-loops compilation failed to produce executable
FAIL: libgomp.c++/pr24455.C -O3 -fomit-frame-pointer -funroll-all-loops -finline-functions (internal compiler error)
FAIL: libgomp.c++/pr24455.C -O3 -fomit-frame-pointer -funroll-all-loops -finline-functions (test for excess errors)
WARNING: libgomp.c++/pr24455.C -O3 -fomit-frame-pointer -funroll-all-loops -finline-functions compilation failed to produce executable
FAIL: libgomp.c++/pr24455.C -O3 -g (internal compiler error)
FAIL: libgomp.c++/pr24455.C -O3 -g (test for excess errors)
WARNING: libgomp.c++/pr24455.C -O3 -g compilation failed to produce executable
FAIL: libgomp.c++/pr24455.C -Os (internal compiler error)
FAIL: libgomp.c++/pr24455.C -Os (test for excess errors)
WARNING: libgomp.c++/pr24455.C -Os compilation failed to produce executable
FAIL: libgomp.fortran/condinc2.f -O execution test
FAIL: libgomp.fortran/condinc4.f90 -O execution test
FAIL: libgomp.fortran/omp_cond2.f -O execution test
FAIL: libgomp.fortran/omp_cond4.F90 -O execution test
WARNING: program timed out.
FAIL: libgomp.fortran/vla8.f90 -O3 -fomit-frame-pointer (test for excess errors)
WARNING: libgomp.fortran/vla8.f90 -O3 -fomit-frame-pointer compilation failed to produce executable
WARNING: program timed out.
FAIL: libgomp.fortran/vla8.f90 -O3 -fomit-frame-pointer -funroll-loops (test for excess errors)
WARNING: libgomp.fortran/vla8.f90 -O3 -fomit-frame-pointer -funroll-loops compilation failed to produce executable
WARNING: program timed out.
FAIL: libgomp.fortran/vla8.f90 -O3 -fomit-frame-pointer -funroll-all-loops -finline-functions (test for excess errors)
WARNING: libgomp.fortran/vla8.f90 -O3 -fomit-frame-pointer -funroll-all-loops -finline-functions compilation failed to produce executable
WARNING: program timed out.
FAIL: libgomp.fortran/vla8.f90 -O3 -g (test for excess errors)
WARNING: libgomp.fortran/vla8.f90 -O3 -g compilation failed to produce executable
=== libgomp Summary for unix ===
# of expected passes 2460
# of unexpected failures 26
# of unsupported tests 2
Running target unix/-mabi=64
FAIL: libgomp.c/pr24455.c (internal compiler error)
FAIL: libgomp.c/pr24455.c (test for excess errors)
WARNING: libgomp.c/pr24455.c compilation failed to produce executable
FAIL: libgomp.c++/pr24455.C -O0 (internal compiler error)
FAIL: libgomp.c++/pr24455.C -O0 (test for excess errors)
WARNING: libgomp.c++/pr24455.C -O0 compilation failed to produce executable
FAIL: libgomp.c++/pr24455.C -O1 (internal compiler error)
FAIL: libgomp.c++/pr24455.C -O1 (test for excess errors)
WARNING: libgomp.c++/pr24455.C -O1 compilation failed to produce executable
FAIL: libgomp.c++/pr24455.C -O2 (internal compiler error)
FAIL: libgomp.c++/pr24455.C -O2 (test for excess errors)
WARNING: libgomp.c++/pr24455.C -O2 compilation failed to produce executable
FAIL: libgomp.c++/pr24455.C -O3 -fomit-frame-pointer (internal compiler error)
FAIL: libgomp.c++/pr24455.C -O3 -fomit-frame-pointer (test for excess errors)
WARNING: libgomp.c++/pr24455.C -O3 -fomit-frame-pointer compilation failed to produce executable
FAIL: libgomp.c++/pr24455.C -O3 -fomit-frame-pointer -funroll-loops (internal compiler error)
FAIL: libgomp.c++/pr24455.C -O3 -fomit-frame-pointer -funroll-loops (test for excess errors)
WARNING: libgomp.c++/pr24455.C -O3 -fomit-frame-pointer -funroll-loops compilation failed to produce executable
FAIL: libgomp.c++/pr24455.C -O3 -fomit-frame-pointer -funroll-all-loops -finline-functions (internal compiler error)
FAIL: libgomp.c++/pr24455.C -O3 -fomit-frame-pointer -funroll-all-loops -finline-functions (test for excess errors)
WARNING: libgomp.c++/pr24455.C -O3 -fomit-frame-pointer -funroll-all-loops -finline-functions compilation failed to produce executable
FAIL: libgomp.c++/pr24455.C -O3 -g (internal compiler error)
FAIL: libgomp.c++/pr24455.C -O3 -g (test for excess errors)
WARNING: libgomp.c++/pr24455.C -O3 -g compilation failed to produce executable
FAIL: libgomp.c++/pr24455.C -Os (internal compiler error)
FAIL: libgomp.c++/pr24455.C -Os (test for excess errors)
WARNING: libgomp.c++/pr24455.C -Os compilation failed to produce executable
FAIL: libgomp.fortran/condinc2.f -O execution test
FAIL: libgomp.fortran/condinc4.f90 -O execution test
FAIL: libgomp.fortran/omp_cond2.f -O execution test
FAIL: libgomp.fortran/omp_cond4.F90 -O execution test
WARNING: program timed out.
FAIL: libgomp.fortran/vla8.f90 -O3 -fomit-frame-pointer -funroll-loops (test for excess errors)
WARNING: libgomp.fortran/vla8.f90 -O3 -fomit-frame-pointer -funroll-loops compilation failed to produce executable
WARNING: program timed out.
FAIL: libgomp.fortran/vla8.f90 -O3 -fomit-frame-pointer -funroll-all-loops -finline-functions (test for excess errors)
WARNING: libgomp.fortran/vla8.f90 -O3 -fomit-frame-pointer -funroll-all-loops -finline-functions compilation failed to produce executable
WARNING: program timed out.
FAIL: libgomp.fortran/vla8.f90 -O3 -g (test for excess errors)
WARNING: libgomp.fortran/vla8.f90 -O3 -g compilation failed to produce executable
=== libgomp Summary for unix/-mabi=64 ===
# of expected passes 2462
# of unexpected failures 25
# of unsupported tests 2
=== libgomp Summary ===
# of expected passes 4922
# of unexpected failures 51
# of unsupported tests 4
=== libjava tests ===
Running target unix
WARNING: program timed out.
FAIL: getstacktrace run
WARNING: program timed out.
FAIL: getallthreads run
FAIL: FileHandleGcTest execution - source compiled test
FAIL: FileHandleGcTest -findirect-dispatch execution - source compiled test
FAIL: FileHandleGcTest -O3 execution - source compiled test
FAIL: FileHandleGcTest -O3 -findirect-dispatch execution - source compiled test
FAIL: Thread_Interrupt output - source compiled test
FAIL: Thread_Interrupt -findirect-dispatch output - source compiled test
FAIL: Thread_Interrupt -O3 output - source compiled test
FAIL: Thread_Interrupt -O3 -findirect-dispatch output - source compiled test
FAIL: Throw_2 execution - source compiled test
FAIL: Throw_2 -findirect-dispatch execution - source compiled test
FAIL: Throw_2 -O3 execution - source compiled test
FAIL: Throw_2 -O3 -findirect-dispatch execution - source compiled test
=== libjava Summary for unix ===
# of expected passes 2552
# of unexpected failures 14
# of untested testcases 10
Running target unix/-mabi=64
WARNING: program timed out.
FAIL: getstacktrace run
WARNING: program timed out.
FAIL: getallthreads run
FAIL: FileHandleGcTest execution - source compiled test
FAIL: FileHandleGcTest -findirect-dispatch execution - source compiled test
FAIL: FileHandleGcTest -O3 execution - source compiled test
FAIL: FileHandleGcTest -O3 -findirect-dispatch execution - source compiled test
FAIL: Process_1 -findirect-dispatch output - source compiled test
FAIL: Process_1 -O3 output - source compiled test
FAIL: Process_2 -findirect-dispatch output - source compiled test
FAIL: Process_2 -O3 output - source compiled test
FAIL: Process_7 -findirect-dispatch output - source compiled test
FAIL: Process_7 -O3 -findirect-dispatch output - source compiled test
FAIL: Thread_Interrupt output - source compiled test
FAIL: Thread_Interrupt -findirect-dispatch output - source compiled test
FAIL: Thread_Interrupt -O3 output - source compiled test
FAIL: Thread_Interrupt -O3 -findirect-dispatch output - source compiled test
FAIL: Throw_2 execution - source compiled test
FAIL: Throw_2 -findirect-dispatch execution - source compiled test
FAIL: Throw_2 -O3 execution - source compiled test
FAIL: Throw_2 -O3 -findirect-dispatch execution - source compiled test
=== libjava Summary for unix/-mabi=64 ===
# of expected passes 2546
# of unexpected failures 20
# of untested testcases 10
=== libjava Summary ===
# of expected passes 5098
# of unexpected failures 34
# of untested testcases 20
=== libstdc++ tests ===
Running target unix
FAIL: 18_support/numeric_limits/epsilon.cc execution test
FAIL: 21_strings/basic_string/inserters_extractors/wchar_t/1.cc execution test
FAIL: 21_strings/basic_string/inserters_extractors/wchar_t/11.cc execution test
FAIL: 21_strings/basic_string/inserters_extractors/wchar_t/5.cc execution test
FAIL: 22_locale/ctype/cons/char/1.cc execution test
FAIL: 22_locale/ctype/is/wchar_t/1.cc execution test
FAIL: 22_locale/ctype/scan/wchar_t/1.cc execution test
FAIL: 22_locale/money_get/get/wchar_t/19.cc execution test
FAIL: 22_locale/money_get/get/wchar_t/8.cc execution test
FAIL: 26_numerics/complex/inserters_extractors/wchar_t/1.cc execution test
FAIL: 26_numerics/headers/cmath/c99_classification_macros_c.cc (test for excess errors)
FAIL: 27_io/basic_istream/extractors_arithmetic/char/12.cc execution test
FAIL: 27_io/basic_istream/extractors_arithmetic/wchar_t/01.cc execution test
FAIL: 27_io/basic_istream/extractors_arithmetic/wchar_t/07.cc execution test
FAIL: 27_io/basic_istream/extractors_arithmetic/wchar_t/08.cc execution test
FAIL: 27_io/basic_istream/extractors_arithmetic/wchar_t/10.cc execution test
FAIL: 27_io/basic_istream/extractors_arithmetic/wchar_t/12.cc execution test
FAIL: 27_io/basic_istream/extractors_arithmetic/wchar_t/13.cc execution test
FAIL: 27_io/basic_istream/extractors_character/wchar_t/1.cc execution test
FAIL: 27_io/basic_istream/extractors_character/wchar_t/11095-i.cc execution test
FAIL: 27_io/basic_istream/extractors_character/wchar_t/2.cc execution test
FAIL: 27_io/basic_istream/extractors_character/wchar_t/3.cc execution test
FAIL: 27_io/basic_istream/extractors_character/wchar_t/4.cc execution test
FAIL: 27_io/basic_istream/sentry/wchar_t/2.cc execution test
FAIL: 27_io/basic_istream/ws/wchar_t/1.cc execution test
FAIL: ext/pb_ds/regression/tree_data_map_rand.cc (test for excess errors)
WARNING: ext/pb_ds/regression/tree_data_map_rand.cc compilation failed to produce executable
FAIL: ext/pb_ds/regression/tree_no_data_map_rand.cc (test for excess errors)
WARNING: ext/pb_ds/regression/tree_no_data_map_rand.cc compilation failed to produce executable
WARNING: program timed out.
WARNING: program timed out.
=== libstdc++ Summary for unix ===
# of expected passes 6807
# of unexpected failures 27
# of expected failures 83
# of unsupported tests 685
Running target unix/-mabi=64
FAIL: 18_support/numeric_limits/epsilon.cc execution test
FAIL: 20_util/shared_ptr/cons/alloc.cc (test for excess errors)
WARNING: 20_util/shared_ptr/cons/alloc.cc compilation failed to produce executable
FAIL: 20_util/shared_ptr/cons/nullptr.cc (test for excess errors)
WARNING: 20_util/shared_ptr/cons/nullptr.cc compilation failed to produce executable
FAIL: 20_util/shared_ptr/creation/alloc.cc (test for excess errors)
WARNING: 20_util/shared_ptr/creation/alloc.cc compilation failed to produce executable
FAIL: 20_util/shared_ptr/modifiers/reset_alloc.cc (test for excess errors)
WARNING: 20_util/shared_ptr/modifiers/reset_alloc.cc compilation failed to produce executable
FAIL: 21_strings/basic_string/cons/char/1.cc (test for excess errors)
WARNING: 21_strings/basic_string/cons/char/1.cc compilation failed to produce executable
FAIL: 21_strings/basic_string/cons/wchar_t/1.cc (test for excess errors)
WARNING: 21_strings/basic_string/cons/wchar_t/1.cc compilation failed to produce executable
FAIL: 21_strings/basic_string/init-list.cc (test for excess errors)
WARNING: 21_strings/basic_string/init-list.cc compilation failed to produce executable
FAIL: 21_strings/basic_string/insert/char/1.cc (test for excess errors)
WARNING: 21_strings/basic_string/insert/char/1.cc compilation failed to produce executable
FAIL: 21_strings/basic_string/insert/wchar_t/1.cc (test for excess errors)
WARNING: 21_strings/basic_string/insert/wchar_t/1.cc compilation failed to produce executable
FAIL: 21_strings/basic_string/inserters_extractors/pod/10081-in.cc (test for excess errors)
WARNING: 21_strings/basic_string/inserters_extractors/pod/10081-in.cc compilation failed to produce executable
FAIL: 21_strings/basic_string/inserters_extractors/pod/10081-out.cc (test for excess errors)
WARNING: 21_strings/basic_string/inserters_extractors/pod/10081-out.cc compilation failed to produce executable
FAIL: 21_strings/basic_string/inserters_extractors/wchar_t/1.cc execution test
FAIL: 21_strings/basic_string/inserters_extractors/wchar_t/11.cc execution test
FAIL: 21_strings/basic_string/inserters_extractors/wchar_t/5.cc execution test
FAIL: 22_locale/ctype/cons/char/1.cc execution test
FAIL: 22_locale/ctype/is/wchar_t/1.cc execution test
FAIL: 22_locale/ctype/scan/wchar_t/1.cc execution test
FAIL: 22_locale/locale/cons/12438.cc (test for excess errors)
WARNING: 22_locale/locale/cons/12438.cc compilation failed to produce executable
FAIL: 22_locale/money_get/get/wchar_t/19.cc execution test
FAIL: 22_locale/money_get/get/wchar_t/8.cc execution test
FAIL: 22_locale/numpunct/members/pod/1.cc (test for excess errors)
WARNING: 22_locale/numpunct/members/pod/1.cc compilation failed to produce executable
FAIL: 22_locale/numpunct/members/pod/2.cc (test for excess errors)
WARNING: 22_locale/numpunct/members/pod/2.cc compilation failed to produce executable
FAIL: 22_locale/time_get/get_date/char/1.cc (test for excess errors)
WARNING: 22_locale/time_get/get_date/char/1.cc compilation failed to produce executable
FAIL: 22_locale/time_get/get_date/char/3.cc (test for excess errors)
WARNING: 22_locale/time_get/get_date/char/3.cc compilation failed to produce executable
FAIL: 22_locale/time_get/get_date/char/5.cc (test for excess errors)
WARNING: 22_locale/time_get/get_date/char/5.cc compilation failed to produce executable
FAIL: 22_locale/time_get/get_date/wchar_t/1.cc (test for excess errors)
WARNING: 22_locale/time_get/get_date/wchar_t/1.cc compilation failed to produce executable
FAIL: 22_locale/time_get/get_date/wchar_t/3.cc (test for excess errors)
WARNING: 22_locale/time_get/get_date/wchar_t/3.cc compilation failed to produce executable
FAIL: 22_locale/time_get/get_date/wchar_t/5.cc (test for excess errors)
WARNING: 22_locale/time_get/get_date/wchar_t/5.cc compilation failed to produce executable
FAIL: 22_locale/time_get/get_monthname/char/1.cc (test for excess errors)
WARNING: 22_locale/time_get/get_monthname/char/1.cc compilation failed to produce executable
FAIL: 22_locale/time_get/get_monthname/char/5.cc (test for excess errors)
WARNING: 22_locale/time_get/get_monthname/char/5.cc compilation failed to produce executable
FAIL: 22_locale/time_get/get_monthname/wchar_t/1.cc (test for excess errors)
WARNING: 22_locale/time_get/get_monthname/wchar_t/1.cc compilation failed to produce executable
FAIL: 22_locale/time_get/get_monthname/wchar_t/5.cc (test for excess errors)
WARNING: 22_locale/time_get/get_monthname/wchar_t/5.cc compilation failed to produce executable
FAIL: 22_locale/time_get/get_time/char/3.cc (test for excess errors)
WARNING: 22_locale/time_get/get_time/char/3.cc compilation failed to produce executable
FAIL: 22_locale/time_get/get_time/char/4.cc (test for excess errors)
WARNING: 22_locale/time_get/get_time/char/4.cc compilation failed to produce executable
FAIL: 22_locale/time_get/get_time/char/5.cc (test for excess errors)
WARNING: 22_locale/time_get/get_time/char/5.cc compilation failed to produce executable
FAIL: 22_locale/time_get/get_time/char/6.cc (test for excess errors)
WARNING: 22_locale/time_get/get_time/char/6.cc compilation failed to produce executable
FAIL: 22_locale/time_get/get_time/wchar_t/3.cc (test for excess errors)
WARNING: 22_locale/time_get/get_time/wchar_t/3.cc compilation failed to produce executable
FAIL: 22_locale/time_get/get_time/wchar_t/4.cc (test for excess errors)
WARNING: 22_locale/time_get/get_time/wchar_t/4.cc compilation failed to produce executable
FAIL: 22_locale/time_get/get_time/wchar_t/5.cc (test for excess errors)
WARNING: 22_locale/time_get/get_time/wchar_t/5.cc compilation failed to produce executable
FAIL: 22_locale/time_get/get_time/wchar_t/6.cc (test for excess errors)
WARNING: 22_locale/time_get/get_time/wchar_t/6.cc compilation failed to produce executable
FAIL: 22_locale/time_get/get_weekday/char/1.cc (test for excess errors)
WARNING: 22_locale/time_get/get_weekday/char/1.cc compilation failed to produce executable
FAIL: 22_locale/time_get/get_weekday/char/3.cc (test for excess errors)
WARNING: 22_locale/time_get/get_weekday/char/3.cc compilation failed to produce executable
FAIL: 22_locale/time_get/get_weekday/char/5.cc (test for excess errors)
WARNING: 22_locale/time_get/get_weekday/char/5.cc compilation failed to produce executable
FAIL: 22_locale/time_get/get_weekday/wchar_t/1.cc (test for excess errors)
WARNING: 22_locale/time_get/get_weekday/wchar_t/1.cc compilation failed to produce executable
FAIL: 22_locale/time_get/get_weekday/wchar_t/3.cc (test for excess errors)
WARNING: 22_locale/time_get/get_weekday/wchar_t/3.cc compilation failed to produce executable
FAIL: 22_locale/time_get/get_weekday/wchar_t/5.cc (test for excess errors)
WARNING: 22_locale/time_get/get_weekday/wchar_t/5.cc compilation failed to produce executable
FAIL: 22_locale/time_get/get_year/char/1.cc (test for excess errors)
WARNING: 22_locale/time_get/get_year/char/1.cc compilation failed to produce executable
FAIL: 22_locale/time_get/get_year/char/3.cc (test for excess errors)
WARNING: 22_locale/time_get/get_year/char/3.cc compilation failed to produce executable
FAIL: 22_locale/time_get/get_year/char/5.cc (test for excess errors)
WARNING: 22_locale/time_get/get_year/char/5.cc compilation failed to produce executable
FAIL: 22_locale/time_get/get_year/wchar_t/1.cc (test for excess errors)
WARNING: 22_locale/time_get/get_year/wchar_t/1.cc compilation failed to produce executable
FAIL: 22_locale/time_get/get_year/wchar_t/3.cc (test for excess errors)
WARNING: 22_locale/time_get/get_year/wchar_t/3.cc compilation failed to produce executable
FAIL: 22_locale/time_get/get_year/wchar_t/5.cc (test for excess errors)
WARNING: 22_locale/time_get/get_year/wchar_t/5.cc compilation failed to produce executable
FAIL: 22_locale/time_put/put/char/1.cc (test for excess errors)
WARNING: 22_locale/time_put/put/char/1.cc compilation failed to produce executable
FAIL: 22_locale/time_put/put/char/10.cc (test for excess errors)
WARNING: 22_locale/time_put/put/char/10.cc compilation failed to produce executable
FAIL: 22_locale/time_put/put/char/5.cc (test for excess errors)
WARNING: 22_locale/time_put/put/char/5.cc compilation failed to produce executable
FAIL: 22_locale/time_put/put/char/9.cc (test for excess errors)
WARNING: 22_locale/time_put/put/char/9.cc compilation failed to produce executable
FAIL: 22_locale/time_put/put/wchar_t/1.cc (test for excess errors)
WARNING: 22_locale/time_put/put/wchar_t/1.cc compilation failed to produce executable
FAIL: 22_locale/time_put/put/wchar_t/10.cc (test for excess errors)
WARNING: 22_locale/time_put/put/wchar_t/10.cc compilation failed to produce executable
FAIL: 22_locale/time_put/put/wchar_t/5.cc (test for excess errors)
WARNING: 22_locale/time_put/put/wchar_t/5.cc compilation failed to produce executable
FAIL: 22_locale/time_put/put/wchar_t/9.cc (test for excess errors)
WARNING: 22_locale/time_put/put/wchar_t/9.cc compilation failed to produce executable
FAIL: 23_containers/deque/check_construct_destroy.cc (test for excess errors)
WARNING: 23_containers/deque/check_construct_destroy.cc compilation failed to produce executable
FAIL: 23_containers/deque/cons/1.cc (test for excess errors)
WARNING: 23_containers/deque/cons/1.cc compilation failed to produce executable
FAIL: 23_containers/deque/cons/2.cc (test for excess errors)
WARNING: 23_containers/deque/cons/2.cc compilation failed to produce executable
FAIL: 23_containers/deque/init-list.cc (test for excess errors)
WARNING: 23_containers/deque/init-list.cc compilation failed to produce executable
FAIL: 23_containers/deque/modifiers/erase/3.cc (test for excess errors)
WARNING: 23_containers/deque/modifiers/erase/3.cc compilation failed to produce executable
FAIL: 23_containers/list/check_construct_destroy.cc (test for excess errors)
WARNING: 23_containers/list/check_construct_destroy.cc compilation failed to produce executable
FAIL: 23_containers/list/init-list.cc (test for excess errors)
WARNING: 23_containers/list/init-list.cc compilation failed to produce executable
FAIL: 23_containers/list/modifiers/1.cc (test for excess errors)
WARNING: 23_containers/list/modifiers/1.cc compilation failed to produce executable
FAIL: 23_containers/list/modifiers/1_c++0x.cc (test for excess errors)
WARNING: 23_containers/list/modifiers/1_c++0x.cc compilation failed to produce executable
FAIL: 23_containers/list/modifiers/2.cc (test for excess errors)
WARNING: 23_containers/list/modifiers/2.cc compilation failed to produce executable
FAIL: 23_containers/list/modifiers/3.cc (test for excess errors)
WARNING: 23_containers/list/modifiers/3.cc compilation failed to produce executable
FAIL: 23_containers/map/init-list.cc (test for excess errors)
WARNING: 23_containers/map/init-list.cc compilation failed to produce executable
FAIL: 23_containers/multimap/init-list.cc (test for excess errors)
WARNING: 23_containers/multimap/init-list.cc compilation failed to produce executable
FAIL: 23_containers/multiset/init-list.cc (test for excess errors)
WARNING: 23_containers/multiset/init-list.cc compilation failed to produce executable
FAIL: 23_containers/set/check_construct_destroy.cc (test for excess errors)
WARNING: 23_containers/set/check_construct_destroy.cc compilation failed to produce executable
FAIL: 23_containers/set/init-list.cc (test for excess errors)
WARNING: 23_containers/set/init-list.cc compilation failed to produce executable
FAIL: 23_containers/unordered_map/init-list.cc (test for excess errors)
WARNING: 23_containers/unordered_map/init-list.cc compilation failed to produce executable
FAIL: 23_containers/unordered_multimap/init-list.cc (test for excess errors)
WARNING: 23_containers/unordered_multimap/init-list.cc compilation failed to produce executable
FAIL: 23_containers/unordered_multiset/init-list.cc (test for excess errors)
WARNING: 23_containers/unordered_multiset/init-list.cc compilation failed to produce executable
FAIL: 23_containers/unordered_set/init-list.cc (test for excess errors)
WARNING: 23_containers/unordered_set/init-list.cc compilation failed to produce executable
FAIL: 23_containers/vector/capacity/2.cc (test for excess errors)
WARNING: 23_containers/vector/capacity/2.cc compilation failed to produce executable
FAIL: 23_containers/vector/check_construct_destroy.cc (test for excess errors)
WARNING: 23_containers/vector/check_construct_destroy.cc compilation failed to produce executable
FAIL: 23_containers/vector/cons/4.cc (test for excess errors)
WARNING: 23_containers/vector/cons/4.cc compilation failed to produce executable
FAIL: 23_containers/vector/init-list.cc (test for excess errors)
WARNING: 23_containers/vector/init-list.cc compilation failed to produce executable
FAIL: 25_algorithms/stable_partition/mem_check.cc (test for excess errors)
WARNING: 25_algorithms/stable_partition/mem_check.cc compilation failed to produce executable
FAIL: 25_algorithms/stable_sort/mem_check.cc (test for excess errors)
WARNING: 25_algorithms/stable_sort/mem_check.cc compilation failed to produce executable
FAIL: 26_numerics/complex/inserters_extractors/wchar_t/1.cc execution test
FAIL: 26_numerics/headers/cmath/c99_classification_macros_c.cc (test for excess errors)
FAIL: 26_numerics/valarray/init-list.cc (test for excess errors)
WARNING: 26_numerics/valarray/init-list.cc compilation failed to produce executable
FAIL: 27_io/basic_filebuf/close/12790-1.cc (test for excess errors)
WARNING: 27_io/basic_filebuf/close/12790-1.cc compilation failed to produce executable
FAIL: 27_io/basic_filebuf/close/char/4879.cc (test for excess errors)
WARNING: 27_io/basic_filebuf/close/char/4879.cc compilation failed to produce executable
FAIL: 27_io/basic_filebuf/close/char/9964.cc (test for excess errors)
WARNING: 27_io/basic_filebuf/close/char/9964.cc compilation failed to produce executable
FAIL: 27_io/basic_filebuf/open/12790-1.cc (test for excess errors)
WARNING: 27_io/basic_filebuf/open/12790-1.cc compilation failed to produce executable
FAIL: 27_io/basic_filebuf/seekoff/12790-1.cc (test for excess errors)
WARNING: 27_io/basic_filebuf/seekoff/12790-1.cc compilation failed to produce executable
FAIL: 27_io/basic_filebuf/seekoff/12790-2.cc (test for excess errors)
WARNING: 27_io/basic_filebuf/seekoff/12790-2.cc compilation failed to produce executable
FAIL: 27_io/basic_filebuf/seekoff/12790-3.cc (test for excess errors)
WARNING: 27_io/basic_filebuf/seekoff/12790-3.cc compilation failed to produce executable
FAIL: 27_io/basic_filebuf/seekoff/12790-4.cc (test for excess errors)
WARNING: 27_io/basic_filebuf/seekoff/12790-4.cc compilation failed to produce executable
FAIL: 27_io/basic_filebuf/seekoff/45628-2.cc (test for excess errors)
WARNING: 27_io/basic_filebuf/seekoff/45628-2.cc compilation failed to produce executable
FAIL: 27_io/basic_filebuf/seekoff/char/26777.cc (test for excess errors)
WARNING: 27_io/basic_filebuf/seekoff/char/26777.cc compilation failed to produce executable
FAIL: 27_io/basic_filebuf/seekpos/12790-1.cc (test for excess errors)
WARNING: 27_io/basic_filebuf/seekpos/12790-1.cc compilation failed to produce executable
FAIL: 27_io/basic_filebuf/seekpos/12790-2.cc (test for excess errors)
WARNING: 27_io/basic_filebuf/seekpos/12790-2.cc compilation failed to produce executable
FAIL: 27_io/basic_filebuf/seekpos/12790-3.cc (test for excess errors)
WARNING: 27_io/basic_filebuf/seekpos/12790-3.cc compilation failed to produce executable
FAIL: 27_io/basic_filebuf/underflow/char/10097.cc (test for excess errors)
WARNING: 27_io/basic_filebuf/underflow/char/10097.cc compilation failed to produce executable
FAIL: 27_io/basic_ios/imbue/14072.cc (test for excess errors)
WARNING: 27_io/basic_ios/imbue/14072.cc compilation failed to produce executable
FAIL: 27_io/basic_istream/extractors_arithmetic/char/12.cc execution test
FAIL: 27_io/basic_istream/extractors_arithmetic/wchar_t/01.cc execution test
FAIL: 27_io/basic_istream/extractors_arithmetic/wchar_t/07.cc execution test
FAIL: 27_io/basic_istream/extractors_arithmetic/wchar_t/08.cc execution test
FAIL: 27_io/basic_istream/extractors_arithmetic/wchar_t/10.cc execution test
FAIL: 27_io/basic_istream/extractors_arithmetic/wchar_t/12.cc execution test
FAIL: 27_io/basic_istream/extractors_arithmetic/wchar_t/13.cc execution test
FAIL: 27_io/basic_istream/extractors_character/wchar_t/1.cc execution test
FAIL: 27_io/basic_istream/extractors_character/wchar_t/11095-i.cc execution test
FAIL: 27_io/basic_istream/extractors_character/wchar_t/2.cc execution test
FAIL: 27_io/basic_istream/extractors_character/wchar_t/3.cc execution test
FAIL: 27_io/basic_istream/extractors_character/wchar_t/4.cc execution test
FAIL: 27_io/basic_istream/sentry/pod/1.cc (test for excess errors)
WARNING: 27_io/basic_istream/sentry/pod/1.cc compilation failed to produce executable
FAIL: 27_io/basic_istream/sentry/wchar_t/2.cc execution test
FAIL: 27_io/basic_istream/ws/wchar_t/1.cc execution test
FAIL: 27_io/basic_ostream/sentry/pod/1.cc (test for excess errors)
WARNING: 27_io/basic_ostream/sentry/pod/1.cc compilation failed to produce executable
FAIL: 27_io/fpos/14775.cc (test for excess errors)
WARNING: 27_io/fpos/14775.cc compilation failed to produce executable
FAIL: 27_io/ios_base/storage/1.cc (test for excess errors)
WARNING: 27_io/ios_base/storage/1.cc compilation failed to produce executable
FAIL: 27_io/ios_base/storage/2.cc (test for excess errors)
WARNING: 27_io/ios_base/storage/2.cc compilation failed to produce executable
FAIL: 27_io/ios_base/storage/3.cc (test for excess errors)
WARNING: 27_io/ios_base/storage/3.cc compilation failed to produce executable
FAIL: 27_io/objects/char/7.cc (test for excess errors)
WARNING: 27_io/objects/char/7.cc compilation failed to produce executable
FAIL: 27_io/objects/char/9661-1.cc (test for excess errors)
WARNING: 27_io/objects/char/9661-1.cc compilation failed to produce executable
FAIL: 27_io/objects/wchar_t/7.cc (test for excess errors)
WARNING: 27_io/objects/wchar_t/7.cc compilation failed to produce executable
FAIL: 27_io/objects/wchar_t/9661-1.cc (test for excess errors)
WARNING: 27_io/objects/wchar_t/9661-1.cc compilation failed to produce executable
FAIL: abi/demangle/abi_examples/01.cc (test for excess errors)
WARNING: abi/demangle/abi_examples/01.cc compilation failed to produce executable
FAIL: abi/demangle/abi_examples/02.cc (test for excess errors)
WARNING: abi/demangle/abi_examples/02.cc compilation failed to produce executable
FAIL: abi/demangle/abi_examples/03.cc (test for excess errors)
WARNING: abi/demangle/abi_examples/03.cc compilation failed to produce executable
FAIL: abi/demangle/abi_examples/04.cc (test for excess errors)
WARNING: abi/demangle/abi_examples/04.cc compilation failed to produce executable
FAIL: abi/demangle/abi_examples/05.cc (test for excess errors)
WARNING: abi/demangle/abi_examples/05.cc compilation failed to produce executable
FAIL: abi/demangle/abi_examples/06.cc (test for excess errors)
WARNING: abi/demangle/abi_examples/06.cc compilation failed to produce executable
FAIL: abi/demangle/abi_examples/07.cc (test for excess errors)
WARNING: abi/demangle/abi_examples/07.cc compilation failed to produce executable
FAIL: abi/demangle/abi_examples/08.cc (test for excess errors)
WARNING: abi/demangle/abi_examples/08.cc compilation failed to produce executable
FAIL: abi/demangle/abi_examples/09.cc (test for excess errors)
WARNING: abi/demangle/abi_examples/09.cc compilation failed to produce executable
FAIL: abi/demangle/abi_examples/10.cc (test for excess errors)
WARNING: abi/demangle/abi_examples/10.cc compilation failed to produce executable
FAIL: abi/demangle/abi_examples/11.cc (test for excess errors)
WARNING: abi/demangle/abi_examples/11.cc compilation failed to produce executable
FAIL: abi/demangle/abi_examples/12.cc (test for excess errors)
WARNING: abi/demangle/abi_examples/12.cc compilation failed to produce executable
FAIL: abi/demangle/abi_examples/13.cc (test for excess errors)
WARNING: abi/demangle/abi_examples/13.cc compilation failed to produce executable
FAIL: abi/demangle/abi_examples/14.cc (test for excess errors)
WARNING: abi/demangle/abi_examples/14.cc compilation failed to produce executable
FAIL: abi/demangle/abi_examples/15.cc (test for excess errors)
WARNING: abi/demangle/abi_examples/15.cc compilation failed to produce executable
FAIL: abi/demangle/abi_examples/16.cc (test for excess errors)
WARNING: abi/demangle/abi_examples/16.cc compilation failed to produce executable
FAIL: abi/demangle/abi_examples/17.cc (test for excess errors)
WARNING: abi/demangle/abi_examples/17.cc compilation failed to produce executable
FAIL: abi/demangle/abi_examples/18.cc (test for excess errors)
WARNING: abi/demangle/abi_examples/18.cc compilation failed to produce executable
FAIL: abi/demangle/abi_examples/19.cc (test for excess errors)
WARNING: abi/demangle/abi_examples/19.cc compilation failed to produce executable
FAIL: abi/demangle/abi_examples/20.cc (test for excess errors)
WARNING: abi/demangle/abi_examples/20.cc compilation failed to produce executable
FAIL: abi/demangle/abi_examples/21.cc (test for excess errors)
WARNING: abi/demangle/abi_examples/21.cc compilation failed to produce executable
FAIL: abi/demangle/abi_examples/22.cc (test for excess errors)
WARNING: abi/demangle/abi_examples/22.cc compilation failed to produce executable
FAIL: abi/demangle/abi_examples/23.cc (test for excess errors)
WARNING: abi/demangle/abi_examples/23.cc compilation failed to produce executable
FAIL: abi/demangle/abi_examples/24.cc (test for excess errors)
WARNING: abi/demangle/abi_examples/24.cc compilation failed to produce executable
FAIL: abi/demangle/abi_examples/25.cc (test for excess errors)
WARNING: abi/demangle/abi_examples/25.cc compilation failed to produce executable
FAIL: abi/demangle/abi_examples/26.cc (test for excess errors)
WARNING: abi/demangle/abi_examples/26.cc compilation failed to produce executable
FAIL: abi/demangle/abi_text/01.cc (test for excess errors)
WARNING: abi/demangle/abi_text/01.cc compilation failed to produce executable
FAIL: abi/demangle/abi_text/02.cc (test for excess errors)
WARNING: abi/demangle/abi_text/02.cc compilation failed to produce executable
FAIL: abi/demangle/abi_text/03.cc (test for excess errors)
WARNING: abi/demangle/abi_text/03.cc compilation failed to produce executable
FAIL: abi/demangle/abi_text/04.cc (test for excess errors)
WARNING: abi/demangle/abi_text/04.cc compilation failed to produce executable
FAIL: abi/demangle/abi_text/05.cc (test for excess errors)
WARNING: abi/demangle/abi_text/05.cc compilation failed to produce executable
FAIL: abi/demangle/abi_text/06.cc (test for excess errors)
WARNING: abi/demangle/abi_text/06.cc compilation failed to produce executable
FAIL: abi/demangle/abi_text/07.cc (test for excess errors)
WARNING: abi/demangle/abi_text/07.cc compilation failed to produce executable
FAIL: abi/demangle/abi_text/08.cc (test for excess errors)
WARNING: abi/demangle/abi_text/08.cc compilation failed to produce executable
FAIL: abi/demangle/abi_text/09.cc (test for excess errors)
WARNING: abi/demangle/abi_text/09.cc compilation failed to produce executable
FAIL: abi/demangle/abi_text/10.cc (test for excess errors)
WARNING: abi/demangle/abi_text/10.cc compilation failed to produce executable
FAIL: abi/demangle/abi_text/11.cc (test for excess errors)
WARNING: abi/demangle/abi_text/11.cc compilation failed to produce executable
FAIL: abi/demangle/abi_text/12.cc (test for excess errors)
WARNING: abi/demangle/abi_text/12.cc compilation failed to produce executable
FAIL: abi/demangle/abi_text/13.cc (test for excess errors)
WARNING: abi/demangle/abi_text/13.cc compilation failed to produce executable
FAIL: abi/demangle/abi_text/14.cc (test for excess errors)
WARNING: abi/demangle/abi_text/14.cc compilation failed to produce executable
FAIL: abi/demangle/cxx0x/rref.cc (test for excess errors)
WARNING: abi/demangle/cxx0x/rref.cc compilation failed to produce executable
FAIL: abi/demangle/regression/3111-1.cc (test for excess errors)
WARNING: abi/demangle/regression/3111-1.cc compilation failed to produce executable
FAIL: abi/demangle/regression/3111-2.cc (test for excess errors)
WARNING: abi/demangle/regression/3111-2.cc compilation failed to produce executable
FAIL: abi/demangle/regression/7986-01.cc (test for excess errors)
WARNING: abi/demangle/regression/7986-01.cc compilation failed to produce executable
FAIL: abi/demangle/regression/7986-02.cc (test for excess errors)
WARNING: abi/demangle/regression/7986-02.cc compilation failed to produce executable
FAIL: abi/demangle/regression/7986-03.cc (test for excess errors)
WARNING: abi/demangle/regression/7986-03.cc compilation failed to produce executable
FAIL: abi/demangle/regression/7986-04.cc (test for excess errors)
WARNING: abi/demangle/regression/7986-04.cc compilation failed to produce executable
FAIL: abi/demangle/regression/7986-05.cc (test for excess errors)
WARNING: abi/demangle/regression/7986-05.cc compilation failed to produce executable
FAIL: abi/demangle/regression/7986-06.cc (test for excess errors)
WARNING: abi/demangle/regression/7986-06.cc compilation failed to produce executable
FAIL: abi/demangle/regression/7986-07.cc (test for excess errors)
WARNING: abi/demangle/regression/7986-07.cc compilation failed to produce executable
FAIL: abi/demangle/regression/7986-08.cc (test for excess errors)
WARNING: abi/demangle/regression/7986-08.cc compilation failed to produce executable
FAIL: abi/demangle/regression/7986-09.cc (test for excess errors)
WARNING: abi/demangle/regression/7986-09.cc compilation failed to produce executable
FAIL: abi/demangle/regression/7986-10.cc (test for excess errors)
WARNING: abi/demangle/regression/7986-10.cc compilation failed to produce executable
FAIL: abi/demangle/regression/7986-11.cc (test for excess errors)
WARNING: abi/demangle/regression/7986-11.cc compilation failed to produce executable
FAIL: abi/demangle/regression/7986-12.cc (test for excess errors)
WARNING: abi/demangle/regression/7986-12.cc compilation failed to produce executable
FAIL: abi/demangle/regression/8897.cc (test for excess errors)
WARNING: abi/demangle/regression/8897.cc compilation failed to produce executable
FAIL: abi/demangle/regression/cw-01.cc (test for excess errors)
WARNING: abi/demangle/regression/cw-01.cc compilation failed to produce executable
FAIL: abi/demangle/regression/cw-02.cc (test for excess errors)
WARNING: abi/demangle/regression/cw-02.cc compilation failed to produce executable
FAIL: abi/demangle/regression/cw-03.cc (test for excess errors)
WARNING: abi/demangle/regression/cw-03.cc compilation failed to produce executable
FAIL: abi/demangle/regression/cw-04.cc (test for excess errors)
WARNING: abi/demangle/regression/cw-04.cc compilation failed to produce executable
FAIL: abi/demangle/regression/cw-05.cc (test for excess errors)
WARNING: abi/demangle/regression/cw-05.cc compilation failed to produce executable
FAIL: abi/demangle/regression/cw-06.cc (test for excess errors)
WARNING: abi/demangle/regression/cw-06.cc compilation failed to produce executable
FAIL: abi/demangle/regression/cw-07.cc (test for excess errors)
WARNING: abi/demangle/regression/cw-07.cc compilation failed to produce executable
FAIL: abi/demangle/regression/cw-08.cc (test for excess errors)
WARNING: abi/demangle/regression/cw-08.cc compilation failed to produce executable
FAIL: abi/demangle/regression/cw-09.cc (test for excess errors)
WARNING: abi/demangle/regression/cw-09.cc compilation failed to produce executable
FAIL: abi/demangle/regression/cw-10.cc (test for excess errors)
WARNING: abi/demangle/regression/cw-10.cc compilation failed to produce executable
FAIL: abi/demangle/regression/cw-11.cc (test for excess errors)
WARNING: abi/demangle/regression/cw-11.cc compilation failed to produce executable
FAIL: abi/demangle/regression/cw-12.cc (test for excess errors)
WARNING: abi/demangle/regression/cw-12.cc compilation failed to produce executable
FAIL: abi/demangle/regression/cw-13.cc (test for excess errors)
WARNING: abi/demangle/regression/cw-13.cc compilation failed to produce executable
FAIL: abi/demangle/regression/cw-14.cc (test for excess errors)
WARNING: abi/demangle/regression/cw-14.cc compilation failed to produce executable
FAIL: abi/demangle/regression/cw-15.cc (test for excess errors)
WARNING: abi/demangle/regression/cw-15.cc compilation failed to produce executable
FAIL: abi/demangle/regression/cw-16.cc (test for excess errors)
WARNING: abi/demangle/regression/cw-16.cc compilation failed to produce executable
FAIL: abi/demangle/regression/old.cc (test for excess errors)
WARNING: abi/demangle/regression/old.cc compilation failed to produce executable
FAIL: backward/hash_set/check_construct_destroy.cc (test for excess errors)
WARNING: backward/hash_set/check_construct_destroy.cc compilation failed to produce executable
FAIL: ext/pb_ds/regression/hash_data_map_rand.cc (test for excess errors)
WARNING: ext/pb_ds/regression/hash_data_map_rand.cc compilation failed to produce executable
FAIL: ext/pb_ds/regression/hash_no_data_map_rand.cc (test for excess errors)
WARNING: ext/pb_ds/regression/hash_no_data_map_rand.cc compilation failed to produce executable
FAIL: ext/pb_ds/regression/list_update_data_map_rand.cc (test for excess errors)
WARNING: ext/pb_ds/regression/list_update_data_map_rand.cc compilation failed to produce executable
FAIL: ext/pb_ds/regression/list_update_no_data_map_rand.cc (test for excess errors)
WARNING: ext/pb_ds/regression/list_update_no_data_map_rand.cc compilation failed to produce executable
FAIL: ext/pb_ds/regression/priority_queue_rand.cc (test for excess errors)
WARNING: ext/pb_ds/regression/priority_queue_rand.cc compilation failed to produce executable
FAIL: ext/pb_ds/regression/tree_data_map_rand.cc (test for excess errors)
WARNING: ext/pb_ds/regression/tree_data_map_rand.cc compilation failed to produce executable
FAIL: ext/pb_ds/regression/tree_no_data_map_rand.cc (test for excess errors)
WARNING: ext/pb_ds/regression/tree_no_data_map_rand.cc compilation failed to produce executable
FAIL: ext/pb_ds/regression/trie_data_map_rand.cc (test for excess errors)
WARNING: ext/pb_ds/regression/trie_data_map_rand.cc compilation failed to produce executable
FAIL: ext/pb_ds/regression/trie_no_data_map_rand.cc (test for excess errors)
WARNING: ext/pb_ds/regression/trie_no_data_map_rand.cc compilation failed to produce executable
FAIL: ext/slist/check_construct_destroy.cc (test for excess errors)
WARNING: ext/slist/check_construct_destroy.cc compilation failed to produce executable
WARNING: program timed out.
WARNING: program timed out.
=== libstdc++ Summary for unix/-mabi=64 ===
# of expected passes 6435
# of unexpected failures 213
# of expected failures 83
# of unsupported tests 685
=== libstdc++ Summary ===
# of expected passes 13242
# of unexpected failures 240
# of expected failures 166
# of unsupported tests 1370
=== libstdc++ Summary ===
Compiler version: 4.6.0 20101119 (experimental) [trunk revision 166950] (GCC)
Platform: mips-sgi-irix6.5
configure flags: --prefix=/vol/gcc --target=mips-sgi-irix6.5 --with-libelf=/vol/gcc --enable-libgcj --with-as=/vol/gcc/bin/gas-2.20.1 --with-gnu-as --with-gmp=/vol/gcc --with-mpfr=/vol/gcc --with-mpc=/vol/gcc --enable-languages=all,ada
BOOT_CFLAGS=-g -O2
-----------------------------------------------------------------------------
Rainer Orth, Center for Biotechnology, Bielefeld University