This is the mail archive of the
gcc-testresults@gcc.gnu.org
mailing list for the GCC project.
Results for 4.6.0 20101119 (experimental) [trunk revision 166950] (GCC) testsuite on i386-pc-solaris2.10
- From: Rainer Orth <ro at CeBiTec dot Uni-Bielefeld dot DE>
- To: gcc-testresults at gcc dot gnu dot org
- Date: Mon, 22 Nov 2010 19:39:30 +0100 (MET)
- Subject: Results for 4.6.0 20101119 (experimental) [trunk revision 166950] (GCC) testsuite on i386-pc-solaris2.10
LAST_UPDATED: Fri Nov 19 19:00:45 UTC 2010 (revision 166950)
=== acats tests ===
=== acats Summary ===
# of expected passes 2321
# of unexpected failures 0
Native configuration is i386-pc-solaris2.10
=== g++ tests ===
Running target unix
=== g++ Summary for unix ===
# of expected passes 25350
# of expected failures 157
# of unsupported tests 184
Running target unix/-m64
WARNING: program timed out.
FAIL: g++.dg/debug/debug4.C -gdwarf-2 (test for excess errors)
WARNING: program timed out.
FAIL: g++.dg/template/spec21.C (test for excess errors)
WARNING: g++.dg/template/spec21.C compilation failed to produce executable
FAIL: g++.dg/tls/static-1.C execution test
=== g++ Summary for unix/-m64 ===
# of expected passes 25585
# of unexpected failures 3
# of expected failures 157
# of unsupported tests 379
=== g++ Summary ===
# of expected passes 50935
# of unexpected failures 3
# of expected failures 314
# of unsupported tests 563
/var/gcc/regression/trunk/10-gcc-gas/build/gcc/testsuite/g++/../../g++ version 4.6.0 20101119 (experimental) [trunk revision 166950] (GCC)
=== gcc tests ===
Running target unix
WARNING: program timed out.
FAIL: gcc.c-torture/compile/pr35006.c -O1 (test for excess errors)
FAIL: gcc.c-torture/execute/pr44555.c compilation, -O2 -flto -flto-partition=none
UNRESOLVED: gcc.c-torture/execute/pr44555.c execution, -O2 -flto -flto-partition=none
WARNING: program timed out.
FAIL: gcc.dg/pr14963.c (internal compiler error)
FAIL: gcc.dg/pr14963.c (test for excess errors)
XPASS: gcc.dg/tree-ssa/20040204-1.c scan-tree-dump-times optimized "link_error" 0
=== gcc Summary for unix ===
# of expected passes 74451
# of unexpected failures 4
# of unexpected successes 1
# of expected failures 204
# of unresolved testcases 1
# of unsupported tests 788
Running target unix/-m64
FAIL: gcc.c-torture/execute/20020506-1.c compilation, -O2 -flto
UNRESOLVED: gcc.c-torture/execute/20020506-1.c execution, -O2 -flto
WARNING: program timed out.
WARNING: program timed out.
FAIL: gcc.c-torture/execute/ieee/mzero5.c compilation, -O2 -flto
UNRESOLVED: gcc.c-torture/execute/ieee/mzero5.c execution, -O2 -flto
WARNING: program timed out.
FAIL: gcc.c-torture/unsorted/cvt.c, -O3 -g
FAIL: gcc.dg/cpp/trad/include.c (internal compiler error)
FAIL: gcc.dg/cpp/trad/include.c (test for excess errors)
FAIL: gcc.dg/pr14963.c (internal compiler error)
FAIL: gcc.dg/pr14963.c (test for excess errors)
WARNING: program timed out.
FAIL: gcc.dg/torture/fp-int-convert-float80-timode.c -O2 -flto -flto-partition=none (test for excess errors)
WARNING: gcc.dg/torture/fp-int-convert-float80-timode.c -O2 -flto -flto-partition=none compilation failed to produce executable
XPASS: gcc.dg/tree-ssa/20040204-1.c scan-tree-dump-times optimized "link_error" 0
=== gcc Summary for unix/-m64 ===
# of expected passes 74561
# of unexpected failures 8
# of unexpected successes 1
# of expected failures 204
# of unresolved testcases 2
# of unsupported tests 1198
=== gcc Summary ===
# of expected passes 149012
# of unexpected failures 12
# of unexpected successes 2
# of expected failures 408
# of unresolved testcases 3
# of unsupported tests 1986
/var/gcc/regression/trunk/10-gcc-gas/build/gcc/xgcc version 4.6.0 20101119 (experimental) [trunk revision 166950] (GCC)
=== gfortran tests ===
Running target unix
WARNING: program timed out.
FAIL: gfortran.dg/vect/fast-math-pr38968.f90 execution test
=== gfortran Summary for unix ===
# of expected passes 37070
# of unexpected failures 1
# of expected failures 42
# of unsupported tests 196
Running target unix/-m64
FAIL: gfortran.dg/arrayio_3.f90 -O0 (test for excess errors)
WARNING: gfortran.dg/arrayio_3.f90 -O0 compilation failed to produce executable
FAIL: gfortran.dg/dummy_procedure_3.f90 -O3 -g (test for excess errors)
WARNING: gfortran.dg/dummy_procedure_3.f90 -O3 -g compilation failed to produce executable
WARNING: program timed out.
WARNING: program timed out.
WARNING: program timed out.
FAIL: gfortran.fortran-torture/execute/intrinsic_transpose.f90 compilation, -O1
=== gfortran Summary for unix/-m64 ===
# of expected passes 37316
# of unexpected failures 3
# of expected failures 40
# of untested testcases 1
# of unsupported tests 80
=== gfortran Summary ===
# of expected passes 74386
# of unexpected failures 4
# of expected failures 82
# of untested testcases 1
# of unsupported tests 276
=== gnat tests ===
Running target unix
=== gnat Summary for unix ===
# of expected passes 855
# of expected failures 10
# of unsupported tests 5
Running target unix/-m64
=== gnat Summary for unix/-m64 ===
# of expected passes 855
# of expected failures 10
# of unsupported tests 5
=== gnat Summary ===
# of expected passes 1710
# of expected failures 20
# of unsupported tests 10
=== objc tests ===
Running target unix
XPASS: objc.dg-struct-layout-encoding-1/t026_main.m execution test
=== objc Summary for unix ===
# of expected passes 2661
# of unexpected successes 1
# of expected failures 6
# of unsupported tests 74
Running target unix/-m64
XPASS: objc.dg-struct-layout-encoding-1/t026_main.m execution test
=== objc Summary for unix/-m64 ===
# of expected passes 2651
# of unexpected successes 1
# of expected failures 16
# of unsupported tests 74
=== objc Summary ===
# of expected passes 5312
# of unexpected successes 2
# of expected failures 22
# of unsupported tests 148
/var/gcc/regression/trunk/10-gcc-gas/build/gcc/xgcc version 4.6.0 20101119 (experimental) [trunk revision 166950] (GCC)
=== libffi tests ===
Running target unix
=== libffi Summary for unix ===
# of expected passes 1634
# of expected failures 10
# of unsupported tests 15
Running target unix/-m64
=== libffi Summary for unix/-m64 ===
# of expected passes 1634
# of expected failures 10
# of unsupported tests 15
=== libffi Summary ===
# of expected passes 3268
# of expected failures 20
# of unsupported tests 30
=== libgomp tests ===
Running target unix
=== libgomp Summary for unix ===
# of expected passes 2490
# of unsupported tests 2
Running target unix/-m64
FAIL: libgomp.c/copyin-3.c execution test
FAIL: libgomp.c/nqueens-1.c execution test
FAIL: libgomp.c/pr24455.c execution test
FAIL: libgomp.c++/ctor-10.C -O0 execution test
FAIL: libgomp.c++/ctor-10.C -O1 execution test
FAIL: libgomp.c++/ctor-10.C -O2 execution test
FAIL: libgomp.c++/ctor-10.C -O3 -fomit-frame-pointer execution test
FAIL: libgomp.c++/ctor-10.C -O3 -fomit-frame-pointer -funroll-loops execution test
FAIL: libgomp.c++/ctor-10.C -O3 -fomit-frame-pointer -funroll-all-loops -finline-functions execution test
FAIL: libgomp.c++/ctor-10.C -O3 -g execution test
FAIL: libgomp.c++/ctor-10.C -Os execution test
FAIL: libgomp.c++/pr24455.C -O0 execution test
FAIL: libgomp.c++/pr24455.C -O1 execution test
FAIL: libgomp.c++/pr24455.C -O2 execution test
FAIL: libgomp.c++/pr24455.C -O3 -fomit-frame-pointer execution test
FAIL: libgomp.c++/pr24455.C -O3 -fomit-frame-pointer -funroll-loops execution test
FAIL: libgomp.c++/pr24455.C -O3 -fomit-frame-pointer -funroll-all-loops -finline-functions execution test
FAIL: libgomp.c++/pr24455.C -O3 -g execution test
FAIL: libgomp.c++/pr24455.C -Os execution test
=== libgomp Summary for unix/-m64 ===
# of expected passes 2471
# of unexpected failures 19
# of unsupported tests 2
=== libgomp Summary ===
# of expected passes 4961
# of unexpected failures 19
# of unsupported tests 4
=== libjava tests ===
Running target unix
=== libjava Summary for unix ===
# of expected passes 2574
Running target unix/-m64
FAIL: PR16923 run
WARNING: program timed out.
FAIL: instance -O3 execution - source compiled test
=== libjava Summary for unix/-m64 ===
# of expected passes 2571
# of unexpected failures 2
# of untested testcases 2
=== libjava Summary ===
# of expected passes 5145
# of unexpected failures 2
# of untested testcases 2
=== libstdc++ tests ===
Running target unix
FAIL: libstdc++-abi/abi_check
FAIL: 28_regex/11_algorithms/02_match/extended/string_range_01_03.cc (test for excess errors)
WARNING: 28_regex/11_algorithms/02_match/extended/string_range_01_03.cc compilation failed to produce executable
WARNING: program timed out.
=== libstdc++ Summary for unix ===
# of expected passes 7264
# of unexpected failures 2
# of expected failures 87
# of unsupported tests 452
Running target unix/-m64
FAIL: libstdc++-abi/abi_check
FAIL: 23_containers/deque/modifiers/erase/1.cc (test for excess errors)
WARNING: 23_containers/deque/modifiers/erase/1.cc compilation failed to produce executable
WARNING: program timed out.
=== libstdc++ Summary for unix/-m64 ===
# of expected passes 7266
# of unexpected failures 2
# of expected failures 85
# of unsupported tests 452
=== libstdc++ Summary ===
# of expected passes 14530
# of unexpected failures 4
# of expected failures 172
# of unsupported tests 904
Compiler version: 4.6.0 20101119 (experimental) [trunk revision 166950] (GCC)
Platform: i386-pc-solaris2.10
configure flags: --prefix=/vol/gcc --target=i386-pc-solaris2.10 --with-as=/vol/gcc/bin/gas-2.20.1 --with-gnu-as --with-gmp=/vol/gcc --with-mpfr=/vol/gcc --with-mpc=/vol/gcc --enable-languages=all,ada
BOOT_CFLAGS=-g -O2