This is the mail archive of the gcc-testresults@gcc.gnu.org mailing list for the GCC project.


Index Nav: [Date Index] [Subject Index] [Author Index] [Thread Index]
Message Nav: [Date Prev] [Date Next] [Thread Prev] [Thread Next]
Other format: [Raw text]

Results for 4.6.0 20101117 (experimental) (GCC) testsuite on s390-ibm-linux-gnu


LAST_UPDATED: Wed Nov 17 07:44:24 UTC 2010 (revision 166858)

Native configuration is s390-ibm-linux-gnu

		=== g++ tests ===


Running target unix
FAIL: g++.dg/debug/nullptr01.C -gdwarf-2 -g1 (internal compiler error)
FAIL: g++.dg/debug/nullptr01.C -gdwarf-2 -g1 (test for excess errors)
ERROR: g++.dg/debug/nullptr01.C: error executing dg-final: couldn't open "nullptr01.s": no such file or directory
UNRESOLVED: g++.dg/debug/nullptr01.C: error executing dg-final: couldn't open "nullptr01.s": no such file or directory
FAIL: g++.dg/debug/nullptr01.C -gdwarf-2 -g1 -O2 (internal compiler error)
FAIL: g++.dg/debug/nullptr01.C -gdwarf-2 -g1 -O2 (test for excess errors)
ERROR: g++.dg/debug/nullptr01.C: error executing dg-final: couldn't open "nullptr01.s": no such file or directory
UNRESOLVED: g++.dg/debug/nullptr01.C: error executing dg-final: couldn't open "nullptr01.s": no such file or directory
FAIL: g++.dg/debug/nullptr01.C -gdwarf-2 -g1 -O3 (internal compiler error)
FAIL: g++.dg/debug/nullptr01.C -gdwarf-2 -g1 -O3 (test for excess errors)
ERROR: g++.dg/debug/nullptr01.C: error executing dg-final: couldn't open "nullptr01.s": no such file or directory
UNRESOLVED: g++.dg/debug/nullptr01.C: error executing dg-final: couldn't open "nullptr01.s": no such file or directory
FAIL: g++.dg/debug/nullptr01.C -gdwarf-2 (internal compiler error)
FAIL: g++.dg/debug/nullptr01.C -gdwarf-2 (test for excess errors)
ERROR: g++.dg/debug/nullptr01.C: error executing dg-final: couldn't open "nullptr01.s": no such file or directory
UNRESOLVED: g++.dg/debug/nullptr01.C: error executing dg-final: couldn't open "nullptr01.s": no such file or directory
FAIL: g++.dg/debug/nullptr01.C -gdwarf-2 -O2 (internal compiler error)
FAIL: g++.dg/debug/nullptr01.C -gdwarf-2 -O2 (test for excess errors)
ERROR: g++.dg/debug/nullptr01.C: error executing dg-final: couldn't open "nullptr01.s": no such file or directory
UNRESOLVED: g++.dg/debug/nullptr01.C: error executing dg-final: couldn't open "nullptr01.s": no such file or directory
FAIL: g++.dg/debug/nullptr01.C -gdwarf-2 -O3 (internal compiler error)
FAIL: g++.dg/debug/nullptr01.C -gdwarf-2 -O3 (test for excess errors)
ERROR: g++.dg/debug/nullptr01.C: error executing dg-final: couldn't open "nullptr01.s": no such file or directory
UNRESOLVED: g++.dg/debug/nullptr01.C: error executing dg-final: couldn't open "nullptr01.s": no such file or directory
FAIL: g++.dg/debug/nullptr01.C -gdwarf-2 -g3 (internal compiler error)
FAIL: g++.dg/debug/nullptr01.C -gdwarf-2 -g3 (test for excess errors)
ERROR: g++.dg/debug/nullptr01.C: error executing dg-final: couldn't open "nullptr01.s": no such file or directory
UNRESOLVED: g++.dg/debug/nullptr01.C: error executing dg-final: couldn't open "nullptr01.s": no such file or directory
FAIL: g++.dg/debug/nullptr01.C -gdwarf-2 -g3 -O2 (internal compiler error)
FAIL: g++.dg/debug/nullptr01.C -gdwarf-2 -g3 -O2 (test for excess errors)
ERROR: g++.dg/debug/nullptr01.C: error executing dg-final: couldn't open "nullptr01.s": no such file or directory
UNRESOLVED: g++.dg/debug/nullptr01.C: error executing dg-final: couldn't open "nullptr01.s": no such file or directory
FAIL: g++.dg/debug/nullptr01.C -gdwarf-2 -g3 -O3 (internal compiler error)
FAIL: g++.dg/debug/nullptr01.C -gdwarf-2 -g3 -O3 (test for excess errors)
ERROR: g++.dg/debug/nullptr01.C: error executing dg-final: couldn't open "nullptr01.s": no such file or directory
UNRESOLVED: g++.dg/debug/nullptr01.C: error executing dg-final: couldn't open "nullptr01.s": no such file or directory
FAIL: g++.dg/debug/nullptr01.C -gstabs1 (internal compiler error)
FAIL: g++.dg/debug/nullptr01.C -gstabs1 (test for excess errors)
ERROR: g++.dg/debug/nullptr01.C: error executing dg-final: couldn't open "nullptr01.s": no such file or directory
UNRESOLVED: g++.dg/debug/nullptr01.C: error executing dg-final: couldn't open "nullptr01.s": no such file or directory
FAIL: g++.dg/debug/nullptr01.C -gstabs1 -O2 (internal compiler error)
FAIL: g++.dg/debug/nullptr01.C -gstabs1 -O2 (test for excess errors)
ERROR: g++.dg/debug/nullptr01.C: error executing dg-final: couldn't open "nullptr01.s": no such file or directory
UNRESOLVED: g++.dg/debug/nullptr01.C: error executing dg-final: couldn't open "nullptr01.s": no such file or directory
FAIL: g++.dg/debug/nullptr01.C -gstabs1 -O3 (internal compiler error)
FAIL: g++.dg/debug/nullptr01.C -gstabs1 -O3 (test for excess errors)
ERROR: g++.dg/debug/nullptr01.C: error executing dg-final: couldn't open "nullptr01.s": no such file or directory
UNRESOLVED: g++.dg/debug/nullptr01.C: error executing dg-final: couldn't open "nullptr01.s": no such file or directory
FAIL: g++.dg/debug/nullptr01.C -gstabs (internal compiler error)
FAIL: g++.dg/debug/nullptr01.C -gstabs (test for excess errors)
ERROR: g++.dg/debug/nullptr01.C: error executing dg-final: couldn't open "nullptr01.s": no such file or directory
UNRESOLVED: g++.dg/debug/nullptr01.C: error executing dg-final: couldn't open "nullptr01.s": no such file or directory
FAIL: g++.dg/debug/nullptr01.C -gstabs -O2 (internal compiler error)
FAIL: g++.dg/debug/nullptr01.C -gstabs -O2 (test for excess errors)
ERROR: g++.dg/debug/nullptr01.C: error executing dg-final: couldn't open "nullptr01.s": no such file or directory
UNRESOLVED: g++.dg/debug/nullptr01.C: error executing dg-final: couldn't open "nullptr01.s": no such file or directory
FAIL: g++.dg/debug/nullptr01.C -gstabs -O3 (internal compiler error)
FAIL: g++.dg/debug/nullptr01.C -gstabs -O3 (test for excess errors)
ERROR: g++.dg/debug/nullptr01.C: error executing dg-final: couldn't open "nullptr01.s": no such file or directory
UNRESOLVED: g++.dg/debug/nullptr01.C: error executing dg-final: couldn't open "nullptr01.s": no such file or directory
FAIL: g++.dg/debug/nullptr01.C -gstabs3 (internal compiler error)
FAIL: g++.dg/debug/nullptr01.C -gstabs3 (test for excess errors)
ERROR: g++.dg/debug/nullptr01.C: error executing dg-final: couldn't open "nullptr01.s": no such file or directory
UNRESOLVED: g++.dg/debug/nullptr01.C: error executing dg-final: couldn't open "nullptr01.s": no such file or directory
FAIL: g++.dg/debug/nullptr01.C -gstabs3 -O2 (internal compiler error)
FAIL: g++.dg/debug/nullptr01.C -gstabs3 -O2 (test for excess errors)
ERROR: g++.dg/debug/nullptr01.C: error executing dg-final: couldn't open "nullptr01.s": no such file or directory
UNRESOLVED: g++.dg/debug/nullptr01.C: error executing dg-final: couldn't open "nullptr01.s": no such file or directory
FAIL: g++.dg/debug/nullptr01.C -gstabs3 -O3 (internal compiler error)
FAIL: g++.dg/debug/nullptr01.C -gstabs3 -O3 (test for excess errors)
ERROR: g++.dg/debug/nullptr01.C: error executing dg-final: couldn't open "nullptr01.s": no such file or directory
UNRESOLVED: g++.dg/debug/nullptr01.C: error executing dg-final: couldn't open "nullptr01.s": no such file or directory
FAIL: g++.dg/debug/nullptr01.C -gstabs+1 (internal compiler error)
FAIL: g++.dg/debug/nullptr01.C -gstabs+1 (test for excess errors)
ERROR: g++.dg/debug/nullptr01.C: error executing dg-final: couldn't open "nullptr01.s": no such file or directory
UNRESOLVED: g++.dg/debug/nullptr01.C: error executing dg-final: couldn't open "nullptr01.s": no such file or directory
FAIL: g++.dg/debug/nullptr01.C -gstabs+1 -O2 (internal compiler error)
FAIL: g++.dg/debug/nullptr01.C -gstabs+1 -O2 (test for excess errors)
ERROR: g++.dg/debug/nullptr01.C: error executing dg-final: couldn't open "nullptr01.s": no such file or directory
UNRESOLVED: g++.dg/debug/nullptr01.C: error executing dg-final: couldn't open "nullptr01.s": no such file or directory
FAIL: g++.dg/debug/nullptr01.C -gstabs+1 -O3 (internal compiler error)
FAIL: g++.dg/debug/nullptr01.C -gstabs+1 -O3 (test for excess errors)
ERROR: g++.dg/debug/nullptr01.C: error executing dg-final: couldn't open "nullptr01.s": no such file or directory
UNRESOLVED: g++.dg/debug/nullptr01.C: error executing dg-final: couldn't open "nullptr01.s": no such file or directory
FAIL: g++.dg/debug/nullptr01.C -gstabs+ (internal compiler error)
FAIL: g++.dg/debug/nullptr01.C -gstabs+ (test for excess errors)
ERROR: g++.dg/debug/nullptr01.C: error executing dg-final: couldn't open "nullptr01.s": no such file or directory
UNRESOLVED: g++.dg/debug/nullptr01.C: error executing dg-final: couldn't open "nullptr01.s": no such file or directory
FAIL: g++.dg/debug/nullptr01.C -gstabs+ -O2 (internal compiler error)
FAIL: g++.dg/debug/nullptr01.C -gstabs+ -O2 (test for excess errors)
ERROR: g++.dg/debug/nullptr01.C: error executing dg-final: couldn't open "nullptr01.s": no such file or directory
UNRESOLVED: g++.dg/debug/nullptr01.C: error executing dg-final: couldn't open "nullptr01.s": no such file or directory
FAIL: g++.dg/debug/nullptr01.C -gstabs+ -O3 (internal compiler error)
FAIL: g++.dg/debug/nullptr01.C -gstabs+ -O3 (test for excess errors)
ERROR: g++.dg/debug/nullptr01.C: error executing dg-final: couldn't open "nullptr01.s": no such file or directory
UNRESOLVED: g++.dg/debug/nullptr01.C: error executing dg-final: couldn't open "nullptr01.s": no such file or directory
FAIL: g++.dg/debug/nullptr01.C -gstabs+3 (internal compiler error)
FAIL: g++.dg/debug/nullptr01.C -gstabs+3 (test for excess errors)
ERROR: g++.dg/debug/nullptr01.C: error executing dg-final: couldn't open "nullptr01.s": no such file or directory
UNRESOLVED: g++.dg/debug/nullptr01.C: error executing dg-final: couldn't open "nullptr01.s": no such file or directory
FAIL: g++.dg/debug/nullptr01.C -gstabs+3 -O2 (internal compiler error)
FAIL: g++.dg/debug/nullptr01.C -gstabs+3 -O2 (test for excess errors)
ERROR: g++.dg/debug/nullptr01.C: error executing dg-final: couldn't open "nullptr01.s": no such file or directory
UNRESOLVED: g++.dg/debug/nullptr01.C: error executing dg-final: couldn't open "nullptr01.s": no such file or directory
FAIL: g++.dg/debug/nullptr01.C -gstabs+3 -O3 (internal compiler error)
FAIL: g++.dg/debug/nullptr01.C -gstabs+3 -O3 (test for excess errors)
ERROR: g++.dg/debug/nullptr01.C: error executing dg-final: couldn't open "nullptr01.s": no such file or directory
UNRESOLVED: g++.dg/debug/nullptr01.C: error executing dg-final: couldn't open "nullptr01.s": no such file or directory
FAIL: g++.dg/debug/dwarf2/icf.C scan-assembler \\\\.section.*.debug_dcall
FAIL: g++.dg/debug/dwarf2/icf.C scan-assembler New caller
FAIL: g++.dg/debug/dwarf2/icf.C scan-assembler Caller DIE offset
FAIL: g++.dg/debug/dwarf2/icf.C scan-assembler Callee DIE offset
FAIL: g++.dg/cpp0x/nullptr16.C (internal compiler error)
FAIL: g++.dg/cpp0x/nullptr16.C (test for excess errors)
FAIL: g++.dg/template/char1.C  (test for warnings, line 4)
FAIL: g++.dg/guality/redeclaration1.C  -O0  line 17 i == 24
FAIL: g++.dg/guality/redeclaration1.C  -O1  line 17 i == 24
FAIL: g++.dg/guality/redeclaration1.C  -O2  line 17 i == 24
FAIL: g++.dg/guality/redeclaration1.C  -O3 -fomit-frame-pointer  line 17 i == 24
FAIL: g++.dg/guality/redeclaration1.C  -O3 -g  line 17 i == 24
FAIL: g++.dg/guality/redeclaration1.C  -Os  line 17 i == 24
FAIL: g++.dg/lto/20101010-4 cp_lto_20101010-4_0.o assemble,  -std=c++0x -flto -r -nostdlib  (internal compiler error)
UNRESOLVED: g++.dg/lto/20101010-4 cp_lto_20101010-4_0.o-cp_lto_20101010-4_0.o link  -std=c++0x -flto -r -nostdlib 
UNRESOLVED: g++.dg/lto/20101010-4 cp_lto_20101010-4_0.o-cp_lto_20101010-4_0.o execute  -std=c++0x -flto -r -nostdlib 
FAIL: g++.dg/lto/20101010-4 cp_lto_20101010-4_0.o assemble,  -std=c++0x -flto -g -r -nostdlib  (internal compiler error)
UNRESOLVED: g++.dg/lto/20101010-4 cp_lto_20101010-4_0.o-cp_lto_20101010-4_0.o link  -std=c++0x -flto -g -r -nostdlib 
UNRESOLVED: g++.dg/lto/20101010-4 cp_lto_20101010-4_0.o-cp_lto_20101010-4_0.o execute  -std=c++0x -flto -g -r -nostdlib 

		=== g++ Summary ===

# of expected passes		25137
# of unexpected failures	69
# of expected failures		156
# of unresolved testcases	31
# of unsupported tests		390
/build-extralong/BUILD/gcc/obj-s390-redhat-linux/gcc/testsuite/g++/../../g++  version 4.6.0 20101117 (experimental) (GCC) 

		=== gcc tests ===


Running target unix
FAIL: gcc.dg/O16384.c (internal compiler error)
FAIL: gcc.dg/O16384.c (test for excess errors)
FAIL: gcc.dg/c99-stdint-1.c (test for excess errors)
FAIL: gcc.dg/cproj-fails-with-broken-glibc.c execution test
FAIL: gcc.dg/falign-labels-1.c execution test
FAIL: gcc.dg/optimize-bswapsi-1.c scan-tree-dump-times bswap "32 bit bswap implementation found at" 3
FAIL: gcc.dg/pr37106-1.c (internal compiler error)
FAIL: gcc.dg/pr37106-1.c (test for excess errors)
FAIL: gcc.dg/pr37106-2.c (internal compiler error)
FAIL: gcc.dg/pr37106-2.c (test for excess errors)
FAIL: gcc.dg/pr43562.c (internal compiler error)
FAIL: gcc.dg/pr43562.c (test for excess errors)
FAIL: gcc.dg/pr43564.c (internal compiler error)
FAIL: gcc.dg/pr43564.c (test for excess errors)
FAIL: gcc.dg/uninit-13.c unconditional (test for warnings, line 8)
FAIL: gcc.dg/uninit-13.c (test for excess errors)
FAIL: gcc.dg/uninit-pred-7_a.c bogus warning (test for bogus messages, line 26)
FAIL: gcc.dg/uninit-pred-8_a.c bogus warning (test for bogus messages, line 26)
FAIL: gcc.dg/guality/asm-1.c  -O0  (test for excess errors)
WARNING: gcc.dg/guality/asm-1.c  -O0  compilation failed to produce executable
FAIL: gcc.dg/guality/asm-1.c  -O1  (test for excess errors)
WARNING: gcc.dg/guality/asm-1.c  -O1  compilation failed to produce executable
FAIL: gcc.dg/guality/asm-1.c  -O2  (test for excess errors)
WARNING: gcc.dg/guality/asm-1.c  -O2  compilation failed to produce executable
FAIL: gcc.dg/guality/asm-1.c  -O3 -fomit-frame-pointer  (test for excess errors)
WARNING: gcc.dg/guality/asm-1.c  -O3 -fomit-frame-pointer  compilation failed to produce executable
FAIL: gcc.dg/guality/asm-1.c  -O3 -g  (test for excess errors)
WARNING: gcc.dg/guality/asm-1.c  -O3 -g  compilation failed to produce executable
FAIL: gcc.dg/guality/asm-1.c  -Os  (test for excess errors)
WARNING: gcc.dg/guality/asm-1.c  -Os  compilation failed to produce executable
FAIL: gcc.dg/guality/asm-1.c  -O2 -flto -flto-partition=none  (test for excess errors)
WARNING: gcc.dg/guality/asm-1.c  -O2 -flto -flto-partition=none  compilation failed to produce executable
FAIL: gcc.dg/guality/asm-1.c  -O2 -flto  (test for excess errors)
WARNING: gcc.dg/guality/asm-1.c  -O2 -flto  compilation failed to produce executable
XPASS: gcc.dg/guality/example.c  -O0  execution test
XPASS: gcc.dg/guality/example.c  -O1  execution test
XPASS: gcc.dg/guality/example.c  -Os  execution test
XPASS: gcc.dg/guality/guality.c  -O0  execution test
XPASS: gcc.dg/guality/guality.c  -O1  execution test
XPASS: gcc.dg/guality/guality.c  -Os  execution test
FAIL: gcc.dg/guality/inline-params.c  -O0  execution test
FAIL: gcc.dg/guality/inline-params.c  -O1  execution test
FAIL: gcc.dg/guality/nrv-1.c  -O2  line 20 a2.i[0] == 42
FAIL: gcc.dg/guality/nrv-1.c  -O3 -fomit-frame-pointer  line 20 a2.i[0] == 42
FAIL: gcc.dg/guality/nrv-1.c  -O3 -g  line 20 a2.i[0] == 42
FAIL: gcc.dg/guality/nrv-1.c  -Os  line 20 a2.i[0] == 42
FAIL: gcc.dg/guality/pr36728-1.c  -O1  line 12 arg1 == 1
FAIL: gcc.dg/guality/pr36728-1.c  -O1  line 12 arg2 == 2
FAIL: gcc.dg/guality/pr36728-1.c  -O1  line 12 arg4 == 4
FAIL: gcc.dg/guality/pr36728-1.c  -O1  line 14 arg1 == 1
FAIL: gcc.dg/guality/pr36728-1.c  -O1  line 14 arg2 == 2
FAIL: gcc.dg/guality/pr36728-1.c  -O1  line 14 arg4 == 4
FAIL: gcc.dg/guality/pr36728-1.c  -O2  line 12 arg1 == 1
FAIL: gcc.dg/guality/pr36728-1.c  -O2  line 12 arg4 == 4
FAIL: gcc.dg/guality/pr36728-1.c  -O2  line 14 arg1 == 1
FAIL: gcc.dg/guality/pr36728-1.c  -O2  line 14 arg4 == 4
FAIL: gcc.dg/guality/pr36728-1.c  -O3 -fomit-frame-pointer  line 12 arg1 == 1
FAIL: gcc.dg/guality/pr36728-1.c  -O3 -fomit-frame-pointer  line 12 arg4 == 4
FAIL: gcc.dg/guality/pr36728-1.c  -O3 -fomit-frame-pointer  line 14 arg1 == 1
FAIL: gcc.dg/guality/pr36728-1.c  -O3 -fomit-frame-pointer  line 14 arg4 == 4
FAIL: gcc.dg/guality/pr36728-1.c  -O3 -g  line 12 arg1 == 1
FAIL: gcc.dg/guality/pr36728-1.c  -O3 -g  line 12 arg4 == 4
FAIL: gcc.dg/guality/pr36728-1.c  -O3 -g  line 14 arg1 == 1
FAIL: gcc.dg/guality/pr36728-1.c  -O3 -g  line 14 arg4 == 4
FAIL: gcc.dg/guality/pr36728-1.c  -Os  line 12 arg1 == 1
FAIL: gcc.dg/guality/pr36728-1.c  -Os  line 12 arg2 == 2
FAIL: gcc.dg/guality/pr36728-1.c  -Os  line 12 arg4 == 4
FAIL: gcc.dg/guality/pr36728-1.c  -Os  line 14 arg1 == 1
FAIL: gcc.dg/guality/pr36728-1.c  -Os  line 14 arg2 == 2
FAIL: gcc.dg/guality/pr36728-1.c  -Os  line 14 arg4 == 4
FAIL: gcc.dg/guality/pr36728-1.c  -O2 -flto -flto-partition=none  line 12 arg1 == 1
FAIL: gcc.dg/guality/pr36728-1.c  -O2 -flto -flto-partition=none  line 12 arg4 == 4
FAIL: gcc.dg/guality/pr36728-1.c  -O2 -flto -flto-partition=none  line 14 arg1 == 1
FAIL: gcc.dg/guality/pr36728-1.c  -O2 -flto -flto-partition=none  line 14 arg4 == 4
FAIL: gcc.dg/guality/pr36728-1.c  -O2 -flto  line 12 arg1 == 1
FAIL: gcc.dg/guality/pr36728-1.c  -O2 -flto  line 12 arg4 == 4
FAIL: gcc.dg/guality/pr36728-1.c  -O2 -flto  line 14 arg1 == 1
FAIL: gcc.dg/guality/pr36728-1.c  -O2 -flto  line 14 arg4 == 4
FAIL: gcc.dg/guality/pr36728-2.c  -O1  line 12 arg1 == 1
FAIL: gcc.dg/guality/pr36728-2.c  -O1  line 12 arg4 == 4
FAIL: gcc.dg/guality/pr36728-2.c  -O1  line 14 arg1 == 1
FAIL: gcc.dg/guality/pr36728-2.c  -O1  line 14 arg4 == 4
FAIL: gcc.dg/guality/pr36728-2.c  -O2  line 12 arg1 == 1
FAIL: gcc.dg/guality/pr36728-2.c  -O2  line 12 arg4 == 4
FAIL: gcc.dg/guality/pr36728-2.c  -O2  line 14 arg1 == 1
FAIL: gcc.dg/guality/pr36728-2.c  -O2  line 14 arg4 == 4
FAIL: gcc.dg/guality/pr36728-2.c  -O3 -fomit-frame-pointer  line 12 arg1 == 1
FAIL: gcc.dg/guality/pr36728-2.c  -O3 -fomit-frame-pointer  line 12 arg4 == 4
FAIL: gcc.dg/guality/pr36728-2.c  -O3 -fomit-frame-pointer  line 14 arg1 == 1
FAIL: gcc.dg/guality/pr36728-2.c  -O3 -fomit-frame-pointer  line 14 arg4 == 4
FAIL: gcc.dg/guality/pr36728-2.c  -O3 -g  line 12 arg1 == 1
FAIL: gcc.dg/guality/pr36728-2.c  -O3 -g  line 12 arg4 == 4
FAIL: gcc.dg/guality/pr36728-2.c  -O3 -g  line 14 arg1 == 1
FAIL: gcc.dg/guality/pr36728-2.c  -O3 -g  line 14 arg4 == 4
FAIL: gcc.dg/guality/pr36728-2.c  -Os  line 12 arg1 == 1
FAIL: gcc.dg/guality/pr36728-2.c  -Os  line 12 arg4 == 4
FAIL: gcc.dg/guality/pr36728-2.c  -Os  line 14 arg1 == 1
FAIL: gcc.dg/guality/pr36728-2.c  -Os  line 14 arg4 == 4
FAIL: gcc.dg/guality/pr36728-2.c  -O2 -flto -flto-partition=none  line 12 arg1 == 1
FAIL: gcc.dg/guality/pr36728-2.c  -O2 -flto -flto-partition=none  line 12 arg4 == 4
FAIL: gcc.dg/guality/pr36728-2.c  -O2 -flto -flto-partition=none  line 14 arg1 == 1
FAIL: gcc.dg/guality/pr36728-2.c  -O2 -flto -flto-partition=none  line 14 arg4 == 4
FAIL: gcc.dg/guality/pr36728-2.c  -O2 -flto  line 12 arg1 == 1
FAIL: gcc.dg/guality/pr36728-2.c  -O2 -flto  line 12 arg4 == 4
FAIL: gcc.dg/guality/pr36728-2.c  -O2 -flto  line 14 arg1 == 1
FAIL: gcc.dg/guality/pr36728-2.c  -O2 -flto  line 14 arg4 == 4
XPASS: gcc.dg/guality/pr41353-1.c  -O0  line 28 j == 28 + 37
XPASS: gcc.dg/guality/pr41447-1.c  -O0  execution test
XPASS: gcc.dg/guality/pr41447-1.c  -O1  execution test
XPASS: gcc.dg/guality/pr41447-1.c  -O2  execution test
XPASS: gcc.dg/guality/pr41447-1.c  -O3 -fomit-frame-pointer  execution test
XPASS: gcc.dg/guality/pr41447-1.c  -O3 -g  execution test
XPASS: gcc.dg/guality/pr41447-1.c  -Os  execution test
XPASS: gcc.dg/guality/pr41616-1.c  -O0  execution test
FAIL: gcc.dg/guality/pr43077-1.c  -O2 -flto -flto-partition=none  line 42 a == 1
FAIL: gcc.dg/guality/pr43077-1.c  -O2 -flto -flto-partition=none  line 42 b == 2
FAIL: gcc.dg/guality/pr43077-1.c  -O2 -flto -flto-partition=none  line 42 c == 3
FAIL: gcc.dg/guality/pr43077-1.c  -O2 -flto -flto-partition=none  line 42 varb == 2
FAIL: gcc.dg/guality/pr43077-1.c  -O2 -flto  line 42 a == 1
FAIL: gcc.dg/guality/pr43077-1.c  -O2 -flto  line 42 b == 2
FAIL: gcc.dg/guality/pr43077-1.c  -O2 -flto  line 42 c == 3
FAIL: gcc.dg/guality/pr43077-1.c  -O2 -flto  line 42 varb == 2
FAIL: gcc.dg/guality/pr43329-1.c  -O0  (test for excess errors)
WARNING: gcc.dg/guality/pr43329-1.c  -O0  compilation failed to produce executable
FAIL: gcc.dg/guality/pr43329-1.c  -O1  (test for excess errors)
WARNING: gcc.dg/guality/pr43329-1.c  -O1  compilation failed to produce executable
FAIL: gcc.dg/guality/pr43329-1.c  -O2  (test for excess errors)
WARNING: gcc.dg/guality/pr43329-1.c  -O2  compilation failed to produce executable
FAIL: gcc.dg/guality/pr43329-1.c  -O3 -fomit-frame-pointer  (test for excess errors)
WARNING: gcc.dg/guality/pr43329-1.c  -O3 -fomit-frame-pointer  compilation failed to produce executable
FAIL: gcc.dg/guality/pr43329-1.c  -O3 -g  (test for excess errors)
WARNING: gcc.dg/guality/pr43329-1.c  -O3 -g  compilation failed to produce executable
FAIL: gcc.dg/guality/pr43329-1.c  -Os  (test for excess errors)
WARNING: gcc.dg/guality/pr43329-1.c  -Os  compilation failed to produce executable
FAIL: gcc.dg/guality/pr43329-1.c  -O2 -flto -flto-partition=none  (test for excess errors)
WARNING: gcc.dg/guality/pr43329-1.c  -O2 -flto -flto-partition=none  compilation failed to produce executable
FAIL: gcc.dg/guality/pr43329-1.c  -O2 -flto  (test for excess errors)
WARNING: gcc.dg/guality/pr43329-1.c  -O2 -flto  compilation failed to produce executable
FAIL: gcc.dg/guality/sra-1.c  -O1  line 43 a.i == 4
FAIL: gcc.dg/guality/sra-1.c  -O1  line 43 a.j == 14
FAIL: gcc.dg/guality/sra-1.c  -O2  line 43 a.i == 4
FAIL: gcc.dg/guality/sra-1.c  -O2  line 43 a.j == 14
FAIL: gcc.dg/guality/sra-1.c  -O3 -fomit-frame-pointer  line 43 a.i == 4
FAIL: gcc.dg/guality/sra-1.c  -O3 -fomit-frame-pointer  line 43 a.j == 14
FAIL: gcc.dg/guality/sra-1.c  -O3 -g  line 43 a.i == 4
FAIL: gcc.dg/guality/sra-1.c  -O3 -g  line 43 a.j == 14
FAIL: gcc.dg/guality/sra-1.c  -Os  line 43 a.i == 4
FAIL: gcc.dg/guality/sra-1.c  -Os  line 43 a.j == 14
FAIL: gcc.dg/guality/vla-1.c  -O0  line 17 sizeof (a) == 6
FAIL: gcc.dg/guality/vla-1.c  -O0  line 24 sizeof (a) == 17 * sizeof (short)
FAIL: gcc.dg/guality/vla-1.c  -O1  line 17 sizeof (a) == 6
FAIL: gcc.dg/guality/vla-1.c  -O1  line 24 sizeof (a) == 17 * sizeof (short)
FAIL: gcc.dg/guality/vla-1.c  -O2  line 17 sizeof (a) == 6
FAIL: gcc.dg/guality/vla-1.c  -O2  line 24 sizeof (a) == 17 * sizeof (short)
FAIL: gcc.dg/guality/vla-1.c  -O3 -fomit-frame-pointer  line 17 sizeof (a) == 6
FAIL: gcc.dg/guality/vla-1.c  -O3 -fomit-frame-pointer  line 24 sizeof (a) == 17 * sizeof (short)
FAIL: gcc.dg/guality/vla-1.c  -O3 -g  line 17 sizeof (a) == 6
FAIL: gcc.dg/guality/vla-1.c  -O3 -g  line 24 sizeof (a) == 17 * sizeof (short)
FAIL: gcc.dg/guality/vla-1.c  -Os  line 17 sizeof (a) == 6
FAIL: gcc.dg/guality/vla-1.c  -Os  line 24 sizeof (a) == 17 * sizeof (short)
FAIL: gcc.dg/guality/vla-1.c  -O2 -flto -flto-partition=none  line 17 sizeof (a) == 6
FAIL: gcc.dg/guality/vla-1.c  -O2 -flto -flto-partition=none  line 24 sizeof (a) == 17 * sizeof (short)
FAIL: gcc.dg/guality/vla-1.c  -O2 -flto  line 17 sizeof (a) == 6
FAIL: gcc.dg/guality/vla-1.c  -O2 -flto  line 24 sizeof (a) == 17 * sizeof (short)
FAIL: gcc.dg/guality/vla-2.c  -O0  line 16 sizeof (a) == 5 * sizeof (int)
FAIL: gcc.dg/guality/vla-2.c  -O0  line 25 sizeof (a) == 6 * sizeof (int)
FAIL: gcc.dg/guality/vla-2.c  -O1  line 16 sizeof (a) == 5 * sizeof (int)
FAIL: gcc.dg/guality/vla-2.c  -O2  line 16 sizeof (a) == 5 * sizeof (int)
FAIL: gcc.dg/guality/vla-2.c  -O3 -fomit-frame-pointer  line 16 sizeof (a) == 5 * sizeof (int)
FAIL: gcc.dg/guality/vla-2.c  -O3 -g  line 16 sizeof (a) == 5 * sizeof (int)
FAIL: gcc.dg/guality/vla-2.c  -Os  line 16 sizeof (a) == 5 * sizeof (int)
FAIL: gcc.dg/guality/vla-2.c  -O2 -flto -flto-partition=none  line 16 sizeof (a) == 5 * sizeof (int)
FAIL: gcc.dg/guality/vla-2.c  -O2 -flto  line 16 sizeof (a) == 5 * sizeof (int)
FAIL: gcc.dg/lto/20091216-1 c_lto_20091216-1_0.o assemble, -O0 -flto -flto-partition=none 
UNRESOLVED: gcc.dg/lto/20091216-1 c_lto_20091216-1_0.o-c_lto_20091216-1_0.o link -O0 -flto -flto-partition=none 
UNRESOLVED: gcc.dg/lto/20091216-1 c_lto_20091216-1_0.o-c_lto_20091216-1_0.o execute -O0 -flto -flto-partition=none 
FAIL: gcc.dg/lto/20091216-1 c_lto_20091216-1_0.o assemble, -O2 -flto -flto-partition=none 
UNRESOLVED: gcc.dg/lto/20091216-1 c_lto_20091216-1_0.o-c_lto_20091216-1_0.o link -O2 -flto -flto-partition=none 
UNRESOLVED: gcc.dg/lto/20091216-1 c_lto_20091216-1_0.o-c_lto_20091216-1_0.o execute -O2 -flto -flto-partition=none 
FAIL: gcc.dg/lto/20091216-1 c_lto_20091216-1_0.o assemble, -O0 -flto -flto-partition=1to1 
UNRESOLVED: gcc.dg/lto/20091216-1 c_lto_20091216-1_0.o-c_lto_20091216-1_0.o link -O0 -flto -flto-partition=1to1 
UNRESOLVED: gcc.dg/lto/20091216-1 c_lto_20091216-1_0.o-c_lto_20091216-1_0.o execute -O0 -flto -flto-partition=1to1 
FAIL: gcc.dg/lto/20091216-1 c_lto_20091216-1_0.o assemble, -O2 -flto -flto-partition=1to1 
UNRESOLVED: gcc.dg/lto/20091216-1 c_lto_20091216-1_0.o-c_lto_20091216-1_0.o link -O2 -flto -flto-partition=1to1 
UNRESOLVED: gcc.dg/lto/20091216-1 c_lto_20091216-1_0.o-c_lto_20091216-1_0.o execute -O2 -flto -flto-partition=1to1 
FAIL: gcc.dg/lto/20091216-1 c_lto_20091216-1_0.o assemble, -O0 -flto
UNRESOLVED: gcc.dg/lto/20091216-1 c_lto_20091216-1_0.o-c_lto_20091216-1_0.o link -O0 -flto
UNRESOLVED: gcc.dg/lto/20091216-1 c_lto_20091216-1_0.o-c_lto_20091216-1_0.o execute -O0 -flto
FAIL: gcc.dg/lto/20091216-1 c_lto_20091216-1_0.o assemble, -O2 -flto
UNRESOLVED: gcc.dg/lto/20091216-1 c_lto_20091216-1_0.o-c_lto_20091216-1_0.o link -O2 -flto
UNRESOLVED: gcc.dg/lto/20091216-1 c_lto_20091216-1_0.o-c_lto_20091216-1_0.o execute -O2 -flto
FAIL: gcc.dg/tls/pr45870.c (test for excess errors)
FAIL: gcc.dg/torture/vector-shift2.c  -O0  execution test
FAIL: gcc.dg/torture/vector-shift2.c  -O1  execution test
FAIL: gcc.dg/torture/vector-shift2.c  -O2  execution test
FAIL: gcc.dg/torture/vector-shift2.c  -O3 -fomit-frame-pointer  execution test
FAIL: gcc.dg/torture/vector-shift2.c  -O3 -g  execution test
FAIL: gcc.dg/torture/vector-shift2.c  -Os  execution test
FAIL: gcc.dg/torture/vector-shift2.c  -O2 -flto -flto-partition=none  execution test
FAIL: gcc.dg/torture/vector-shift2.c  -O2 -flto  execution test
FAIL: gcc.dg/torture/stackalign/setjmp-1.c  -O1  (internal compiler error)
FAIL: gcc.dg/torture/stackalign/setjmp-1.c  -O1  (test for excess errors)
WARNING: gcc.dg/torture/stackalign/setjmp-1.c  -O1  compilation failed to produce executable
FAIL: gcc.dg/torture/stackalign/setjmp-1.c  -O2  (internal compiler error)
FAIL: gcc.dg/torture/stackalign/setjmp-1.c  -O2  (test for excess errors)
WARNING: gcc.dg/torture/stackalign/setjmp-1.c  -O2  compilation failed to produce executable
FAIL: gcc.dg/torture/stackalign/setjmp-1.c  -O3 -fomit-frame-pointer  (internal compiler error)
FAIL: gcc.dg/torture/stackalign/setjmp-1.c  -O3 -fomit-frame-pointer  (test for excess errors)
WARNING: gcc.dg/torture/stackalign/setjmp-1.c  -O3 -fomit-frame-pointer  compilation failed to produce executable
FAIL: gcc.dg/torture/stackalign/setjmp-1.c  -O3 -fomit-frame-pointer -funroll-loops  (internal compiler error)
FAIL: gcc.dg/torture/stackalign/setjmp-1.c  -O3 -fomit-frame-pointer -funroll-loops  (test for excess errors)
WARNING: gcc.dg/torture/stackalign/setjmp-1.c  -O3 -fomit-frame-pointer -funroll-loops  compilation failed to produce executable
FAIL: gcc.dg/torture/stackalign/setjmp-1.c  -O3 -fomit-frame-pointer -funroll-all-loops -finline-functions  (internal compiler error)
FAIL: gcc.dg/torture/stackalign/setjmp-1.c  -O3 -fomit-frame-pointer -funroll-all-loops -finline-functions  (test for excess errors)
WARNING: gcc.dg/torture/stackalign/setjmp-1.c  -O3 -fomit-frame-pointer -funroll-all-loops -finline-functions  compilation failed to produce executable
FAIL: gcc.dg/torture/stackalign/setjmp-1.c  -O3 -g  (internal compiler error)
FAIL: gcc.dg/torture/stackalign/setjmp-1.c  -O3 -g  (test for excess errors)
WARNING: gcc.dg/torture/stackalign/setjmp-1.c  -O3 -g  compilation failed to produce executable
FAIL: gcc.dg/torture/stackalign/setjmp-1.c  -Os  (internal compiler error)
FAIL: gcc.dg/torture/stackalign/setjmp-1.c  -Os  (test for excess errors)
WARNING: gcc.dg/torture/stackalign/setjmp-1.c  -Os  compilation failed to produce executable
FAIL: gcc.dg/torture/stackalign/setjmp-1.c  -O2 -flto -flto-partition=none  (internal compiler error)
FAIL: gcc.dg/torture/stackalign/setjmp-1.c  -O2 -flto -flto-partition=none  (test for excess errors)
WARNING: gcc.dg/torture/stackalign/setjmp-1.c  -O2 -flto -flto-partition=none  compilation failed to produce executable
FAIL: gcc.dg/torture/stackalign/setjmp-1.c  -O2 -flto  (internal compiler error)
FAIL: gcc.dg/torture/stackalign/setjmp-1.c  -O2 -flto  (test for excess errors)
WARNING: gcc.dg/torture/stackalign/setjmp-1.c  -O2 -flto  compilation failed to produce executable
FAIL: gcc.dg/torture/stackalign/setjmp-3.c  -O1  (internal compiler error)
FAIL: gcc.dg/torture/stackalign/setjmp-3.c  -O1  (test for excess errors)
WARNING: gcc.dg/torture/stackalign/setjmp-3.c  -O1  compilation failed to produce executable
FAIL: gcc.dg/torture/stackalign/setjmp-3.c  -O2  (internal compiler error)
FAIL: gcc.dg/torture/stackalign/setjmp-3.c  -O2  (test for excess errors)
WARNING: gcc.dg/torture/stackalign/setjmp-3.c  -O2  compilation failed to produce executable
FAIL: gcc.dg/torture/stackalign/setjmp-3.c  -O3 -fomit-frame-pointer  (internal compiler error)
FAIL: gcc.dg/torture/stackalign/setjmp-3.c  -O3 -fomit-frame-pointer  (test for excess errors)
WARNING: gcc.dg/torture/stackalign/setjmp-3.c  -O3 -fomit-frame-pointer  compilation failed to produce executable
FAIL: gcc.dg/torture/stackalign/setjmp-3.c  -O3 -fomit-frame-pointer -funroll-loops  (internal compiler error)
FAIL: gcc.dg/torture/stackalign/setjmp-3.c  -O3 -fomit-frame-pointer -funroll-loops  (test for excess errors)
WARNING: gcc.dg/torture/stackalign/setjmp-3.c  -O3 -fomit-frame-pointer -funroll-loops  compilation failed to produce executable
FAIL: gcc.dg/torture/stackalign/setjmp-3.c  -O3 -fomit-frame-pointer -funroll-all-loops -finline-functions  (internal compiler error)
FAIL: gcc.dg/torture/stackalign/setjmp-3.c  -O3 -fomit-frame-pointer -funroll-all-loops -finline-functions  (test for excess errors)
WARNING: gcc.dg/torture/stackalign/setjmp-3.c  -O3 -fomit-frame-pointer -funroll-all-loops -finline-functions  compilation failed to produce executable
FAIL: gcc.dg/torture/stackalign/setjmp-3.c  -O3 -g  (internal compiler error)
FAIL: gcc.dg/torture/stackalign/setjmp-3.c  -O3 -g  (test for excess errors)
WARNING: gcc.dg/torture/stackalign/setjmp-3.c  -O3 -g  compilation failed to produce executable
FAIL: gcc.dg/torture/stackalign/setjmp-3.c  -Os  (internal compiler error)
FAIL: gcc.dg/torture/stackalign/setjmp-3.c  -Os  (test for excess errors)
WARNING: gcc.dg/torture/stackalign/setjmp-3.c  -Os  compilation failed to produce executable
FAIL: gcc.dg/torture/stackalign/setjmp-3.c  -O2 -flto -flto-partition=none  (internal compiler error)
FAIL: gcc.dg/torture/stackalign/setjmp-3.c  -O2 -flto -flto-partition=none  (test for excess errors)
WARNING: gcc.dg/torture/stackalign/setjmp-3.c  -O2 -flto -flto-partition=none  compilation failed to produce executable
FAIL: gcc.dg/torture/stackalign/setjmp-3.c  -O2 -flto  (internal compiler error)
FAIL: gcc.dg/torture/stackalign/setjmp-3.c  -O2 -flto  (test for excess errors)
WARNING: gcc.dg/torture/stackalign/setjmp-3.c  -O2 -flto  compilation failed to produce executable
FAIL: gcc.dg/torture/stackalign/setjmp-4.c  -O1  (internal compiler error)
FAIL: gcc.dg/torture/stackalign/setjmp-4.c  -O1  (test for excess errors)
WARNING: gcc.dg/torture/stackalign/setjmp-4.c  -O1  compilation failed to produce executable
FAIL: gcc.dg/torture/stackalign/setjmp-4.c  -O2  (internal compiler error)
FAIL: gcc.dg/torture/stackalign/setjmp-4.c  -O2  (test for excess errors)
WARNING: gcc.dg/torture/stackalign/setjmp-4.c  -O2  compilation failed to produce executable
FAIL: gcc.dg/torture/stackalign/setjmp-4.c  -O3 -fomit-frame-pointer  (internal compiler error)
FAIL: gcc.dg/torture/stackalign/setjmp-4.c  -O3 -fomit-frame-pointer  (test for excess errors)
WARNING: gcc.dg/torture/stackalign/setjmp-4.c  -O3 -fomit-frame-pointer  compilation failed to produce executable
FAIL: gcc.dg/torture/stackalign/setjmp-4.c  -O3 -fomit-frame-pointer -funroll-loops  (internal compiler error)
FAIL: gcc.dg/torture/stackalign/setjmp-4.c  -O3 -fomit-frame-pointer -funroll-loops  (test for excess errors)
WARNING: gcc.dg/torture/stackalign/setjmp-4.c  -O3 -fomit-frame-pointer -funroll-loops  compilation failed to produce executable
FAIL: gcc.dg/torture/stackalign/setjmp-4.c  -O3 -fomit-frame-pointer -funroll-all-loops -finline-functions  (internal compiler error)
FAIL: gcc.dg/torture/stackalign/setjmp-4.c  -O3 -fomit-frame-pointer -funroll-all-loops -finline-functions  (test for excess errors)
WARNING: gcc.dg/torture/stackalign/setjmp-4.c  -O3 -fomit-frame-pointer -funroll-all-loops -finline-functions  compilation failed to produce executable
FAIL: gcc.dg/torture/stackalign/setjmp-4.c  -O3 -g  (internal compiler error)
FAIL: gcc.dg/torture/stackalign/setjmp-4.c  -O3 -g  (test for excess errors)
WARNING: gcc.dg/torture/stackalign/setjmp-4.c  -O3 -g  compilation failed to produce executable
FAIL: gcc.dg/torture/stackalign/setjmp-4.c  -Os  (internal compiler error)
FAIL: gcc.dg/torture/stackalign/setjmp-4.c  -Os  (test for excess errors)
WARNING: gcc.dg/torture/stackalign/setjmp-4.c  -Os  compilation failed to produce executable
FAIL: gcc.dg/torture/stackalign/setjmp-4.c  -O2 -flto -flto-partition=none  (internal compiler error)
FAIL: gcc.dg/torture/stackalign/setjmp-4.c  -O2 -flto -flto-partition=none  (test for excess errors)
WARNING: gcc.dg/torture/stackalign/setjmp-4.c  -O2 -flto -flto-partition=none  compilation failed to produce executable
FAIL: gcc.dg/torture/stackalign/setjmp-4.c  -O2 -flto  (internal compiler error)
FAIL: gcc.dg/torture/stackalign/setjmp-4.c  -O2 -flto  (test for excess errors)
WARNING: gcc.dg/torture/stackalign/setjmp-4.c  -O2 -flto  compilation failed to produce executable
XPASS: gcc.dg/tree-ssa/20040204-1.c scan-tree-dump-times optimized "link_error" 0

		=== gcc Summary ===

# of expected passes		68955
# of unexpected failures	212
# of unexpected successes	15
# of expected failures		147
# of unresolved testcases	12
# of unsupported tests		1288
/build-extralong/BUILD/gcc/obj-s390-redhat-linux/gcc/xgcc  version 4.6.0 20101117 (experimental) (GCC) 

		=== gfortran tests ===


Running target unix

		=== gfortran Summary ===

# of expected passes		36484
# of expected failures		42
# of unsupported tests		192
		=== obj-c++ tests ===


Running target unix
WARNING: obj-c++.dg/try-catch-2.mm -fgnu-runtime compilation failed to produce executable
WARNING: obj-c++.dg/try-catch-9.mm -fgnu-runtime compilation failed to produce executable
FAIL: obj-c++.dg/property/at-property-2.mm -fgnu-runtime  (test for errors, line 12)

		=== obj-c++ Summary ===

# of expected passes		1113
# of unexpected failures	1
# of expected failures		2
# of unsupported tests		86
/build-extralong/BUILD/gcc/obj-s390-redhat-linux/gcc/testsuite/obj-c++/../../g++  version 4.6.0 20101117 (experimental) (GCC) 

		=== objc tests ===


Running target unix
XPASS: objc.dg-struct-layout-encoding-1/t025_main.m execution test
XPASS: objc.dg-struct-layout-encoding-1/t026_main.m execution test
XPASS: objc.dg-struct-layout-encoding-1/t027_main.m execution test
XPASS: objc.dg-struct-layout-encoding-1/t028_main.m execution test
XPASS: objc.dg-struct-layout-encoding-1/t029_main.m execution test
XPASS: objc.dg-struct-layout-encoding-1/t030_main.m execution test
XPASS: objc.dg-struct-layout-encoding-1/t031_main.m execution test

		=== objc Summary ===

# of expected passes		2630
# of unexpected successes	7
# of expected failures		10
# of unsupported tests		74
/build-extralong/BUILD/gcc/obj-s390-redhat-linux/gcc/xgcc  version 4.6.0 20101117 (experimental) (GCC) 

		=== libffi tests ===


Running target unix

		=== libffi Summary ===

# of expected passes		1634
# of expected failures		10
# of unsupported tests		15
		=== libgomp tests ===


Running target unix

		=== libgomp Summary ===

# of expected passes		2494
		=== libjava tests ===


Running target unix

		=== libjava Summary ===

# of expected passes		2574
		=== libmudflap tests ===


Running target unix
FAIL: libmudflap.c/fail40-frag.c output pattern test
FAIL: libmudflap.c/pass49-frag.c execution test
FAIL: libmudflap.c/pass49-frag.c output pattern test
FAIL: libmudflap.c/pass49-frag.c execution test
FAIL: libmudflap.c/pass49-frag.c output pattern test
FAIL: libmudflap.c/pass51-frag.c execution test
FAIL: libmudflap.c/pass51-frag.c execution test
FAIL: libmudflap.c/fail40-frag.c (-static) output pattern test
FAIL: libmudflap.c/pass49-frag.c (-static) execution test
FAIL: libmudflap.c/pass49-frag.c (-static) output pattern test
FAIL: libmudflap.c/pass49-frag.c (-static) execution test
FAIL: libmudflap.c/pass49-frag.c (-static) output pattern test
FAIL: libmudflap.c/pass51-frag.c (-static) execution test
FAIL: libmudflap.c/pass51-frag.c (-static) execution test
FAIL: libmudflap.c/fail40-frag.c (-O2) output pattern test
FAIL: libmudflap.c/pass49-frag.c (-O2) execution test
FAIL: libmudflap.c/pass49-frag.c (-O2) output pattern test
FAIL: libmudflap.c/pass49-frag.c (-O2) execution test
FAIL: libmudflap.c/pass49-frag.c (-O2) output pattern test
FAIL: libmudflap.c/pass51-frag.c (-O2) execution test
FAIL: libmudflap.c/pass51-frag.c (-O2) execution test
FAIL: libmudflap.c/fail40-frag.c (-O3) output pattern test
FAIL: libmudflap.c/pass49-frag.c (-O3) execution test
FAIL: libmudflap.c/pass49-frag.c (-O3) output pattern test
FAIL: libmudflap.c/pass49-frag.c (-O3) execution test
FAIL: libmudflap.c/pass49-frag.c (-O3) output pattern test
FAIL: libmudflap.c/pass51-frag.c (-O3) execution test
FAIL: libmudflap.c/pass51-frag.c (-O3) execution test
FAIL: libmudflap.c++/pass58-frag.cxx (test for excess errors)
FAIL: libmudflap.c++/pass58-frag.cxx (-static) (test for excess errors)
FAIL: libmudflap.c++/pass58-frag.cxx ( -O) (test for excess errors)
FAIL: libmudflap.c++/pass58-frag.cxx (-O2) (test for excess errors)
FAIL: libmudflap.c++/pass58-frag.cxx (-O3) (test for excess errors)

		=== libmudflap Summary ===

# of expected passes		1861
# of unexpected failures	33
		=== libstdc++ tests ===


Running target unix
FAIL: 18_support/exception_ptr/40296.cc (test for excess errors)
FAIL: 18_support/exception_ptr/current_exception.cc (test for excess errors)
WARNING: 18_support/exception_ptr/current_exception.cc compilation failed to produce executable
FAIL: 18_support/exception_ptr/make_exception_ptr.cc (test for excess errors)
WARNING: 18_support/exception_ptr/make_exception_ptr.cc compilation failed to produce executable
FAIL: 18_support/exception_ptr/move.cc (test for excess errors)
WARNING: 18_support/exception_ptr/move.cc compilation failed to produce executable
FAIL: 18_support/exception_ptr/requirements.cc (test for excess errors)
WARNING: 18_support/exception_ptr/requirements.cc compilation failed to produce executable
FAIL: 18_support/nested_exception/cons.cc (test for excess errors)
WARNING: 18_support/nested_exception/cons.cc compilation failed to produce executable
FAIL: 18_support/nested_exception/nested_ptr.cc (test for excess errors)
WARNING: 18_support/nested_exception/nested_ptr.cc compilation failed to produce executable
FAIL: 18_support/nested_exception/throw_with_nested.cc (test for excess errors)
WARNING: 18_support/nested_exception/throw_with_nested.cc compilation failed to produce executable
FAIL: 20_util/function/1.cc (test for excess errors)
WARNING: 20_util/function/1.cc compilation failed to produce executable
FAIL: 20_util/function/2.cc (test for excess errors)
WARNING: 20_util/function/2.cc compilation failed to produce executable
FAIL: 20_util/function/3.cc (test for excess errors)
WARNING: 20_util/function/3.cc compilation failed to produce executable
FAIL: 20_util/function/4.cc (test for excess errors)
WARNING: 20_util/function/4.cc compilation failed to produce executable
FAIL: 20_util/function/7.cc (test for excess errors)
WARNING: 20_util/function/7.cc compilation failed to produce executable
FAIL: 20_util/function/null_pointer_comparisons.cc (test for excess errors)
FAIL: 20_util/function/requirements/explicit_instantiation.cc (test for excess errors)
FAIL: 20_util/shared_ptr/comparison/42925.cc (test for excess errors)
FAIL: 20_util/shared_ptr/cons/nullptr.cc (test for excess errors)
WARNING: 20_util/shared_ptr/cons/nullptr.cc compilation failed to produce executable
FAIL: 20_util/shared_ptr/requirements/explicit_instantiation/1.cc (test for excess errors)
FAIL: 20_util/shared_ptr/requirements/explicit_instantiation/2.cc (test for excess errors)
FAIL: 20_util/unique_ptr/assign/nullptr.cc (test for excess errors)
WARNING: 20_util/unique_ptr/assign/nullptr.cc compilation failed to produce executable
FAIL: 20_util/unique_ptr/comparison/42925.cc (test for excess errors)
FAIL: 20_util/unique_ptr/cons/nullptr.cc (test for excess errors)
WARNING: 20_util/unique_ptr/cons/nullptr.cc compilation failed to produce executable
FAIL: 20_util/unique_ptr/requirements/explicit_instantiation/explicit_instantiation.cc (test for excess errors)
FAIL: 30_threads/async/42819.cc (test for excess errors)
WARNING: 30_threads/async/42819.cc compilation failed to produce executable
FAIL: 30_threads/async/any.cc (test for excess errors)
WARNING: 30_threads/async/any.cc compilation failed to produce executable
FAIL: 30_threads/async/async.cc (test for excess errors)
WARNING: 30_threads/async/async.cc compilation failed to produce executable
FAIL: 30_threads/async/sync.cc (test for excess errors)
WARNING: 30_threads/async/sync.cc compilation failed to produce executable
FAIL: 30_threads/future/members/get.cc (test for excess errors)
WARNING: 30_threads/future/members/get.cc compilation failed to produce executable
FAIL: 30_threads/future/members/get2.cc (test for excess errors)
WARNING: 30_threads/future/members/get2.cc compilation failed to produce executable
FAIL: 30_threads/future/requirements/explicit_instantiation.cc (test for excess errors)
FAIL: 30_threads/packaged_task/cons/alloc.cc (test for excess errors)
WARNING: 30_threads/packaged_task/cons/alloc.cc compilation failed to produce executable
FAIL: 30_threads/packaged_task/members/get_future.cc (test for excess errors)
WARNING: 30_threads/packaged_task/members/get_future.cc compilation failed to produce executable
FAIL: 30_threads/packaged_task/members/invoke.cc (test for excess errors)
WARNING: 30_threads/packaged_task/members/invoke.cc compilation failed to produce executable
FAIL: 30_threads/packaged_task/members/invoke4.cc (test for excess errors)
WARNING: 30_threads/packaged_task/members/invoke4.cc compilation failed to produce executable
FAIL: 30_threads/packaged_task/members/reset.cc (test for excess errors)
WARNING: 30_threads/packaged_task/members/reset.cc compilation failed to produce executable
FAIL: 30_threads/packaged_task/members/reset2.cc (test for excess errors)
WARNING: 30_threads/packaged_task/members/reset2.cc compilation failed to produce executable
FAIL: 30_threads/promise/cons/alloc.cc (test for excess errors)
WARNING: 30_threads/promise/cons/alloc.cc compilation failed to produce executable
FAIL: 30_threads/promise/cons/move.cc (test for excess errors)
WARNING: 30_threads/promise/cons/move.cc compilation failed to produce executable
FAIL: 30_threads/promise/cons/move_assign.cc (test for excess errors)
WARNING: 30_threads/promise/cons/move_assign.cc compilation failed to produce executable
FAIL: 30_threads/promise/members/get_future.cc (test for excess errors)
WARNING: 30_threads/promise/members/get_future.cc compilation failed to produce executable
FAIL: 30_threads/promise/members/set_exception.cc (test for excess errors)
WARNING: 30_threads/promise/members/set_exception.cc compilation failed to produce executable
FAIL: 30_threads/promise/members/set_exception2.cc (test for excess errors)
WARNING: 30_threads/promise/members/set_exception2.cc compilation failed to produce executable
FAIL: 30_threads/promise/members/set_value.cc (test for excess errors)
WARNING: 30_threads/promise/members/set_value.cc compilation failed to produce executable
FAIL: 30_threads/promise/members/set_value2.cc (test for excess errors)
WARNING: 30_threads/promise/members/set_value2.cc compilation failed to produce executable
FAIL: 30_threads/shared_future/members/get.cc (test for excess errors)
WARNING: 30_threads/shared_future/members/get.cc compilation failed to produce executable
FAIL: 30_threads/shared_future/members/get2.cc (test for excess errors)
WARNING: 30_threads/shared_future/members/get2.cc compilation failed to produce executable
FAIL: 30_threads/shared_future/requirements/explicit_instantiation.cc (test for excess errors)
FAIL: abi/demangle/regression/cw-13.cc execution test

		=== libstdc++ Summary ===

# of expected passes		8068
# of unexpected failures	48
# of expected failures		86
# of unsupported tests		102

Compiler version: 4.6.0 20101117 (experimental) (GCC) 
Platform: s390-ibm-linux-gnu
configure flags: --prefix=/usr --mandir=/usr/share/man --infodir=/usr/share/info --enable-shared --enable-threads=posix --enable-checking --with-system-zlib --enable-__cxa_atexit --with-long-double-128 --with-zarch --host=s390-redhat-linux --build=s390-redhat-linux --target=s390-redhat-linux --enable-languages=c,c++,objc,obj-c++,java,fortran


Index Nav: [Date Index] [Subject Index] [Author Index] [Thread Index]
Message Nav: [Date Prev] [Date Next] [Thread Prev] [Thread Next]