This is the mail archive of the gcc-testresults@gcc.gnu.org mailing list for the GCC project.


Index Nav: [Date Index] [Subject Index] [Author Index] [Thread Index]
Message Nav: [Date Prev] [Date Next] [Thread Prev] [Thread Next]
Other format: [Raw text]

Results for 4.4.5 (GCC) testsuite on mips-sgi-irix5.3


LAST_UPDATED: Obtained from SVN: tags/gcc_4_4_5_release revision 164871

		=== acats tests ===

		=== acats Summary ===
# of expected passes		1959
# of unexpected failures	0
# of unsupported tests		356
Native configuration is mips-sgi-irix5.3

		=== g++ tests ===


Running target unix
WARNING: Could not compile g++.dg/compat/struct-layout-1 generator
FAIL: g++.dg/debug/dwarf2/pubnames-1.C scan-assembler-times
"main".*external name 1
FAIL: g++.dg/debug/dwarf2/typedef1.C scan-assembler-times DW_AT_name:
"foo<1u>" 1
FAIL: g++.dg/debug/dwarf2/typedef1.C scan-assembler-times DW_AT_name:
"typedef foo<1u>::type type" 1
FAIL: g++.dg/cpp/_Pragma1.C (test for excess errors)
FAIL: g++.dg/eh/simd-2.C (test for excess errors)
WARNING: g++.dg/eh/simd-2.C compilation failed to produce executable
WARNING: program timed out.
FAIL: g++.dg/ipa/iinline-1.C scan-ipa-dump inline
"String::funcOne[^\\n]*inline copy in int main"
FAIL: g++.dg/other/anon5.C undefined (test for warnings, line )
FAIL: g++.dg/other/anon5.C (test for excess errors)
FAIL: g++.dg/warn/miss-format-1.C scanf attribute warning (test for
warnings, line 26)
FAIL: g++.dg/warn/miss-format-1.C (test for excess errors)
FAIL: g++.dg/special/conpr-1.C execution test
FAIL: g++.dg/special/conpr-2.C execution test
FAIL: g++.dg/special/conpr-3.C execution test
FAIL: g++.dg/special/conpr-4.C execution test
FAIL: g++.dg/special/initp1.C execution test
FAIL: g++.dg/special/initpri1.C execution test
XPASS: g++.old-deja/g++.other/init19.C execution test

		=== g++ Summary ===

# of expected passes		18823
# of unexpected failures	16
# of unexpected successes	1
# of expected failures		157
# of unsupported tests		247
/build53/gcc/release/gcc-4.4.5-r0/gcc-4.4.5/obj/gcc/testsuite/g++/../../g++
 version 4.4.5 (GCC)

		=== gcc tests ===


Running target unix
WARNING: Could not compile gcc.dg/compat/struct-layout-1 generator
FAIL: gcc.dg/cpp/_Pragma6.c -fno-show-column (test for excess errors)
FAIL: gcc.dg/debug/dwarf2/inline2.c scan-assembler-times \\(DIE
\\(.*?\\) DW_TAG_inlined_subroutine 6
FAIL: gcc.dg/debug/dwarf2/inline2.c scan-assembler-times \\(DIE
\\(.*?\\) DW_TAG_lexical_block 6
FAIL: gcc.dg/20061124-1.c (test for excess errors)
WARNING: gcc.dg/20061124-1.c compilation failed to produce executable
FAIL: gcc.dg/ia64-sync-1.c (test for excess errors)
WARNING: gcc.dg/ia64-sync-1.c compilation failed to produce executable
FAIL: gcc.dg/ia64-sync-2.c (test for excess errors)
WARNING: gcc.dg/ia64-sync-2.c compilation failed to produce executable
FAIL: gcc.dg/ia64-sync-3.c (test for excess errors)
WARNING: gcc.dg/ia64-sync-3.c compilation failed to produce executable
FAIL: gcc.dg/initpri1.c execution test
FAIL: gcc.dg/pr27095.c scan-assembler-not (?n)strlen(.*\\n)+.*strlen
FAIL: gcc.dg/pr37908.c (test for excess errors)
WARNING: gcc.dg/pr37908.c compilation failed to produce executable
FAIL: gcc.dg/sync-2.c (test for excess errors)
WARNING: gcc.dg/sync-2.c compilation failed to produce executable
FAIL: gcc.dg/sync-3.c (test for excess errors)
WARNING: gcc.dg/sync-3.c compilation failed to produce executable
FAIL: gcc.dg/utf-array-short-wchar.c  (test for errors, line 38)
FAIL: gcc.dg/utf-array-short-wchar.c  (test for errors, line 40)
FAIL: gcc.dg/utf-array-short-wchar.c (test for excess errors)
FAIL: gcc.dg/utf-array.c  (test for errors, line 38)
FAIL: gcc.dg/utf-array.c  (test for errors, line 39)
FAIL: gcc.dg/utf-array.c  (test for errors, line 40)
FAIL: gcc.dg/utf-array.c (test for excess errors)
WARNING: program timed out.
FAIL: gcc.dg/torture/pr41555.c  -O0  (test for excess errors)
WARNING: gcc.dg/torture/pr41555.c  -O0  compilation failed to produce executable
FAIL: gcc.dg/torture/pr41555.c  -O1  (test for excess errors)
WARNING: gcc.dg/torture/pr41555.c  -O1  compilation failed to produce executable
FAIL: gcc.dg/torture/pr41555.c  -O2  (test for excess errors)
WARNING: gcc.dg/torture/pr41555.c  -O2  compilation failed to produce executable
FAIL: gcc.dg/torture/pr41555.c  -O3 -fomit-frame-pointer  (test for
excess errors)
WARNING: gcc.dg/torture/pr41555.c  -O3 -fomit-frame-pointer
compilation failed to produce executable
FAIL: gcc.dg/torture/pr41555.c  -O3 -fomit-frame-pointer
-funroll-loops  (test for excess errors)
WARNING: gcc.dg/torture/pr41555.c  -O3 -fomit-frame-pointer
-funroll-loops  compilation failed to produce executable
FAIL: gcc.dg/torture/pr41555.c  -O3 -fomit-frame-pointer
-funroll-all-loops -finline-functions  (test for excess errors)
WARNING: gcc.dg/torture/pr41555.c  -O3 -fomit-frame-pointer
-funroll-all-loops -finline-functions  compilation failed to produce
executable
FAIL: gcc.dg/torture/pr41555.c  -O3 -g  (test for excess errors)
WARNING: gcc.dg/torture/pr41555.c  -O3 -g  compilation failed to
produce executable
FAIL: gcc.dg/torture/pr41555.c  -Os  (test for excess errors)
WARNING: gcc.dg/torture/pr41555.c  -Os  compilation failed to produce executable
FAIL: gcc.dg/tree-ssa/loop-1.c scan-assembler-times foo 5
FAIL: gcc.target/mips/atomic-memory-1.c  (test for warnings, line )
FAIL: gcc.target/mips/loongson-simd.c (test for excess errors)
FAIL: gcc.target/mips/mips16-attributes.c (test for excess errors)

		=== gcc Summary ===

# of expected passes		50764
# of unexpected failures	31
# of expected failures		109
# of unsupported tests		628
/build53/gcc/release/gcc-4.4.5-r0/gcc-4.4.5/obj/gcc/xgcc  version 4.4.5 (GCC)

		=== gfortran tests ===


Running target unix
FAIL: gfortran.dg/namelist_42.f90  -O0  execution test
FAIL: gfortran.dg/namelist_42.f90  -O1  execution test
FAIL: gfortran.dg/namelist_42.f90  -O2  execution test
FAIL: gfortran.dg/namelist_42.f90  -O3 -fomit-frame-pointer  execution test
FAIL: gfortran.dg/namelist_42.f90  -O3 -fomit-frame-pointer
-funroll-loops  execution test
FAIL: gfortran.dg/namelist_42.f90  -O3 -fomit-frame-pointer
-funroll-all-loops -finline-functions  execution test
FAIL: gfortran.dg/namelist_42.f90  -O3 -g  execution test
FAIL: gfortran.dg/namelist_42.f90  -Os  execution test
FAIL: gfortran.dg/namelist_43.f90  -O0  execution test
FAIL: gfortran.dg/namelist_43.f90  -O1  execution test
FAIL: gfortran.dg/namelist_43.f90  -O2  execution test
FAIL: gfortran.dg/namelist_43.f90  -O3 -fomit-frame-pointer  execution test
FAIL: gfortran.dg/namelist_43.f90  -O3 -fomit-frame-pointer
-funroll-loops  execution test
FAIL: gfortran.dg/namelist_43.f90  -O3 -fomit-frame-pointer
-funroll-all-loops -finline-functions  execution test
FAIL: gfortran.dg/namelist_43.f90  -O3 -g  execution test
FAIL: gfortran.dg/namelist_43.f90  -Os  execution test
FAIL: gfortran.dg/nan_3.f90  -O0  execution test
FAIL: gfortran.dg/nan_3.f90  -O1  execution test
FAIL: gfortran.dg/nan_3.f90  -O2  execution test
FAIL: gfortran.dg/nan_3.f90  -O3 -fomit-frame-pointer  execution test
FAIL: gfortran.dg/nan_3.f90  -O3 -fomit-frame-pointer -funroll-loops
execution test
FAIL: gfortran.dg/nan_3.f90  -O3 -fomit-frame-pointer
-funroll-all-loops -finline-functions  execution test
FAIL: gfortran.dg/nan_3.f90  -O3 -g  execution test
FAIL: gfortran.dg/nan_3.f90  -Os  execution test
FAIL: gfortran.dg/nearest_3.f90  -O0  execution test
FAIL: gfortran.dg/nearest_3.f90  -O1  execution test
FAIL: gfortran.dg/nearest_3.f90  -O2  execution test
FAIL: gfortran.dg/nearest_3.f90  -O3 -fomit-frame-pointer  execution test
FAIL: gfortran.dg/nearest_3.f90  -O3 -fomit-frame-pointer
-funroll-loops  execution test
FAIL: gfortran.dg/nearest_3.f90  -O3 -fomit-frame-pointer
-funroll-all-loops -finline-functions  execution test
FAIL: gfortran.dg/nearest_3.f90  -O3 -g  execution test
FAIL: gfortran.dg/nearest_3.f90  -Os  execution test
FAIL: gfortran.dg/nint_2.f90  -O0  execution test
WARNING: program timed out.

		=== gfortran Summary ===

# of expected passes		29077
# of unexpected failures	33
# of expected failures		11
# of unsupported tests		281
/build53/gcc/release/gcc-4.4.5-r0/gcc-4.4.5/obj/gcc/testsuite/gfortran/../../gfortran
 version 4.4.5 (GCC)

		=== gnat tests ===


Running target unix
FAIL: gnat.dg/curr_task.adb execution test
FAIL: gnat.dg/entry_queues.adb execution test
FAIL: gnat.dg/interface2.adb execution test
FAIL: gnat.dg/iprot_test.adb execution test
FAIL: gnat.dg/prot_def.adb execution test
FAIL: gnat.dg/protected_self_ref1.adb execution test
FAIL: gnat.dg/requeue1.adb execution test
FAIL: gnat.dg/socket1.adb (test for excess errors)
WARNING: gnat.dg/socket1.adb compilation failed to produce executable
FAIL: gnat.dg/task_stack_align.adb execution test
FAIL: gnat.dg/test_delay.adb execution test
FAIL: gnat.dg/test_image.adb execution test
FAIL: gnat.dg/test_prio.adb execution test
FAIL: gnat.dg/timing_events.adb execution test

		=== gnat Summary ===

# of expected passes		606
# of unexpected failures	13
# of expected failures		6
		=== obj-c++ tests ===


Running target unix
XPASS: obj-c++.dg/comp-types-10.mm (test for excess errors)
WARNING: obj-c++.dg/lookup-2.mm compilation failed to produce executable
WARNING: obj-c++.dg/try-catch-2.mm compilation failed to produce executable
WARNING: obj-c++.dg/try-catch-9.mm compilation failed to produce executable

		=== obj-c++ Summary ===

# of expected passes		436
# of unexpected successes	1
# of expected failures		9
# of unsupported tests		13
/build53/gcc/release/gcc-4.4.5-r0/gcc-4.4.5/obj/gcc/testsuite/obj-c++/../../g++
 version 4.4.5 (GCC)

		=== objc tests ===


Running target unix
FAIL: objc.dg/stabs-1.m scan-assembler
(.SUBSPA.*[\$]CODE[\$]|.text"?)\\n\\t.stabs.*100,0,0,([.\$])?L?L[\$]?etext[0-9]*\\n([.\$])?L?L[\$]?etext
WARNING: Could not compile
objc.dg/gnu-encoding/struct-layout-encoding-1 generator

		=== objc Summary ===

# of expected passes		1810
# of unexpected failures	1
# of expected failures		8
# of unsupported tests		24
/build53/gcc/release/gcc-4.4.5-r0/gcc-4.4.5/obj/gcc/xgcc  version 4.4.5 (GCC)

		=== libstdc++ tests ===


Running target unix
FAIL: 19_diagnostics/headers/system_error/errc_std_c++0x.cc (test for
excess errors)
FAIL: 19_diagnostics/system_error/39880.cc (test for excess errors)
FAIL: 21_strings/headers/cwctype/macros.cc (test for excess errors)
FAIL: 22_locale/time_put/put/char/1.cc execution test
FAIL: 23_containers/vector/resize/1.cc execution test
FAIL: 27_io/ios_base/storage/2.cc execution test

		=== libstdc++ Summary ===

# of expected passes		4550
# of unexpected failures	6
# of expected failures		67
# of unsupported tests		253

		=== libstdc++ Summary ===


Compiler version: 4.4.5 (GCC)
Platform: mips-sgi-irix5.3
configure flags: -v --enable-languages=c,ada,c++,fortran,objc,obj-c++
--prefix=/usr/local/gnu --enable-shared --disable-nls --with-gnu-as
--with-as=/usr/local/gnu/mips-sgi-irix5.3/bin/as --without-gnu-ld
--with-ld=/usr/bin/ld --with-mpfr=/usr/local/gnu
--enable-checking=release


Index Nav: [Date Index] [Subject Index] [Author Index] [Thread Index]
Message Nav: [Date Prev] [Date Next] [Thread Prev] [Thread Next]