This is the mail archive of the
gcc-testresults@gcc.gnu.org
mailing list for the GCC project.
Results for 4.4.6 20101114 (prerelease) [gcc-4_4-branch revision 166728] (GCC) testsuite on x86_64-unknown-linux-gnu
- From: ghazi at gcc10 dot fsffrance dot org
- To: gcc-testresults at gcc dot gnu dot org
- Date: Sun, 14 Nov 2010 16:56:58 +0100
- Subject: Results for 4.4.6 20101114 (prerelease) [gcc-4_4-branch revision 166728] (GCC) testsuite on x86_64-unknown-linux-gnu
- Reply-to: ghazi at gcc dot gnu dot org
LAST_UPDATED: Sun Nov 14 01:02:29 UTC 2010 (revision 166728)
Native configuration is x86_64-unknown-linux-gnu
=== g++ tests ===
Running target unix/-m32/-fPIC
=== g++ Summary for unix/-m32/-fPIC ===
# of expected passes 20289
# of expected failures 157
# of unsupported tests 105
Running target unix/-m32/-fpic
=== g++ Summary for unix/-m32/-fpic ===
# of expected passes 20289
# of expected failures 157
# of unsupported tests 105
Running target unix/-m32
=== g++ Summary for unix/-m32 ===
# of expected passes 20291
# of expected failures 157
# of unsupported tests 103
Running target unix/-fPIC
=== g++ Summary for unix/-fPIC ===
# of expected passes 19972
# of expected failures 157
# of unsupported tests 255
Running target unix/-fpic
=== g++ Summary for unix/-fpic ===
# of expected passes 19972
# of expected failures 157
# of unsupported tests 255
Running target unix
=== g++ Summary for unix ===
# of expected passes 19972
# of expected failures 157
# of unsupported tests 255
=== g++ Summary ===
# of expected passes 120785
# of expected failures 942
# of unsupported tests 1078
/home/ghazi/gcc-testing/44/build/gcc/testsuite/g++/../../g++ version 4.4.6 20101114 (prerelease) [gcc-4_4-branch revision 166728] (GCC)
=== gcc tests ===
Running target unix/-m32/-fPIC
=== gcc Summary for unix/-m32/-fPIC ===
# of expected passes 57345
# of expected failures 191
# of unsupported tests 944
Running target unix/-m32/-fpic
=== gcc Summary for unix/-m32/-fpic ===
# of expected passes 57345
# of expected failures 191
# of unsupported tests 944
Running target unix/-m32
=== gcc Summary for unix/-m32 ===
# of expected passes 57452
# of expected failures 191
# of unsupported tests 902
Running target unix/-fPIC
FAIL: gcc.dg/tree-prof/bb-reorg.c compilation, -fprofile-use -D_PROFILE_USE
UNRESOLVED: gcc.dg/tree-prof/bb-reorg.c execution, -fprofile-use -D_PROFILE_USE
FAIL: gcc.dg/tree-prof/pr34999.c compilation, -fprofile-use -D_PROFILE_USE
UNRESOLVED: gcc.dg/tree-prof/pr34999.c execution, -fprofile-use -D_PROFILE_USE
=== gcc Summary for unix/-fPIC ===
# of expected passes 56933
# of unexpected failures 2
# of expected failures 190
# of unresolved testcases 2
# of unsupported tests 1226
Running target unix/-fpic
FAIL: gcc.dg/tree-prof/bb-reorg.c compilation, -fprofile-use -D_PROFILE_USE
UNRESOLVED: gcc.dg/tree-prof/bb-reorg.c execution, -fprofile-use -D_PROFILE_USE
FAIL: gcc.dg/tree-prof/pr34999.c compilation, -fprofile-use -D_PROFILE_USE
UNRESOLVED: gcc.dg/tree-prof/pr34999.c execution, -fprofile-use -D_PROFILE_USE
=== gcc Summary for unix/-fpic ===
# of expected passes 56933
# of unexpected failures 2
# of expected failures 190
# of unresolved testcases 2
# of unsupported tests 1226
Running target unix
FAIL: gcc.dg/tree-prof/bb-reorg.c compilation, -fprofile-use -D_PROFILE_USE
UNRESOLVED: gcc.dg/tree-prof/bb-reorg.c execution, -fprofile-use -D_PROFILE_USE
FAIL: gcc.dg/tree-prof/pr34999.c compilation, -fprofile-use -D_PROFILE_USE
UNRESOLVED: gcc.dg/tree-prof/pr34999.c execution, -fprofile-use -D_PROFILE_USE
=== gcc Summary for unix ===
# of expected passes 57012
# of unexpected failures 2
# of expected failures 190
# of unresolved testcases 2
# of unsupported tests 1201
=== gcc Summary ===
# of expected passes 343020
# of unexpected failures 6
# of expected failures 1143
# of unresolved testcases 6
# of unsupported tests 6443
/home/ghazi/gcc-testing/44/build/gcc/xgcc version 4.4.6 20101114 (prerelease) [gcc-4_4-branch revision 166728] (GCC)
=== gfortran tests ===
Running target unix/-m32/-fPIC
=== gfortran Summary for unix/-m32/-fPIC ===
# of expected passes 30335
# of expected failures 9
# of unsupported tests 105
Running target unix/-m32/-fpic
=== gfortran Summary for unix/-m32/-fpic ===
# of expected passes 30335
# of expected failures 9
# of unsupported tests 105
Running target unix/-m32
=== gfortran Summary for unix/-m32 ===
# of expected passes 30335
# of expected failures 9
# of unsupported tests 105
Running target unix/-fPIC
=== gfortran Summary for unix/-fPIC ===
# of expected passes 30464
# of expected failures 9
# of unsupported tests 44
Running target unix/-fpic
=== gfortran Summary for unix/-fpic ===
# of expected passes 30464
# of expected failures 9
# of unsupported tests 44
Running target unix
=== gfortran Summary for unix ===
# of expected passes 30464
# of expected failures 9
# of unsupported tests 44
=== gfortran Summary ===
# of expected passes 182397
# of expected failures 54
# of unsupported tests 447
/home/ghazi/gcc-testing/44/build/gcc/testsuite/gfortran/../../gfortran version 4.4.6 20101114 (prerelease) [gcc-4_4-branch revision 166728] (GCC)
=== obj-c++ tests ===
Running target unix/-m32/-fPIC
XPASS: obj-c++.dg/comp-types-10.mm (test for excess errors)
UNRESOLVED: obj-c++.dg/lookup-2.mm compilation failed to produce executable
UNRESOLVED: obj-c++.dg/try-catch-2.mm compilation failed to produce executable
UNRESOLVED: obj-c++.dg/try-catch-9.mm compilation failed to produce executable
=== obj-c++ Summary for unix/-m32/-fPIC ===
# of expected passes 436
# of unexpected successes 1
# of expected failures 9
# of unresolved testcases 3
# of unsupported tests 13
Running target unix/-m32/-fpic
XPASS: obj-c++.dg/comp-types-10.mm (test for excess errors)
UNRESOLVED: obj-c++.dg/lookup-2.mm compilation failed to produce executable
UNRESOLVED: obj-c++.dg/try-catch-2.mm compilation failed to produce executable
UNRESOLVED: obj-c++.dg/try-catch-9.mm compilation failed to produce executable
=== obj-c++ Summary for unix/-m32/-fpic ===
# of expected passes 436
# of unexpected successes 1
# of expected failures 9
# of unresolved testcases 3
# of unsupported tests 13
Running target unix/-m32
XPASS: obj-c++.dg/comp-types-10.mm (test for excess errors)
UNRESOLVED: obj-c++.dg/lookup-2.mm compilation failed to produce executable
UNRESOLVED: obj-c++.dg/try-catch-2.mm compilation failed to produce executable
UNRESOLVED: obj-c++.dg/try-catch-9.mm compilation failed to produce executable
=== obj-c++ Summary for unix/-m32 ===
# of expected passes 436
# of unexpected successes 1
# of expected failures 9
# of unresolved testcases 3
# of unsupported tests 13
Running target unix/-fPIC
XPASS: obj-c++.dg/comp-types-10.mm (test for excess errors)
UNRESOLVED: obj-c++.dg/lookup-2.mm compilation failed to produce executable
UNRESOLVED: obj-c++.dg/try-catch-2.mm compilation failed to produce executable
UNRESOLVED: obj-c++.dg/try-catch-9.mm compilation failed to produce executable
=== obj-c++ Summary for unix/-fPIC ===
# of expected passes 425
# of unexpected successes 1
# of expected failures 20
# of unresolved testcases 3
# of unsupported tests 13
Running target unix/-fpic
XPASS: obj-c++.dg/comp-types-10.mm (test for excess errors)
UNRESOLVED: obj-c++.dg/lookup-2.mm compilation failed to produce executable
UNRESOLVED: obj-c++.dg/try-catch-2.mm compilation failed to produce executable
UNRESOLVED: obj-c++.dg/try-catch-9.mm compilation failed to produce executable
=== obj-c++ Summary for unix/-fpic ===
# of expected passes 425
# of unexpected successes 1
# of expected failures 20
# of unresolved testcases 3
# of unsupported tests 13
Running target unix
XPASS: obj-c++.dg/comp-types-10.mm (test for excess errors)
UNRESOLVED: obj-c++.dg/lookup-2.mm compilation failed to produce executable
UNRESOLVED: obj-c++.dg/try-catch-2.mm compilation failed to produce executable
UNRESOLVED: obj-c++.dg/try-catch-9.mm compilation failed to produce executable
=== obj-c++ Summary for unix ===
# of expected passes 425
# of unexpected successes 1
# of expected failures 20
# of unresolved testcases 3
# of unsupported tests 13
=== obj-c++ Summary ===
# of expected passes 2583
# of unexpected successes 6
# of expected failures 87
# of unresolved testcases 18
# of unsupported tests 78
/home/ghazi/gcc-testing/44/build/gcc/testsuite/obj-c++/../../g++ version 4.4.6 20101114 (prerelease) [gcc-4_4-branch revision 166728] (GCC)
=== objc tests ===
Running target unix/-m32/-fPIC
=== objc Summary for unix/-m32/-fPIC ===
# of expected passes 1874
# of expected failures 7
# of unsupported tests 24
Running target unix/-m32/-fpic
=== objc Summary for unix/-m32/-fpic ===
# of expected passes 1874
# of expected failures 7
# of unsupported tests 24
Running target unix/-m32
=== objc Summary for unix/-m32 ===
# of expected passes 1874
# of expected failures 7
# of unsupported tests 24
Running target unix/-fPIC
=== objc Summary for unix/-fPIC ===
# of expected passes 1866
# of expected failures 15
# of unsupported tests 24
Running target unix/-fpic
=== objc Summary for unix/-fpic ===
# of expected passes 1866
# of expected failures 15
# of unsupported tests 24
Running target unix
=== objc Summary for unix ===
# of expected passes 1866
# of expected failures 15
# of unsupported tests 24
=== objc Summary ===
# of expected passes 11220
# of expected failures 66
# of unsupported tests 144
/home/ghazi/gcc-testing/44/build/gcc/xgcc version 4.4.6 20101114 (prerelease) [gcc-4_4-branch revision 166728] (GCC)
=== libffi tests ===
Running target unix/-m32/-fPIC
=== libffi Summary for unix/-m32/-fPIC ===
# of expected passes 1399
# of unsupported tests 10
Running target unix/-m32/-fpic
=== libffi Summary for unix/-m32/-fpic ===
# of expected passes 1399
# of unsupported tests 10
Running target unix/-m32
=== libffi Summary for unix/-m32 ===
# of expected passes 1399
# of unsupported tests 10
Running target unix/-fPIC
=== libffi Summary for unix/-fPIC ===
# of expected passes 1399
# of unsupported tests 10
Running target unix/-fpic
=== libffi Summary for unix/-fpic ===
# of expected passes 1399
# of unsupported tests 10
Running target unix
=== libffi Summary for unix ===
# of expected passes 1399
# of unsupported tests 10
=== libffi Summary ===
# of expected passes 8394
# of unsupported tests 60
=== libgomp tests ===
Running target unix/-m32/-fPIC
=== libgomp Summary for unix/-m32/-fPIC ===
# of expected passes 2476
Running target unix/-m32/-fpic
=== libgomp Summary for unix/-m32/-fpic ===
# of expected passes 2476
Running target unix/-m32
=== libgomp Summary for unix/-m32 ===
# of expected passes 2476
Running target unix/-fPIC
=== libgomp Summary for unix/-fPIC ===
# of expected passes 2476
Running target unix/-fpic
=== libgomp Summary for unix/-fpic ===
# of expected passes 2476
Running target unix
=== libgomp Summary for unix ===
# of expected passes 2476
=== libgomp Summary ===
# of expected passes 14856
=== libjava tests ===
Running target unix/-m32/-fPIC
=== libjava Summary for unix/-m32/-fPIC ===
# of expected passes 2574
Running target unix/-m32/-fpic
=== libjava Summary for unix/-m32/-fpic ===
# of expected passes 2574
Running target unix/-m32
=== libjava Summary for unix/-m32 ===
# of expected passes 2574
Running target unix/-fPIC
=== libjava Summary for unix/-fPIC ===
# of expected passes 2574
Running target unix/-fpic
=== libjava Summary for unix/-fpic ===
# of expected passes 2574
Running target unix
=== libjava Summary for unix ===
# of expected passes 2574
=== libjava Summary ===
# of expected passes 15444
=== libmudflap tests ===
Running target unix/-m32/-fPIC
FAIL: libmudflap.c++/pass41-frag.cxx execution test
FAIL: libmudflap.c++/pass41-frag.cxx (-static) execution test
FAIL: libmudflap.c++/pass41-frag.cxx ( -O) execution test
FAIL: libmudflap.c++/pass41-frag.cxx (-O2) execution test
FAIL: libmudflap.c++/pass41-frag.cxx (-O3) execution test
=== libmudflap Summary for unix/-m32/-fPIC ===
# of expected passes 1889
# of unexpected failures 5
Running target unix/-m32/-fpic
FAIL: libmudflap.c++/pass41-frag.cxx execution test
FAIL: libmudflap.c++/pass41-frag.cxx (-static) execution test
FAIL: libmudflap.c++/pass41-frag.cxx ( -O) execution test
FAIL: libmudflap.c++/pass41-frag.cxx (-O2) execution test
FAIL: libmudflap.c++/pass41-frag.cxx (-O3) execution test
WARNING: program timed out.
FAIL: libmudflap.cth/pass40-frag.c (-O3) execution test
FAIL: libmudflap.cth/pass40-frag.c (-O3) output pattern test
=== libmudflap Summary for unix/-m32/-fpic ===
# of expected passes 1887
# of unexpected failures 7
Running target unix/-m32
FAIL: libmudflap.c++/pass41-frag.cxx execution test
FAIL: libmudflap.c++/pass41-frag.cxx (-static) execution test
FAIL: libmudflap.c++/pass41-frag.cxx ( -O) execution test
FAIL: libmudflap.c++/pass41-frag.cxx (-O2) execution test
FAIL: libmudflap.c++/pass41-frag.cxx (-O3) execution test
WARNING: program timed out.
FAIL: libmudflap.cth/pass40-frag.c execution test
FAIL: libmudflap.cth/pass40-frag.c output pattern test
WARNING: program timed out.
FAIL: libmudflap.cth/pass40-frag.c (-static -DSTATIC) execution test
FAIL: libmudflap.cth/pass40-frag.c (-static -DSTATIC) output pattern test
WARNING: program timed out.
FAIL: libmudflap.cth/pass40-frag.c (-O3) execution test
FAIL: libmudflap.cth/pass40-frag.c (-O3) output pattern test
=== libmudflap Summary for unix/-m32 ===
# of expected passes 1883
# of unexpected failures 11
Running target unix/-fPIC
FAIL: libmudflap.c++/pass41-frag.cxx execution test
FAIL: libmudflap.c++/pass41-frag.cxx (-static) execution test
FAIL: libmudflap.c++/pass41-frag.cxx ( -O) execution test
FAIL: libmudflap.c++/pass41-frag.cxx (-O2) execution test
FAIL: libmudflap.c++/pass41-frag.cxx (-O3) execution test
=== libmudflap Summary for unix/-fPIC ===
# of expected passes 1889
# of unexpected failures 5
Running target unix/-fpic
FAIL: libmudflap.c++/pass41-frag.cxx execution test
FAIL: libmudflap.c++/pass41-frag.cxx (-static) execution test
FAIL: libmudflap.c++/pass41-frag.cxx ( -O) execution test
FAIL: libmudflap.c++/pass41-frag.cxx (-O2) execution test
FAIL: libmudflap.c++/pass41-frag.cxx (-O3) execution test
WARNING: program timed out.
FAIL: libmudflap.cth/pass40-frag.c execution test
FAIL: libmudflap.cth/pass40-frag.c output pattern test
WARNING: program timed out.
FAIL: libmudflap.cth/pass40-frag.c (-static -DSTATIC) execution test
FAIL: libmudflap.cth/pass40-frag.c (-static -DSTATIC) output pattern test
WARNING: program timed out.
FAIL: libmudflap.cth/pass40-frag.c (-O3) execution test
FAIL: libmudflap.cth/pass40-frag.c (-O3) output pattern test
=== libmudflap Summary for unix/-fpic ===
# of expected passes 1883
# of unexpected failures 11
Running target unix
FAIL: libmudflap.c++/pass41-frag.cxx execution test
FAIL: libmudflap.c++/pass41-frag.cxx (-static) execution test
FAIL: libmudflap.c++/pass41-frag.cxx ( -O) execution test
FAIL: libmudflap.c++/pass41-frag.cxx (-O2) execution test
FAIL: libmudflap.c++/pass41-frag.cxx (-O3) execution test
WARNING: program timed out.
FAIL: libmudflap.cth/pass40-frag.c execution test
FAIL: libmudflap.cth/pass40-frag.c output pattern test
WARNING: program timed out.
FAIL: libmudflap.cth/pass40-frag.c (-static -DSTATIC) execution test
FAIL: libmudflap.cth/pass40-frag.c (-static -DSTATIC) output pattern test
WARNING: program timed out.
FAIL: libmudflap.cth/pass40-frag.c (-O2) execution test
FAIL: libmudflap.cth/pass40-frag.c (-O2) output pattern test
=== libmudflap Summary for unix ===
# of expected passes 1883
# of unexpected failures 11
=== libmudflap Summary ===
# of expected passes 11314
# of unexpected failures 50
=== libstdc++ tests ===
Running target unix/-m32/-fPIC
FAIL: abi_check
=== libstdc++ Summary for unix/-m32/-fPIC ===
# of expected passes 5861
# of unexpected failures 1
# of expected failures 80
# of unsupported tests 338
Running target unix/-m32/-fpic
FAIL: abi_check
=== libstdc++ Summary for unix/-m32/-fpic ===
# of expected passes 5861
# of unexpected failures 1
# of expected failures 80
# of unsupported tests 338
Running target unix/-m32
FAIL: abi_check
=== libstdc++ Summary for unix/-m32 ===
# of expected passes 5861
# of unexpected failures 1
# of expected failures 80
# of unsupported tests 338
Running target unix/-fPIC
FAIL: abi_check
=== libstdc++ Summary for unix/-fPIC ===
# of expected passes 5870
# of unexpected failures 1
# of expected failures 80
# of unsupported tests 333
Running target unix/-fpic
FAIL: abi_check
=== libstdc++ Summary for unix/-fpic ===
# of expected passes 5870
# of unexpected failures 1
# of expected failures 80
# of unsupported tests 333
Running target unix
FAIL: abi_check
=== libstdc++ Summary for unix ===
# of expected passes 5870
# of unexpected failures 1
# of expected failures 80
# of unsupported tests 333
=== libstdc++ Summary ===
# of expected passes 35193
# of unexpected failures 6
# of expected failures 480
# of unsupported tests 2013
Compiler version: 4.4.6 20101114 (prerelease) [gcc-4_4-branch revision 166728] (GCC)
Platform: x86_64-unknown-linux-gnu
configure flags: --enable-languages=c,c++,objc,f95,obj-c++,java --with-mpc=/opt/cfarm/mpc-0.8