This is the mail archive of the gcc-testresults@gcc.gnu.org mailing list for the GCC project.
Index Nav: | [Date Index] [Subject Index] [Author Index] [Thread Index] | |
---|---|---|
Message Nav: | [Date Prev] [Date Next] | [Thread Prev] [Thread Next] |
Other format: | [Raw text] |
Native configuration is x86_64-unknown-freebsd8.1 === g++ tests === Running target unix FAIL: g++.old-deja/g++.other/init18.C execution test FAIL: g++.old-deja/g++.other/init19.C execution test === g++ Summary === # of expected passes 19907 # of unexpected failures 2 # of expected failures 157 # of unsupported tests 276 /scratch/tmp/gerald/OBJ-1107-2150/gcc/testsuite/g++/../../g++ version 4.4.6 20101107 (prerelease) (GCC) === gcc tests === Running target unix FAIL: gcc.dg/20021014-1.c consider using \`-pg' instead of \`-p' with gprof(1) (test for errors, line ) FAIL: gcc.dg/mallign.c execution test FAIL: gcc.dg/utf-array-short-wchar.c (test for errors, line 38) FAIL: gcc.dg/utf-array-short-wchar.c (test for errors, line 40) FAIL: gcc.dg/utf-array-short-wchar.c (test for excess errors) FAIL: gcc.dg/wint_t-1.c (test for excess errors) FAIL: gcc.dg/torture/fp-int-convert-float128-timode.c -O0 (test for excess errors) WARNING: gcc.dg/torture/fp-int-convert-float128-timode.c -O0 compilation failed to produce executable FAIL: gcc.dg/torture/fp-int-convert-float128-timode.c -O1 (test for excess errors) WARNING: gcc.dg/torture/fp-int-convert-float128-timode.c -O1 compilation failed to produce executable FAIL: gcc.dg/torture/fp-int-convert-float128-timode.c -O2 (test for excess errors) WARNING: gcc.dg/torture/fp-int-convert-float128-timode.c -O2 compilation failed to produce executable FAIL: gcc.dg/torture/fp-int-convert-float128-timode.c -O3 -fomit-frame-pointer (test for excess errors) WARNING: gcc.dg/torture/fp-int-convert-float128-timode.c -O3 -fomit-frame-pointer compilation failed to produce executable FAIL: gcc.dg/torture/fp-int-convert-float128-timode.c -O3 -g (test for excess errors) WARNING: gcc.dg/torture/fp-int-convert-float128-timode.c -O3 -g compilation failed to produce executable FAIL: gcc.dg/torture/fp-int-convert-float128-timode.c -Os (test for excess errors) WARNING: gcc.dg/torture/fp-int-convert-float128-timode.c -Os compilation failed to produce executable FAIL: gcc.dg/torture/fp-int-convert-float128.c -O0 (test for excess errors) WARNING: gcc.dg/torture/fp-int-convert-float128.c -O0 compilation failed to produce executable FAIL: gcc.dg/torture/fp-int-convert-float128.c -O1 (test for excess errors) WARNING: gcc.dg/torture/fp-int-convert-float128.c -O1 compilation failed to produce executable FAIL: gcc.dg/torture/fp-int-convert-float128.c -O2 (test for excess errors) WARNING: gcc.dg/torture/fp-int-convert-float128.c -O2 compilation failed to produce executable FAIL: gcc.dg/torture/fp-int-convert-float128.c -O3 -fomit-frame-pointer (test for excess errors) WARNING: gcc.dg/torture/fp-int-convert-float128.c -O3 -fomit-frame-pointer compilation failed to produce executable FAIL: gcc.dg/torture/fp-int-convert-float128.c -O3 -g (test for excess errors) WARNING: gcc.dg/torture/fp-int-convert-float128.c -O3 -g compilation failed to produce executable FAIL: gcc.dg/torture/fp-int-convert-float128.c -Os (test for excess errors) WARNING: gcc.dg/torture/fp-int-convert-float128.c -Os compilation failed to produce executable FAIL: gcc.dg/tree-prof/bb-reorg.c compilation, -fprofile-use -D_PROFILE_USE UNRESOLVED: gcc.dg/tree-prof/bb-reorg.c execution, -fprofile-use -D_PROFILE_USE FAIL: gcc.dg/tree-prof/pr34999.c compilation, -fprofile-use -D_PROFILE_USE UNRESOLVED: gcc.dg/tree-prof/pr34999.c execution, -fprofile-use -D_PROFILE_USE === gcc Summary === # of expected passes 56871 # of unexpected failures 20 # of expected failures 190 # of unresolved testcases 2 # of unsupported tests 837 /scratch/tmp/gerald/OBJ-1107-2150/gcc/xgcc version 4.4.6 20101107 (prerelease) (GCC) === gfortran tests === Running target unix XPASS: gfortran.dg/default_format_2.f90 -O0 execution test XPASS: gfortran.dg/default_format_2.f90 -O1 execution test XPASS: gfortran.dg/default_format_2.f90 -O2 execution test XPASS: gfortran.dg/default_format_2.f90 -O3 -fomit-frame-pointer execution test XPASS: gfortran.dg/default_format_2.f90 -O3 -fomit-frame-pointer -funroll-loops execution test XPASS: gfortran.dg/default_format_2.f90 -O3 -fomit-frame-pointer -funroll-all-loops -finline-functions execution test XPASS: gfortran.dg/default_format_2.f90 -O3 -g execution test XPASS: gfortran.dg/default_format_2.f90 -Os execution test XPASS: gfortran.dg/default_format_denormal_1.f90 -O0 execution test XPASS: gfortran.dg/default_format_denormal_1.f90 -O1 execution test XPASS: gfortran.dg/default_format_denormal_1.f90 -O2 execution test XPASS: gfortran.dg/default_format_denormal_1.f90 -O3 -fomit-frame-pointer execution test XPASS: gfortran.dg/default_format_denormal_1.f90 -O3 -fomit-frame-pointer -funroll-loops execution test XPASS: gfortran.dg/default_format_denormal_1.f90 -O3 -fomit-frame-pointer -funroll-all-loops -finline-functions execution test XPASS: gfortran.dg/default_format_denormal_1.f90 -O3 -g execution test XPASS: gfortran.dg/default_format_denormal_1.f90 -Os execution test XPASS: gfortran.dg/default_format_denormal_2.f90 -O0 execution test XPASS: gfortran.dg/default_format_denormal_2.f90 -O1 execution test XPASS: gfortran.dg/default_format_denormal_2.f90 -O2 execution test XPASS: gfortran.dg/default_format_denormal_2.f90 -O3 -fomit-frame-pointer execution test XPASS: gfortran.dg/default_format_denormal_2.f90 -O3 -fomit-frame-pointer -funroll-loops execution test XPASS: gfortran.dg/default_format_denormal_2.f90 -O3 -fomit-frame-pointer -funroll-all-loops -finline-functions execution test XPASS: gfortran.dg/default_format_denormal_2.f90 -O3 -g execution test XPASS: gfortran.dg/default_format_denormal_2.f90 -Os execution test WARNING: gfortran.dg/large_real_kind_2.F90 -O0 compilation failed to produce executable WARNING: gfortran.dg/large_real_kind_2.F90 -O1 compilation failed to produce executable WARNING: gfortran.dg/large_real_kind_2.F90 -O2 compilation failed to produce executable WARNING: gfortran.dg/large_real_kind_2.F90 -O3 -fomit-frame-pointer compilation failed to produce executable WARNING: gfortran.dg/large_real_kind_2.F90 -O3 -fomit-frame-pointer -funroll-loops compilation failed to produce executable WARNING: gfortran.dg/large_real_kind_2.F90 -O3 -fomit-frame-pointer -funroll-all-loops -finline-functions compilation failed to produce executable WARNING: gfortran.dg/large_real_kind_2.F90 -O3 -g compilation failed to produce executable WARNING: gfortran.dg/large_real_kind_2.F90 -Os compilation failed to produce executable WARNING: gfortran.dg/large_real_kind_3.F90 -O0 compilation failed to produce executable XPASS: gfortran.dg/large_real_kind_3.F90 -O1 (test for excess errors) XPASS: gfortran.dg/large_real_kind_3.F90 -O2 (test for excess errors) XPASS: gfortran.dg/large_real_kind_3.F90 -O3 -fomit-frame-pointer (test for excess errors) XPASS: gfortran.dg/large_real_kind_3.F90 -O3 -fomit-frame-pointer -funroll-loops (test for excess errors) XPASS: gfortran.dg/large_real_kind_3.F90 -O3 -fomit-frame-pointer -funroll-all-loops -finline-functions (test for excess errors) XPASS: gfortran.dg/large_real_kind_3.F90 -O3 -g (test for excess errors) XPASS: gfortran.dg/large_real_kind_3.F90 -Os (test for excess errors) === gfortran Summary === # of expected passes 30411 # of unexpected successes 31 # of expected failures 18 # of unsupported tests 44 /scratch/tmp/gerald/OBJ-1107-2150/gcc/testsuite/gfortran/../../gfortran version 4.4.6 20101107 (prerelease) (GCC) === objc tests === Running target unix FAIL: objc/execute/forward-1.m execution, -O0 -fgnu-runtime FAIL: objc/execute/forward-1.m execution, -O1 -fgnu-runtime FAIL: objc/execute/forward-1.m execution, -O2 -fgnu-runtime FAIL: objc/execute/forward-1.m execution, -O3 -fomit-frame-pointer -fgnu-runtime FAIL: objc/execute/forward-1.m execution, -O3 -fomit-frame-pointer -funroll-loops -fgnu-runtime FAIL: objc/execute/forward-1.m execution, -O3 -fomit-frame-pointer -funroll-all-loops -finline-functions -fgnu-runtime FAIL: objc/execute/forward-1.m execution, -O3 -g -fgnu-runtime FAIL: objc/execute/forward-1.m execution, -Os -fgnu-runtime === objc Summary === # of expected passes 1866 # of unexpected failures 8 # of expected failures 7 # of unsupported tests 24 /scratch/tmp/gerald/OBJ-1107-2150/gcc/xgcc version 4.4.6 20101107 (prerelease) (GCC) === libgomp tests === Running target unix FAIL: libgomp.fortran/condinc2.f -O (test for excess errors) WARNING: libgomp.fortran/condinc2.f -O compilation failed to produce executable FAIL: libgomp.fortran/condinc4.f90 -O (test for excess errors) WARNING: libgomp.fortran/condinc4.f90 -O compilation failed to produce executable FAIL: libgomp.fortran/omp_cond2.f -O (test for excess errors) WARNING: libgomp.fortran/omp_cond2.f -O compilation failed to produce executable FAIL: libgomp.fortran/omp_cond4.F90 -O (test for excess errors) WARNING: libgomp.fortran/omp_cond4.F90 -O compilation failed to produce executable FAIL: libgomp.fortran/pr25162.f -O3 -fomit-frame-pointer execution test FAIL: libgomp.fortran/pr25162.f -O3 -fomit-frame-pointer -funroll-loops execution test FAIL: libgomp.fortran/pr25162.f -O3 -fomit-frame-pointer -funroll-all-loops -finline-functions execution test FAIL: libgomp.fortran/pr25162.f -O3 -g execution test === libgomp Summary === # of expected passes 2460 # of unexpected failures 8 # of unsupported tests 2 === libmudflap tests === Running target unix FAIL: libmudflap.c++/pass41-frag.cxx execution test FAIL: libmudflap.c++/pass41-frag.cxx (-static) execution test FAIL: libmudflap.c++/pass41-frag.cxx ( -O) execution test FAIL: libmudflap.c++/pass41-frag.cxx (-O2) execution test FAIL: libmudflap.c++/pass41-frag.cxx (-O3) execution test === libmudflap Summary === # of expected passes 1889 # of unexpected failures 5 === libstdc++ tests === Running target unix FAIL: 26_numerics/headers/cmath/c99_classification_macros_c.cc (test for excess errors) FAIL: 27_io/basic_istream/extractors_arithmetic/char/12.cc execution test FAIL: 27_io/basic_istream/extractors_arithmetic/wchar_t/12.cc execution test FAIL: 27_io/objects/wchar_t/9662.cc execution test FAIL: 30_threads/thread/native_handle/typesizes.cc (test for excess errors) WARNING: 30_threads/thread/native_handle/typesizes.cc compilation failed to produce executable === libstdc++ Summary === # of expected passes 5843 # of unexpected failures 5 # of expected failures 79 # of unsupported tests 344 === libstdc++ Summary === Compiler version: 4.4.6 20101107 (prerelease) (GCC) Platform: x86_64-unknown-freebsd8.1 configure flags: --prefix=/home/gerald/gcc-ref8-amd64 --disable-libgcj --program-suffix=44 --with-as=/home/gerald/8-amd64/bin/as --with-ld=/home/gerald/8-amd64/bin/ld --with-libiconv-prefix=/home/gerald/8-amd64 --with-system-zlib --with-gmp=/home/gerald/8-amd64 --with-libelf=/home/gerald/8-amd64
Index Nav: | [Date Index] [Subject Index] [Author Index] [Thread Index] | |
---|---|---|
Message Nav: | [Date Prev] [Date Next] | [Thread Prev] [Thread Next] |