This is the mail archive of the
gcc-testresults@gcc.gnu.org
mailing list for the GCC project.
Results for 4.6.0 20101029 (experimental) [trunk revision 166069] (GCC) testsuite on i386-pc-solaris2.9
- From: Rainer Orth <ro at CeBiTec dot Uni-Bielefeld dot DE>
- To: gcc-testresults at gcc dot gnu dot org
- Date: Tue, 2 Nov 2010 18:47:58 +0100 (MET)
- Subject: Results for 4.6.0 20101029 (experimental) [trunk revision 166069] (GCC) testsuite on i386-pc-solaris2.9
LAST_UPDATED: Fri Oct 29 19:47:33 UTC 2010 (revision 166069)
=== acats tests ===
=== acats Summary ===
# of expected passes 2321
# of unexpected failures 0
Native configuration is i386-pc-solaris2.9
=== g++ tests ===
Running target unix
FAIL: g++.dg/eh/simd-2.C (test for excess errors)
FAIL: g++.dg/ipa/ivinline-1.C scan-ipa-dump inline "B::foo[^\\n]*inline copy in int main"
FAIL: g++.dg/ipa/ivinline-2.C scan-ipa-dump inline "B::foo[^\\n]*inline copy in int main"
FAIL: g++.dg/ipa/ivinline-3.C scan-ipa-dump inline "B::foo[^\\n]*inline copy in int main"
FAIL: g++.dg/ipa/ivinline-4.C scan-ipa-dump inline "B::foo[^\\n]*inline copy in int main"
FAIL: g++.dg/ipa/ivinline-5.C scan-ipa-dump inline "B::foo[^\\n]*inline copy in int main"
FAIL: g++.dg/ipa/ivinline-6.C scan-ipa-dump inline "B::foo[^\\n]*inline copy in int main"
FAIL: g++.dg/ipa/ivinline-8.C scan-ipa-dump inline "B::foo[^\\n]*inline copy in int main"
FAIL: g++.dg/ipa/ivinline-8.C scan-ipa-dump inline "B::bar[^\\n]*inline copy in int main"
FAIL: g++.dg/torture/pr36444.C -O0 (test for excess errors)
FAIL: g++.dg/torture/pr36444.C -O1 (test for excess errors)
FAIL: g++.dg/torture/pr36444.C -O2 (test for excess errors)
FAIL: g++.dg/torture/pr36444.C -O3 -fomit-frame-pointer (test for excess errors)
FAIL: g++.dg/torture/pr36444.C -O3 -g (test for excess errors)
FAIL: g++.dg/torture/pr36444.C -Os (test for excess errors)
FAIL: g++.dg/torture/pr36444.C -O2 -flto (test for excess errors)
FAIL: g++.dg/torture/pr36444.C -O2 -fwhopr (test for excess errors)
FAIL: g++.dg/torture/pr36445.C -O0 (test for excess errors)
FAIL: g++.dg/torture/pr36445.C -O1 (test for excess errors)
FAIL: g++.dg/torture/pr36445.C -O2 (test for excess errors)
FAIL: g++.dg/torture/pr36445.C -O3 -fomit-frame-pointer (test for excess errors)
FAIL: g++.dg/torture/pr36445.C -O3 -g (test for excess errors)
FAIL: g++.dg/torture/pr36445.C -Os (test for excess errors)
FAIL: g++.dg/torture/pr36445.C -O2 -flto (test for excess errors)
FAIL: g++.dg/torture/pr36445.C -O2 -fwhopr (test for excess errors)
=== g++ Summary ===
# of expected passes 24796
# of unexpected failures 25
# of expected failures 151
# of unsupported tests 184
/var/gcc/regression/trunk/9-gcc-gas/build/gcc/testsuite/g++/../../g++ version 4.6.0 20101029 (experimental) [trunk revision 166069] (GCC)
=== gcc tests ===
Running target unix
FAIL: gcc.c-torture/compile/pr34856.c -O0 (test for excess errors)
FAIL: gcc.c-torture/compile/pr34856.c -O1 (test for excess errors)
FAIL: gcc.c-torture/compile/pr34856.c -O2 (test for excess errors)
FAIL: gcc.c-torture/compile/pr34856.c -O3 -fomit-frame-pointer (test for excess errors)
FAIL: gcc.c-torture/compile/pr34856.c -O3 -fomit-frame-pointer -funroll-loops (test for excess errors)
FAIL: gcc.c-torture/compile/pr34856.c -O3 -fomit-frame-pointer -funroll-all-loops -finline-functions (test for excess errors)
FAIL: gcc.c-torture/compile/pr34856.c -O3 -g (test for excess errors)
FAIL: gcc.c-torture/compile/pr34856.c -Os (test for excess errors)
FAIL: gcc.c-torture/compile/pr34856.c -O2 -flto (test for excess errors)
FAIL: gcc.c-torture/compile/pr34856.c -O2 -fwhopr (test for excess errors)
FAIL: gcc.c-torture/compile/pr39928-1.c -O0 (test for excess errors)
FAIL: gcc.c-torture/compile/pr39928-1.c -O1 (test for excess errors)
FAIL: gcc.c-torture/compile/pr39928-1.c -O2 (test for excess errors)
FAIL: gcc.c-torture/compile/pr39928-1.c -O3 -fomit-frame-pointer (test for excess errors)
FAIL: gcc.c-torture/compile/pr39928-1.c -O3 -g (test for excess errors)
FAIL: gcc.c-torture/compile/pr39928-1.c -Os (test for excess errors)
FAIL: gcc.c-torture/compile/pr39928-1.c -O2 -flto (test for excess errors)
FAIL: gcc.c-torture/compile/pr39928-1.c -O2 -fwhopr (test for excess errors)
FAIL: gcc.c-torture/compile/vector-1.c -O0 (test for excess errors)
FAIL: gcc.c-torture/compile/vector-1.c -O1 (test for excess errors)
FAIL: gcc.c-torture/compile/vector-1.c -O2 (test for excess errors)
FAIL: gcc.c-torture/compile/vector-1.c -O3 -fomit-frame-pointer (test for excess errors)
FAIL: gcc.c-torture/compile/vector-1.c -O3 -g (test for excess errors)
FAIL: gcc.c-torture/compile/vector-1.c -Os (test for excess errors)
FAIL: gcc.c-torture/compile/vector-1.c -O2 -flto (test for excess errors)
FAIL: gcc.c-torture/compile/vector-1.c -O2 -fwhopr (test for excess errors)
FAIL: gcc.c-torture/compile/vector-2.c -O0 (test for excess errors)
FAIL: gcc.c-torture/compile/vector-2.c -O1 (test for excess errors)
FAIL: gcc.c-torture/compile/vector-2.c -O2 (test for excess errors)
FAIL: gcc.c-torture/compile/vector-2.c -O3 -fomit-frame-pointer (test for excess errors)
FAIL: gcc.c-torture/compile/vector-2.c -O3 -g (test for excess errors)
FAIL: gcc.c-torture/compile/vector-2.c -Os (test for excess errors)
FAIL: gcc.c-torture/compile/vector-2.c -O2 -flto (test for excess errors)
FAIL: gcc.c-torture/compile/vector-2.c -O2 -fwhopr (test for excess errors)
FAIL: gcc.c-torture/execute/va-arg-25.c compilation, -O0
UNRESOLVED: gcc.c-torture/execute/va-arg-25.c execution, -O0
FAIL: gcc.c-torture/execute/va-arg-25.c compilation, -O1
UNRESOLVED: gcc.c-torture/execute/va-arg-25.c execution, -O1
FAIL: gcc.c-torture/execute/va-arg-25.c compilation, -O2
UNRESOLVED: gcc.c-torture/execute/va-arg-25.c execution, -O2
FAIL: gcc.c-torture/execute/va-arg-25.c compilation, -O3 -fomit-frame-pointer
UNRESOLVED: gcc.c-torture/execute/va-arg-25.c execution, -O3 -fomit-frame-pointer
FAIL: gcc.c-torture/execute/va-arg-25.c compilation, -O3 -g
UNRESOLVED: gcc.c-torture/execute/va-arg-25.c execution, -O3 -g
FAIL: gcc.c-torture/execute/va-arg-25.c compilation, -Os
UNRESOLVED: gcc.c-torture/execute/va-arg-25.c execution, -Os
FAIL: gcc.c-torture/execute/va-arg-25.c compilation, -O2 -flto
UNRESOLVED: gcc.c-torture/execute/va-arg-25.c execution, -O2 -flto
FAIL: gcc.c-torture/execute/va-arg-25.c compilation, -O2 -fwhopr
UNRESOLVED: gcc.c-torture/execute/va-arg-25.c execution, -O2 -fwhopr
FAIL: gcc.c-torture/execute/vector-1.c compilation, -O0
UNRESOLVED: gcc.c-torture/execute/vector-1.c execution, -O0
FAIL: gcc.c-torture/execute/vector-1.c compilation, -O1
UNRESOLVED: gcc.c-torture/execute/vector-1.c execution, -O1
FAIL: gcc.c-torture/execute/vector-1.c compilation, -O2
UNRESOLVED: gcc.c-torture/execute/vector-1.c execution, -O2
FAIL: gcc.c-torture/execute/vector-1.c compilation, -O3 -fomit-frame-pointer
UNRESOLVED: gcc.c-torture/execute/vector-1.c execution, -O3 -fomit-frame-pointer
FAIL: gcc.c-torture/execute/vector-1.c compilation, -O3 -g
UNRESOLVED: gcc.c-torture/execute/vector-1.c execution, -O3 -g
FAIL: gcc.c-torture/execute/vector-1.c compilation, -Os
UNRESOLVED: gcc.c-torture/execute/vector-1.c execution, -Os
FAIL: gcc.c-torture/execute/vector-1.c compilation, -O2 -flto
UNRESOLVED: gcc.c-torture/execute/vector-1.c execution, -O2 -flto
FAIL: gcc.c-torture/execute/vector-1.c compilation, -O2 -fwhopr
UNRESOLVED: gcc.c-torture/execute/vector-1.c execution, -O2 -fwhopr
FAIL: gcc.c-torture/execute/vector-2.c compilation, -O0
UNRESOLVED: gcc.c-torture/execute/vector-2.c execution, -O0
FAIL: gcc.c-torture/execute/vector-2.c compilation, -O1
UNRESOLVED: gcc.c-torture/execute/vector-2.c execution, -O1
FAIL: gcc.c-torture/execute/vector-2.c compilation, -O2
UNRESOLVED: gcc.c-torture/execute/vector-2.c execution, -O2
FAIL: gcc.c-torture/execute/vector-2.c compilation, -O3 -fomit-frame-pointer
UNRESOLVED: gcc.c-torture/execute/vector-2.c execution, -O3 -fomit-frame-pointer
FAIL: gcc.c-torture/execute/vector-2.c compilation, -O3 -g
UNRESOLVED: gcc.c-torture/execute/vector-2.c execution, -O3 -g
FAIL: gcc.c-torture/execute/vector-2.c compilation, -Os
UNRESOLVED: gcc.c-torture/execute/vector-2.c execution, -Os
FAIL: gcc.c-torture/execute/vector-2.c compilation, -O2 -flto
UNRESOLVED: gcc.c-torture/execute/vector-2.c execution, -O2 -flto
FAIL: gcc.c-torture/execute/vector-2.c compilation, -O2 -fwhopr
UNRESOLVED: gcc.c-torture/execute/vector-2.c execution, -O2 -fwhopr
FAIL: gcc.dg/pr32912-1.c (test for excess errors)
FAIL: gcc.dg/lto/20081201-2 c_lto_20081201-2_0.o-c_lto_20081201-2_1.o execute -O3 -fwhopr
FAIL: gcc.dg/lto/ipareference2 c_lto_ipareference2_0.o-c_lto_ipareference2_1.o execute -O1 -fwhopr -fwhole-program
FAIL: gcc.dg/tls/pr45870.c (test for excess errors)
FAIL: gcc.dg/tree-prof/inliner-1.c scan-tree-dump-not optimized "hot_function ..;"
XPASS: gcc.dg/tree-ssa/20040204-1.c scan-tree-dump-times optimized "link_error" 0
FAIL: gcc.dg/tree-ssa/forwprop-5.c (test for excess errors)
FAIL: gcc.dg/tree-ssa/fre-vce-1.c (test for excess errors)
FAIL: gcc.dg/tree-ssa/sra-4.c (test for excess errors)
FAIL: gcc.dg/tree-ssa/vector-1.c (test for excess errors)
FAIL: gcc.dg/tree-ssa/vector-2.c (test for excess errors)
FAIL: gcc.dg/vect/pr43430-2.c scan-tree-dump-times vect "vectorized 1 loops" 1
FAIL: gcc.target/i386/vect-args.c (test for excess errors)
FAIL: gcc.target/i386/vect-args.c -O (test for excess errors)
FAIL: gcc.target/i386/vect-args.c -mmmx (test for excess errors)
FAIL: gcc.target/i386/vect-args.c -mmmx -O (test for excess errors)
FAIL: gcc.target/i386/vect-args.c -m3dnow (test for excess errors)
FAIL: gcc.target/i386/vect-args.c -m3dnow -O (test for excess errors)
FAIL: gcc.target/i386/vect-args.c -msse (test for excess errors)
FAIL: gcc.target/i386/vect-args.c -msse -O (test for excess errors)
FAIL: gcc.target/i386/fma3-builtin-2.c -Wl,-M,/vol/gcc/src/hg/trunk/local/gcc/testsuite/gcc.target/i386/clearcap.map (internal compiler error)
FAIL: gcc.target/i386/fma3-builtin-2.c -Wl,-M,/vol/gcc/src/hg/trunk/local/gcc/testsuite/gcc.target/i386/clearcap.map (test for excess errors)
ERROR: gcc.target/i386/fma3-builtin-2.c: error executing dg-final: couldn't open "fma3-builtin-2.s": no such file or directory
UNRESOLVED: gcc.target/i386/fma3-builtin-2.c: error executing dg-final: couldn't open "fma3-builtin-2.s": no such file or directory
FAIL: gcc.target/i386/fma4-builtin-2.c -Wl,-M,/vol/gcc/src/hg/trunk/local/gcc/testsuite/gcc.target/i386/clearcap.map (internal compiler error)
FAIL: gcc.target/i386/fma4-builtin-2.c -Wl,-M,/vol/gcc/src/hg/trunk/local/gcc/testsuite/gcc.target/i386/clearcap.map (test for excess errors)
ERROR: gcc.target/i386/fma4-builtin-2.c: error executing dg-final: couldn't open "fma4-builtin-2.s": no such file or directory
UNRESOLVED: gcc.target/i386/fma4-builtin-2.c: error executing dg-final: couldn't open "fma4-builtin-2.s": no such file or directory
FAIL: gcc.target/i386/pr38240.c -Wl,-M,/vol/gcc/src/hg/trunk/local/gcc/testsuite/gcc.target/i386/clearcap.map (internal compiler error)
FAIL: gcc.target/i386/pr38240.c -Wl,-M,/vol/gcc/src/hg/trunk/local/gcc/testsuite/gcc.target/i386/clearcap.map (test for excess errors)
=== gcc Summary ===
# of expected passes 73571
# of unexpected failures 83
# of unexpected successes 1
# of expected failures 204
# of unresolved testcases 26
# of unsupported tests 794
/var/gcc/regression/trunk/9-gcc-gas/build/gcc/xgcc version 4.6.0 20101029 (experimental) [trunk revision 166069] (GCC)
=== gfortran tests ===
Running target unix
=== gfortran Summary ===
# of expected passes 36559
# of expected failures 42
# of unsupported tests 340
/var/gcc/regression/trunk/9-gcc-gas/build/gcc/testsuite/gfortran/../../gfortran version 4.6.0 20101029 (experimental) [trunk revision 166069] (GCC)
=== gnat tests ===
Running target unix
=== gnat Summary ===
# of expected passes 838
# of expected failures 10
# of unsupported tests 5
=== objc tests ===
Running target unix
XPASS: objc.dg-struct-layout-encoding-1/t026_main.m execution test
=== objc Summary ===
# of expected passes 2336
# of unexpected successes 1
# of expected failures 6
# of unsupported tests 75
/var/gcc/regression/trunk/9-gcc-gas/build/gcc/xgcc version 4.6.0 20101029 (experimental) [trunk revision 166069] (GCC)
=== libffi tests ===
Running target unix
=== libffi Summary ===
# of expected passes 1634
# of expected failures 10
# of unsupported tests 15
=== libgomp tests ===
Running target unix
=== libgomp Summary ===
# of expected passes 2490
# of unsupported tests 2
=== libjava tests ===
Running target unix
FAIL: Divide_1 output - source compiled test
FAIL: Divide_1 -findirect-dispatch output - source compiled test
FAIL: Divide_1 -O3 output - source compiled test
FAIL: Divide_1 -O3 -findirect-dispatch output - source compiled test
=== libjava Summary ===
# of expected passes 2570
# of unexpected failures 4
=== libstdc++ tests ===
Running target unix
=== libstdc++ Summary ===
# of expected passes 6621
# of expected failures 86
# of unsupported tests 710
Compiler version: 4.6.0 20101029 (experimental) [trunk revision 166069] (GCC)
Platform: i386-pc-solaris2.9
configure flags: --prefix=/vol/gcc --target=i386-pc-solaris2.9 --with-as=/vol/gcc/bin/gas-2.20.1 --with-gnu-as --with-gmp=/vol/gcc --with-mpfr=/vol/gcc --with-mpc=/vol/gcc --enable-languages=all,ada
BOOT_CFLAGS=-g -O2