This is the mail archive of the gcc-testresults@gcc.gnu.org mailing list for the GCC project.


Index Nav: [Date Index] [Subject Index] [Author Index] [Thread Index]
Message Nav: [Date Prev] [Date Next] [Thread Prev] [Thread Next]
Other format: [Raw text]

Results for 4.6.0 20101022 (experimental) (GCC) testsuite on i686-pc-linux-gnu


This build run by an automatic regression tester.
See <http://glutton.geoffk.org/HEAD/> for more information.

Date: 2010-10-22T16:12:22Z
Revision: 165844
URL: svn://gcc.gnu.org/svn/gcc/trunk
Status: regress-14
Prev-Endtime: 2010-10-22T16:11:31Z

Native configuration is i686-pc-linux-gnu

		=== g++ tests ===


Running target unix
FAIL: g++.dg/ipa/ivinline-1.C scan-ipa-dump inline "B::foo[^\\n]*inline copy in int main"
FAIL: g++.dg/ipa/ivinline-2.C scan-ipa-dump inline "B::foo[^\\n]*inline copy in int main"
FAIL: g++.dg/ipa/ivinline-3.C scan-ipa-dump inline "B::foo[^\\n]*inline copy in int main"
FAIL: g++.dg/ipa/ivinline-4.C scan-ipa-dump inline "B::foo[^\\n]*inline copy in int main"
FAIL: g++.dg/ipa/ivinline-5.C scan-ipa-dump inline "B::foo[^\\n]*inline copy in int main"
FAIL: g++.dg/ipa/ivinline-6.C scan-ipa-dump inline "B::foo[^\\n]*inline copy in int main"
FAIL: g++.dg/ipa/ivinline-8.C scan-ipa-dump inline "B::foo[^\\n]*inline copy in int main"
FAIL: g++.dg/ipa/ivinline-8.C scan-ipa-dump inline "B::bar[^\\n]*inline copy in int main"
FAIL: g++.dg/guality/redeclaration1.C  -O0  line 16 i == 24
FAIL: g++.dg/guality/redeclaration1.C  -O1  line 16 i == 24
FAIL: g++.dg/guality/redeclaration1.C  -O2  line 16 i == 24
FAIL: g++.dg/guality/redeclaration1.C  -O3 -fomit-frame-pointer  line 16 i == 24
FAIL: g++.dg/guality/redeclaration1.C  -O3 -g  line 16 i == 24
FAIL: g++.dg/guality/redeclaration1.C  -Os  line 16 i == 24
FAIL: g++.dg/guality/redeclaration1.C  -O2 -flto  line 13 i == 42
FAIL: g++.dg/guality/redeclaration1.C  -O2 -fwhopr  line 13 i == 42

		=== g++ Summary ===

# of expected passes		25141
# of unexpected failures	16
# of expected failures		150
# of unsupported tests		133
/home/regress/tbox/native/build/gcc/testsuite/g++/../../g++  version 4.6.0 20101022 (experimental) (GCC) 

		=== gcc tests ===


Running target unix
FAIL: gcc.dg/cproj-fails-with-broken-glibc.c execution test
FAIL: gcc.dg/pr27898.c (test for excess errors)
FAIL: gcc.dg/pr28706.c (test for excess errors)
FAIL: gcc.dg/pr28712.c (test for excess errors)
FAIL: gcc.dg/pr34989-1.c (test for excess errors)
XPASS: gcc.dg/guality/example.c  -O0  execution test
XPASS: gcc.dg/guality/example.c  -O1  execution test
XPASS: gcc.dg/guality/guality.c  -O0  execution test
XPASS: gcc.dg/guality/guality.c  -O1  execution test
XPASS: gcc.dg/guality/guality.c  -O2  execution test
XPASS: gcc.dg/guality/guality.c  -O3 -fomit-frame-pointer  execution test
XPASS: gcc.dg/guality/guality.c  -O3 -g  execution test
XPASS: gcc.dg/guality/guality.c  -Os  execution test
FAIL: gcc.dg/guality/inline-params.c  -O0  execution test
FAIL: gcc.dg/guality/inline-params.c  -O1  execution test
XPASS: gcc.dg/guality/pr41353-1.c  -O0  line 28 j == 28 + 37
XPASS: gcc.dg/guality/pr41447-1.c  -O0  execution test
XPASS: gcc.dg/guality/pr41447-1.c  -O1  execution test
XPASS: gcc.dg/guality/pr41447-1.c  -Os  execution test
XPASS: gcc.dg/guality/pr41616-1.c  -O0  execution test
FAIL: gcc.dg/guality/pr43077-1.c  -O2 -flto  line 42 varb == 2
FAIL: gcc.dg/guality/pr43077-1.c  -O2 -fwhopr  line 42 varb == 2
FAIL: gcc.dg/guality/pr43479.c  -O2 -flto  line 13 h == 9
FAIL: gcc.dg/guality/pr43479.c  -O2 -flto  line 18 h == 9
FAIL: gcc.dg/guality/pr43479.c  -O2 -fwhopr  line 13 h == 9
FAIL: gcc.dg/guality/pr43479.c  -O2 -fwhopr  line 18 h == 9
FAIL: gcc.dg/guality/vla-1.c  -O0  line 17 sizeof (a) == 6
FAIL: gcc.dg/guality/vla-1.c  -O0  line 24 sizeof (a) == 17 * sizeof (short)
FAIL: gcc.dg/guality/vla-1.c  -O1  line 24 sizeof (a) == 17 * sizeof (short)
FAIL: gcc.dg/guality/vla-1.c  -O2  line 24 sizeof (a) == 17 * sizeof (short)
FAIL: gcc.dg/guality/vla-1.c  -O3 -fomit-frame-pointer  line 24 sizeof (a) == 17 * sizeof (short)
FAIL: gcc.dg/guality/vla-1.c  -O3 -g  line 24 sizeof (a) == 17 * sizeof (short)
FAIL: gcc.dg/guality/vla-1.c  -Os  line 24 sizeof (a) == 17 * sizeof (short)
FAIL: gcc.dg/tree-prof/inliner-1.c scan-tree-dump-not optimized "hot_function ..;"
XPASS: gcc.dg/tree-ssa/20040204-1.c scan-tree-dump-times optimized "link_error" 0
FAIL: gcc.dg/vect/pr43430-2.c scan-tree-dump-times vect "vectorized 1 loops" 1
FAIL: gcc.target/i386/pr38240.c (internal compiler error)
FAIL: gcc.target/i386/pr38240.c (test for excess errors)

		=== gcc Summary ===

# of expected passes		74559
# of unexpected failures	24
# of unexpected successes	14
# of expected failures		232
# of unsupported tests		1416
/home/regress/tbox/native/build/gcc/xgcc  version 4.6.0 20101022 (experimental) (GCC) 

		=== gfortran tests ===


Running target unix

		=== gfortran Summary ===

# of expected passes		36790
# of expected failures		42
# of unsupported tests		180
/home/regress/tbox/native/build/gcc/testsuite/gfortran/../../gfortran  version 4.6.0 20101022 (experimental) (GCC) 

		=== objc tests ===


Running target unix
XPASS: objc.dg-struct-layout-encoding-1/t026_main.m execution test

		=== objc Summary ===

# of expected passes		2291
# of unexpected successes	1
# of expected failures		6
# of unsupported tests		75
/home/regress/tbox/native/build/gcc/xgcc  version 4.6.0 20101022 (experimental) (GCC) 

		=== libffi tests ===


Running target unix

		=== libffi Summary ===

# of expected passes		1634
# of expected failures		10
# of unsupported tests		15
		=== libgomp tests ===


Running target unix

		=== libgomp Summary ===

# of expected passes		2494
		=== libjava tests ===


Running target unix

		=== libjava Summary ===

# of expected passes		2574
		=== libmudflap tests ===


Running target unix
FAIL: libmudflap.c/pass49-frag.c execution test
FAIL: libmudflap.c/pass49-frag.c output pattern test
FAIL: libmudflap.c/pass49-frag.c execution test
FAIL: libmudflap.c/pass49-frag.c output pattern test
FAIL: libmudflap.c/pass49-frag.c (-static) execution test
FAIL: libmudflap.c/pass49-frag.c (-static) output pattern test
FAIL: libmudflap.c/pass49-frag.c (-static) execution test
FAIL: libmudflap.c/pass49-frag.c (-static) output pattern test
FAIL: libmudflap.c/pass49-frag.c (-O2) execution test
FAIL: libmudflap.c/pass49-frag.c (-O2) output pattern test
FAIL: libmudflap.c/pass49-frag.c (-O2) execution test
FAIL: libmudflap.c/pass49-frag.c (-O2) output pattern test
FAIL: libmudflap.c/pass49-frag.c (-O3) execution test
FAIL: libmudflap.c/pass49-frag.c (-O3) output pattern test
FAIL: libmudflap.c/pass49-frag.c (-O3) execution test
FAIL: libmudflap.c/pass49-frag.c (-O3) output pattern test
FAIL: libmudflap.c++/pass41-frag.cxx execution test
FAIL: libmudflap.c++/pass41-frag.cxx (-static) execution test
FAIL: libmudflap.c++/pass41-frag.cxx (-O2) execution test
FAIL: libmudflap.c++/pass41-frag.cxx (-O3) execution test

		=== libmudflap Summary ===

# of expected passes		1874
# of unexpected failures	20
		=== libstdc++ tests ===


Running target unix

		=== libstdc++ Summary ===

# of expected passes		7975
# of expected failures		84
# of unsupported tests		102

Compiler version: 4.6.0 20101022 (experimental) (GCC) 
Platform: i686-pc-linux-gnu
configure flags: --prefix=/home/regress/tbox/objs --target=i686-pc-linux-gnu


Index Nav: [Date Index] [Subject Index] [Author Index] [Thread Index]
Message Nav: [Date Prev] [Date Next] [Thread Prev] [Thread Next]