This is the mail archive of the gcc-testresults@gcc.gnu.org mailing list for the GCC project.


Index Nav: [Date Index] [Subject Index] [Author Index] [Thread Index]
Message Nav: [Date Prev] [Date Next] [Thread Prev] [Thread Next]
Other format: [Raw text]

Results for 4.4.5 (GCC) testsuite on arm-none-linux-gnueabi


LAST_UPDATED: Mon Oct 18 14:19:06 UTC 2010 (revision 165637)

Native configuration is arm-none-linux-gnueabi

		=== libgomp tests ===


Running target unix
WARNING: program timed out.
FAIL: libgomp.fortran/strassen.f90  -O  execution test

		=== libgomp Summary ===

# of expected passes		2475
# of unexpected failures	1
		=== libstdc++ tests ===


Running target unix
FAIL: 27_io/fpos/14775.cc execution test

		=== libstdc++ Summary ===

# of expected passes		5842
# of unexpected failures	1
# of expected failures		80
# of unsupported tests		347
		=== g++ tests ===


Running target unix
FAIL: g++.dg/ext/cleanup-10.C execution test
FAIL: g++.dg/ext/cleanup-11.C execution test
FAIL: g++.dg/ext/cleanup-8.C execution test
FAIL: g++.dg/ext/cleanup-9.C execution test
FAIL: g++.dg/ipa/iinline-1.C scan-ipa-dump inline "String::funcOne[^\\n]*inline copy in int main"
XPASS: g++.dg/other/packed1.C execution test
FAIL: g++.dg/template/cond5.C (internal compiler error)
FAIL: g++.dg/template/cond5.C (test for excess errors)
FAIL: g++.dg/tree-ssa/new1.C scan-tree-dump-not forwprop1 "= .* \\+ -"
FAIL: g++.old-deja/g++.law/profile1.C (test for excess errors)
WARNING: g++.old-deja/g++.law/profile1.C compilation failed to produce executable

		=== g++ Summary ===

# of expected passes		19686
# of unexpected failures	9
# of unexpected successes	1
# of expected failures		157
# of unsupported tests		158
/home/dave/gnu/gcc/objdir/gcc/testsuite/g++/../../g++  version 4.4.5 (GCC) 

		=== gcc tests ===


Running target unix
FAIL: gcc.c-torture/compile/limits-structnest.c  -O2  (test for excess errors)
FAIL: gcc.c-torture/compile/limits-structnest.c  -O3 -fomit-frame-pointer  (test for excess errors)
FAIL: gcc.c-torture/compile/limits-structnest.c  -O3 -g  (test for excess errors)
FAIL: gcc.c-torture/compile/limits-structnest.c  -Os  (test for excess errors)
FAIL: gcc.dg/20021014-1.c (test for excess errors)
WARNING: gcc.dg/20021014-1.c compilation failed to produce executable
FAIL: gcc.dg/cleanup-10.c execution test
FAIL: gcc.dg/cleanup-11.c execution test
FAIL: gcc.dg/cleanup-8.c execution test
FAIL: gcc.dg/cleanup-9.c execution test
FAIL: gcc.dg/nest.c (test for excess errors)
WARNING: gcc.dg/nest.c compilation failed to produce executable
FAIL: gcc.dg/nested-func-4.c (test for excess errors)
WARNING: gcc.dg/nested-func-4.c compilation failed to produce executable
FAIL: gcc.dg/pr32450.c (test for excess errors)
WARNING: gcc.dg/pr32450.c compilation failed to produce executable
FAIL: gcc.dg/pr43643.c (test for excess errors)
WARNING: gcc.dg/pr43643.c compilation failed to produce executable
FAIL: gcc.dg/uninit-13.c unconditional (test for warnings, line 8)
FAIL: gcc.dg/uninit-13.c (test for excess errors)
FAIL: gcc.dg/tree-prof/bb-reorg.c compilation,  -fprofile-use -D_PROFILE_USE
UNRESOLVED: gcc.dg/tree-prof/bb-reorg.c execution,    -fprofile-use -D_PROFILE_USE
FAIL: gcc.dg/tree-prof/pr34999.c compilation,  -fprofile-use -D_PROFILE_USE
UNRESOLVED: gcc.dg/tree-prof/pr34999.c execution,    -fprofile-use -D_PROFILE_USE
FAIL: gcc.dg/tree-ssa/pr42585.c scan-tree-dump-times optimized "struct _fat_ptr _ans" 0
FAIL: gcc.dg/tree-ssa/pr42585.c scan-tree-dump-times optimized "struct _fat_ptr _T2" 0
FAIL: gcc.target/arm/neon/polytypes.c (test for excess errors)

		=== gcc Summary ===

# of expected passes		55442
# of unexpected failures	20
# of expected failures		242
# of unresolved testcases	2
# of unsupported tests		593
/home/dave/gnu/gcc/objdir/gcc/xgcc  version 4.4.5 (GCC) 

		=== gfortran tests ===


Running target unix
FAIL: gfortran.dg/gomp/pr43836.f90  -O  (internal compiler error)
FAIL: gfortran.dg/gomp/pr43836.f90  -O  (test for excess errors)

		=== gfortran Summary ===

# of expected passes		29454
# of unexpected failures	2
# of expected failures		17
# of unsupported tests		267
/home/dave/gnu/gcc/objdir/gcc/testsuite/gfortran/../../gfortran  version 4.4.5 (GCC) 

		=== obj-c++ tests ===


Running target unix
WARNING: obj-c++.dg/lookup-2.mm compilation failed to produce executable
WARNING: obj-c++.dg/try-catch-2.mm compilation failed to produce executable
WARNING: obj-c++.dg/try-catch-9.mm compilation failed to produce executable

		=== obj-c++ Summary ===

# of expected passes		438
# of expected failures		10
# of unsupported tests		13
/home/dave/gnu/gcc/objdir/gcc/testsuite/obj-c++/../../g++  version 4.4.5 (GCC) 

		=== objc tests ===


Running target unix
FAIL: objc/execute/class-13.m compilation,  -O1 -fgnu-runtime
UNRESOLVED: objc/execute/class-13.m execution,  -O1 -fgnu-runtime
FAIL: objc/execute/class-13.m compilation,  -O2 -fgnu-runtime
UNRESOLVED: objc/execute/class-13.m execution,  -O2 -fgnu-runtime
FAIL: objc/execute/class-13.m compilation,  -O3 -fomit-frame-pointer -fgnu-runtime
UNRESOLVED: objc/execute/class-13.m execution,  -O3 -fomit-frame-pointer -fgnu-runtime
FAIL: objc/execute/class-13.m compilation,  -O3 -g -fgnu-runtime
UNRESOLVED: objc/execute/class-13.m execution,  -O3 -g -fgnu-runtime
FAIL: objc/execute/class-13.m compilation,  -Os -fgnu-runtime
UNRESOLVED: objc/execute/class-13.m execution,  -Os -fgnu-runtime
FAIL: objc/execute/class-6.m compilation,  -O1 -fgnu-runtime
UNRESOLVED: objc/execute/class-6.m execution,  -O1 -fgnu-runtime
FAIL: objc/execute/class-6.m compilation,  -O2 -fgnu-runtime
UNRESOLVED: objc/execute/class-6.m execution,  -O2 -fgnu-runtime
FAIL: objc/execute/class-6.m compilation,  -O3 -fomit-frame-pointer -fgnu-runtime
UNRESOLVED: objc/execute/class-6.m execution,  -O3 -fomit-frame-pointer -fgnu-runtime
FAIL: objc/execute/class-6.m compilation,  -O3 -g -fgnu-runtime
UNRESOLVED: objc/execute/class-6.m execution,  -O3 -g -fgnu-runtime
FAIL: objc/execute/class-6.m compilation,  -Os -fgnu-runtime
UNRESOLVED: objc/execute/class-6.m execution,  -Os -fgnu-runtime
FAIL: objc/execute/forward-1.m execution,  -O0 -fgnu-runtime
FAIL: objc/execute/forward-1.m compilation,  -O1 -fgnu-runtime
UNRESOLVED: objc/execute/forward-1.m execution,  -O1 -fgnu-runtime
FAIL: objc/execute/forward-1.m compilation,  -O2 -fgnu-runtime
UNRESOLVED: objc/execute/forward-1.m execution,  -O2 -fgnu-runtime
FAIL: objc/execute/forward-1.m compilation,  -O3 -fomit-frame-pointer -fgnu-runtime
UNRESOLVED: objc/execute/forward-1.m execution,  -O3 -fomit-frame-pointer -fgnu-runtime
FAIL: objc/execute/forward-1.m compilation,  -O3 -fomit-frame-pointer -funroll-loops -fgnu-runtime
UNRESOLVED: objc/execute/forward-1.m execution,  -O3 -fomit-frame-pointer -funroll-loops -fgnu-runtime
FAIL: objc/execute/forward-1.m compilation,  -O3 -fomit-frame-pointer -funroll-all-loops -finline-functions -fgnu-runtime
UNRESOLVED: objc/execute/forward-1.m execution,  -O3 -fomit-frame-pointer -funroll-all-loops -finline-functions -fgnu-runtime
FAIL: objc/execute/forward-1.m compilation,  -O3 -g -fgnu-runtime
UNRESOLVED: objc/execute/forward-1.m execution,  -O3 -g -fgnu-runtime
FAIL: objc/execute/forward-1.m compilation,  -Os -fgnu-runtime
UNRESOLVED: objc/execute/forward-1.m execution,  -Os -fgnu-runtime
FAIL: objc/execute/object_is_class.m compilation,  -O1 -fgnu-runtime
UNRESOLVED: objc/execute/object_is_class.m execution,  -O1 -fgnu-runtime
FAIL: objc/execute/object_is_class.m compilation,  -O2 -fgnu-runtime
UNRESOLVED: objc/execute/object_is_class.m execution,  -O2 -fgnu-runtime
FAIL: objc/execute/object_is_class.m compilation,  -O3 -fomit-frame-pointer -fgnu-runtime
UNRESOLVED: objc/execute/object_is_class.m execution,  -O3 -fomit-frame-pointer -fgnu-runtime
FAIL: objc/execute/object_is_class.m compilation,  -O3 -g -fgnu-runtime
UNRESOLVED: objc/execute/object_is_class.m execution,  -O3 -g -fgnu-runtime
FAIL: objc/execute/object_is_class.m compilation,  -Os -fgnu-runtime
UNRESOLVED: objc/execute/object_is_class.m execution,  -Os -fgnu-runtime
FAIL: objc/execute/object_is_meta_class.m compilation,  -O1 -fgnu-runtime
UNRESOLVED: objc/execute/object_is_meta_class.m execution,  -O1 -fgnu-runtime
FAIL: objc/execute/object_is_meta_class.m compilation,  -O2 -fgnu-runtime
UNRESOLVED: objc/execute/object_is_meta_class.m execution,  -O2 -fgnu-runtime
FAIL: objc/execute/object_is_meta_class.m compilation,  -O3 -fomit-frame-pointer -fgnu-runtime
UNRESOLVED: objc/execute/object_is_meta_class.m execution,  -O3 -fomit-frame-pointer -fgnu-runtime
FAIL: objc/execute/object_is_meta_class.m compilation,  -O3 -g -fgnu-runtime
UNRESOLVED: objc/execute/object_is_meta_class.m execution,  -O3 -g -fgnu-runtime
FAIL: objc/execute/object_is_meta_class.m compilation,  -Os -fgnu-runtime
UNRESOLVED: objc/execute/object_is_meta_class.m execution,  -Os -fgnu-runtime

		=== objc Summary ===

# of expected passes		1819
# of unexpected failures	28
# of expected failures		7
# of unresolved testcases	27
# of unsupported tests		24
/home/dave/gnu/gcc/objdir/gcc/xgcc  version 4.4.5 (GCC) 


Compiler version: 4.4.5 (GCC) 
Platform: arm-none-linux-gnueabi
configure flags: --host=arm-none-linux-gnueabi --target=arm-none-linux-gnueabi --build=arm-none-linux-gnueabi --disable-stage1-checking --enable-languages=c,c++,fortran,objc,obj-c++ --enable-checking=yes --enable-shared --enable-threads --disable-multilib --disable-libmudflap --disable-libssp --enable-symvers=gnu --enable-__cxa_atexit --disable-libstdcxx-pch --prefix=/home/dave/opt/gnu/gcc/gcc-4.4.5 --with-gmp=/home/dave/opt/gnu


Index Nav: [Date Index] [Subject Index] [Author Index] [Thread Index]
Message Nav: [Date Prev] [Date Next] [Thread Prev] [Thread Next]