This is the mail archive of the
gcc-testresults@gcc.gnu.org
mailing list for the GCC project.
Results for 4.6.0 20101016 (experimental) (GCC) testsuite on m68k-unknown-elf
- From: CodeSourcery Automatic Testing System <gcc at codesourcery dot com>
- To: gcc-testresults at gcc dot gnu dot org
- Date: Sat, 16 Oct 2010 08:50:05 -0700 (PDT)
- Subject: Results for 4.6.0 20101016 (experimental) (GCC) testsuite on m68k-unknown-elf
LAST_UPDATED: Sat Oct 16 07:12:44 UTC 2010 (/trunk revision 165537)
Target is m68k-unknown-elf
Host is i686-pc-linux-gnu
=== g++ tests ===
Running target qemu-coldfire-elf-prebuilt-fsf
FAIL: g++.dg/debug/dwarf2/nested-2.C scan-assembler [^\\n\\r]*\\\\(DIE[^\\n\\r]*DW_TAG_structure_type\\\\)[\\n\\r]+[^\\n\\r]*"S\\\\\\\\0"[ \\t]+(@|#|!|//?)[ \\t]+DW_AT_name[\\n\\r]+(.*)?\\\\(DIE[^\\n\\r]*DW_TAG_structure_type\\\\)[\\n\\r]+[^\\n\\r]*"T<int>\\\\\\\\0"[ \\t]+(.*)?\\\\(DIE[^\\n\\r]*DW_TAG_template_type_param\\\\)[\\n\\r]+[^\\n\\r]*[\\n\\r]+[^\\n\\r]*[\\n\\r]+[^\\n\\r]*(@|#|!|//?)[ \\t]+end of children of DIE[^\\n\\r]*[\\n\\r]+[^\\n\\r]*end of children of DIE[^\\n\\r]*
FAIL: g++.dg/tree-ssa/pr41186.C scan-tree-dump fre "Replaced b1.b with 1"
FAIL: g++.dg/torture/type-generic-1.C -O0 execution test
FAIL: g++.dg/torture/type-generic-1.C -O1 execution test
FAIL: g++.dg/torture/type-generic-1.C -O2 execution test
FAIL: g++.dg/torture/type-generic-1.C -O3 -fomit-frame-pointer execution test
FAIL: g++.dg/torture/type-generic-1.C -O3 -g execution test
FAIL: g++.dg/torture/type-generic-1.C -Os execution test
FAIL: g++.dg/torture/type-generic-1.C -O2 -flto execution test
FAIL: g++.dg/torture/type-generic-1.C -O2 -fwhopr execution test
=== g++ Summary ===
# of expected passes 23522
# of unexpected failures 10
# of expected failures 149
# of unsupported tests 420
/scratch/gcc/nightly-2010-10-16-mainline/coldfire-elf/obj/test-mainline-0-m68k-elf/host-i686-pc-linux-gnu/fsf-mainline/bin/m68k-elf-g++ version 4.6.0 20101016 (experimental) (GCC)
Host is i686-pc-linux-gnu
=== gcc tests ===
Running target qemu-coldfire-elf-prebuilt-fsf
FAIL: gcc.c-torture/execute/20000822-1.c execution, -O3 -fomit-frame-pointer
FAIL: gcc.c-torture/execute/920501-7.c execution, -O3 -fomit-frame-pointer
FAIL: gcc.c-torture/execute/comp-goto-2.c execution, -O3 -fomit-frame-pointer
FAIL: gcc.c-torture/execute/loop-3b.c compilation, -O3 -fomit-frame-pointer -funroll-loops (internal compiler error)
UNRESOLVED: gcc.c-torture/execute/loop-3b.c execution, -O3 -fomit-frame-pointer -funroll-loops
FAIL: gcc.c-torture/execute/loop-3b.c compilation, -O3 -fomit-frame-pointer -funroll-all-loops -finline-functions (internal compiler error)
UNRESOLVED: gcc.c-torture/execute/loop-3b.c execution, -O3 -fomit-frame-pointer -funroll-all-loops -finline-functions
FAIL: gcc.c-torture/execute/stdarg-2.c execution, -O3 -fomit-frame-pointer
FAIL: gcc.dg/pr28796-2.c execution test
FAIL: gcc.dg/pr42629.c (internal compiler error)
FAIL: gcc.dg/pr42629.c (test for excess errors)
FAIL: gcc.dg/pr45055.c (internal compiler error)
FAIL: gcc.dg/pr45055.c (test for excess errors)
FAIL: gcc.dg/stack-usage-1.c (test for excess errors)
FAIL: gcc.dg/stack-usage-1.c scan-file foo\\t(256|264)\\tstatic
FAIL: gcc.dg/uninit-pred-7_a.c bogus warning (test for bogus messages, line 26)
FAIL: gcc.dg/uninit-pred-8_a.c bogus warning (test for bogus messages, line 26)
FAIL: gcc.dg/lto/20090210 c_lto_20090210_0.o-c_lto_20090210_1.o link, -O0 -fwhopr
UNRESOLVED: gcc.dg/lto/20090210 c_lto_20090210_0.o-c_lto_20090210_1.o execute -O0 -fwhopr
FAIL: gcc.dg/lto/20090210 c_lto_20090210_0.o-c_lto_20090210_1.o link, -O2 -fwhopr
UNRESOLVED: gcc.dg/lto/20090210 c_lto_20090210_0.o-c_lto_20090210_1.o execute -O2 -fwhopr
FAIL: gcc.dg/lto/20090210 c_lto_20090210_0.o-c_lto_20090210_1.o link, -O0 -flto
UNRESOLVED: gcc.dg/lto/20090210 c_lto_20090210_0.o-c_lto_20090210_1.o execute -O0 -flto
FAIL: gcc.dg/lto/20090210 c_lto_20090210_0.o-c_lto_20090210_1.o link, -O2 -flto
UNRESOLVED: gcc.dg/lto/20090210 c_lto_20090210_0.o-c_lto_20090210_1.o execute -O2 -flto
FAIL: gcc.dg/tls/thr-init-2.c (test for excess errors)
UNRESOLVED: gcc.dg/tls/thr-init-2.c compilation failed to produce executable
FAIL: gcc.dg/torture/type-generic-1.c -O0 execution test
FAIL: gcc.dg/torture/type-generic-1.c -O1 execution test
FAIL: gcc.dg/torture/type-generic-1.c -O2 execution test
FAIL: gcc.dg/torture/type-generic-1.c -O3 -fomit-frame-pointer execution test
FAIL: gcc.dg/torture/type-generic-1.c -O3 -g execution test
FAIL: gcc.dg/torture/type-generic-1.c -Os execution test
FAIL: gcc.dg/torture/type-generic-1.c -O2 -flto execution test
FAIL: gcc.dg/torture/type-generic-1.c -O2 -fwhopr execution test
FAIL: gcc.dg/torture/stackalign/comp-goto-1.c -O3 -fomit-frame-pointer execution test
FAIL: gcc.dg/torture/stackalign/non-local-goto-4.c -O3 -fomit-frame-pointer execution test
FAIL: gcc.dg/torture/stackalign/comp-goto-1.c -O3 -fomit-frame-pointer execution test
FAIL: gcc.dg/torture/stackalign/non-local-goto-4.c -O3 -fomit-frame-pointer execution test
FAIL: gcc.dg/torture/tls/thr-init-1.c -O0 (test for excess errors)
UNRESOLVED: gcc.dg/torture/tls/thr-init-1.c -O0 compilation failed to produce executable
FAIL: gcc.dg/torture/tls/thr-init-1.c -O1 (test for excess errors)
UNRESOLVED: gcc.dg/torture/tls/thr-init-1.c -O1 compilation failed to produce executable
FAIL: gcc.dg/torture/tls/thr-init-1.c -O2 (test for excess errors)
UNRESOLVED: gcc.dg/torture/tls/thr-init-1.c -O2 compilation failed to produce executable
FAIL: gcc.dg/torture/tls/thr-init-1.c -O3 -fomit-frame-pointer (test for excess errors)
UNRESOLVED: gcc.dg/torture/tls/thr-init-1.c -O3 -fomit-frame-pointer compilation failed to produce executable
FAIL: gcc.dg/torture/tls/thr-init-1.c -O3 -g (test for excess errors)
UNRESOLVED: gcc.dg/torture/tls/thr-init-1.c -O3 -g compilation failed to produce executable
FAIL: gcc.dg/torture/tls/thr-init-1.c -Os (test for excess errors)
UNRESOLVED: gcc.dg/torture/tls/thr-init-1.c -Os compilation failed to produce executable
FAIL: gcc.dg/torture/tls/thr-init-1.c -O2 -flto (test for excess errors)
UNRESOLVED: gcc.dg/torture/tls/thr-init-1.c -O2 -flto compilation failed to produce executable
FAIL: gcc.dg/torture/tls/thr-init-1.c -O2 -fwhopr (test for excess errors)
UNRESOLVED: gcc.dg/torture/tls/thr-init-1.c -O2 -fwhopr compilation failed to produce executable
FAIL: gcc.dg/torture/tls/thr-init-2.c -O0 (test for excess errors)
UNRESOLVED: gcc.dg/torture/tls/thr-init-2.c -O0 compilation failed to produce executable
FAIL: gcc.dg/torture/tls/thr-init-2.c -O1 (test for excess errors)
UNRESOLVED: gcc.dg/torture/tls/thr-init-2.c -O1 compilation failed to produce executable
FAIL: gcc.dg/torture/tls/thr-init-2.c -O2 (test for excess errors)
UNRESOLVED: gcc.dg/torture/tls/thr-init-2.c -O2 compilation failed to produce executable
FAIL: gcc.dg/torture/tls/thr-init-2.c -O3 -fomit-frame-pointer (test for excess errors)
UNRESOLVED: gcc.dg/torture/tls/thr-init-2.c -O3 -fomit-frame-pointer compilation failed to produce executable
FAIL: gcc.dg/torture/tls/thr-init-2.c -O3 -g (test for excess errors)
UNRESOLVED: gcc.dg/torture/tls/thr-init-2.c -O3 -g compilation failed to produce executable
FAIL: gcc.dg/torture/tls/thr-init-2.c -Os (test for excess errors)
UNRESOLVED: gcc.dg/torture/tls/thr-init-2.c -Os compilation failed to produce executable
FAIL: gcc.dg/torture/tls/thr-init-2.c -O2 -flto (test for excess errors)
UNRESOLVED: gcc.dg/torture/tls/thr-init-2.c -O2 -flto compilation failed to produce executable
FAIL: gcc.dg/torture/tls/thr-init-2.c -O2 -fwhopr (test for excess errors)
UNRESOLVED: gcc.dg/torture/tls/thr-init-2.c -O2 -fwhopr compilation failed to produce executable
FAIL: gcc.dg/tree-ssa/ssa-ccp-33.c (test for excess errors)
FAIL: gcc.dg/tree-ssa/vrp47.c scan-tree-dump-times vrp1 "[xy][^ ]* !=" 0
FAIL: gcc.dg/tree-ssa/vrp47.c scan-tree-dump-times dom1 "x[^ ]* & y" 1
FAIL: gcc.dg/tree-ssa/vrp47.c scan-tree-dump-times vrp1 "x[^ ]* [|] y" 1
FAIL: gcc.target/m68k/20090709-1.c scan-assembler-times .LC0 3
=== gcc Summary ===
# of expected passes 65663
# of unexpected failures 53
# of expected failures 117
# of unresolved testcases 23
# of unsupported tests 1062
/scratch/gcc/nightly-2010-10-16-mainline/coldfire-elf/obj/test-mainline-0-m68k-elf/host-i686-pc-linux-gnu/fsf-mainline/bin/m68k-elf-gcc version 4.6.0 20101016 (experimental) (GCC)
Host is i686-pc-linux-gnu
=== libstdc++ tests ===
Running target qemu-coldfire-elf-prebuilt-fsf
FAIL: 20_util/hash/chi2_quality.cc (test for excess errors)
UNRESOLVED: 20_util/hash/chi2_quality.cc compilation failed to produce executable
FAIL: 20_util/hash/quality.cc (test for excess errors)
UNRESOLVED: 20_util/hash/quality.cc compilation failed to produce executable
FAIL: 22_locale/collate/transform/wchar_t/28277.cc execution test
FAIL: 22_locale/ctype/scan/wchar_t/1.cc execution test
FAIL: 23_containers/vector/profile/vector.cc execution test
FAIL: 27_io/basic_filebuf/seekoff/wchar_t/4.cc (test for excess errors)
UNRESOLVED: 27_io/basic_filebuf/seekoff/wchar_t/4.cc compilation failed to produce executable
FAIL: 27_io/basic_filebuf/sgetn/char/1-in.cc execution test
FAIL: 27_io/basic_filebuf/sgetn/char/1-io.cc execution test
FAIL: 27_io/basic_filebuf/sgetn/char/2-in.cc execution test
FAIL: 27_io/basic_filebuf/sgetn/char/2-io.cc execution test
FAIL: 27_io/basic_filebuf/underflow/wchar_t/11603.cc execution test
FAIL: 27_io/basic_istream/extractors_arithmetic/char/12.cc execution test
FAIL: 27_io/basic_istream/extractors_arithmetic/wchar_t/12.cc execution test
FAIL: 27_io/basic_istream/readsome/char/6746-2.cc execution test
FAIL: 27_io/basic_istream/readsome/wchar_t/6746-2.cc execution test
FAIL: 27_io/basic_ostream/inserters_arithmetic/wchar_t/4402.cc execution test
FAIL: 27_io/basic_stringbuf/overflow/wchar_t/1.cc execution test
FAIL: 27_io/ios_base/storage/11584.cc execution test
XPASS: 27_io/ios_base/sync_with_stdio/1.cc execution test
FAIL: 27_io/objects/char/6.cc execution test
FAIL: 27_io/objects/wchar_t/6.cc execution test
FAIL: ext/pool_allocator/allocate_chunk.cc execution test
FAIL: tr1/6_containers/unordered_map/requirements/iterator_null_neg.cc (test for errors, line 26)
FAIL: tr1/6_containers/unordered_map/requirements/iterator_null_neg.cc (test for errors, line 27)
FAIL: tr1/6_containers/unordered_map/requirements/iterator_null_neg.cc (test for excess errors)
FAIL: tr1/6_containers/unordered_set/requirements/iterator_null_neg.cc (test for errors, line 26)
FAIL: tr1/6_containers/unordered_set/requirements/iterator_null_neg.cc (test for errors, line 27)
FAIL: tr1/6_containers/unordered_set/requirements/iterator_null_neg.cc (test for excess errors)
=== libstdc++ Summary ===
# of expected passes 6534
# of unexpected failures 27
# of unexpected successes 1
# of expected failures 82
# of unresolved testcases 3
# of unsupported tests 508
Host is i686-pc-linux-gnu
=== g++ tests ===
Running target qemu-coldfire-elf-prebuilt-fsf/-mcpu=5208
FAIL: g++.dg/debug/dwarf2/nested-2.C scan-assembler [^\\n\\r]*\\\\(DIE[^\\n\\r]*DW_TAG_structure_type\\\\)[\\n\\r]+[^\\n\\r]*"S\\\\\\\\0"[ \\t]+(@|#|!|//?)[ \\t]+DW_AT_name[\\n\\r]+(.*)?\\\\(DIE[^\\n\\r]*DW_TAG_structure_type\\\\)[\\n\\r]+[^\\n\\r]*"T<int>\\\\\\\\0"[ \\t]+(.*)?\\\\(DIE[^\\n\\r]*DW_TAG_template_type_param\\\\)[\\n\\r]+[^\\n\\r]*[\\n\\r]+[^\\n\\r]*[\\n\\r]+[^\\n\\r]*(@|#|!|//?)[ \\t]+end of children of DIE[^\\n\\r]*[\\n\\r]+[^\\n\\r]*end of children of DIE[^\\n\\r]*
FAIL: g++.dg/tree-ssa/pr41186.C scan-tree-dump fre "Replaced b1.b with 1"
FAIL: g++.dg/torture/type-generic-1.C -O0 execution test
FAIL: g++.dg/torture/type-generic-1.C -O1 execution test
FAIL: g++.dg/torture/type-generic-1.C -O2 execution test
FAIL: g++.dg/torture/type-generic-1.C -O3 -fomit-frame-pointer execution test
FAIL: g++.dg/torture/type-generic-1.C -O3 -g execution test
FAIL: g++.dg/torture/type-generic-1.C -Os execution test
FAIL: g++.dg/torture/type-generic-1.C -O2 -flto execution test
FAIL: g++.dg/torture/type-generic-1.C -O2 -fwhopr execution test
=== g++ Summary ===
# of expected passes 23522
# of unexpected failures 10
# of expected failures 149
# of unsupported tests 420
/scratch/gcc/nightly-2010-10-16-mainline/coldfire-elf/obj/test-mainline-0-m68k-elf/host-i686-pc-linux-gnu/fsf-mainline/bin/m68k-elf-g++ version 4.6.0 20101016 (experimental) (GCC)
Host is i686-pc-linux-gnu
=== gcc tests ===
Running target qemu-coldfire-elf-prebuilt-fsf/-mcpu=5208
FAIL: gcc.c-torture/execute/20000822-1.c execution, -O3 -fomit-frame-pointer
FAIL: gcc.c-torture/execute/920501-7.c execution, -O3 -fomit-frame-pointer
FAIL: gcc.c-torture/execute/comp-goto-2.c execution, -O3 -fomit-frame-pointer
FAIL: gcc.c-torture/execute/stdarg-2.c execution, -O3 -fomit-frame-pointer
FAIL: gcc.dg/pr28796-2.c execution test
FAIL: gcc.dg/pr42629.c (internal compiler error)
FAIL: gcc.dg/pr42629.c (test for excess errors)
FAIL: gcc.dg/pr45055.c (internal compiler error)
FAIL: gcc.dg/pr45055.c (test for excess errors)
FAIL: gcc.dg/stack-usage-1.c (test for excess errors)
FAIL: gcc.dg/stack-usage-1.c scan-file foo\\t(256|264)\\tstatic
FAIL: gcc.dg/uninit-pred-7_a.c bogus warning (test for bogus messages, line 26)
FAIL: gcc.dg/uninit-pred-8_a.c bogus warning (test for bogus messages, line 26)
FAIL: gcc.dg/lto/20090210 c_lto_20090210_0.o-c_lto_20090210_1.o link, -O0 -fwhopr
UNRESOLVED: gcc.dg/lto/20090210 c_lto_20090210_0.o-c_lto_20090210_1.o execute -O0 -fwhopr
FAIL: gcc.dg/lto/20090210 c_lto_20090210_0.o-c_lto_20090210_1.o link, -O2 -fwhopr
UNRESOLVED: gcc.dg/lto/20090210 c_lto_20090210_0.o-c_lto_20090210_1.o execute -O2 -fwhopr
FAIL: gcc.dg/lto/20090210 c_lto_20090210_0.o-c_lto_20090210_1.o link, -O0 -flto
UNRESOLVED: gcc.dg/lto/20090210 c_lto_20090210_0.o-c_lto_20090210_1.o execute -O0 -flto
FAIL: gcc.dg/lto/20090210 c_lto_20090210_0.o-c_lto_20090210_1.o link, -O2 -flto
UNRESOLVED: gcc.dg/lto/20090210 c_lto_20090210_0.o-c_lto_20090210_1.o execute -O2 -flto
FAIL: gcc.dg/tls/thr-init-2.c (test for excess errors)
UNRESOLVED: gcc.dg/tls/thr-init-2.c compilation failed to produce executable
FAIL: gcc.dg/torture/type-generic-1.c -O0 execution test
FAIL: gcc.dg/torture/type-generic-1.c -O1 execution test
FAIL: gcc.dg/torture/type-generic-1.c -O2 execution test
FAIL: gcc.dg/torture/type-generic-1.c -O3 -fomit-frame-pointer execution test
FAIL: gcc.dg/torture/type-generic-1.c -O3 -g execution test
FAIL: gcc.dg/torture/type-generic-1.c -Os execution test
FAIL: gcc.dg/torture/type-generic-1.c -O2 -flto execution test
FAIL: gcc.dg/torture/type-generic-1.c -O2 -fwhopr execution test
FAIL: gcc.dg/torture/stackalign/comp-goto-1.c -O3 -fomit-frame-pointer execution test
FAIL: gcc.dg/torture/stackalign/non-local-goto-4.c -O3 -fomit-frame-pointer execution test
FAIL: gcc.dg/torture/stackalign/comp-goto-1.c -O3 -fomit-frame-pointer execution test
FAIL: gcc.dg/torture/stackalign/non-local-goto-4.c -O3 -fomit-frame-pointer execution test
FAIL: gcc.dg/torture/tls/thr-init-1.c -O0 (test for excess errors)
UNRESOLVED: gcc.dg/torture/tls/thr-init-1.c -O0 compilation failed to produce executable
FAIL: gcc.dg/torture/tls/thr-init-1.c -O1 (test for excess errors)
UNRESOLVED: gcc.dg/torture/tls/thr-init-1.c -O1 compilation failed to produce executable
FAIL: gcc.dg/torture/tls/thr-init-1.c -O2 (test for excess errors)
UNRESOLVED: gcc.dg/torture/tls/thr-init-1.c -O2 compilation failed to produce executable
FAIL: gcc.dg/torture/tls/thr-init-1.c -O3 -fomit-frame-pointer (test for excess errors)
UNRESOLVED: gcc.dg/torture/tls/thr-init-1.c -O3 -fomit-frame-pointer compilation failed to produce executable
FAIL: gcc.dg/torture/tls/thr-init-1.c -O3 -g (test for excess errors)
UNRESOLVED: gcc.dg/torture/tls/thr-init-1.c -O3 -g compilation failed to produce executable
FAIL: gcc.dg/torture/tls/thr-init-1.c -Os (test for excess errors)
UNRESOLVED: gcc.dg/torture/tls/thr-init-1.c -Os compilation failed to produce executable
FAIL: gcc.dg/torture/tls/thr-init-1.c -O2 -flto (test for excess errors)
UNRESOLVED: gcc.dg/torture/tls/thr-init-1.c -O2 -flto compilation failed to produce executable
FAIL: gcc.dg/torture/tls/thr-init-1.c -O2 -fwhopr (test for excess errors)
UNRESOLVED: gcc.dg/torture/tls/thr-init-1.c -O2 -fwhopr compilation failed to produce executable
FAIL: gcc.dg/torture/tls/thr-init-2.c -O0 (test for excess errors)
UNRESOLVED: gcc.dg/torture/tls/thr-init-2.c -O0 compilation failed to produce executable
FAIL: gcc.dg/torture/tls/thr-init-2.c -O1 (test for excess errors)
UNRESOLVED: gcc.dg/torture/tls/thr-init-2.c -O1 compilation failed to produce executable
FAIL: gcc.dg/torture/tls/thr-init-2.c -O2 (test for excess errors)
UNRESOLVED: gcc.dg/torture/tls/thr-init-2.c -O2 compilation failed to produce executable
FAIL: gcc.dg/torture/tls/thr-init-2.c -O3 -fomit-frame-pointer (test for excess errors)
UNRESOLVED: gcc.dg/torture/tls/thr-init-2.c -O3 -fomit-frame-pointer compilation failed to produce executable
FAIL: gcc.dg/torture/tls/thr-init-2.c -O3 -g (test for excess errors)
UNRESOLVED: gcc.dg/torture/tls/thr-init-2.c -O3 -g compilation failed to produce executable
FAIL: gcc.dg/torture/tls/thr-init-2.c -Os (test for excess errors)
UNRESOLVED: gcc.dg/torture/tls/thr-init-2.c -Os compilation failed to produce executable
FAIL: gcc.dg/torture/tls/thr-init-2.c -O2 -flto (test for excess errors)
UNRESOLVED: gcc.dg/torture/tls/thr-init-2.c -O2 -flto compilation failed to produce executable
FAIL: gcc.dg/torture/tls/thr-init-2.c -O2 -fwhopr (test for excess errors)
UNRESOLVED: gcc.dg/torture/tls/thr-init-2.c -O2 -fwhopr compilation failed to produce executable
FAIL: gcc.dg/tree-ssa/ssa-ccp-33.c (test for excess errors)
FAIL: gcc.dg/tree-ssa/vrp47.c scan-tree-dump-times vrp1 "[xy][^ ]* !=" 0
FAIL: gcc.dg/tree-ssa/vrp47.c scan-tree-dump-times dom1 "x[^ ]* & y" 1
FAIL: gcc.dg/tree-ssa/vrp47.c scan-tree-dump-times vrp1 "x[^ ]* [|] y" 1
FAIL: gcc.target/m68k/20090709-1.c scan-assembler-times .LC0 3
=== gcc Summary ===
# of expected passes 65667
# of unexpected failures 51
# of expected failures 117
# of unresolved testcases 21
# of unsupported tests 1062
/scratch/gcc/nightly-2010-10-16-mainline/coldfire-elf/obj/test-mainline-0-m68k-elf/host-i686-pc-linux-gnu/fsf-mainline/bin/m68k-elf-gcc version 4.6.0 20101016 (experimental) (GCC)
Host is i686-pc-linux-gnu
=== libstdc++ tests ===
Running target qemu-coldfire-elf-prebuilt-fsf/-mcpu=5208
FAIL: 20_util/hash/chi2_quality.cc (test for excess errors)
UNRESOLVED: 20_util/hash/chi2_quality.cc compilation failed to produce executable
FAIL: 20_util/hash/quality.cc (test for excess errors)
UNRESOLVED: 20_util/hash/quality.cc compilation failed to produce executable
FAIL: 22_locale/collate/transform/wchar_t/28277.cc execution test
FAIL: 22_locale/ctype/scan/wchar_t/1.cc execution test
FAIL: 23_containers/vector/profile/vector.cc execution test
FAIL: 27_io/basic_filebuf/seekoff/wchar_t/4.cc (test for excess errors)
UNRESOLVED: 27_io/basic_filebuf/seekoff/wchar_t/4.cc compilation failed to produce executable
FAIL: 27_io/basic_filebuf/sgetn/char/1-in.cc execution test
FAIL: 27_io/basic_filebuf/sgetn/char/1-io.cc execution test
FAIL: 27_io/basic_filebuf/sgetn/char/2-in.cc execution test
FAIL: 27_io/basic_filebuf/sgetn/char/2-io.cc execution test
FAIL: 27_io/basic_filebuf/underflow/wchar_t/11603.cc execution test
FAIL: 27_io/basic_istream/extractors_arithmetic/char/12.cc execution test
FAIL: 27_io/basic_istream/extractors_arithmetic/wchar_t/12.cc execution test
FAIL: 27_io/basic_istream/readsome/char/6746-2.cc execution test
FAIL: 27_io/basic_istream/readsome/wchar_t/6746-2.cc execution test
FAIL: 27_io/basic_ostream/inserters_arithmetic/wchar_t/4402.cc execution test
FAIL: 27_io/basic_stringbuf/overflow/wchar_t/1.cc execution test
FAIL: 27_io/ios_base/storage/11584.cc execution test
XPASS: 27_io/ios_base/sync_with_stdio/1.cc execution test
FAIL: 27_io/objects/char/6.cc execution test
FAIL: 27_io/objects/wchar_t/6.cc execution test
FAIL: ext/pool_allocator/allocate_chunk.cc execution test
FAIL: tr1/6_containers/unordered_map/requirements/iterator_null_neg.cc (test for errors, line 26)
FAIL: tr1/6_containers/unordered_map/requirements/iterator_null_neg.cc (test for errors, line 27)
FAIL: tr1/6_containers/unordered_map/requirements/iterator_null_neg.cc (test for excess errors)
FAIL: tr1/6_containers/unordered_set/requirements/iterator_null_neg.cc (test for errors, line 26)
FAIL: tr1/6_containers/unordered_set/requirements/iterator_null_neg.cc (test for errors, line 27)
FAIL: tr1/6_containers/unordered_set/requirements/iterator_null_neg.cc (test for excess errors)
=== libstdc++ Summary ===
# of expected passes 6534
# of unexpected failures 27
# of unexpected successes 1
# of expected failures 82
# of unresolved testcases 3
# of unsupported tests 508
Host is i686-pc-linux-gnu
=== g++ tests ===
Running target qemu-coldfire-elf-prebuilt-fsf/-mcpu=5475
FAIL: g++.dg/debug/dwarf2/nested-2.C scan-assembler [^\\n\\r]*\\\\(DIE[^\\n\\r]*DW_TAG_structure_type\\\\)[\\n\\r]+[^\\n\\r]*"S\\\\\\\\0"[ \\t]+(@|#|!|//?)[ \\t]+DW_AT_name[\\n\\r]+(.*)?\\\\(DIE[^\\n\\r]*DW_TAG_structure_type\\\\)[\\n\\r]+[^\\n\\r]*"T<int>\\\\\\\\0"[ \\t]+(.*)?\\\\(DIE[^\\n\\r]*DW_TAG_template_type_param\\\\)[\\n\\r]+[^\\n\\r]*[\\n\\r]+[^\\n\\r]*[\\n\\r]+[^\\n\\r]*(@|#|!|//?)[ \\t]+end of children of DIE[^\\n\\r]*[\\n\\r]+[^\\n\\r]*end of children of DIE[^\\n\\r]*
FAIL: g++.dg/tree-ssa/pr41186.C scan-tree-dump fre "Replaced b1.b with 1"
FAIL: g++.dg/torture/type-generic-1.C -O0 execution test
FAIL: g++.dg/torture/type-generic-1.C -O1 execution test
FAIL: g++.dg/torture/type-generic-1.C -O2 execution test
FAIL: g++.dg/torture/type-generic-1.C -O3 -fomit-frame-pointer execution test
FAIL: g++.dg/torture/type-generic-1.C -O3 -g execution test
FAIL: g++.dg/torture/type-generic-1.C -Os execution test
FAIL: g++.dg/torture/type-generic-1.C -O2 -flto execution test
FAIL: g++.dg/torture/type-generic-1.C -O2 -fwhopr execution test
=== g++ Summary ===
# of expected passes 23522
# of unexpected failures 10
# of expected failures 149
# of unsupported tests 420
/scratch/gcc/nightly-2010-10-16-mainline/coldfire-elf/obj/test-mainline-0-m68k-elf/host-i686-pc-linux-gnu/fsf-mainline/bin/m68k-elf-g++ version 4.6.0 20101016 (experimental) (GCC)
Host is i686-pc-linux-gnu
=== gcc tests ===
Running target qemu-coldfire-elf-prebuilt-fsf/-mcpu=5475
FAIL: gcc.c-torture/execute/920501-7.c execution, -O3 -fomit-frame-pointer
FAIL: gcc.c-torture/execute/comp-goto-2.c execution, -O3 -fomit-frame-pointer
FAIL: gcc.c-torture/execute/pr28982b.c compilation, -O1 (internal compiler error)
UNRESOLVED: gcc.c-torture/execute/pr28982b.c execution, -O1
FAIL: gcc.c-torture/execute/pr28982b.c compilation, -O2 (internal compiler error)
UNRESOLVED: gcc.c-torture/execute/pr28982b.c execution, -O2
FAIL: gcc.c-torture/execute/pr28982b.c compilation, -O3 -fomit-frame-pointer (internal compiler error)
UNRESOLVED: gcc.c-torture/execute/pr28982b.c execution, -O3 -fomit-frame-pointer
FAIL: gcc.c-torture/execute/pr28982b.c compilation, -O3 -fomit-frame-pointer -funroll-loops (internal compiler error)
UNRESOLVED: gcc.c-torture/execute/pr28982b.c execution, -O3 -fomit-frame-pointer -funroll-loops
FAIL: gcc.c-torture/execute/pr28982b.c compilation, -O3 -fomit-frame-pointer -funroll-all-loops -finline-functions (internal compiler error)
UNRESOLVED: gcc.c-torture/execute/pr28982b.c execution, -O3 -fomit-frame-pointer -funroll-all-loops -finline-functions
FAIL: gcc.c-torture/execute/pr28982b.c compilation, -O3 -g (internal compiler error)
UNRESOLVED: gcc.c-torture/execute/pr28982b.c execution, -O3 -g
FAIL: gcc.c-torture/execute/pr28982b.c compilation, -Os (internal compiler error)
UNRESOLVED: gcc.c-torture/execute/pr28982b.c execution, -Os
FAIL: gcc.c-torture/execute/pr28982b.c compilation, -O2 -flto (internal compiler error)
UNRESOLVED: gcc.c-torture/execute/pr28982b.c execution, -O2 -flto
FAIL: gcc.c-torture/execute/pr28982b.c compilation, -O2 -fwhopr (internal compiler error)
UNRESOLVED: gcc.c-torture/execute/pr28982b.c execution, -O2 -fwhopr
XPASS: gcc.c-torture/execute/ieee/20000320-1.c execution, -O0
XPASS: gcc.c-torture/execute/ieee/20000320-1.c execution, -O1
XPASS: gcc.c-torture/execute/ieee/20000320-1.c execution, -O2
XPASS: gcc.c-torture/execute/ieee/20000320-1.c execution, -O3 -fomit-frame-pointer
XPASS: gcc.c-torture/execute/ieee/20000320-1.c execution, -O3 -g
XPASS: gcc.c-torture/execute/ieee/20000320-1.c execution, -Os
XPASS: gcc.c-torture/execute/ieee/20000320-1.c execution, -O2 -flto
XPASS: gcc.c-torture/execute/ieee/20000320-1.c execution, -O2 -fwhopr
FAIL: gcc.c-torture/execute/ieee/20010114-2.c execution, -O2
FAIL: gcc.c-torture/execute/ieee/20010114-2.c execution, -O3 -fomit-frame-pointer
FAIL: gcc.c-torture/execute/ieee/20010114-2.c execution, -O3 -g
FAIL: gcc.c-torture/execute/ieee/20010114-2.c execution, -O2 -flto
FAIL: gcc.c-torture/execute/ieee/20010114-2.c execution, -O2 -fwhopr
FAIL: gcc.c-torture/execute/ieee/20030331-1.c execution, -O2
FAIL: gcc.c-torture/execute/ieee/20030331-1.c execution, -O3 -fomit-frame-pointer
FAIL: gcc.c-torture/execute/ieee/20030331-1.c execution, -O3 -g
FAIL: gcc.c-torture/execute/ieee/20030331-1.c execution, -O2 -flto
FAIL: gcc.c-torture/execute/ieee/20030331-1.c execution, -O2 -fwhopr
FAIL: gcc.c-torture/execute/ieee/compare-fp-1.c execution, -O0
FAIL: gcc.c-torture/execute/ieee/compare-fp-1.c execution, -O1
FAIL: gcc.c-torture/execute/ieee/compare-fp-1.c execution, -O2
FAIL: gcc.c-torture/execute/ieee/compare-fp-1.c execution, -O3 -fomit-frame-pointer
FAIL: gcc.c-torture/execute/ieee/compare-fp-1.c execution, -O3 -g
FAIL: gcc.c-torture/execute/ieee/compare-fp-1.c execution, -Os
FAIL: gcc.c-torture/execute/ieee/compare-fp-1.c execution, -O2 -flto
FAIL: gcc.c-torture/execute/ieee/compare-fp-1.c execution, -O2 -fwhopr
FAIL: gcc.c-torture/execute/ieee/compare-fp-4.c execution, -O0
FAIL: gcc.c-torture/execute/ieee/fp-cmp-4.c execution, -O0
FAIL: gcc.c-torture/execute/ieee/fp-cmp-4.c execution, -O1
FAIL: gcc.c-torture/execute/ieee/fp-cmp-4.c execution, -O2
FAIL: gcc.c-torture/execute/ieee/fp-cmp-4.c execution, -O3 -fomit-frame-pointer
FAIL: gcc.c-torture/execute/ieee/fp-cmp-4.c execution, -O3 -fomit-frame-pointer -funroll-loops
FAIL: gcc.c-torture/execute/ieee/fp-cmp-4.c execution, -O3 -fomit-frame-pointer -funroll-all-loops -finline-functions
FAIL: gcc.c-torture/execute/ieee/fp-cmp-4.c execution, -O3 -g
FAIL: gcc.c-torture/execute/ieee/fp-cmp-4.c execution, -Os
FAIL: gcc.c-torture/execute/ieee/fp-cmp-4.c execution, -O2 -flto
FAIL: gcc.c-torture/execute/ieee/fp-cmp-4.c execution, -O2 -fwhopr
FAIL: gcc.c-torture/execute/ieee/fp-cmp-4f.c execution, -O0
FAIL: gcc.c-torture/execute/ieee/fp-cmp-4f.c execution, -O1
FAIL: gcc.c-torture/execute/ieee/fp-cmp-4f.c execution, -O2
FAIL: gcc.c-torture/execute/ieee/fp-cmp-4f.c execution, -O3 -fomit-frame-pointer
FAIL: gcc.c-torture/execute/ieee/fp-cmp-4f.c execution, -O3 -g
FAIL: gcc.c-torture/execute/ieee/fp-cmp-4f.c execution, -Os
FAIL: gcc.c-torture/execute/ieee/fp-cmp-4f.c execution, -O2 -flto
FAIL: gcc.c-torture/execute/ieee/fp-cmp-4f.c execution, -O2 -fwhopr
FAIL: gcc.c-torture/execute/ieee/fp-cmp-4l.c execution, -O0
FAIL: gcc.c-torture/execute/ieee/fp-cmp-4l.c execution, -O1
FAIL: gcc.c-torture/execute/ieee/fp-cmp-4l.c execution, -O2
FAIL: gcc.c-torture/execute/ieee/fp-cmp-4l.c execution, -O3 -fomit-frame-pointer
FAIL: gcc.c-torture/execute/ieee/fp-cmp-4l.c execution, -O3 -g
FAIL: gcc.c-torture/execute/ieee/fp-cmp-4l.c execution, -Os
FAIL: gcc.c-torture/execute/ieee/fp-cmp-4l.c execution, -O2 -flto
FAIL: gcc.c-torture/execute/ieee/fp-cmp-4l.c execution, -O2 -fwhopr
FAIL: gcc.c-torture/execute/ieee/fp-cmp-5.c execution, -O0
FAIL: gcc.c-torture/execute/ieee/fp-cmp-5.c execution, -O1
FAIL: gcc.c-torture/execute/ieee/fp-cmp-5.c execution, -O2
FAIL: gcc.c-torture/execute/ieee/fp-cmp-5.c execution, -O3 -fomit-frame-pointer
FAIL: gcc.c-torture/execute/ieee/fp-cmp-5.c execution, -O3 -fomit-frame-pointer -funroll-loops
FAIL: gcc.c-torture/execute/ieee/fp-cmp-5.c execution, -O3 -fomit-frame-pointer -funroll-all-loops -finline-functions
FAIL: gcc.c-torture/execute/ieee/fp-cmp-5.c execution, -O3 -g
FAIL: gcc.c-torture/execute/ieee/fp-cmp-5.c execution, -Os
FAIL: gcc.c-torture/execute/ieee/fp-cmp-5.c execution, -O2 -flto
FAIL: gcc.c-torture/execute/ieee/fp-cmp-5.c execution, -O2 -fwhopr
FAIL: gcc.c-torture/execute/ieee/fp-cmp-8.c execution, -O0
FAIL: gcc.c-torture/execute/ieee/fp-cmp-8.c execution, -O1
FAIL: gcc.c-torture/execute/ieee/fp-cmp-8.c execution, -O2
FAIL: gcc.c-torture/execute/ieee/fp-cmp-8.c execution, -O3 -fomit-frame-pointer
FAIL: gcc.c-torture/execute/ieee/fp-cmp-8.c execution, -O3 -fomit-frame-pointer -funroll-loops
FAIL: gcc.c-torture/execute/ieee/fp-cmp-8.c execution, -O3 -fomit-frame-pointer -funroll-all-loops -finline-functions
FAIL: gcc.c-torture/execute/ieee/fp-cmp-8.c execution, -O3 -g
FAIL: gcc.c-torture/execute/ieee/fp-cmp-8.c execution, -Os
FAIL: gcc.c-torture/execute/ieee/fp-cmp-8.c execution, -O2 -flto
FAIL: gcc.c-torture/execute/ieee/fp-cmp-8.c execution, -O2 -fwhopr
FAIL: gcc.c-torture/execute/ieee/fp-cmp-8f.c execution, -O0
FAIL: gcc.c-torture/execute/ieee/fp-cmp-8f.c execution, -O1
FAIL: gcc.c-torture/execute/ieee/fp-cmp-8f.c execution, -O2
FAIL: gcc.c-torture/execute/ieee/fp-cmp-8f.c execution, -O3 -fomit-frame-pointer
FAIL: gcc.c-torture/execute/ieee/fp-cmp-8f.c execution, -O3 -g
FAIL: gcc.c-torture/execute/ieee/fp-cmp-8f.c execution, -Os
FAIL: gcc.c-torture/execute/ieee/fp-cmp-8f.c execution, -O2 -flto
FAIL: gcc.c-torture/execute/ieee/fp-cmp-8f.c execution, -O2 -fwhopr
FAIL: gcc.c-torture/execute/ieee/fp-cmp-8l.c execution, -O0
FAIL: gcc.c-torture/execute/ieee/fp-cmp-8l.c execution, -O1
FAIL: gcc.c-torture/execute/ieee/fp-cmp-8l.c execution, -O2
FAIL: gcc.c-torture/execute/ieee/fp-cmp-8l.c execution, -O3 -fomit-frame-pointer
FAIL: gcc.c-torture/execute/ieee/fp-cmp-8l.c execution, -O3 -g
FAIL: gcc.c-torture/execute/ieee/fp-cmp-8l.c execution, -Os
FAIL: gcc.c-torture/execute/ieee/fp-cmp-8l.c execution, -O2 -flto
FAIL: gcc.c-torture/execute/ieee/fp-cmp-8l.c execution, -O2 -fwhopr
XPASS: gcc.c-torture/execute/ieee/mul-subnormal-single-1.c execution, -O0
XPASS: gcc.c-torture/execute/ieee/mul-subnormal-single-1.c execution, -O1
XPASS: gcc.c-torture/execute/ieee/mul-subnormal-single-1.c execution, -O2
XPASS: gcc.c-torture/execute/ieee/mul-subnormal-single-1.c execution, -O3 -fomit-frame-pointer
XPASS: gcc.c-torture/execute/ieee/mul-subnormal-single-1.c execution, -O3 -fomit-frame-pointer -funroll-loops
XPASS: gcc.c-torture/execute/ieee/mul-subnormal-single-1.c execution, -O3 -fomit-frame-pointer -funroll-all-loops -finline-functions
XPASS: gcc.c-torture/execute/ieee/mul-subnormal-single-1.c execution, -O3 -g
XPASS: gcc.c-torture/execute/ieee/mul-subnormal-single-1.c execution, -Os
XPASS: gcc.c-torture/execute/ieee/mul-subnormal-single-1.c execution, -O2 -flto
XPASS: gcc.c-torture/execute/ieee/mul-subnormal-single-1.c execution, -O2 -fwhopr
FAIL: gcc.c-torture/execute/ieee/pr38016.c execution, -O0
FAIL: gcc.c-torture/execute/ieee/pr38016.c execution, -O1
FAIL: gcc.c-torture/execute/ieee/pr38016.c execution, -O2
FAIL: gcc.c-torture/execute/ieee/pr38016.c execution, -O3 -fomit-frame-pointer
FAIL: gcc.c-torture/execute/ieee/pr38016.c execution, -O3 -g
FAIL: gcc.c-torture/execute/ieee/pr38016.c execution, -Os
FAIL: gcc.c-torture/execute/ieee/pr38016.c execution, -O2 -flto
FAIL: gcc.c-torture/execute/ieee/pr38016.c execution, -O2 -fwhopr
FAIL: gcc.dg/pr28796-2.c execution test
FAIL: gcc.dg/pr36584.c (internal compiler error)
FAIL: gcc.dg/pr36584.c (test for excess errors)
UNRESOLVED: gcc.dg/pr36584.c compilation failed to produce executable
FAIL: gcc.dg/stack-usage-1.c (test for excess errors)
FAIL: gcc.dg/stack-usage-1.c scan-file foo\\t(256|264)\\tstatic
FAIL: gcc.dg/uninit-pred-7_a.c bogus warning (test for bogus messages, line 26)
FAIL: gcc.dg/uninit-pred-8_a.c bogus warning (test for bogus messages, line 26)
FAIL: gcc.dg/lto/20090210 c_lto_20090210_0.o-c_lto_20090210_1.o link, -O0 -fwhopr
UNRESOLVED: gcc.dg/lto/20090210 c_lto_20090210_0.o-c_lto_20090210_1.o execute -O0 -fwhopr
FAIL: gcc.dg/lto/20090210 c_lto_20090210_0.o-c_lto_20090210_1.o link, -O2 -fwhopr
UNRESOLVED: gcc.dg/lto/20090210 c_lto_20090210_0.o-c_lto_20090210_1.o execute -O2 -fwhopr
FAIL: gcc.dg/lto/20090210 c_lto_20090210_0.o-c_lto_20090210_1.o link, -O0 -flto
UNRESOLVED: gcc.dg/lto/20090210 c_lto_20090210_0.o-c_lto_20090210_1.o execute -O0 -flto
FAIL: gcc.dg/lto/20090210 c_lto_20090210_0.o-c_lto_20090210_1.o link, -O2 -flto
UNRESOLVED: gcc.dg/lto/20090210 c_lto_20090210_0.o-c_lto_20090210_1.o execute -O2 -flto
FAIL: gcc.dg/tls/thr-init-2.c (test for excess errors)
UNRESOLVED: gcc.dg/tls/thr-init-2.c compilation failed to produce executable
FAIL: gcc.dg/torture/type-generic-1.c -O0 execution test
FAIL: gcc.dg/torture/type-generic-1.c -O1 execution test
FAIL: gcc.dg/torture/type-generic-1.c -O2 execution test
FAIL: gcc.dg/torture/type-generic-1.c -O3 -fomit-frame-pointer execution test
FAIL: gcc.dg/torture/type-generic-1.c -O3 -g execution test
FAIL: gcc.dg/torture/type-generic-1.c -Os execution test
FAIL: gcc.dg/torture/type-generic-1.c -O2 -flto execution test
FAIL: gcc.dg/torture/type-generic-1.c -O2 -fwhopr execution test
FAIL: gcc.dg/torture/stackalign/comp-goto-1.c -O3 -fomit-frame-pointer execution test
FAIL: gcc.dg/torture/stackalign/non-local-goto-4.c -O3 -fomit-frame-pointer execution test
FAIL: gcc.dg/torture/stackalign/comp-goto-1.c -O3 -fomit-frame-pointer execution test
FAIL: gcc.dg/torture/stackalign/non-local-goto-4.c -O3 -fomit-frame-pointer execution test
FAIL: gcc.dg/torture/tls/thr-init-1.c -O0 (test for excess errors)
UNRESOLVED: gcc.dg/torture/tls/thr-init-1.c -O0 compilation failed to produce executable
FAIL: gcc.dg/torture/tls/thr-init-1.c -O1 (test for excess errors)
UNRESOLVED: gcc.dg/torture/tls/thr-init-1.c -O1 compilation failed to produce executable
FAIL: gcc.dg/torture/tls/thr-init-1.c -O2 (test for excess errors)
UNRESOLVED: gcc.dg/torture/tls/thr-init-1.c -O2 compilation failed to produce executable
FAIL: gcc.dg/torture/tls/thr-init-1.c -O3 -fomit-frame-pointer (test for excess errors)
UNRESOLVED: gcc.dg/torture/tls/thr-init-1.c -O3 -fomit-frame-pointer compilation failed to produce executable
FAIL: gcc.dg/torture/tls/thr-init-1.c -O3 -g (test for excess errors)
UNRESOLVED: gcc.dg/torture/tls/thr-init-1.c -O3 -g compilation failed to produce executable
FAIL: gcc.dg/torture/tls/thr-init-1.c -Os (test for excess errors)
UNRESOLVED: gcc.dg/torture/tls/thr-init-1.c -Os compilation failed to produce executable
FAIL: gcc.dg/torture/tls/thr-init-1.c -O2 -flto (test for excess errors)
UNRESOLVED: gcc.dg/torture/tls/thr-init-1.c -O2 -flto compilation failed to produce executable
FAIL: gcc.dg/torture/tls/thr-init-1.c -O2 -fwhopr (test for excess errors)
UNRESOLVED: gcc.dg/torture/tls/thr-init-1.c -O2 -fwhopr compilation failed to produce executable
FAIL: gcc.dg/torture/tls/thr-init-2.c -O0 (test for excess errors)
UNRESOLVED: gcc.dg/torture/tls/thr-init-2.c -O0 compilation failed to produce executable
FAIL: gcc.dg/torture/tls/thr-init-2.c -O1 (test for excess errors)
UNRESOLVED: gcc.dg/torture/tls/thr-init-2.c -O1 compilation failed to produce executable
FAIL: gcc.dg/torture/tls/thr-init-2.c -O2 (test for excess errors)
UNRESOLVED: gcc.dg/torture/tls/thr-init-2.c -O2 compilation failed to produce executable
FAIL: gcc.dg/torture/tls/thr-init-2.c -O3 -fomit-frame-pointer (test for excess errors)
UNRESOLVED: gcc.dg/torture/tls/thr-init-2.c -O3 -fomit-frame-pointer compilation failed to produce executable
FAIL: gcc.dg/torture/tls/thr-init-2.c -O3 -g (test for excess errors)
UNRESOLVED: gcc.dg/torture/tls/thr-init-2.c -O3 -g compilation failed to produce executable
FAIL: gcc.dg/torture/tls/thr-init-2.c -Os (test for excess errors)
UNRESOLVED: gcc.dg/torture/tls/thr-init-2.c -Os compilation failed to produce executable
FAIL: gcc.dg/torture/tls/thr-init-2.c -O2 -flto (test for excess errors)
UNRESOLVED: gcc.dg/torture/tls/thr-init-2.c -O2 -flto compilation failed to produce executable
FAIL: gcc.dg/torture/tls/thr-init-2.c -O2 -fwhopr (test for excess errors)
UNRESOLVED: gcc.dg/torture/tls/thr-init-2.c -O2 -fwhopr compilation failed to produce executable
FAIL: gcc.dg/tree-ssa/ssa-ccp-33.c (test for excess errors)
FAIL: gcc.dg/tree-ssa/vrp47.c scan-tree-dump-times vrp1 "[xy][^ ]* !=" 0
FAIL: gcc.dg/tree-ssa/vrp47.c scan-tree-dump-times dom1 "x[^ ]* & y" 1
FAIL: gcc.dg/tree-ssa/vrp47.c scan-tree-dump-times vrp1 "x[^ ]* [|] y" 1
FAIL: gcc.target/m68k/20090709-1.c scan-assembler-times .LC0 3
=== gcc Summary ===
# of expected passes 65548
# of unexpected failures 145
# of unexpected successes 18
# of expected failures 118
# of unresolved testcases 31
# of unsupported tests 1060
/scratch/gcc/nightly-2010-10-16-mainline/coldfire-elf/obj/test-mainline-0-m68k-elf/host-i686-pc-linux-gnu/fsf-mainline/bin/m68k-elf-gcc version 4.6.0 20101016 (experimental) (GCC)
Host is i686-pc-linux-gnu
=== libstdc++ tests ===
Running target qemu-coldfire-elf-prebuilt-fsf/-mcpu=5475
FAIL: 20_util/hash/chi2_quality.cc (test for excess errors)
UNRESOLVED: 20_util/hash/chi2_quality.cc compilation failed to produce executable
FAIL: 20_util/hash/quality.cc (test for excess errors)
UNRESOLVED: 20_util/hash/quality.cc compilation failed to produce executable
FAIL: 22_locale/collate/transform/wchar_t/28277.cc execution test
FAIL: 22_locale/ctype/scan/wchar_t/1.cc execution test
FAIL: 23_containers/vector/profile/vector.cc execution test
FAIL: 27_io/basic_filebuf/seekoff/wchar_t/4.cc (test for excess errors)
UNRESOLVED: 27_io/basic_filebuf/seekoff/wchar_t/4.cc compilation failed to produce executable
FAIL: 27_io/basic_filebuf/sgetn/char/1-in.cc execution test
FAIL: 27_io/basic_filebuf/sgetn/char/1-io.cc execution test
FAIL: 27_io/basic_filebuf/sgetn/char/2-in.cc execution test
FAIL: 27_io/basic_filebuf/sgetn/char/2-io.cc execution test
FAIL: 27_io/basic_filebuf/underflow/wchar_t/11603.cc execution test
FAIL: 27_io/basic_istream/readsome/char/6746-2.cc execution test
FAIL: 27_io/basic_istream/readsome/wchar_t/6746-2.cc execution test
FAIL: 27_io/basic_ostream/inserters_arithmetic/wchar_t/4402.cc execution test
FAIL: 27_io/basic_stringbuf/overflow/wchar_t/1.cc execution test
FAIL: 27_io/ios_base/storage/11584.cc execution test
XPASS: 27_io/ios_base/sync_with_stdio/1.cc execution test
FAIL: 27_io/objects/char/6.cc execution test
FAIL: 27_io/objects/wchar_t/6.cc execution test
FAIL: ext/pool_allocator/allocate_chunk.cc execution test
FAIL: tr1/5_numerical_facilities/special_functions/02_assoc_legendre/check_nan.cc execution test
FAIL: tr1/5_numerical_facilities/special_functions/04_comp_ellint_1/check_nan.cc execution test
FAIL: tr1/5_numerical_facilities/special_functions/05_comp_ellint_2/check_nan.cc execution test
FAIL: tr1/5_numerical_facilities/special_functions/06_comp_ellint_3/check_nan.cc execution test
FAIL: tr1/5_numerical_facilities/special_functions/08_cyl_bessel_i/check_nan.cc execution test
FAIL: tr1/5_numerical_facilities/special_functions/09_cyl_bessel_j/check_nan.cc execution test
FAIL: tr1/5_numerical_facilities/special_functions/10_cyl_bessel_k/check_nan.cc execution test
FAIL: tr1/5_numerical_facilities/special_functions/11_cyl_neumann/check_nan.cc execution test
FAIL: tr1/5_numerical_facilities/special_functions/12_ellint_1/check_nan.cc execution test
FAIL: tr1/5_numerical_facilities/special_functions/13_ellint_2/check_nan.cc execution test
FAIL: tr1/5_numerical_facilities/special_functions/14_ellint_3/check_nan.cc execution test
FAIL: tr1/5_numerical_facilities/special_functions/19_legendre/check_nan.cc execution test
FAIL: tr1/5_numerical_facilities/special_functions/20_riemann_zeta/check_nan.cc execution test
FAIL: tr1/5_numerical_facilities/special_functions/21_sph_bessel/check_nan.cc execution test
FAIL: tr1/5_numerical_facilities/special_functions/22_sph_legendre/check_nan.cc execution test
FAIL: tr1/5_numerical_facilities/special_functions/23_sph_neumann/check_nan.cc execution test
FAIL: tr1/6_containers/unordered_map/requirements/iterator_null_neg.cc (test for errors, line 26)
FAIL: tr1/6_containers/unordered_map/requirements/iterator_null_neg.cc (test for errors, line 27)
FAIL: tr1/6_containers/unordered_map/requirements/iterator_null_neg.cc (test for excess errors)
FAIL: tr1/6_containers/unordered_set/requirements/iterator_null_neg.cc (test for errors, line 26)
FAIL: tr1/6_containers/unordered_set/requirements/iterator_null_neg.cc (test for errors, line 27)
FAIL: tr1/6_containers/unordered_set/requirements/iterator_null_neg.cc (test for excess errors)
=== libstdc++ Summary ===
# of expected passes 6520
# of unexpected failures 41
# of unexpected successes 1
# of expected failures 82
# of unresolved testcases 3
# of unsupported tests 508
Compiler version: 4.6.0 20101016 (experimental) (GCC)
Platform: m68k-unknown-elf
configure flags: --build=i686-pc-linux-gnu --host=i686-pc-linux-gnu --target=m68k-elf --enable-threads --disable-libmudflap --disable-libssp --disable-libstdcxx-pch --with-arch=cf --disable-threads --with-gnu-as --with-gnu-ld --enable-languages=c,c++ --disable-shared --enable-lto --with-newlib --disable-nls --prefix=/opt/codesourcery --with-headers=yes --with-sysroot=/opt/codesourcery/m68k-elf --with-build-sysroot=/scratch/gcc/nightly-2010-10-16-mainline/coldfire-elf/install/m68k-elf --with-gmp=/scratch/gcc/nightly-2010-10-16-mainline/coldfire-elf/obj/host-libs-mainline-0-m68k-elf-i686-pc-linux-gnu/usr --with-mpfr=/scratch/gcc/nightly-2010-10-16-mainline/coldfire-elf/obj/host-libs-mainline-0-m68k-elf-i686-pc-linux-gnu/usr --with-mpc=/scratch/gcc/nightly-2010-10-16-mainline/coldfire-elf/obj/host-libs-mainline-0-m68k-elf-i686-pc-linux-gnu/usr --with-ppl=/scratch/gcc/nightly-2010-10-16-mainline/coldfire-elf/obj/host-libs-mainline-0-m68k-elf-i686-pc-linux-gnu/usr --with-host-libs
tdcxx='-static-libgcc -Wl,-Bstatic,-lstdc++,-Bdynamic -lm' --with-cloog=/scratch/gcc/nightly-2010-10-16-mainline/coldfire-elf/obj/host-libs-mainline-0-m68k-elf-i686-pc-linux-gnu/usr --with-libelf=/scratch/gcc/nightly-2010-10-16-mainline/coldfire-elf/obj/host-libs-mainline-0-m68k-elf-i686-pc-linux-gnu/usr --disable-libgomp --enable-poison-system-directories --with-build-time-tools=/scratch/gcc/nightly-2010-10-16-mainline/coldfire-elf/install/m68k-elf/bin --with-build-time-tools=/scratch/gcc/nightly-2010-10-16-mainline/coldfire-elf/install/m68k-elf/bin