This is the mail archive of the
gcc-testresults@gcc.gnu.org
mailing list for the GCC project.
Results for 4.6.0 20100913 (experimental) [trunk revision 164244] (GCC) testsuite on i386-pc-solaris2.10
- From: Rainer Orth <ro at CeBiTec dot Uni-Bielefeld dot DE>
- To: gcc-testresults at gcc dot gnu dot org
- Date: Thu, 14 Oct 2010 19:13:36 +0200 (MEST)
- Subject: Results for 4.6.0 20100913 (experimental) [trunk revision 164244] (GCC) testsuite on i386-pc-solaris2.10
LAST_UPDATED: Mon Sep 13 11:30:55 UTC 2010 (revision 164244)
=== acats tests ===
=== acats Summary ===
# of expected passes 2321
# of unexpected failures 0
Native configuration is i386-pc-solaris2.10
=== g++ tests ===
Running target unix
FAIL: g++.dg/ext/attr-ifunc-1.C execution test
FAIL: g++.dg/ext/attr-ifunc-2.C execution test
FAIL: g++.dg/ext/attr-ifunc-3.C execution test
FAIL: g++.dg/ext/attr-ifunc-4.C execution test
FAIL: g++.dg/torture/pr44972.C -O0 (test for excess errors)
FAIL: g++.dg/torture/pr44972.C -O1 (test for excess errors)
FAIL: g++.dg/torture/pr44972.C -O2 (test for excess errors)
FAIL: g++.dg/torture/pr44972.C -O3 -fomit-frame-pointer (test for excess errors)
FAIL: g++.dg/torture/pr44972.C -O3 -g (test for excess errors)
FAIL: g++.dg/torture/pr44972.C -Os (test for excess errors)
FAIL: g++.dg/torture/pr44972.C -O2 -flto (test for excess errors)
FAIL: g++.dg/torture/pr44972.C -O2 -fwhopr (test for excess errors)
=== g++ Summary for unix ===
# of expected passes 24502
# of unexpected failures 12
# of expected failures 150
# of unsupported tests 169
Running target unix/-m64
FAIL: g++.dg/ext/attr-ifunc-1.C execution test
FAIL: g++.dg/ext/attr-ifunc-2.C execution test
FAIL: g++.dg/ext/attr-ifunc-3.C execution test
FAIL: g++.dg/ext/attr-ifunc-4.C execution test
FAIL: g++.dg/tls/static-1.C execution test
FAIL: g++.dg/torture/pr44972.C -O0 (test for excess errors)
FAIL: g++.dg/torture/pr44972.C -O1 (test for excess errors)
FAIL: g++.dg/torture/pr44972.C -O2 (test for excess errors)
FAIL: g++.dg/torture/pr44972.C -O3 -fomit-frame-pointer (test for excess errors)
FAIL: g++.dg/torture/pr44972.C -O3 -g (test for excess errors)
FAIL: g++.dg/torture/pr44972.C -Os (test for excess errors)
FAIL: g++.dg/torture/pr44972.C -O2 -flto (test for excess errors)
FAIL: g++.dg/torture/pr44972.C -O2 -fwhopr (test for excess errors)
=== g++ Summary for unix/-m64 ===
# of expected passes 24740
# of unexpected failures 13
# of expected failures 150
# of unsupported tests 364
=== g++ Summary ===
# of expected passes 49242
# of unexpected failures 25
# of expected failures 300
# of unsupported tests 533
/var/gcc/regression/trunk/10-gcc-gas/build/gcc/testsuite/g++/../../g++ version 4.6.0 20100913 (experimental) [trunk revision 164244] (GCC)
=== gcc tests ===
Running target unix
FAIL: gcc.dg/attr-ifunc-1.c execution test
FAIL: gcc.dg/attr-ifunc-3.c execution test
FAIL: gcc.dg/attr-ifunc-4.c execution test
FAIL: gcc.dg/attr-ifunc-5.c execution test
FAIL: gcc.dg/lto/20081201-2 c_lto_20081201-2_0.o-c_lto_20081201-2_1.o execute -O3 -fwhopr
FAIL: gcc.dg/lto/ipareference2 c_lto_ipareference2_0.o-c_lto_ipareference2_1.o execute -O1 -fwhopr -fwhole-program
XPASS: gcc.dg/tree-ssa/20031106-3.c scan-tree-dump-times optimized "link_error" 0
XPASS: gcc.dg/tree-ssa/20040204-1.c scan-tree-dump-times optimized "link_error" 0
XPASS: gcc.dg/tree-ssa/fre-vce-1.c scan-tree-dump-times fre "sv.i" 2
FAIL: gcc.dg/vect/vect-double-reduc-5.c execution test
FAIL: gcc.target/i386/abi-2.c scan-assembler-times ymm0 1
FAIL: gcc.target/i386/pr22076.c scan-assembler-times movq 3
FAIL: gcc.target/i386/pr22076.c scan-assembler-not movl
FAIL: gcc.target/i386/pr22152.c scan-assembler-times movq[ \\\\t]+[^\\n]*%mm 1
XPASS: gcc.target/i386/push-1.c scan-assembler-not movups
=== gcc Summary for unix ===
# of expected passes 72808
# of unexpected failures 11
# of unexpected successes 4
# of expected failures 202
# of unsupported tests 733
Running target unix/-m64
FAIL: gcc.dg/cpp/trad/include.c (internal compiler error)
FAIL: gcc.dg/cpp/trad/include.c (test for excess errors)
FAIL: gcc.dg/attr-ifunc-1.c execution test
FAIL: gcc.dg/attr-ifunc-3.c execution test
FAIL: gcc.dg/attr-ifunc-4.c execution test
FAIL: gcc.dg/attr-ifunc-5.c execution test
FAIL: gcc.dg/lto/20081201-2 c_lto_20081201-2_0.o-c_lto_20081201-2_1.o execute -O3 -fwhopr
FAIL: gcc.dg/lto/ipareference2 c_lto_ipareference2_0.o-c_lto_ipareference2_1.o execute -O1 -fwhopr -fwhole-program
XPASS: gcc.dg/tree-ssa/20031106-3.c scan-tree-dump-times optimized "link_error" 0
XPASS: gcc.dg/tree-ssa/20040204-1.c scan-tree-dump-times optimized "link_error" 0
XPASS: gcc.dg/tree-ssa/fre-vce-1.c scan-tree-dump-times fre "sv.i" 2
=== gcc Summary for unix/-m64 ===
# of expected passes 72992
# of unexpected failures 8
# of unexpected successes 3
# of expected failures 202
# of unsupported tests 1096
=== gcc Summary ===
# of expected passes 145800
# of unexpected failures 19
# of unexpected successes 7
# of expected failures 404
# of unsupported tests 1829
/var/gcc/regression/trunk/10-gcc-gas/build/gcc/xgcc version 4.6.0 20100913 (experimental) [trunk revision 164244] (GCC)
=== gfortran tests ===
Running target unix
WARNING: program timed out.
FAIL: gfortran.dg/vect/fast-math-pr38968.f90 execution test
=== gfortran Summary for unix ===
# of expected passes 36471
# of unexpected failures 1
# of expected failures 41
# of unsupported tests 194
Running target unix/-m64
=== gfortran Summary for unix/-m64 ===
# of expected passes 36723
# of expected failures 39
# of unsupported tests 78
=== gfortran Summary ===
# of expected passes 73194
# of unexpected failures 1
# of expected failures 80
# of unsupported tests 272
/var/gcc/regression/trunk/10-gcc-gas/build/gcc/testsuite/gfortran/../../gfortran version 4.6.0 20100913 (experimental) [trunk revision 164244] (GCC)
=== gnat tests ===
Running target unix
=== gnat Summary for unix ===
# of expected passes 817
# of expected failures 10
# of unsupported tests 5
Running target unix/-m64
=== gnat Summary for unix/-m64 ===
# of expected passes 817
# of expected failures 10
# of unsupported tests 5
=== gnat Summary ===
# of expected passes 1634
# of expected failures 20
# of unsupported tests 10
=== objc tests ===
Running target unix
=== objc Summary for unix ===
# of expected passes 2038
# of expected failures 7
# of unsupported tests 20
Running target unix/-m64
=== objc Summary for unix/-m64 ===
# of expected passes 2030
# of expected failures 15
# of unsupported tests 20
=== objc Summary ===
# of expected passes 4068
# of expected failures 22
# of unsupported tests 40
/var/gcc/regression/trunk/10-gcc-gas/build/gcc/xgcc version 4.6.0 20100913 (experimental) [trunk revision 164244] (GCC)
=== libffi tests ===
Running target unix
=== libffi Summary for unix ===
# of expected passes 1624
# of expected failures 10
# of unsupported tests 15
Running target unix/-m64
=== libffi Summary for unix/-m64 ===
# of expected passes 1624
# of expected failures 10
# of unsupported tests 15
=== libffi Summary ===
# of expected passes 3248
# of expected failures 20
# of unsupported tests 30
=== libgomp tests ===
Running target unix
=== libgomp Summary for unix ===
# of expected passes 2490
# of unsupported tests 2
Running target unix/-m64
FAIL: libgomp.c/copyin-3.c execution test
FAIL: libgomp.c/nqueens-1.c execution test
FAIL: libgomp.c/pr24455.c execution test
FAIL: libgomp.c++/ctor-10.C -O0 execution test
FAIL: libgomp.c++/ctor-10.C -O1 execution test
FAIL: libgomp.c++/ctor-10.C -O2 execution test
FAIL: libgomp.c++/ctor-10.C -O3 -fomit-frame-pointer execution test
FAIL: libgomp.c++/ctor-10.C -O3 -fomit-frame-pointer -funroll-loops execution test
FAIL: libgomp.c++/ctor-10.C -O3 -fomit-frame-pointer -funroll-all-loops -finline-functions execution test
FAIL: libgomp.c++/ctor-10.C -O3 -g execution test
FAIL: libgomp.c++/ctor-10.C -Os execution test
FAIL: libgomp.c++/pr24455.C -O0 execution test
FAIL: libgomp.c++/pr24455.C -O1 execution test
FAIL: libgomp.c++/pr24455.C -O2 execution test
FAIL: libgomp.c++/pr24455.C -O3 -fomit-frame-pointer execution test
FAIL: libgomp.c++/pr24455.C -O3 -fomit-frame-pointer -funroll-loops execution test
FAIL: libgomp.c++/pr24455.C -O3 -fomit-frame-pointer -funroll-all-loops -finline-functions execution test
FAIL: libgomp.c++/pr24455.C -O3 -g execution test
FAIL: libgomp.c++/pr24455.C -Os execution test
=== libgomp Summary for unix/-m64 ===
# of expected passes 2471
# of unexpected failures 19
# of unsupported tests 2
=== libgomp Summary ===
# of expected passes 4961
# of unexpected failures 19
# of unsupported tests 4
=== libjava tests ===
Running target unix
=== libjava Summary for unix ===
# of expected passes 2574
Running target unix/-m64
FAIL: PR16923 run
=== libjava Summary for unix/-m64 ===
# of expected passes 2573
# of unexpected failures 1
# of untested testcases 1
=== libjava Summary ===
# of expected passes 5147
# of unexpected failures 1
# of untested testcases 1
=== libstdc++ tests ===
Running target unix
XPASS: 28_regex/07_traits/char/isctype.cc execution test
=== libstdc++ Summary for unix ===
# of expected passes 7024
# of unexpected successes 1
# of expected failures 85
# of unsupported tests 443
Running target unix/-m64
XPASS: 28_regex/07_traits/char/isctype.cc execution test
=== libstdc++ Summary for unix/-m64 ===
# of expected passes 7026
# of unexpected successes 1
# of expected failures 83
# of unsupported tests 443
=== libstdc++ Summary ===
# of expected passes 14050
# of unexpected successes 2
# of expected failures 168
# of unsupported tests 886
=== libstdc++ Summary ===
Compiler version: 4.6.0 20100913 (experimental) [trunk revision 164244] (GCC)
Platform: i386-pc-solaris2.10
configure flags: --prefix=/vol/gcc --target=i386-pc-solaris2.10 --with-as=/vol/gcc/bin/gas-2.20.1 --with-gnu-as --with-gmp=/vol/gcc --with-mpfr=/vol/gcc --with-mpc=/vol/gcc --enable-languages=all,ada
BOOT_CFLAGS=-g -O2