This is the mail archive of the gcc-testresults@gcc.gnu.org mailing list for the GCC project.


Index Nav: [Date Index] [Subject Index] [Author Index] [Thread Index]
Message Nav: [Date Prev] [Date Next] [Thread Prev] [Thread Next]
Other format: [Raw text]

Results for 4.6.0 20101010 (experimental) (GCC) testsuite on powerpc-apple-darwin9.8.0


This build run by an automatic regression tester.
See <http://gcc.gnu.org/regtest/HEAD/> for more information.

Date: 2010-10-10T16:17:04Z
Revision: 165254
URL: svn://gcc.gnu.org/svn/gcc/trunk
Status: regress-56
Prev-Endtime: 2010-10-10T16:14:16Z

Native configuration is powerpc-apple-darwin9.8.0

		=== g++ tests ===


Running target unix
FAIL: g++.dg/debug/dwarf2/nested-2.C scan-assembler [^\\n\\r]*\\\\(DIE[^\\n\\r]*DW_TAG_structure_type\\\\)[\\n\\r]+[^\\n\\r]*"S\\\\\\\\0"[ \\t]+(@|#|!|//?)[ \\t]+DW_AT_name[\\n\\r]+(.*)?\\\\(DIE[^\\n\\r]*DW_TAG_structure_type\\\\)[\\n\\r]+[^\\n\\r]*"T<int>\\\\\\\\0"[ \\t]+(.*)?\\\\(DIE[^\\n\\r]*DW_TAG_template_type_param\\\\)[\\n\\r]+[^\\n\\r]*[\\n\\r]+[^\\n\\r]*[\\n\\r]+[^\\n\\r]*(@|#|!|//?)[ \\t]+end of children of DIE[^\\n\\r]*[\\n\\r]+[^\\n\\r]*end of children of DIE[^\\n\\r]*
FAIL: g++.dg/eh/simd-3.C execution test
FAIL: g++.dg/eh/simd-4.C execution test
FAIL: g++.dg/ext/alignof2.C execution test
WARNING: g++.dg/ext/label13.C compilation failed to produce executable
FAIL: g++.dg/ext/visibility/anon6.C scan-assembler 1BIiE1cE
FAIL: g++.dg/pubtypes.C scan-assembler "A\\\\\\\\0"+[ \\t]+[#;@]+[ \\t]+external name
FAIL: g++.dg/lto/20100723-1 cp_lto_20100723-1_0.o-cp_lto_20100723-1_0.o link, -fcompare-debug -flto (internal compiler error)
UNRESOLVED: g++.dg/lto/20100723-1 cp_lto_20100723-1_0.o-cp_lto_20100723-1_0.o execute -fcompare-debug -flto
FAIL: g++.dg/lto/20100723-1 cp_lto_20100723-1_0.o-cp_lto_20100723-1_0.o link, -fcompare-debug -fwhopr (internal compiler error)
UNRESOLVED: g++.dg/lto/20100723-1 cp_lto_20100723-1_0.o-cp_lto_20100723-1_0.o execute -fcompare-debug -fwhopr

		=== g++ Summary ===

# of expected passes		24128
# of unexpected failures	8
# of expected failures		150
# of unresolved testcases	2
# of unsupported tests		382
/Users/regress/tbox/native/build/gcc/testsuite/g++/../../g++  version 4.6.0 20101010 (experimental) (GCC) 

		=== gcc tests ===


Running target unix
FAIL: gcc.c-torture/compile/pr44707.c  -O1  (test for excess errors)
FAIL: gcc.c-torture/compile/pr44707.c  -O2  (test for excess errors)
FAIL: gcc.c-torture/compile/pr44707.c  -O3 -fomit-frame-pointer  (test for excess errors)
FAIL: gcc.c-torture/compile/pr44707.c  -O3 -g  (test for excess errors)
FAIL: gcc.c-torture/compile/pr44707.c  -Os  (test for excess errors)
FAIL: gcc.c-torture/compile/pr44707.c  -O2 -flto  (test for excess errors)
FAIL: gcc.c-torture/compile/pr44707.c  -O2 -fwhopr  (test for excess errors)
FAIL: gcc.c-torture/execute/cmpsf-1.c execution,  -O0 
FAIL: gcc.c-torture/execute/cmpsf-1.c execution,  -O1 
FAIL: gcc.c-torture/execute/cmpsf-1.c execution,  -O2 
FAIL: gcc.c-torture/execute/cmpsf-1.c execution,  -O3 -fomit-frame-pointer 
FAIL: gcc.c-torture/execute/cmpsf-1.c execution,  -O3 -fomit-frame-pointer -funroll-loops 
FAIL: gcc.c-torture/execute/cmpsf-1.c execution,  -O3 -fomit-frame-pointer -funroll-all-loops -finline-functions 
FAIL: gcc.c-torture/execute/cmpsf-1.c execution,  -O3 -g 
FAIL: gcc.c-torture/execute/cmpsf-1.c execution,  -Os 
FAIL: gcc.c-torture/execute/cmpsf-1.c execution,  -O2 -flto 
FAIL: gcc.c-torture/execute/cmpsf-1.c execution,  -O2 -fwhopr 
FAIL: gcc.dg/compat/vector-1 c_compat_x_tst.o-c_compat_y_tst.o execute 
FAIL: gcc.dg/compat/vector-2 c_compat_x_tst.o-c_compat_y_tst.o execute 
WARNING: program timed out.
FAIL: tmpdir-gcc.dg-struct-layout-1/t025 c_compat_x_tst.o-c_compat_y_tst.o execute 
FAIL: tmpdir-gcc.dg-struct-layout-1/t027 c_compat_x_tst.o-c_compat_y_tst.o execute 
WARNING: program timed out.
FAIL: tmpdir-gcc.dg-struct-layout-1/t028 c_compat_x_tst.o-c_compat_y_tst.o execute 
FAIL: gcc.dg/and-1.c scan-assembler-not nand
FAIL: gcc.dg/pr42461.c (test for excess errors)
FAIL: gcc.dg/sms-2.c scan-rtl-dump-times sms "SMS succeeded" 1
FAIL: gcc.dg/sms-3.c scan-rtl-dump-times sms "SMS succeeded" 1
FAIL: gcc.dg/sms-4.c scan-rtl-dump-times sms "SMS succeeded" 1
FAIL: gcc.dg/sms-5.c scan-rtl-dump-times sms "SMS succeeded" 1
FAIL: gcc.dg/sms-6.c scan-rtl-dump-times sms "SMS succeeded" 3
FAIL: gcc.dg/sms-7.c scan-rtl-dump-times sms "SMS succeeded" 3
FAIL: gcc.dg/sms-8.c scan-rtl-dump-times sms "SMS succeeded" 1
FAIL: gcc.dg/stack-usage-1.c scan-file foo\\t(256|264)\\tstatic
FAIL: gcc.dg/lto/20101009-1 c_lto_20101009-1_0.o assemble, -O0 -fwhopr
UNRESOLVED: gcc.dg/lto/20101009-1 c_lto_20101009-1_0.o-c_lto_20101009-1_0.o link -O0 -fwhopr
UNRESOLVED: gcc.dg/lto/20101009-1 c_lto_20101009-1_0.o-c_lto_20101009-1_0.o execute -O0 -fwhopr
FAIL: gcc.dg/lto/20101009-1 c_lto_20101009-1_0.o assemble, -O0 -flto
UNRESOLVED: gcc.dg/lto/20101009-1 c_lto_20101009-1_0.o-c_lto_20101009-1_0.o link -O0 -flto
UNRESOLVED: gcc.dg/lto/20101009-1 c_lto_20101009-1_0.o-c_lto_20101009-1_0.o execute -O0 -flto
FAIL: gcc.dg/tree-prof/inliner-1.c scan-tree-dump-not optimized "hot_function ..;"
XPASS: gcc.dg/tree-ssa/20031106-3.c scan-tree-dump-times optimized "link_error" 0
FAIL: gcc.dg/tree-ssa/foldconst-2.c scan-tree-dump-not optimized "fundamentals.0"
XPASS: gcc.dg/tree-ssa/fre-vce-1.c scan-tree-dump-times fre "sv.i" 2
FAIL: gcc.dg/tree-ssa/vrp47.c scan-tree-dump-times vrp1 "[xy][^ ]* !=" 0
FAIL: gcc.dg/tree-ssa/vrp47.c scan-tree-dump-times dom1 "x[^ ]* & y" 1
XPASS: gcc.dg/vect/costmodel/ppc/costmodel-vect-outer-fir.c scan-tree-dump-times vect "OUTER LOOP VECTORIZED" 2
FAIL: gcc.dg/vect/costmodel/ppc/costmodel-vect-outer-fir.c scan-tree-dump-times vect "OUTER LOOP VECTORIZED" 1
FAIL: gcc.dg/vect/pr43432.c scan-tree-dump-times vect "vectorized 1 loops" 1
FAIL: gcc.dg/vect/vect-114.c scan-tree-dump-times vect "vectorized 1 loops" 1
FAIL: gcc.dg/vect/vect-15.c scan-tree-dump-times vect "vectorized 1 loops" 1
FAIL: gcc.dg/vect/section-anchors-pr27770.c (test for excess errors)
FAIL: gcc.dg/vect/section-anchors-vect-69.c (test for excess errors)
FAIL: gcc.dg/vect/section-anchors-vect-69.c scan-tree-dump-times vect "Alignment of access forced using peeling" 4
FAIL: gcc.dg/vect/aligned-section-anchors-nest-1.c (test for excess errors)
FAIL: gcc.dg/vect/aligned-section-anchors-nest-1.c scan-ipa-dump-times increase_alignment "Increasing alignment of decl" 3: dump file does not exist
FAIL: gcc.target/powerpc/405-dlmzb-strlen-1.c scan-assembler dlmzb\\\\. 
FAIL: gcc.target/powerpc/440-dlmzb-strlen-1.c scan-assembler dlmzb\\\\. 
FAIL: gcc.target/powerpc/asm-es-2.c scan-assembler asm1 3,4
FAIL: gcc.target/powerpc/asm-es-2.c scan-assembler asm2u 16\\\\(3\\\\)
FAIL: gcc.target/powerpc/asm-es-2.c scan-assembler asm3 0\\\\(3\\\\)
FAIL: gcc.target/powerpc/asm-es-2.c scan-assembler asm4 400\\\\(3\\\\)
FAIL: gcc.target/powerpc/ppc-vector-memcpy.c scan-assembler lvx

		=== gcc Summary ===

# of expected passes		69816
# of unexpected failures	54
# of unexpected successes	3
# of expected failures		180
# of unresolved testcases	4
# of unsupported tests		1115
/Users/regress/tbox/native/build/gcc/xgcc  version 4.6.0 20101010 (experimental) (GCC) 

		=== gfortran tests ===


Running target unix
FAIL: gfortran.dg/large_real_kind_3.F90  -O0  execution test
FAIL: gfortran.dg/subref_array_pointer_4.f90  -O3 -fomit-frame-pointer  (internal compiler error)
FAIL: gfortran.dg/subref_array_pointer_4.f90  -O3 -fomit-frame-pointer  (test for excess errors)
WARNING: gfortran.dg/subref_array_pointer_4.f90  -O3 -fomit-frame-pointer  compilation failed to produce executable
FAIL: gfortran.dg/subref_array_pointer_4.f90  -O3 -fomit-frame-pointer -funroll-loops  (internal compiler error)
FAIL: gfortran.dg/subref_array_pointer_4.f90  -O3 -fomit-frame-pointer -funroll-loops  (test for excess errors)
WARNING: gfortran.dg/subref_array_pointer_4.f90  -O3 -fomit-frame-pointer -funroll-loops  compilation failed to produce executable
FAIL: gfortran.dg/subref_array_pointer_4.f90  -O3 -fomit-frame-pointer -funroll-all-loops -finline-functions  (internal compiler error)
FAIL: gfortran.dg/subref_array_pointer_4.f90  -O3 -fomit-frame-pointer -funroll-all-loops -finline-functions  (test for excess errors)
WARNING: gfortran.dg/subref_array_pointer_4.f90  -O3 -fomit-frame-pointer -funroll-all-loops -finline-functions  compilation failed to produce executable
FAIL: gfortran.dg/subref_array_pointer_4.f90  -O3 -g  (internal compiler error)
FAIL: gfortran.dg/subref_array_pointer_4.f90  -O3 -g  (test for excess errors)
WARNING: gfortran.dg/subref_array_pointer_4.f90  -O3 -g  compilation failed to produce executable
FAIL: gfortran.fortran-torture/execute/where_2.f90 execution,  -O3 -g 

		=== gfortran Summary ===

# of expected passes		36580
# of unexpected failures	10
# of expected failures		73
# of unsupported tests		203
/Users/regress/tbox/native/build/gcc/testsuite/gfortran/../../gfortran  version 4.6.0 20101010 (experimental) (GCC) 

		=== objc tests ===


Running target unix
FAIL: objc/execute/accessing_ivars.m compilation,  -O1 -fnext-runtime (internal compiler error)
UNRESOLVED: objc/execute/accessing_ivars.m execution,  -O1 -fnext-runtime
FAIL: objc/execute/accessing_ivars.m compilation,  -O2 -fnext-runtime (internal compiler error)
UNRESOLVED: objc/execute/accessing_ivars.m execution,  -O2 -fnext-runtime
FAIL: objc/execute/accessing_ivars.m compilation,  -O3 -fomit-frame-pointer -fnext-runtime (internal compiler error)
UNRESOLVED: objc/execute/accessing_ivars.m execution,  -O3 -fomit-frame-pointer -fnext-runtime
FAIL: objc/execute/accessing_ivars.m compilation,  -O3 -g -fnext-runtime (internal compiler error)
UNRESOLVED: objc/execute/accessing_ivars.m execution,  -O3 -g -fnext-runtime
FAIL: objc/execute/accessing_ivars.m compilation,  -Os -fnext-runtime (internal compiler error)
UNRESOLVED: objc/execute/accessing_ivars.m execution,  -Os -fnext-runtime
FAIL: objc/execute/class-10.m compilation,  -O1 -fnext-runtime (internal compiler error)
UNRESOLVED: objc/execute/class-10.m execution,  -O1 -fnext-runtime
FAIL: objc/execute/class-10.m compilation,  -O2 -fnext-runtime (internal compiler error)
UNRESOLVED: objc/execute/class-10.m execution,  -O2 -fnext-runtime
FAIL: objc/execute/class-10.m compilation,  -O3 -fomit-frame-pointer -fnext-runtime (internal compiler error)
UNRESOLVED: objc/execute/class-10.m execution,  -O3 -fomit-frame-pointer -fnext-runtime
FAIL: objc/execute/class-10.m compilation,  -O3 -g -fnext-runtime (internal compiler error)
UNRESOLVED: objc/execute/class-10.m execution,  -O3 -g -fnext-runtime
FAIL: objc/execute/class-10.m compilation,  -Os -fnext-runtime (internal compiler error)
UNRESOLVED: objc/execute/class-10.m execution,  -Os -fnext-runtime
FAIL: objc/execute/class-11.m compilation,  -O1 -fnext-runtime (internal compiler error)
UNRESOLVED: objc/execute/class-11.m execution,  -O1 -fnext-runtime
FAIL: objc/execute/class-11.m compilation,  -O2 -fnext-runtime (internal compiler error)
UNRESOLVED: objc/execute/class-11.m execution,  -O2 -fnext-runtime
FAIL: objc/execute/class-11.m compilation,  -O3 -fomit-frame-pointer -fnext-runtime (internal compiler error)
UNRESOLVED: objc/execute/class-11.m execution,  -O3 -fomit-frame-pointer -fnext-runtime
FAIL: objc/execute/class-11.m compilation,  -O3 -g -fnext-runtime (internal compiler error)
UNRESOLVED: objc/execute/class-11.m execution,  -O3 -g -fnext-runtime
FAIL: objc/execute/class-11.m compilation,  -Os -fnext-runtime (internal compiler error)
UNRESOLVED: objc/execute/class-11.m execution,  -Os -fnext-runtime
FAIL: objc/execute/class-12.m compilation,  -O1 -fnext-runtime (internal compiler error)
UNRESOLVED: objc/execute/class-12.m execution,  -O1 -fnext-runtime
FAIL: objc/execute/class-12.m compilation,  -O2 -fnext-runtime (internal compiler error)
UNRESOLVED: objc/execute/class-12.m execution,  -O2 -fnext-runtime
FAIL: objc/execute/class-12.m compilation,  -O3 -fomit-frame-pointer -fnext-runtime (internal compiler error)
UNRESOLVED: objc/execute/class-12.m execution,  -O3 -fomit-frame-pointer -fnext-runtime
FAIL: objc/execute/class-12.m compilation,  -O3 -g -fnext-runtime (internal compiler error)
UNRESOLVED: objc/execute/class-12.m execution,  -O3 -g -fnext-runtime
FAIL: objc/execute/class-12.m compilation,  -Os -fnext-runtime (internal compiler error)
UNRESOLVED: objc/execute/class-12.m execution,  -Os -fnext-runtime
FAIL: objc/execute/class-13.m compilation,  -O1 -fnext-runtime (internal compiler error)
UNRESOLVED: objc/execute/class-13.m execution,  -O1 -fnext-runtime
FAIL: objc/execute/class-13.m compilation,  -O2 -fnext-runtime (internal compiler error)
UNRESOLVED: objc/execute/class-13.m execution,  -O2 -fnext-runtime
FAIL: objc/execute/class-13.m compilation,  -O3 -fomit-frame-pointer -fnext-runtime (internal compiler error)
UNRESOLVED: objc/execute/class-13.m execution,  -O3 -fomit-frame-pointer -fnext-runtime
FAIL: objc/execute/class-13.m compilation,  -O3 -g -fnext-runtime (internal compiler error)
UNRESOLVED: objc/execute/class-13.m execution,  -O3 -g -fnext-runtime
FAIL: objc/execute/class-13.m compilation,  -Os -fnext-runtime (internal compiler error)
UNRESOLVED: objc/execute/class-13.m execution,  -Os -fnext-runtime
FAIL: objc/execute/class-14.m compilation,  -O1 -fnext-runtime (internal compiler error)
UNRESOLVED: objc/execute/class-14.m execution,  -O1 -fnext-runtime
FAIL: objc/execute/class-14.m compilation,  -O2 -fnext-runtime (internal compiler error)
UNRESOLVED: objc/execute/class-14.m execution,  -O2 -fnext-runtime
FAIL: objc/execute/class-14.m compilation,  -O3 -fomit-frame-pointer -fnext-runtime (internal compiler error)
UNRESOLVED: objc/execute/class-14.m execution,  -O3 -fomit-frame-pointer -fnext-runtime
FAIL: objc/execute/class-14.m compilation,  -O3 -g -fnext-runtime (internal compiler error)
UNRESOLVED: objc/execute/class-14.m execution,  -O3 -g -fnext-runtime
FAIL: objc/execute/class-14.m compilation,  -Os -fnext-runtime (internal compiler error)
UNRESOLVED: objc/execute/class-14.m execution,  -Os -fnext-runtime
FAIL: objc/execute/class-4.m compilation,  -O1 -fnext-runtime (internal compiler error)
UNRESOLVED: objc/execute/class-4.m execution,  -O1 -fnext-runtime
FAIL: objc/execute/class-4.m compilation,  -O2 -fnext-runtime (internal compiler error)
UNRESOLVED: objc/execute/class-4.m execution,  -O2 -fnext-runtime
FAIL: objc/execute/class-4.m compilation,  -O3 -fomit-frame-pointer -fnext-runtime (internal compiler error)
UNRESOLVED: objc/execute/class-4.m execution,  -O3 -fomit-frame-pointer -fnext-runtime
FAIL: objc/execute/class-4.m compilation,  -O3 -g -fnext-runtime (internal compiler error)
UNRESOLVED: objc/execute/class-4.m execution,  -O3 -g -fnext-runtime
FAIL: objc/execute/class-4.m compilation,  -Os -fnext-runtime (internal compiler error)
UNRESOLVED: objc/execute/class-4.m execution,  -Os -fnext-runtime
FAIL: objc/execute/class-5.m compilation,  -O1 -fnext-runtime (internal compiler error)
UNRESOLVED: objc/execute/class-5.m execution,  -O1 -fnext-runtime
FAIL: objc/execute/class-5.m compilation,  -O2 -fnext-runtime (internal compiler error)
UNRESOLVED: objc/execute/class-5.m execution,  -O2 -fnext-runtime
FAIL: objc/execute/class-5.m compilation,  -O3 -fomit-frame-pointer -fnext-runtime (internal compiler error)
UNRESOLVED: objc/execute/class-5.m execution,  -O3 -fomit-frame-pointer -fnext-runtime
FAIL: objc/execute/class-5.m compilation,  -O3 -g -fnext-runtime (internal compiler error)
UNRESOLVED: objc/execute/class-5.m execution,  -O3 -g -fnext-runtime
FAIL: objc/execute/class-5.m compilation,  -Os -fnext-runtime (internal compiler error)
UNRESOLVED: objc/execute/class-5.m execution,  -Os -fnext-runtime
FAIL: objc/execute/class-6.m compilation,  -O1 -fnext-runtime (internal compiler error)
UNRESOLVED: objc/execute/class-6.m execution,  -O1 -fnext-runtime
FAIL: objc/execute/class-6.m compilation,  -O2 -fnext-runtime (internal compiler error)
UNRESOLVED: objc/execute/class-6.m execution,  -O2 -fnext-runtime
FAIL: objc/execute/class-6.m compilation,  -O3 -fomit-frame-pointer -fnext-runtime (internal compiler error)
UNRESOLVED: objc/execute/class-6.m execution,  -O3 -fomit-frame-pointer -fnext-runtime
FAIL: objc/execute/class-6.m compilation,  -O3 -g -fnext-runtime (internal compiler error)
UNRESOLVED: objc/execute/class-6.m execution,  -O3 -g -fnext-runtime
FAIL: objc/execute/class-6.m compilation,  -Os -fnext-runtime (internal compiler error)
UNRESOLVED: objc/execute/class-6.m execution,  -Os -fnext-runtime
FAIL: objc/execute/class-7.m compilation,  -O1 -fnext-runtime (internal compiler error)
UNRESOLVED: objc/execute/class-7.m execution,  -O1 -fnext-runtime
FAIL: objc/execute/class-7.m compilation,  -O2 -fnext-runtime (internal compiler error)
UNRESOLVED: objc/execute/class-7.m execution,  -O2 -fnext-runtime
FAIL: objc/execute/class-7.m compilation,  -O3 -fomit-frame-pointer -fnext-runtime (internal compiler error)
UNRESOLVED: objc/execute/class-7.m execution,  -O3 -fomit-frame-pointer -fnext-runtime
FAIL: objc/execute/class-7.m compilation,  -O3 -g -fnext-runtime (internal compiler error)
UNRESOLVED: objc/execute/class-7.m execution,  -O3 -g -fnext-runtime
FAIL: objc/execute/class-7.m compilation,  -Os -fnext-runtime (internal compiler error)
UNRESOLVED: objc/execute/class-7.m execution,  -Os -fnext-runtime
FAIL: objc/execute/class-8.m compilation,  -O1 -fnext-runtime (internal compiler error)
UNRESOLVED: objc/execute/class-8.m execution,  -O1 -fnext-runtime
FAIL: objc/execute/class-8.m compilation,  -O2 -fnext-runtime (internal compiler error)
UNRESOLVED: objc/execute/class-8.m execution,  -O2 -fnext-runtime
FAIL: objc/execute/class-8.m compilation,  -O3 -fomit-frame-pointer -fnext-runtime (internal compiler error)
UNRESOLVED: objc/execute/class-8.m execution,  -O3 -fomit-frame-pointer -fnext-runtime
FAIL: objc/execute/class-8.m compilation,  -O3 -g -fnext-runtime (internal compiler error)
UNRESOLVED: objc/execute/class-8.m execution,  -O3 -g -fnext-runtime
FAIL: objc/execute/class-8.m compilation,  -Os -fnext-runtime (internal compiler error)
UNRESOLVED: objc/execute/class-8.m execution,  -Os -fnext-runtime
FAIL: objc/execute/class-9.m compilation,  -O1 -fnext-runtime (internal compiler error)
UNRESOLVED: objc/execute/class-9.m execution,  -O1 -fnext-runtime
FAIL: objc/execute/class-9.m compilation,  -O2 -fnext-runtime (internal compiler error)
UNRESOLVED: objc/execute/class-9.m execution,  -O2 -fnext-runtime
FAIL: objc/execute/class-9.m compilation,  -O3 -fomit-frame-pointer -fnext-runtime (internal compiler error)
UNRESOLVED: objc/execute/class-9.m execution,  -O3 -fomit-frame-pointer -fnext-runtime
FAIL: objc/execute/class-9.m compilation,  -O3 -g -fnext-runtime (internal compiler error)
UNRESOLVED: objc/execute/class-9.m execution,  -O3 -g -fnext-runtime
FAIL: objc/execute/class-9.m compilation,  -Os -fnext-runtime (internal compiler error)
UNRESOLVED: objc/execute/class-9.m execution,  -Os -fnext-runtime
FAIL: objc/execute/class_self-1.m compilation,  -O1 -fnext-runtime (internal compiler error)
UNRESOLVED: objc/execute/class_self-1.m execution,  -O1 -fnext-runtime
FAIL: objc/execute/class_self-1.m compilation,  -O2 -fnext-runtime (internal compiler error)
UNRESOLVED: objc/execute/class_self-1.m execution,  -O2 -fnext-runtime
FAIL: objc/execute/class_self-1.m compilation,  -O3 -fomit-frame-pointer -fnext-runtime (internal compiler error)
UNRESOLVED: objc/execute/class_self-1.m execution,  -O3 -fomit-frame-pointer -fnext-runtime
FAIL: objc/execute/class_self-1.m compilation,  -O3 -g -fnext-runtime (internal compiler error)
UNRESOLVED: objc/execute/class_self-1.m execution,  -O3 -g -fnext-runtime
FAIL: objc/execute/class_self-1.m compilation,  -Os -fnext-runtime (internal compiler error)
UNRESOLVED: objc/execute/class_self-1.m execution,  -Os -fnext-runtime
FAIL: objc/execute/class_self-2.m compilation,  -O1 -fnext-runtime (internal compiler error)
UNRESOLVED: objc/execute/class_self-2.m execution,  -O1 -fnext-runtime
FAIL: objc/execute/class_self-2.m compilation,  -O2 -fnext-runtime (internal compiler error)
UNRESOLVED: objc/execute/class_self-2.m execution,  -O2 -fnext-runtime
FAIL: objc/execute/class_self-2.m compilation,  -O3 -fomit-frame-pointer -fnext-runtime (internal compiler error)
UNRESOLVED: objc/execute/class_self-2.m execution,  -O3 -fomit-frame-pointer -fnext-runtime
FAIL: objc/execute/class_self-2.m compilation,  -O3 -g -fnext-runtime (internal compiler error)
UNRESOLVED: objc/execute/class_self-2.m execution,  -O3 -g -fnext-runtime
FAIL: objc/execute/class_self-2.m compilation,  -Os -fnext-runtime (internal compiler error)
UNRESOLVED: objc/execute/class_self-2.m execution,  -Os -fnext-runtime
FAIL: objc/execute/enumeration-1.m compilation,  -O1 -fnext-runtime (internal compiler error)
UNRESOLVED: objc/execute/enumeration-1.m execution,  -O1 -fnext-runtime
FAIL: objc/execute/enumeration-1.m compilation,  -O2 -fnext-runtime (internal compiler error)
UNRESOLVED: objc/execute/enumeration-1.m execution,  -O2 -fnext-runtime
FAIL: objc/execute/enumeration-1.m compilation,  -O3 -fomit-frame-pointer -fnext-runtime (internal compiler error)
UNRESOLVED: objc/execute/enumeration-1.m execution,  -O3 -fomit-frame-pointer -fnext-runtime
FAIL: objc/execute/enumeration-1.m compilation,  -O3 -g -fnext-runtime (internal compiler error)
UNRESOLVED: objc/execute/enumeration-1.m execution,  -O3 -g -fnext-runtime
FAIL: objc/execute/enumeration-1.m compilation,  -Os -fnext-runtime (internal compiler error)
UNRESOLVED: objc/execute/enumeration-1.m execution,  -Os -fnext-runtime
FAIL: objc/execute/formal_protocol-1.m compilation,  -O1 -fnext-runtime (internal compiler error)
UNRESOLVED: objc/execute/formal_protocol-1.m execution,  -O1 -fnext-runtime
FAIL: objc/execute/formal_protocol-1.m compilation,  -O2 -fnext-runtime (internal compiler error)
UNRESOLVED: objc/execute/formal_protocol-1.m execution,  -O2 -fnext-runtime
FAIL: objc/execute/formal_protocol-1.m compilation,  -O3 -fomit-frame-pointer -fnext-runtime (internal compiler error)
UNRESOLVED: objc/execute/formal_protocol-1.m execution,  -O3 -fomit-frame-pointer -fnext-runtime
FAIL: objc/execute/formal_protocol-1.m compilation,  -O3 -g -fnext-runtime (internal compiler error)
UNRESOLVED: objc/execute/formal_protocol-1.m execution,  -O3 -g -fnext-runtime
FAIL: objc/execute/formal_protocol-1.m compilation,  -Os -fnext-runtime (internal compiler error)
UNRESOLVED: objc/execute/formal_protocol-1.m execution,  -Os -fnext-runtime
FAIL: objc/execute/formal_protocol-2.m compilation,  -O1 -fnext-runtime (internal compiler error)
UNRESOLVED: objc/execute/formal_protocol-2.m execution,  -O1 -fnext-runtime
FAIL: objc/execute/formal_protocol-2.m compilation,  -O2 -fnext-runtime (internal compiler error)
UNRESOLVED: objc/execute/formal_protocol-2.m execution,  -O2 -fnext-runtime
FAIL: objc/execute/formal_protocol-2.m compilation,  -O3 -fomit-frame-pointer -fnext-runtime (internal compiler error)
UNRESOLVED: objc/execute/formal_protocol-2.m execution,  -O3 -fomit-frame-pointer -fnext-runtime
FAIL: objc/execute/formal_protocol-2.m compilation,  -O3 -g -fnext-runtime (internal compiler error)
UNRESOLVED: objc/execute/formal_protocol-2.m execution,  -O3 -g -fnext-runtime
FAIL: objc/execute/formal_protocol-2.m compilation,  -Os -fnext-runtime (internal compiler error)
UNRESOLVED: objc/execute/formal_protocol-2.m execution,  -Os -fnext-runtime
FAIL: objc/execute/formal_protocol-3.m compilation,  -O1 -fnext-runtime (internal compiler error)
UNRESOLVED: objc/execute/formal_protocol-3.m execution,  -O1 -fnext-runtime
FAIL: objc/execute/formal_protocol-3.m compilation,  -O2 -fnext-runtime (internal compiler error)
UNRESOLVED: objc/execute/formal_protocol-3.m execution,  -O2 -fnext-runtime
FAIL: objc/execute/formal_protocol-3.m compilation,  -O3 -fomit-frame-pointer -fnext-runtime (internal compiler error)
UNRESOLVED: objc/execute/formal_protocol-3.m execution,  -O3 -fomit-frame-pointer -fnext-runtime
FAIL: objc/execute/formal_protocol-3.m compilation,  -O3 -g -fnext-runtime (internal compiler error)
UNRESOLVED: objc/execute/formal_protocol-3.m execution,  -O3 -g -fnext-runtime
FAIL: objc/execute/formal_protocol-3.m compilation,  -Os -fnext-runtime (internal compiler error)
UNRESOLVED: objc/execute/formal_protocol-3.m execution,  -Os -fnext-runtime
FAIL: objc/execute/formal_protocol-4.m compilation,  -O1 -fnext-runtime (internal compiler error)
UNRESOLVED: objc/execute/formal_protocol-4.m execution,  -O1 -fnext-runtime
FAIL: objc/execute/formal_protocol-4.m compilation,  -O2 -fnext-runtime (internal compiler error)
UNRESOLVED: objc/execute/formal_protocol-4.m execution,  -O2 -fnext-runtime
FAIL: objc/execute/formal_protocol-4.m compilation,  -O3 -fomit-frame-pointer -fnext-runtime (internal compiler error)
UNRESOLVED: objc/execute/formal_protocol-4.m execution,  -O3 -fomit-frame-pointer -fnext-runtime
FAIL: objc/execute/formal_protocol-4.m compilation,  -O3 -g -fnext-runtime (internal compiler error)
UNRESOLVED: objc/execute/formal_protocol-4.m execution,  -O3 -g -fnext-runtime
FAIL: objc/execute/formal_protocol-4.m compilation,  -Os -fnext-runtime (internal compiler error)
UNRESOLVED: objc/execute/formal_protocol-4.m execution,  -Os -fnext-runtime
FAIL: objc/execute/forward-1.m execution,  -O0 -fgnu-runtime
FAIL: objc/execute/forward-1.m execution,  -O1 -fgnu-runtime
FAIL: objc/execute/forward-1.m execution,  -O2 -fgnu-runtime
FAIL: objc/execute/forward-1.m execution,  -O3 -fomit-frame-pointer -fgnu-runtime
FAIL: objc/execute/forward-1.m execution,  -O3 -fomit-frame-pointer -funroll-loops -fgnu-runtime
FAIL: objc/execute/forward-1.m execution,  -O3 -fomit-frame-pointer -funroll-all-loops -finline-functions -fgnu-runtime
FAIL: objc/execute/forward-1.m execution,  -O3 -g -fgnu-runtime
FAIL: objc/execute/forward-1.m execution,  -Os -fgnu-runtime
FAIL: objc/execute/initialize.m compilation,  -O1 -fnext-runtime (internal compiler error)
UNRESOLVED: objc/execute/initialize.m execution,  -O1 -fnext-runtime
FAIL: objc/execute/initialize.m compilation,  -O2 -fnext-runtime (internal compiler error)
UNRESOLVED: objc/execute/initialize.m execution,  -O2 -fnext-runtime
FAIL: objc/execute/initialize.m compilation,  -O3 -fomit-frame-pointer -fnext-runtime (internal compiler error)
UNRESOLVED: objc/execute/initialize.m execution,  -O3 -fomit-frame-pointer -fnext-runtime
FAIL: objc/execute/initialize.m compilation,  -O3 -g -fnext-runtime (internal compiler error)
UNRESOLVED: objc/execute/initialize.m execution,  -O3 -g -fnext-runtime
FAIL: objc/execute/initialize.m compilation,  -Os -fnext-runtime (internal compiler error)
UNRESOLVED: objc/execute/initialize.m execution,  -Os -fnext-runtime
FAIL: objc/execute/many_args_method.m compilation,  -O1 -fnext-runtime (internal compiler error)
UNRESOLVED: objc/execute/many_args_method.m execution,  -O1 -fnext-runtime
FAIL: objc/execute/many_args_method.m compilation,  -O2 -fnext-runtime (internal compiler error)
UNRESOLVED: objc/execute/many_args_method.m execution,  -O2 -fnext-runtime
FAIL: objc/execute/many_args_method.m compilation,  -O3 -fomit-frame-pointer -fnext-runtime (internal compiler error)
UNRESOLVED: objc/execute/many_args_method.m execution,  -O3 -fomit-frame-pointer -fnext-runtime
FAIL: objc/execute/many_args_method.m compilation,  -O3 -g -fnext-runtime (internal compiler error)
UNRESOLVED: objc/execute/many_args_method.m execution,  -O3 -g -fnext-runtime
FAIL: objc/execute/many_args_method.m compilation,  -Os -fnext-runtime (internal compiler error)
UNRESOLVED: objc/execute/many_args_method.m execution,  -Os -fnext-runtime
FAIL: objc/execute/nested-3.m compilation,  -O1 -fnext-runtime (internal compiler error)
UNRESOLVED: objc/execute/nested-3.m execution,  -O1 -fnext-runtime
FAIL: objc/execute/nested-3.m compilation,  -O2 -fnext-runtime (internal compiler error)
UNRESOLVED: objc/execute/nested-3.m execution,  -O2 -fnext-runtime
FAIL: objc/execute/nested-3.m compilation,  -O3 -fomit-frame-pointer -fnext-runtime (internal compiler error)
UNRESOLVED: objc/execute/nested-3.m execution,  -O3 -fomit-frame-pointer -fnext-runtime
FAIL: objc/execute/nested-3.m compilation,  -O3 -g -fnext-runtime (internal compiler error)
UNRESOLVED: objc/execute/nested-3.m execution,  -O3 -g -fnext-runtime
FAIL: objc/execute/nested-3.m compilation,  -Os -fnext-runtime (internal compiler error)
UNRESOLVED: objc/execute/nested-3.m execution,  -Os -fnext-runtime
FAIL: objc/execute/nested-func-1.m compilation,  -O1 -fnext-runtime (internal compiler error)
UNRESOLVED: objc/execute/nested-func-1.m execution,  -O1 -fnext-runtime
FAIL: objc/execute/nested-func-1.m compilation,  -O2 -fnext-runtime (internal compiler error)
UNRESOLVED: objc/execute/nested-func-1.m execution,  -O2 -fnext-runtime
FAIL: objc/execute/nested-func-1.m compilation,  -O3 -fomit-frame-pointer -fnext-runtime (internal compiler error)
UNRESOLVED: objc/execute/nested-func-1.m execution,  -O3 -fomit-frame-pointer -fnext-runtime
FAIL: objc/execute/nested-func-1.m compilation,  -O3 -g -fnext-runtime (internal compiler error)
UNRESOLVED: objc/execute/nested-func-1.m execution,  -O3 -g -fnext-runtime
FAIL: objc/execute/nested-func-1.m compilation,  -Os -fnext-runtime (internal compiler error)
UNRESOLVED: objc/execute/nested-func-1.m execution,  -Os -fnext-runtime
FAIL: objc/execute/no_clash.m compilation,  -O1 -fnext-runtime (internal compiler error)
UNRESOLVED: objc/execute/no_clash.m execution,  -O1 -fnext-runtime
FAIL: objc/execute/no_clash.m compilation,  -O2 -fnext-runtime (internal compiler error)
UNRESOLVED: objc/execute/no_clash.m execution,  -O2 -fnext-runtime
FAIL: objc/execute/no_clash.m compilation,  -O3 -fomit-frame-pointer -fnext-runtime (internal compiler error)
UNRESOLVED: objc/execute/no_clash.m execution,  -O3 -fomit-frame-pointer -fnext-runtime
FAIL: objc/execute/no_clash.m compilation,  -O3 -g -fnext-runtime (internal compiler error)
UNRESOLVED: objc/execute/no_clash.m execution,  -O3 -g -fnext-runtime
FAIL: objc/execute/no_clash.m compilation,  -Os -fnext-runtime (internal compiler error)
UNRESOLVED: objc/execute/no_clash.m execution,  -Os -fnext-runtime
FAIL: objc/execute/static-1.m compilation,  -O1 -fnext-runtime (internal compiler error)
UNRESOLVED: objc/execute/static-1.m execution,  -O1 -fnext-runtime
FAIL: objc/execute/static-1.m compilation,  -O2 -fnext-runtime (internal compiler error)
UNRESOLVED: objc/execute/static-1.m execution,  -O2 -fnext-runtime
FAIL: objc/execute/static-1.m compilation,  -O3 -fomit-frame-pointer -fnext-runtime (internal compiler error)
UNRESOLVED: objc/execute/static-1.m execution,  -O3 -fomit-frame-pointer -fnext-runtime
FAIL: objc/execute/static-1.m compilation,  -O3 -g -fnext-runtime (internal compiler error)
UNRESOLVED: objc/execute/static-1.m execution,  -O3 -g -fnext-runtime
FAIL: objc/execute/static-1.m compilation,  -Os -fnext-runtime (internal compiler error)
UNRESOLVED: objc/execute/static-1.m execution,  -Os -fnext-runtime
FAIL: objc/execute/static-2.m compilation,  -O1 -fnext-runtime (internal compiler error)
UNRESOLVED: objc/execute/static-2.m execution,  -O1 -fnext-runtime
FAIL: objc/execute/static-2.m compilation,  -O2 -fnext-runtime (internal compiler error)
UNRESOLVED: objc/execute/static-2.m execution,  -O2 -fnext-runtime
FAIL: objc/execute/static-2.m compilation,  -O3 -fomit-frame-pointer -fnext-runtime (internal compiler error)
UNRESOLVED: objc/execute/static-2.m execution,  -O3 -fomit-frame-pointer -fnext-runtime
FAIL: objc/execute/static-2.m compilation,  -O3 -g -fnext-runtime (internal compiler error)
UNRESOLVED: objc/execute/static-2.m execution,  -O3 -g -fnext-runtime
FAIL: objc/execute/static-2.m compilation,  -Os -fnext-runtime (internal compiler error)
UNRESOLVED: objc/execute/static-2.m execution,  -Os -fnext-runtime
FAIL: objc/execute/string4.m compilation,  -O1 -fnext-runtime (internal compiler error)
UNRESOLVED: objc/execute/string4.m execution,  -O1 -fnext-runtime
FAIL: objc/execute/string4.m compilation,  -O2 -fnext-runtime (internal compiler error)
UNRESOLVED: objc/execute/string4.m execution,  -O2 -fnext-runtime
FAIL: objc/execute/string4.m compilation,  -O3 -fomit-frame-pointer -fnext-runtime (internal compiler error)
UNRESOLVED: objc/execute/string4.m execution,  -O3 -fomit-frame-pointer -fnext-runtime
FAIL: objc/execute/string4.m compilation,  -O3 -g -fnext-runtime (internal compiler error)
UNRESOLVED: objc/execute/string4.m execution,  -O3 -g -fnext-runtime
FAIL: objc/execute/string4.m compilation,  -Os -fnext-runtime (internal compiler error)
UNRESOLVED: objc/execute/string4.m execution,  -Os -fnext-runtime
FAIL: objc/execute/va_method.m compilation,  -O1 -fnext-runtime (internal compiler error)
UNRESOLVED: objc/execute/va_method.m execution,  -O1 -fnext-runtime
FAIL: objc/execute/va_method.m compilation,  -O2 -fnext-runtime (internal compiler error)
UNRESOLVED: objc/execute/va_method.m execution,  -O2 -fnext-runtime
FAIL: objc/execute/va_method.m compilation,  -O3 -fomit-frame-pointer -fnext-runtime (internal compiler error)
UNRESOLVED: objc/execute/va_method.m execution,  -O3 -fomit-frame-pointer -fnext-runtime
FAIL: objc/execute/va_method.m compilation,  -O3 -fomit-frame-pointer -funroll-loops -fnext-runtime (internal compiler error)
UNRESOLVED: objc/execute/va_method.m execution,  -O3 -fomit-frame-pointer -funroll-loops -fnext-runtime
FAIL: objc/execute/va_method.m compilation,  -O3 -fomit-frame-pointer -funroll-all-loops -finline-functions -fnext-runtime (internal compiler error)
UNRESOLVED: objc/execute/va_method.m execution,  -O3 -fomit-frame-pointer -funroll-all-loops -finline-functions -fnext-runtime
FAIL: objc/execute/va_method.m compilation,  -O3 -g -fnext-runtime (internal compiler error)
UNRESOLVED: objc/execute/va_method.m execution,  -O3 -g -fnext-runtime
FAIL: objc/execute/va_method.m compilation,  -Os -fnext-runtime (internal compiler error)
UNRESOLVED: objc/execute/va_method.m execution,  -Os -fnext-runtime
FAIL: objc.dg/encode-7-next.m -fnext-runtime (test for excess errors)
FAIL: objc.dg/encode-7-next.m -fnext-runtime execution test
FAIL: objc.dg/foreach-6.m -fnext-runtime (test for excess errors)
FAIL: objc.dg/foreach-7.m -fnext-runtime (test for excess errors)
FAIL: objc.dg/no-extra-load.m -fnext-runtime (test for excess errors)
ERROR: objc.dg/no-extra-load.m: error executing dg-final: couldn't open "no-extra-load.s": no such file or directory
UNRESOLVED: objc.dg/no-extra-load.m: error executing dg-final: couldn't open "no-extra-load.s": no such file or directory
FAIL: objc.dg/objc-foreach-4.m -fnext-runtime (test for excess errors)
FAIL: objc.dg/objc-foreach-5.m -fnext-runtime (test for excess errors)
ERROR: objc.dg/objc-foreach-5.m: error executing dg-final: couldn't open "objc-foreach-5.s": no such file or directory
UNRESOLVED: objc.dg/objc-foreach-5.m: error executing dg-final: couldn't open "objc-foreach-5.s": no such file or directory
FAIL: objc.dg/proto-qual-1.m -fnext-runtime execution test
FAIL: objc.dg/threedotthree-abi-1.m -fnext-runtime execution test
FAIL: objc.dg-struct-layout-encoding-1/t001_main.m execution test
FAIL: objc.dg-struct-layout-encoding-1/t005_main.m execution test
FAIL: objc.dg-struct-layout-encoding-1/t009_main.m execution test
FAIL: objc.dg-struct-layout-encoding-1/t010_main.m execution test
FAIL: objc.dg-struct-layout-encoding-1/t013_main.m execution test
FAIL: objc.dg-struct-layout-encoding-1/t014_main.m execution test
FAIL: objc.dg-struct-layout-encoding-1/t016_main.m execution test
FAIL: objc.dg-struct-layout-encoding-1/t017_main.m execution test
FAIL: objc.dg-struct-layout-encoding-1/t018_main.m execution test
FAIL: objc.dg-struct-layout-encoding-1/t019_main.m execution test
FAIL: objc.dg-struct-layout-encoding-1/t020_main.m execution test
FAIL: objc.dg-struct-layout-encoding-1/t021_main.m execution test
FAIL: objc.dg-struct-layout-encoding-1/t023_main.m execution test
FAIL: objc.dg-struct-layout-encoding-1/t024_main.m execution test
FAIL: objc.dg/pch/interface-1.m -fnext-runtime  -O1  -I. (internal compiler error)
FAIL: objc.dg/pch/interface-1.m -fnext-runtime  -O1  -I. (test for excess errors)
FAIL: objc.dg/pch/interface-1.m  -O1  assembly comparison
FAIL: objc.dg/pch/interface-1.m -fnext-runtime  -O2  -I. (internal compiler error)
FAIL: objc.dg/pch/interface-1.m -fnext-runtime  -O2  -I. (test for excess errors)
FAIL: objc.dg/pch/interface-1.m  -O2  assembly comparison
FAIL: objc.dg/pch/interface-1.m -fnext-runtime  -O3 -fomit-frame-pointer  -I. (internal compiler error)
FAIL: objc.dg/pch/interface-1.m -fnext-runtime  -O3 -fomit-frame-pointer  -I. (test for excess errors)
FAIL: objc.dg/pch/interface-1.m  -O3 -fomit-frame-pointer  assembly comparison
FAIL: objc.dg/pch/interface-1.m -fnext-runtime  -O3 -g  -I. (internal compiler error)
FAIL: objc.dg/pch/interface-1.m -fnext-runtime  -O3 -g  -I. (test for excess errors)
FAIL: objc.dg/pch/interface-1.m  -O3 -g  assembly comparison
FAIL: objc.dg/pch/interface-1.m -fnext-runtime  -Os  -I. (internal compiler error)
FAIL: objc.dg/pch/interface-1.m -fnext-runtime  -Os  -I. (test for excess errors)
FAIL: objc.dg/pch/interface-1.m  -Os  assembly comparison
FAIL: objc.dg/torture/tls/thr-init-3.m  -O1  (internal compiler error)
FAIL: objc.dg/torture/tls/thr-init-3.m  -O1  (test for excess errors)
WARNING: objc.dg/torture/tls/thr-init-3.m  -O1  compilation failed to produce executable
FAIL: objc.dg/torture/tls/thr-init-3.m  -O2  (internal compiler error)
FAIL: objc.dg/torture/tls/thr-init-3.m  -O2  (test for excess errors)
WARNING: objc.dg/torture/tls/thr-init-3.m  -O2  compilation failed to produce executable
FAIL: objc.dg/torture/tls/thr-init-3.m  -O3 -fomit-frame-pointer  (internal compiler error)
FAIL: objc.dg/torture/tls/thr-init-3.m  -O3 -fomit-frame-pointer  (test for excess errors)
WARNING: objc.dg/torture/tls/thr-init-3.m  -O3 -fomit-frame-pointer  compilation failed to produce executable
FAIL: objc.dg/torture/tls/thr-init-3.m  -O3 -g  (internal compiler error)
FAIL: objc.dg/torture/tls/thr-init-3.m  -O3 -g  (test for excess errors)
WARNING: objc.dg/torture/tls/thr-init-3.m  -O3 -g  compilation failed to produce executable
FAIL: objc.dg/torture/tls/thr-init-3.m  -Os  (internal compiler error)
FAIL: objc.dg/torture/tls/thr-init-3.m  -Os  (test for excess errors)
WARNING: objc.dg/torture/tls/thr-init-3.m  -Os  compilation failed to produce executable
FAIL: objc.dg/torture/tls/thr-init-3.m  -O2 -flto  (internal compiler error)
FAIL: objc.dg/torture/tls/thr-init-3.m  -O2 -flto  (test for excess errors)
WARNING: objc.dg/torture/tls/thr-init-3.m  -O2 -flto  compilation failed to produce executable
FAIL: objc.dg/torture/tls/thr-init-3.m  -O2 -fwhopr  (internal compiler error)
FAIL: objc.dg/torture/tls/thr-init-3.m  -O2 -fwhopr  (test for excess errors)
WARNING: objc.dg/torture/tls/thr-init-3.m  -O2 -fwhopr  compilation failed to produce executable

		=== objc Summary ===

# of expected passes		3905
# of unexpected failures	202
# of expected failures		17
# of unresolved testcases	144
# of unsupported tests		33
/Users/regress/tbox/native/build/gcc/xgcc  version 4.6.0 20101010 (experimental) (GCC) 

		=== libffi tests ===


Running target unix
FAIL: libffi.call/cls_double_va.c -O0 -W -Wall output pattern test, is -0.0
FAIL: libffi.call/cls_longdouble_va.c -O0 -W -Wall output pattern test, is -0.0
FAIL: libffi.call/nested_struct5.c -O0 -W -Wall execution test
FAIL: libffi.call/cls_double_va.c -O2 output pattern test, is -0.0
FAIL: libffi.call/cls_longdouble_va.c -O2 output pattern test, is -0.0
FAIL: libffi.call/nested_struct5.c -O2 execution test
FAIL: libffi.call/cls_double_va.c -O3 output pattern test, is -0.0
FAIL: libffi.call/cls_longdouble_va.c -O3 output pattern test, is -0.0
FAIL: libffi.call/nested_struct5.c -O3 execution test
FAIL: libffi.call/cls_double_va.c -Os output pattern test, is -0.0
FAIL: libffi.call/cls_longdouble_va.c -Os output pattern test, is -0.0
FAIL: libffi.call/nested_struct5.c -Os execution test
FAIL: libffi.call/cls_double_va.c -O2 -fomit-frame-pointer output pattern test, is -0.0
FAIL: libffi.call/cls_longdouble_va.c -O2 -fomit-frame-pointer output pattern test, is -0.0
FAIL: libffi.call/nested_struct5.c -O2 -fomit-frame-pointer execution test

		=== libffi Summary ===

# of expected passes		1614
# of unexpected failures	15
# of expected failures		10
# of unsupported tests		15
		=== libgomp tests ===


Running target unix

		=== libgomp Summary ===

# of expected passes		2490
# of unsupported tests		2
		=== libjava tests ===


Running target unix
FAIL: Thread_Sleep_2 -findirect-dispatch output - source compiled test
FAIL: Thread_Sleep_2 -O3 output - source compiled test
WARNING: program timed out.
FAIL: Throw_3 -O3 -findirect-dispatch execution - source compiled test

		=== libjava Summary ===

# of expected passes		2570
# of unexpected failures	3
# of untested testcases		1
		=== libstdc++ tests ===


Running target unix
FAIL: ext/mt_allocator/deallocate_global_thread-1.cc execution test
FAIL: ext/mt_allocator/deallocate_global_thread-3.cc execution test

		=== libstdc++ Summary ===

# of expected passes		6738
# of unexpected failures	2
# of expected failures		81
# of unsupported tests		632

		=== libstdc++ Summary ===


Compiler version: 4.6.0 20101010 (experimental) (GCC) 
Platform: powerpc-apple-darwin9.8.0
configure flags: --prefix=/Users/regress/tbox/objs --target=powerpc-apple-darwin9.8.0


Index Nav: [Date Index] [Subject Index] [Author Index] [Thread Index]
Message Nav: [Date Prev] [Date Next] [Thread Prev] [Thread Next]