This is the mail archive of the
gcc-testresults@gcc.gnu.org
mailing list for the GCC project.
Results for 4.4.6 20101009 (prerelease) [gcc-4_4-branch revision 165215] (GCC) testsuite on i686-pc-linux-gnu
- From: hjl at gnu-29 dot sc dot intel dot com (H.J. Lu (ia32))
- To: gcc-testresults at gcc dot gnu dot org
- Date: Sat, 09 Oct 2010 01:57:27 -0700
- Subject: Results for 4.4.6 20101009 (prerelease) [gcc-4_4-branch revision 165215] (GCC) testsuite on i686-pc-linux-gnu
LAST_UPDATED: Sat Oct 9 07:17:30 UTC 2010 (revision 165215)
Native configuration is i686-pc-linux-gnu
=== g++ tests ===
Running target unix
=== g++ Summary ===
# of expected passes 20300
# of expected failures 157
# of unsupported tests 101
/export/gnu/import/svn/gcc-test/bld/gcc/testsuite/g++/../../g++ version 4.4.6 20101009 (prerelease) [gcc-4_4-branch revision 165215] (GCC)
=== gcc tests ===
Running target unix
=== gcc Summary ===
# of expected passes 58388
# of expected failures 193
# of unsupported tests 461
/export/gnu/import/svn/gcc-test/bld/gcc/xgcc version 4.4.6 20101009 (prerelease) [gcc-4_4-branch revision 165215] (GCC)
=== gfortran tests ===
Running target unix
=== gfortran Summary ===
# of expected passes 30326
# of expected failures 13
# of unsupported tests 108
/export/gnu/import/svn/gcc-test/bld/gcc/testsuite/gfortran/../../gfortran version 4.4.6 20101009 (prerelease) [gcc-4_4-branch revision 165215] (GCC)
=== objc tests ===
Running target unix
=== objc Summary ===
# of expected passes 1874
# of expected failures 7
# of unsupported tests 24
/export/gnu/import/svn/gcc-test/bld/gcc/xgcc version 4.4.6 20101009 (prerelease) [gcc-4_4-branch revision 165215] (GCC)
=== libffi tests ===
Running target unix
=== libffi Summary ===
# of expected passes 1399
# of unsupported tests 10
=== libgomp tests ===
Running target unix
=== libgomp Summary ===
# of expected passes 2476
=== libjava tests ===
Running target unix
=== libjava Summary ===
# of expected passes 2574
=== libmudflap tests ===
Running target unix
FAIL: libmudflap.c++/pass41-frag.cxx execution test
FAIL: libmudflap.c++/pass41-frag.cxx ( -O) execution test
FAIL: libmudflap.c++/pass41-frag.cxx (-O2) execution test
FAIL: libmudflap.c++/pass41-frag.cxx (-O3) execution test
FAIL: libmudflap.cth/pass39-frag.c (rerun 13) execution test
FAIL: libmudflap.cth/pass39-frag.c (rerun 13) output pattern test
=== libmudflap Summary ===
# of expected passes 1421
# of unexpected failures 6
=== libstdc++ tests ===
Running target unix
=== libstdc++ Summary ===
# of expected passes 6510
# of expected failures 80
# of unsupported tests 18
Compiler version: 4.4.6 20101009 (prerelease) [gcc-4_4-branch revision 165215] (GCC)
Platform: i686-pc-linux-gnu
configure flags: --enable-clocale=gnu --with-system-zlib --enable-shared --with-demangler-in-ld --with-fpmath=sse