This is the mail archive of the gcc-testresults@gcc.gnu.org mailing list for the GCC project.


Index Nav: [Date Index] [Subject Index] [Author Index] [Thread Index]
Message Nav: [Date Prev] [Date Next] [Thread Prev] [Thread Next]
Other format: [Raw text]

Results for 4.4.5 (GCC) testsuite on x86_64-unknown-linux-gnu


Built on Debian GNU/Linux Lenny (stable) 5.0.6
Linux 2.6.26-2-amd64 #1 SMP Thu Sep 16 15:56:38 UTC 2010 x86_64 GNU/Linux

CPU is an older dual core:
vendor_id       : AuthenticAMD
cpu family      : 15
model           : 67
model name      : AMD Athlon(tm) 64 X2 Dual Core Processor 5600+
stepping        : 3
cpu MHz         : 2812.967
cache size      : 1024 KB

I pulled libmpfr-dev and libmpfr4 from Squeeze (testing) but other than that the
build was entirely with a clean Lenny install.  I didn't build with CLooG-PPL/PPL as the dependency chain to backport this from squeeze was a tad hairy.
Native configuration is x86_64-unknown-linux-gnu

		=== gcc tests ===


Running target unix
FAIL: gcc.dg/tree-prof/bb-reorg.c compilation,  -fprofile-use -D_PROFILE_USE
UNRESOLVED: gcc.dg/tree-prof/bb-reorg.c execution,    -fprofile-use -D_PROFILE_USE
FAIL: gcc.dg/tree-prof/pr34999.c compilation,  -fprofile-use -D_PROFILE_USE
UNRESOLVED: gcc.dg/tree-prof/pr34999.c execution,    -fprofile-use -D_PROFILE_USE

		=== gcc Summary ===

# of expected passes		56965
# of unexpected failures	2
# of expected failures		190
# of unresolved testcases	2
# of unsupported tests		1201
/home/quel/download/objdir-4.4.5/gcc/xgcc  version 4.4.5 (GCC) 

		=== gfortran tests ===


Running target unix

		=== gfortran Summary ===

# of expected passes		30428
# of expected failures		9
# of unsupported tests		44
/home/quel/download/objdir-4.4.5/gcc/testsuite/gfortran/../../gfortran  version 4.4.5 (GCC) 

		=== g++ tests ===


Running target unix

		=== g++ Summary ===

# of expected passes		19959
# of expected failures		157
# of unsupported tests		254
/home/quel/download/objdir-4.4.5/gcc/testsuite/g++/../../g++  version 4.4.5 (GCC) 

		=== objc tests ===


Running target unix

		=== objc Summary ===

# of expected passes		1866
# of expected failures		15
# of unsupported tests		24
/home/quel/download/objdir-4.4.5/gcc/xgcc  version 4.4.5 (GCC) 

		=== libffi tests ===


Running target unix

		=== libffi Summary ===

# of expected passes		1389
# of unsupported tests		10
		=== libgomp tests ===


Running target unix

		=== libgomp Summary ===

# of expected passes		2476
		=== libjava tests ===


Running target unix

		=== libjava Summary ===

# of expected passes		2574
		=== libmudflap tests ===


Running target unix
FAIL: libmudflap.c++/pass41-frag.cxx execution test
FAIL: libmudflap.c++/pass41-frag.cxx (-static) execution test
FAIL: libmudflap.c++/pass41-frag.cxx ( -O) execution test
FAIL: libmudflap.c++/pass41-frag.cxx (-O2) execution test
FAIL: libmudflap.c++/pass41-frag.cxx (-O3) execution test

		=== libmudflap Summary ===

# of expected passes		1889
# of unexpected failures	5
		=== libstdc++ tests ===


Running target unix
FAIL: abi_check

		=== libstdc++ Summary ===

# of expected passes		5870
# of unexpected failures	1
# of expected failures		80
# of unsupported tests		333

Compiler version: 4.4.5 (GCC) 
Platform: x86_64-unknown-linux-gnu


Index Nav: [Date Index] [Subject Index] [Author Index] [Thread Index]
Message Nav: [Date Prev] [Date Next] [Thread Prev] [Thread Next]