This is the mail archive of the
gcc-testresults@gcc.gnu.org
mailing list for the GCC project.
Results for 4.6.0 20101004 (experimental) (GCC) testsuite on x86_64-apple-darwin10.5.0
- From: Jack Howarth <howarth at bromo dot med dot uc dot edu>
- To: gcc-testresults at gcc dot gnu dot org
- Date: Tue, 5 Oct 2010 19:17:43 -0400
- Subject: Results for 4.6.0 20101004 (experimental) (GCC) testsuite on x86_64-apple-darwin10.5.0
r164962 with http://gcc.gnu.org/ml/gcc-patches/2010-10/msg00060.html and
http://gcc.gnu.org/ml/gcc-patches/2010-10/msg00104.html.
Native configuration is x86_64-apple-darwin10.5.0
=== g++ tests ===
Running target unix/-m32
WARNING: g++.dg/ext/label13.C compilation failed to produce executable
FAIL: g++.dg/ext/visibility/anon6.C scan-assembler 1BIiE1cE
FAIL: g++.dg/pubtypes.C scan-assembler "A\\\\\\\\0"+[ \\t]+[#;@]+[ \\t]+external name
FAIL: g++.dg/lto/20100723-1 cp_lto_20100723-1_0.o-cp_lto_20100723-1_0.o link, -fcompare-debug -flto (internal compiler error)
UNRESOLVED: g++.dg/lto/20100723-1 cp_lto_20100723-1_0.o-cp_lto_20100723-1_0.o execute -fcompare-debug -flto
FAIL: g++.dg/lto/20100723-1 cp_lto_20100723-1_0.o-cp_lto_20100723-1_0.o link, -fcompare-debug -fwhopr (internal compiler error)
UNRESOLVED: g++.dg/lto/20100723-1 cp_lto_20100723-1_0.o-cp_lto_20100723-1_0.o execute -fcompare-debug -fwhopr
FAIL: g++.dg/torture/stackalign/eh-alloca-1.C -O3 -g execution test
FAIL: g++.dg/torture/stackalign/eh-vararg-1.C -O3 -g execution test
FAIL: g++.dg/torture/stackalign/eh-vararg-2.C -O3 -g execution test
FAIL: g++.dg/torture/stackalign/eh-alloca-1.C -O3 -g execution test
FAIL: g++.dg/torture/stackalign/eh-vararg-1.C -O3 -g execution test
FAIL: g++.dg/torture/stackalign/eh-vararg-2.C -O3 -g execution test
=== g++ Summary for unix/-m32 ===
# of expected passes 24610
# of unexpected failures 10
# of expected failures 150
# of unresolved testcases 2
# of unsupported tests 175
Running target unix/-m64
WARNING: g++.dg/ext/label13.C compilation failed to produce executable
FAIL: g++.dg/ext/visibility/anon6.C scan-assembler 1BIiE1cE
FAIL: g++.dg/pubtypes.C scan-assembler "A\\\\\\\\0"+[ \\t]+[#;@]+[ \\t]+external name
FAIL: g++.dg/lto/20100723-1 cp_lto_20100723-1_0.o-cp_lto_20100723-1_0.o link, -fcompare-debug -flto (internal compiler error)
UNRESOLVED: g++.dg/lto/20100723-1 cp_lto_20100723-1_0.o-cp_lto_20100723-1_0.o execute -fcompare-debug -flto
FAIL: g++.dg/lto/20100723-1 cp_lto_20100723-1_0.o-cp_lto_20100723-1_0.o link, -fcompare-debug -fwhopr (internal compiler error)
UNRESOLVED: g++.dg/lto/20100723-1 cp_lto_20100723-1_0.o-cp_lto_20100723-1_0.o execute -fcompare-debug -fwhopr
FAIL: g++.dg/tree-prof/partition2.C compilation, -O3 -g -fprofile-use
UNRESOLVED: g++.dg/tree-prof/partition2.C execution, -O3 -g -fprofile-use
=== g++ Summary for unix/-m64 ===
# of expected passes 24854
# of unexpected failures 5
# of expected failures 150
# of unresolved testcases 3
# of unsupported tests 369
=== g++ Summary ===
# of expected passes 49464
# of unexpected failures 15
# of expected failures 300
# of unresolved testcases 5
# of unsupported tests 544
/sw/src/fink.build/gcc46-4.6.0-1000/darwin_objdir/gcc/testsuite/g++/../../g++ version 4.6.0 20101004 (experimental) (GCC)
=== gcc tests ===
Running target unix/-m32
FAIL: gcc.c-torture/execute/cmpsf-1.c execution, -O0
FAIL: gcc.c-torture/execute/cmpsf-1.c execution, -O1
FAIL: gcc.c-torture/execute/cmpsf-1.c execution, -O2
FAIL: gcc.c-torture/execute/cmpsf-1.c execution, -O3 -fomit-frame-pointer
FAIL: gcc.c-torture/execute/cmpsf-1.c execution, -O3 -fomit-frame-pointer -funroll-loops
FAIL: gcc.c-torture/execute/cmpsf-1.c execution, -O3 -fomit-frame-pointer -funroll-all-loops -finline-functions
FAIL: gcc.c-torture/execute/cmpsf-1.c execution, -O3 -g
FAIL: gcc.c-torture/execute/cmpsf-1.c execution, -Os
FAIL: gcc.c-torture/execute/cmpsf-1.c execution, -O2 -flto
FAIL: gcc.c-torture/execute/cmpsf-1.c execution, -O2 -fwhopr
FAIL: gcc.c-torture/execute/cmpsi-2.c execution, -O0
FAIL: gcc.c-torture/execute/cmpsi-2.c execution, -O1
FAIL: gcc.c-torture/execute/cmpsi-2.c execution, -O2
FAIL: gcc.c-torture/execute/cmpsi-2.c execution, -O3 -fomit-frame-pointer
FAIL: gcc.c-torture/execute/cmpsi-2.c execution, -O3 -fomit-frame-pointer -funroll-loops
FAIL: gcc.c-torture/execute/cmpsi-2.c execution, -O3 -fomit-frame-pointer -funroll-all-loops -finline-functions
FAIL: gcc.c-torture/execute/cmpsi-2.c execution, -O3 -g
FAIL: gcc.c-torture/execute/cmpsi-2.c execution, -Os
FAIL: gcc.c-torture/execute/cmpsi-2.c execution, -O2 -flto
FAIL: gcc.c-torture/execute/cmpsi-2.c execution, -O2 -fwhopr
FAIL: gcc.dg/cpp/_Pragma3.c (test for excess errors)
FAIL: gcc.dg/framework-1.c (test for excess errors)
XPASS: gcc.dg/tree-ssa/20031106-3.c scan-tree-dump-times optimized "link_error" 0
XPASS: gcc.dg/tree-ssa/20040204-1.c scan-tree-dump-times optimized "link_error" 0
XPASS: gcc.dg/tree-ssa/fre-vce-1.c scan-tree-dump-times fre "sv.i" 2
FAIL: gcc.target/i386/combine-mul.c scan-assembler-not 12345
FAIL: gcc.target/i386/stackalign/longlong-1.c -mstackrealign (internal compiler error)
FAIL: gcc.target/i386/stackalign/longlong-1.c -mstackrealign (test for excess errors)
ERROR: gcc.target/i386/stackalign/longlong-1.c: error executing dg-final: couldn't open "longlong-1.s": no such file or directory
UNRESOLVED: gcc.target/i386/stackalign/longlong-1.c: error executing dg-final: couldn't open "longlong-1.s": no such file or directory
FAIL: gcc.target/i386/stackalign/longlong-1.c -mno-stackrealign (internal compiler error)
FAIL: gcc.target/i386/stackalign/longlong-1.c -mno-stackrealign (test for excess errors)
ERROR: gcc.target/i386/stackalign/longlong-1.c: error executing dg-final: couldn't open "longlong-1.s": no such file or directory
UNRESOLVED: gcc.target/i386/stackalign/longlong-1.c: error executing dg-final: couldn't open "longlong-1.s": no such file or directory
=== gcc Summary for unix/-m32 ===
# of expected passes 72244
# of unexpected failures 27
# of unexpected successes 3
# of expected failures 211
# of unresolved testcases 2
# of unsupported tests 1311
Running target unix/-m64
FAIL: gcc.c-torture/execute/cmpsf-1.c execution, -O0
FAIL: gcc.c-torture/execute/cmpsf-1.c execution, -O1
FAIL: gcc.c-torture/execute/cmpsf-1.c execution, -O2
FAIL: gcc.c-torture/execute/cmpsf-1.c execution, -O3 -fomit-frame-pointer
FAIL: gcc.c-torture/execute/cmpsf-1.c execution, -O3 -fomit-frame-pointer -funroll-loops
FAIL: gcc.c-torture/execute/cmpsf-1.c execution, -O3 -fomit-frame-pointer -funroll-all-loops -finline-functions
FAIL: gcc.c-torture/execute/cmpsf-1.c execution, -O3 -g
FAIL: gcc.c-torture/execute/cmpsf-1.c execution, -Os
FAIL: gcc.c-torture/execute/cmpsf-1.c execution, -O2 -flto
FAIL: gcc.c-torture/execute/cmpsf-1.c execution, -O2 -fwhopr
FAIL: gcc.c-torture/execute/cmpsi-2.c execution, -O0
FAIL: gcc.c-torture/execute/cmpsi-2.c execution, -O1
FAIL: gcc.c-torture/execute/cmpsi-2.c execution, -O2
FAIL: gcc.c-torture/execute/cmpsi-2.c execution, -O3 -fomit-frame-pointer
FAIL: gcc.c-torture/execute/cmpsi-2.c execution, -O3 -fomit-frame-pointer -funroll-loops
FAIL: gcc.c-torture/execute/cmpsi-2.c execution, -O3 -fomit-frame-pointer -funroll-all-loops -finline-functions
FAIL: gcc.c-torture/execute/cmpsi-2.c execution, -O3 -g
FAIL: gcc.c-torture/execute/cmpsi-2.c execution, -Os
FAIL: gcc.c-torture/execute/cmpsi-2.c execution, -O2 -flto
FAIL: gcc.c-torture/execute/cmpsi-2.c execution, -O2 -fwhopr
FAIL: gcc.dg/cpp/_Pragma3.c (test for excess errors)
FAIL: gcc.dg/framework-1.c (test for excess errors)
FAIL: gcc.dg/matrix/transpose-3.c execution, -fprofile-use -fipa-matrix-reorg -fdump-ipa-matrix-reorg -O3 -fwhole-program
XPASS: gcc.dg/tree-ssa/20031106-3.c scan-tree-dump-times optimized "link_error" 0
XPASS: gcc.dg/tree-ssa/20040204-1.c scan-tree-dump-times optimized "link_error" 0
XPASS: gcc.dg/tree-ssa/fre-vce-1.c scan-tree-dump-times fre "sv.i" 2
FAIL: gcc.target/i386/combine-mul.c scan-assembler-not 12345
=== gcc Summary for unix/-m64 ===
# of expected passes 72303
# of unexpected failures 24
# of unexpected successes 3
# of expected failures 212
# of unsupported tests 1702
=== gcc Summary ===
# of expected passes 144547
# of unexpected failures 51
# of unexpected successes 6
# of expected failures 423
# of unresolved testcases 2
# of unsupported tests 3013
/sw/src/fink.build/gcc46-4.6.0-1000/darwin_objdir/gcc/xgcc version 4.6.0 20101004 (experimental) (GCC)
=== gfortran tests ===
Running target unix/-m32
XPASS: gfortran.dg/pr25923.f90 -O PR45505 (test for warnings, line 13)
XPASS: gfortran.dg/pr25923.f90 -O PR45505 (test for bogus messages, line 22)
=== gfortran Summary for unix/-m32 ===
# of expected passes 36645
# of unexpected successes 2
# of expected failures 50
# of unsupported tests 177
Running target unix/-m64
=== gfortran Summary for unix/-m64 ===
# of expected passes 36886
# of expected failures 50
# of unsupported tests 63
=== gfortran Summary ===
# of expected passes 73531
# of unexpected successes 2
# of expected failures 100
# of unsupported tests 240
/sw/src/fink.build/gcc46-4.6.0-1000/darwin_objdir/gcc/testsuite/gfortran/../../gfortran version 4.6.0 20101004 (experimental) (GCC)
=== obj-c++ tests ===
Running target unix/-m32
WARNING: obj-c++.dg/lookup-2.mm -fgnu-runtime compilation failed to produce executable
WARNING: obj-c++.dg/try-catch-2.mm -fgnu-runtime compilation failed to produce executable
WARNING: obj-c++.dg/try-catch-9.mm -fgnu-runtime compilation failed to produce executable
FAIL: obj-c++.dg/encode-3.mm -fnext-runtime execution test
FAIL: obj-c++.dg/torture/tls/thr-init-3.mm -O1 (internal compiler error)
FAIL: obj-c++.dg/torture/tls/thr-init-3.mm -O1 (test for excess errors)
WARNING: obj-c++.dg/torture/tls/thr-init-3.mm -O1 compilation failed to produce executable
FAIL: obj-c++.dg/torture/tls/thr-init-3.mm -O2 (internal compiler error)
FAIL: obj-c++.dg/torture/tls/thr-init-3.mm -O2 (test for excess errors)
WARNING: obj-c++.dg/torture/tls/thr-init-3.mm -O2 compilation failed to produce executable
FAIL: obj-c++.dg/torture/tls/thr-init-3.mm -O3 -fomit-frame-pointer (internal compiler error)
FAIL: obj-c++.dg/torture/tls/thr-init-3.mm -O3 -fomit-frame-pointer (test for excess errors)
WARNING: obj-c++.dg/torture/tls/thr-init-3.mm -O3 -fomit-frame-pointer compilation failed to produce executable
FAIL: obj-c++.dg/torture/tls/thr-init-3.mm -O3 -g (internal compiler error)
FAIL: obj-c++.dg/torture/tls/thr-init-3.mm -O3 -g (test for excess errors)
WARNING: obj-c++.dg/torture/tls/thr-init-3.mm -O3 -g compilation failed to produce executable
FAIL: obj-c++.dg/torture/tls/thr-init-3.mm -Os (internal compiler error)
FAIL: obj-c++.dg/torture/tls/thr-init-3.mm -Os (test for excess errors)
WARNING: obj-c++.dg/torture/tls/thr-init-3.mm -Os compilation failed to produce executable
FAIL: obj-c++.dg/torture/tls/thr-init-3.mm -O2 -flto (internal compiler error)
FAIL: obj-c++.dg/torture/tls/thr-init-3.mm -O2 -flto (test for excess errors)
WARNING: obj-c++.dg/torture/tls/thr-init-3.mm -O2 -flto compilation failed to produce executable
FAIL: obj-c++.dg/torture/tls/thr-init-3.mm -O2 -fwhopr (internal compiler error)
FAIL: obj-c++.dg/torture/tls/thr-init-3.mm -O2 -fwhopr (test for excess errors)
WARNING: obj-c++.dg/torture/tls/thr-init-3.mm -O2 -fwhopr compilation failed to produce executable
=== obj-c++ Summary for unix/-m32 ===
# of expected passes 1281
# of unexpected failures 15
# of expected failures 3
# of unsupported tests 18
Running target unix/-m64
WARNING: obj-c++.dg/lookup-2.mm -fgnu-runtime compilation failed to produce executable
WARNING: obj-c++.dg/try-catch-2.mm -fgnu-runtime compilation failed to produce executable
WARNING: obj-c++.dg/try-catch-9.mm -fgnu-runtime compilation failed to produce executable
FAIL: obj-c++.dg/encode-3.mm -fnext-runtime execution test
WARNING: obj-c++.dg/try-catch-2.mm -fnext-runtime compilation failed to produce executable
WARNING: obj-c++.dg/try-catch-9.mm -fnext-runtime compilation failed to produce executable
FAIL: obj-c++.dg/torture/tls/thr-init-3.mm -O1 (internal compiler error)
FAIL: obj-c++.dg/torture/tls/thr-init-3.mm -O1 (test for excess errors)
WARNING: obj-c++.dg/torture/tls/thr-init-3.mm -O1 compilation failed to produce executable
FAIL: obj-c++.dg/torture/tls/thr-init-3.mm -O2 (internal compiler error)
FAIL: obj-c++.dg/torture/tls/thr-init-3.mm -O2 (test for excess errors)
WARNING: obj-c++.dg/torture/tls/thr-init-3.mm -O2 compilation failed to produce executable
FAIL: obj-c++.dg/torture/tls/thr-init-3.mm -O3 -fomit-frame-pointer (internal compiler error)
FAIL: obj-c++.dg/torture/tls/thr-init-3.mm -O3 -fomit-frame-pointer (test for excess errors)
WARNING: obj-c++.dg/torture/tls/thr-init-3.mm -O3 -fomit-frame-pointer compilation failed to produce executable
FAIL: obj-c++.dg/torture/tls/thr-init-3.mm -O3 -g (internal compiler error)
FAIL: obj-c++.dg/torture/tls/thr-init-3.mm -O3 -g (test for excess errors)
WARNING: obj-c++.dg/torture/tls/thr-init-3.mm -O3 -g compilation failed to produce executable
FAIL: obj-c++.dg/torture/tls/thr-init-3.mm -Os (internal compiler error)
FAIL: obj-c++.dg/torture/tls/thr-init-3.mm -Os (test for excess errors)
WARNING: obj-c++.dg/torture/tls/thr-init-3.mm -Os compilation failed to produce executable
FAIL: obj-c++.dg/torture/tls/thr-init-3.mm -O2 -flto (internal compiler error)
FAIL: obj-c++.dg/torture/tls/thr-init-3.mm -O2 -flto (test for excess errors)
WARNING: obj-c++.dg/torture/tls/thr-init-3.mm -O2 -flto compilation failed to produce executable
FAIL: obj-c++.dg/torture/tls/thr-init-3.mm -O2 -fwhopr (internal compiler error)
FAIL: obj-c++.dg/torture/tls/thr-init-3.mm -O2 -fwhopr (test for excess errors)
WARNING: obj-c++.dg/torture/tls/thr-init-3.mm -O2 -fwhopr compilation failed to produce executable
=== obj-c++ Summary for unix/-m64 ===
# of expected passes 1192
# of unexpected failures 15
# of expected failures 56
# of unsupported tests 23
=== obj-c++ Summary ===
# of expected passes 2473
# of unexpected failures 30
# of expected failures 59
# of unsupported tests 41
/sw/src/fink.build/gcc46-4.6.0-1000/darwin_objdir/gcc/testsuite/obj-c++/../../g++ version 4.6.0 20101004 (experimental) (GCC)
=== objc tests ===
Running target unix/-m32
FAIL: objc/execute/accessing_ivars.m compilation, -O1 -fnext-runtime (internal compiler error)
UNRESOLVED: objc/execute/accessing_ivars.m execution, -O1 -fnext-runtime
FAIL: objc/execute/accessing_ivars.m compilation, -O2 -fnext-runtime (internal compiler error)
UNRESOLVED: objc/execute/accessing_ivars.m execution, -O2 -fnext-runtime
FAIL: objc/execute/accessing_ivars.m compilation, -O3 -fomit-frame-pointer -fnext-runtime (internal compiler error)
UNRESOLVED: objc/execute/accessing_ivars.m execution, -O3 -fomit-frame-pointer -fnext-runtime
FAIL: objc/execute/accessing_ivars.m compilation, -O3 -g -fnext-runtime (internal compiler error)
UNRESOLVED: objc/execute/accessing_ivars.m execution, -O3 -g -fnext-runtime
FAIL: objc/execute/accessing_ivars.m compilation, -Os -fnext-runtime (internal compiler error)
UNRESOLVED: objc/execute/accessing_ivars.m execution, -Os -fnext-runtime
FAIL: objc/execute/class-10.m compilation, -O1 -fnext-runtime (internal compiler error)
UNRESOLVED: objc/execute/class-10.m execution, -O1 -fnext-runtime
FAIL: objc/execute/class-10.m compilation, -O2 -fnext-runtime (internal compiler error)
UNRESOLVED: objc/execute/class-10.m execution, -O2 -fnext-runtime
FAIL: objc/execute/class-10.m compilation, -O3 -fomit-frame-pointer -fnext-runtime (internal compiler error)
UNRESOLVED: objc/execute/class-10.m execution, -O3 -fomit-frame-pointer -fnext-runtime
FAIL: objc/execute/class-10.m compilation, -O3 -g -fnext-runtime (internal compiler error)
UNRESOLVED: objc/execute/class-10.m execution, -O3 -g -fnext-runtime
FAIL: objc/execute/class-10.m compilation, -Os -fnext-runtime (internal compiler error)
UNRESOLVED: objc/execute/class-10.m execution, -Os -fnext-runtime
FAIL: objc/execute/class-11.m compilation, -O1 -fnext-runtime (internal compiler error)
UNRESOLVED: objc/execute/class-11.m execution, -O1 -fnext-runtime
FAIL: objc/execute/class-11.m compilation, -O2 -fnext-runtime (internal compiler error)
UNRESOLVED: objc/execute/class-11.m execution, -O2 -fnext-runtime
FAIL: objc/execute/class-11.m compilation, -O3 -fomit-frame-pointer -fnext-runtime (internal compiler error)
UNRESOLVED: objc/execute/class-11.m execution, -O3 -fomit-frame-pointer -fnext-runtime
FAIL: objc/execute/class-11.m compilation, -O3 -g -fnext-runtime (internal compiler error)
UNRESOLVED: objc/execute/class-11.m execution, -O3 -g -fnext-runtime
FAIL: objc/execute/class-11.m compilation, -Os -fnext-runtime (internal compiler error)
UNRESOLVED: objc/execute/class-11.m execution, -Os -fnext-runtime
FAIL: objc/execute/class-12.m compilation, -O1 -fnext-runtime (internal compiler error)
UNRESOLVED: objc/execute/class-12.m execution, -O1 -fnext-runtime
FAIL: objc/execute/class-12.m compilation, -O2 -fnext-runtime (internal compiler error)
UNRESOLVED: objc/execute/class-12.m execution, -O2 -fnext-runtime
FAIL: objc/execute/class-12.m compilation, -O3 -fomit-frame-pointer -fnext-runtime (internal compiler error)
UNRESOLVED: objc/execute/class-12.m execution, -O3 -fomit-frame-pointer -fnext-runtime
FAIL: objc/execute/class-12.m compilation, -O3 -g -fnext-runtime (internal compiler error)
UNRESOLVED: objc/execute/class-12.m execution, -O3 -g -fnext-runtime
FAIL: objc/execute/class-12.m compilation, -Os -fnext-runtime (internal compiler error)
UNRESOLVED: objc/execute/class-12.m execution, -Os -fnext-runtime
FAIL: objc/execute/class-13.m compilation, -O1 -fnext-runtime (internal compiler error)
UNRESOLVED: objc/execute/class-13.m execution, -O1 -fnext-runtime
FAIL: objc/execute/class-13.m compilation, -O2 -fnext-runtime (internal compiler error)
UNRESOLVED: objc/execute/class-13.m execution, -O2 -fnext-runtime
FAIL: objc/execute/class-13.m compilation, -O3 -fomit-frame-pointer -fnext-runtime (internal compiler error)
UNRESOLVED: objc/execute/class-13.m execution, -O3 -fomit-frame-pointer -fnext-runtime
FAIL: objc/execute/class-13.m compilation, -O3 -g -fnext-runtime (internal compiler error)
UNRESOLVED: objc/execute/class-13.m execution, -O3 -g -fnext-runtime
FAIL: objc/execute/class-13.m compilation, -Os -fnext-runtime (internal compiler error)
UNRESOLVED: objc/execute/class-13.m execution, -Os -fnext-runtime
FAIL: objc/execute/class-14.m compilation, -O1 -fnext-runtime (internal compiler error)
UNRESOLVED: objc/execute/class-14.m execution, -O1 -fnext-runtime
FAIL: objc/execute/class-14.m compilation, -O2 -fnext-runtime (internal compiler error)
UNRESOLVED: objc/execute/class-14.m execution, -O2 -fnext-runtime
FAIL: objc/execute/class-14.m compilation, -O3 -fomit-frame-pointer -fnext-runtime (internal compiler error)
UNRESOLVED: objc/execute/class-14.m execution, -O3 -fomit-frame-pointer -fnext-runtime
FAIL: objc/execute/class-14.m compilation, -O3 -g -fnext-runtime (internal compiler error)
UNRESOLVED: objc/execute/class-14.m execution, -O3 -g -fnext-runtime
FAIL: objc/execute/class-14.m compilation, -Os -fnext-runtime (internal compiler error)
UNRESOLVED: objc/execute/class-14.m execution, -Os -fnext-runtime
FAIL: objc/execute/class-4.m compilation, -O1 -fnext-runtime (internal compiler error)
UNRESOLVED: objc/execute/class-4.m execution, -O1 -fnext-runtime
FAIL: objc/execute/class-4.m compilation, -O2 -fnext-runtime (internal compiler error)
UNRESOLVED: objc/execute/class-4.m execution, -O2 -fnext-runtime
FAIL: objc/execute/class-4.m compilation, -O3 -fomit-frame-pointer -fnext-runtime (internal compiler error)
UNRESOLVED: objc/execute/class-4.m execution, -O3 -fomit-frame-pointer -fnext-runtime
FAIL: objc/execute/class-4.m compilation, -O3 -g -fnext-runtime (internal compiler error)
UNRESOLVED: objc/execute/class-4.m execution, -O3 -g -fnext-runtime
FAIL: objc/execute/class-4.m compilation, -Os -fnext-runtime (internal compiler error)
UNRESOLVED: objc/execute/class-4.m execution, -Os -fnext-runtime
FAIL: objc/execute/class-5.m compilation, -O1 -fnext-runtime (internal compiler error)
UNRESOLVED: objc/execute/class-5.m execution, -O1 -fnext-runtime
FAIL: objc/execute/class-5.m compilation, -O2 -fnext-runtime (internal compiler error)
UNRESOLVED: objc/execute/class-5.m execution, -O2 -fnext-runtime
FAIL: objc/execute/class-5.m compilation, -O3 -fomit-frame-pointer -fnext-runtime (internal compiler error)
UNRESOLVED: objc/execute/class-5.m execution, -O3 -fomit-frame-pointer -fnext-runtime
FAIL: objc/execute/class-5.m compilation, -O3 -g -fnext-runtime (internal compiler error)
UNRESOLVED: objc/execute/class-5.m execution, -O3 -g -fnext-runtime
FAIL: objc/execute/class-5.m compilation, -Os -fnext-runtime (internal compiler error)
UNRESOLVED: objc/execute/class-5.m execution, -Os -fnext-runtime
FAIL: objc/execute/class-6.m compilation, -O1 -fnext-runtime (internal compiler error)
UNRESOLVED: objc/execute/class-6.m execution, -O1 -fnext-runtime
FAIL: objc/execute/class-6.m compilation, -O2 -fnext-runtime (internal compiler error)
UNRESOLVED: objc/execute/class-6.m execution, -O2 -fnext-runtime
FAIL: objc/execute/class-6.m compilation, -O3 -fomit-frame-pointer -fnext-runtime (internal compiler error)
UNRESOLVED: objc/execute/class-6.m execution, -O3 -fomit-frame-pointer -fnext-runtime
FAIL: objc/execute/class-6.m compilation, -O3 -g -fnext-runtime (internal compiler error)
UNRESOLVED: objc/execute/class-6.m execution, -O3 -g -fnext-runtime
FAIL: objc/execute/class-6.m compilation, -Os -fnext-runtime (internal compiler error)
UNRESOLVED: objc/execute/class-6.m execution, -Os -fnext-runtime
FAIL: objc/execute/class-7.m compilation, -O1 -fnext-runtime (internal compiler error)
UNRESOLVED: objc/execute/class-7.m execution, -O1 -fnext-runtime
FAIL: objc/execute/class-7.m compilation, -O2 -fnext-runtime (internal compiler error)
UNRESOLVED: objc/execute/class-7.m execution, -O2 -fnext-runtime
FAIL: objc/execute/class-7.m compilation, -O3 -fomit-frame-pointer -fnext-runtime (internal compiler error)
UNRESOLVED: objc/execute/class-7.m execution, -O3 -fomit-frame-pointer -fnext-runtime
FAIL: objc/execute/class-7.m compilation, -O3 -g -fnext-runtime (internal compiler error)
UNRESOLVED: objc/execute/class-7.m execution, -O3 -g -fnext-runtime
FAIL: objc/execute/class-7.m compilation, -Os -fnext-runtime (internal compiler error)
UNRESOLVED: objc/execute/class-7.m execution, -Os -fnext-runtime
FAIL: objc/execute/class-8.m compilation, -O1 -fnext-runtime (internal compiler error)
UNRESOLVED: objc/execute/class-8.m execution, -O1 -fnext-runtime
FAIL: objc/execute/class-8.m compilation, -O2 -fnext-runtime (internal compiler error)
UNRESOLVED: objc/execute/class-8.m execution, -O2 -fnext-runtime
FAIL: objc/execute/class-8.m compilation, -O3 -fomit-frame-pointer -fnext-runtime (internal compiler error)
UNRESOLVED: objc/execute/class-8.m execution, -O3 -fomit-frame-pointer -fnext-runtime
FAIL: objc/execute/class-8.m compilation, -O3 -g -fnext-runtime (internal compiler error)
UNRESOLVED: objc/execute/class-8.m execution, -O3 -g -fnext-runtime
FAIL: objc/execute/class-8.m compilation, -Os -fnext-runtime (internal compiler error)
UNRESOLVED: objc/execute/class-8.m execution, -Os -fnext-runtime
FAIL: objc/execute/class-9.m compilation, -O1 -fnext-runtime (internal compiler error)
UNRESOLVED: objc/execute/class-9.m execution, -O1 -fnext-runtime
FAIL: objc/execute/class-9.m compilation, -O2 -fnext-runtime (internal compiler error)
UNRESOLVED: objc/execute/class-9.m execution, -O2 -fnext-runtime
FAIL: objc/execute/class-9.m compilation, -O3 -fomit-frame-pointer -fnext-runtime (internal compiler error)
UNRESOLVED: objc/execute/class-9.m execution, -O3 -fomit-frame-pointer -fnext-runtime
FAIL: objc/execute/class-9.m compilation, -O3 -g -fnext-runtime (internal compiler error)
UNRESOLVED: objc/execute/class-9.m execution, -O3 -g -fnext-runtime
FAIL: objc/execute/class-9.m compilation, -Os -fnext-runtime (internal compiler error)
UNRESOLVED: objc/execute/class-9.m execution, -Os -fnext-runtime
FAIL: objc/execute/class_self-1.m compilation, -O1 -fnext-runtime (internal compiler error)
UNRESOLVED: objc/execute/class_self-1.m execution, -O1 -fnext-runtime
FAIL: objc/execute/class_self-1.m compilation, -O2 -fnext-runtime (internal compiler error)
UNRESOLVED: objc/execute/class_self-1.m execution, -O2 -fnext-runtime
FAIL: objc/execute/class_self-1.m compilation, -O3 -fomit-frame-pointer -fnext-runtime (internal compiler error)
UNRESOLVED: objc/execute/class_self-1.m execution, -O3 -fomit-frame-pointer -fnext-runtime
FAIL: objc/execute/class_self-1.m compilation, -O3 -g -fnext-runtime (internal compiler error)
UNRESOLVED: objc/execute/class_self-1.m execution, -O3 -g -fnext-runtime
FAIL: objc/execute/class_self-1.m compilation, -Os -fnext-runtime (internal compiler error)
UNRESOLVED: objc/execute/class_self-1.m execution, -Os -fnext-runtime
FAIL: objc/execute/class_self-2.m compilation, -O1 -fnext-runtime (internal compiler error)
UNRESOLVED: objc/execute/class_self-2.m execution, -O1 -fnext-runtime
FAIL: objc/execute/class_self-2.m compilation, -O2 -fnext-runtime (internal compiler error)
UNRESOLVED: objc/execute/class_self-2.m execution, -O2 -fnext-runtime
FAIL: objc/execute/class_self-2.m compilation, -O3 -fomit-frame-pointer -fnext-runtime (internal compiler error)
UNRESOLVED: objc/execute/class_self-2.m execution, -O3 -fomit-frame-pointer -fnext-runtime
FAIL: objc/execute/class_self-2.m compilation, -O3 -g -fnext-runtime (internal compiler error)
UNRESOLVED: objc/execute/class_self-2.m execution, -O3 -g -fnext-runtime
FAIL: objc/execute/class_self-2.m compilation, -Os -fnext-runtime (internal compiler error)
UNRESOLVED: objc/execute/class_self-2.m execution, -Os -fnext-runtime
FAIL: objc/execute/enumeration-1.m compilation, -O1 -fnext-runtime (internal compiler error)
UNRESOLVED: objc/execute/enumeration-1.m execution, -O1 -fnext-runtime
FAIL: objc/execute/enumeration-1.m compilation, -O2 -fnext-runtime (internal compiler error)
UNRESOLVED: objc/execute/enumeration-1.m execution, -O2 -fnext-runtime
FAIL: objc/execute/enumeration-1.m compilation, -O3 -fomit-frame-pointer -fnext-runtime (internal compiler error)
UNRESOLVED: objc/execute/enumeration-1.m execution, -O3 -fomit-frame-pointer -fnext-runtime
FAIL: objc/execute/enumeration-1.m compilation, -O3 -g -fnext-runtime (internal compiler error)
UNRESOLVED: objc/execute/enumeration-1.m execution, -O3 -g -fnext-runtime
FAIL: objc/execute/enumeration-1.m compilation, -Os -fnext-runtime (internal compiler error)
UNRESOLVED: objc/execute/enumeration-1.m execution, -Os -fnext-runtime
FAIL: objc/execute/formal_protocol-1.m compilation, -O1 -fnext-runtime (internal compiler error)
UNRESOLVED: objc/execute/formal_protocol-1.m execution, -O1 -fnext-runtime
FAIL: objc/execute/formal_protocol-1.m compilation, -O2 -fnext-runtime (internal compiler error)
UNRESOLVED: objc/execute/formal_protocol-1.m execution, -O2 -fnext-runtime
FAIL: objc/execute/formal_protocol-1.m compilation, -O3 -fomit-frame-pointer -fnext-runtime (internal compiler error)
UNRESOLVED: objc/execute/formal_protocol-1.m execution, -O3 -fomit-frame-pointer -fnext-runtime
FAIL: objc/execute/formal_protocol-1.m compilation, -O3 -g -fnext-runtime (internal compiler error)
UNRESOLVED: objc/execute/formal_protocol-1.m execution, -O3 -g -fnext-runtime
FAIL: objc/execute/formal_protocol-1.m compilation, -Os -fnext-runtime (internal compiler error)
UNRESOLVED: objc/execute/formal_protocol-1.m execution, -Os -fnext-runtime
FAIL: objc/execute/formal_protocol-2.m compilation, -O1 -fnext-runtime (internal compiler error)
UNRESOLVED: objc/execute/formal_protocol-2.m execution, -O1 -fnext-runtime
FAIL: objc/execute/formal_protocol-2.m compilation, -O2 -fnext-runtime (internal compiler error)
UNRESOLVED: objc/execute/formal_protocol-2.m execution, -O2 -fnext-runtime
FAIL: objc/execute/formal_protocol-2.m compilation, -O3 -fomit-frame-pointer -fnext-runtime (internal compiler error)
UNRESOLVED: objc/execute/formal_protocol-2.m execution, -O3 -fomit-frame-pointer -fnext-runtime
FAIL: objc/execute/formal_protocol-2.m compilation, -O3 -g -fnext-runtime (internal compiler error)
UNRESOLVED: objc/execute/formal_protocol-2.m execution, -O3 -g -fnext-runtime
FAIL: objc/execute/formal_protocol-2.m compilation, -Os -fnext-runtime (internal compiler error)
UNRESOLVED: objc/execute/formal_protocol-2.m execution, -Os -fnext-runtime
FAIL: objc/execute/formal_protocol-3.m compilation, -O1 -fnext-runtime (internal compiler error)
UNRESOLVED: objc/execute/formal_protocol-3.m execution, -O1 -fnext-runtime
FAIL: objc/execute/formal_protocol-3.m compilation, -O2 -fnext-runtime (internal compiler error)
UNRESOLVED: objc/execute/formal_protocol-3.m execution, -O2 -fnext-runtime
FAIL: objc/execute/formal_protocol-3.m compilation, -O3 -fomit-frame-pointer -fnext-runtime (internal compiler error)
UNRESOLVED: objc/execute/formal_protocol-3.m execution, -O3 -fomit-frame-pointer -fnext-runtime
FAIL: objc/execute/formal_protocol-3.m compilation, -O3 -g -fnext-runtime (internal compiler error)
UNRESOLVED: objc/execute/formal_protocol-3.m execution, -O3 -g -fnext-runtime
FAIL: objc/execute/formal_protocol-3.m compilation, -Os -fnext-runtime (internal compiler error)
UNRESOLVED: objc/execute/formal_protocol-3.m execution, -Os -fnext-runtime
FAIL: objc/execute/formal_protocol-4.m compilation, -O1 -fnext-runtime (internal compiler error)
UNRESOLVED: objc/execute/formal_protocol-4.m execution, -O1 -fnext-runtime
FAIL: objc/execute/formal_protocol-4.m compilation, -O2 -fnext-runtime (internal compiler error)
UNRESOLVED: objc/execute/formal_protocol-4.m execution, -O2 -fnext-runtime
FAIL: objc/execute/formal_protocol-4.m compilation, -O3 -fomit-frame-pointer -fnext-runtime (internal compiler error)
UNRESOLVED: objc/execute/formal_protocol-4.m execution, -O3 -fomit-frame-pointer -fnext-runtime
FAIL: objc/execute/formal_protocol-4.m compilation, -O3 -g -fnext-runtime (internal compiler error)
UNRESOLVED: objc/execute/formal_protocol-4.m execution, -O3 -g -fnext-runtime
FAIL: objc/execute/formal_protocol-4.m compilation, -Os -fnext-runtime (internal compiler error)
UNRESOLVED: objc/execute/formal_protocol-4.m execution, -Os -fnext-runtime
FAIL: objc/execute/initialize.m compilation, -O1 -fnext-runtime (internal compiler error)
UNRESOLVED: objc/execute/initialize.m execution, -O1 -fnext-runtime
FAIL: objc/execute/initialize.m compilation, -O2 -fnext-runtime (internal compiler error)
UNRESOLVED: objc/execute/initialize.m execution, -O2 -fnext-runtime
FAIL: objc/execute/initialize.m compilation, -O3 -fomit-frame-pointer -fnext-runtime (internal compiler error)
UNRESOLVED: objc/execute/initialize.m execution, -O3 -fomit-frame-pointer -fnext-runtime
FAIL: objc/execute/initialize.m compilation, -O3 -g -fnext-runtime (internal compiler error)
UNRESOLVED: objc/execute/initialize.m execution, -O3 -g -fnext-runtime
FAIL: objc/execute/initialize.m compilation, -Os -fnext-runtime (internal compiler error)
UNRESOLVED: objc/execute/initialize.m execution, -Os -fnext-runtime
FAIL: objc/execute/many_args_method.m compilation, -O1 -fnext-runtime (internal compiler error)
UNRESOLVED: objc/execute/many_args_method.m execution, -O1 -fnext-runtime
FAIL: objc/execute/many_args_method.m compilation, -O2 -fnext-runtime (internal compiler error)
UNRESOLVED: objc/execute/many_args_method.m execution, -O2 -fnext-runtime
FAIL: objc/execute/many_args_method.m compilation, -O3 -fomit-frame-pointer -fnext-runtime (internal compiler error)
UNRESOLVED: objc/execute/many_args_method.m execution, -O3 -fomit-frame-pointer -fnext-runtime
FAIL: objc/execute/many_args_method.m compilation, -O3 -g -fnext-runtime (internal compiler error)
UNRESOLVED: objc/execute/many_args_method.m execution, -O3 -g -fnext-runtime
FAIL: objc/execute/many_args_method.m compilation, -Os -fnext-runtime (internal compiler error)
UNRESOLVED: objc/execute/many_args_method.m execution, -Os -fnext-runtime
FAIL: objc/execute/nested-3.m compilation, -O1 -fnext-runtime (internal compiler error)
UNRESOLVED: objc/execute/nested-3.m execution, -O1 -fnext-runtime
FAIL: objc/execute/nested-3.m compilation, -O2 -fnext-runtime (internal compiler error)
UNRESOLVED: objc/execute/nested-3.m execution, -O2 -fnext-runtime
FAIL: objc/execute/nested-3.m compilation, -O3 -fomit-frame-pointer -fnext-runtime (internal compiler error)
UNRESOLVED: objc/execute/nested-3.m execution, -O3 -fomit-frame-pointer -fnext-runtime
FAIL: objc/execute/nested-3.m compilation, -O3 -g -fnext-runtime (internal compiler error)
UNRESOLVED: objc/execute/nested-3.m execution, -O3 -g -fnext-runtime
FAIL: objc/execute/nested-3.m compilation, -Os -fnext-runtime (internal compiler error)
UNRESOLVED: objc/execute/nested-3.m execution, -Os -fnext-runtime
FAIL: objc/execute/nested-func-1.m compilation, -O1 -fnext-runtime (internal compiler error)
UNRESOLVED: objc/execute/nested-func-1.m execution, -O1 -fnext-runtime
FAIL: objc/execute/nested-func-1.m compilation, -O2 -fnext-runtime (internal compiler error)
UNRESOLVED: objc/execute/nested-func-1.m execution, -O2 -fnext-runtime
FAIL: objc/execute/nested-func-1.m compilation, -O3 -fomit-frame-pointer -fnext-runtime (internal compiler error)
UNRESOLVED: objc/execute/nested-func-1.m execution, -O3 -fomit-frame-pointer -fnext-runtime
FAIL: objc/execute/nested-func-1.m compilation, -O3 -g -fnext-runtime (internal compiler error)
UNRESOLVED: objc/execute/nested-func-1.m execution, -O3 -g -fnext-runtime
FAIL: objc/execute/nested-func-1.m compilation, -Os -fnext-runtime (internal compiler error)
UNRESOLVED: objc/execute/nested-func-1.m execution, -Os -fnext-runtime
FAIL: objc/execute/no_clash.m compilation, -O1 -fnext-runtime (internal compiler error)
UNRESOLVED: objc/execute/no_clash.m execution, -O1 -fnext-runtime
FAIL: objc/execute/no_clash.m compilation, -O2 -fnext-runtime (internal compiler error)
UNRESOLVED: objc/execute/no_clash.m execution, -O2 -fnext-runtime
FAIL: objc/execute/no_clash.m compilation, -O3 -fomit-frame-pointer -fnext-runtime (internal compiler error)
UNRESOLVED: objc/execute/no_clash.m execution, -O3 -fomit-frame-pointer -fnext-runtime
FAIL: objc/execute/no_clash.m compilation, -O3 -g -fnext-runtime (internal compiler error)
UNRESOLVED: objc/execute/no_clash.m execution, -O3 -g -fnext-runtime
FAIL: objc/execute/no_clash.m compilation, -Os -fnext-runtime (internal compiler error)
UNRESOLVED: objc/execute/no_clash.m execution, -Os -fnext-runtime
FAIL: objc/execute/static-1.m compilation, -O1 -fnext-runtime (internal compiler error)
UNRESOLVED: objc/execute/static-1.m execution, -O1 -fnext-runtime
FAIL: objc/execute/static-1.m compilation, -O2 -fnext-runtime (internal compiler error)
UNRESOLVED: objc/execute/static-1.m execution, -O2 -fnext-runtime
FAIL: objc/execute/static-1.m compilation, -O3 -fomit-frame-pointer -fnext-runtime (internal compiler error)
UNRESOLVED: objc/execute/static-1.m execution, -O3 -fomit-frame-pointer -fnext-runtime
FAIL: objc/execute/static-1.m compilation, -O3 -g -fnext-runtime (internal compiler error)
UNRESOLVED: objc/execute/static-1.m execution, -O3 -g -fnext-runtime
FAIL: objc/execute/static-1.m compilation, -Os -fnext-runtime (internal compiler error)
UNRESOLVED: objc/execute/static-1.m execution, -Os -fnext-runtime
FAIL: objc/execute/static-2.m compilation, -O1 -fnext-runtime (internal compiler error)
UNRESOLVED: objc/execute/static-2.m execution, -O1 -fnext-runtime
FAIL: objc/execute/static-2.m compilation, -O2 -fnext-runtime (internal compiler error)
UNRESOLVED: objc/execute/static-2.m execution, -O2 -fnext-runtime
FAIL: objc/execute/static-2.m compilation, -O3 -fomit-frame-pointer -fnext-runtime (internal compiler error)
UNRESOLVED: objc/execute/static-2.m execution, -O3 -fomit-frame-pointer -fnext-runtime
FAIL: objc/execute/static-2.m compilation, -O3 -g -fnext-runtime (internal compiler error)
UNRESOLVED: objc/execute/static-2.m execution, -O3 -g -fnext-runtime
FAIL: objc/execute/static-2.m compilation, -Os -fnext-runtime (internal compiler error)
UNRESOLVED: objc/execute/static-2.m execution, -Os -fnext-runtime
FAIL: objc/execute/string4.m compilation, -O1 -fnext-runtime (internal compiler error)
UNRESOLVED: objc/execute/string4.m execution, -O1 -fnext-runtime
FAIL: objc/execute/string4.m compilation, -O2 -fnext-runtime (internal compiler error)
UNRESOLVED: objc/execute/string4.m execution, -O2 -fnext-runtime
FAIL: objc/execute/string4.m compilation, -O3 -fomit-frame-pointer -fnext-runtime (internal compiler error)
UNRESOLVED: objc/execute/string4.m execution, -O3 -fomit-frame-pointer -fnext-runtime
FAIL: objc/execute/string4.m compilation, -O3 -g -fnext-runtime (internal compiler error)
UNRESOLVED: objc/execute/string4.m execution, -O3 -g -fnext-runtime
FAIL: objc/execute/string4.m compilation, -Os -fnext-runtime (internal compiler error)
UNRESOLVED: objc/execute/string4.m execution, -Os -fnext-runtime
FAIL: objc/execute/va_method.m compilation, -O1 -fnext-runtime (internal compiler error)
UNRESOLVED: objc/execute/va_method.m execution, -O1 -fnext-runtime
FAIL: objc/execute/va_method.m compilation, -O2 -fnext-runtime (internal compiler error)
UNRESOLVED: objc/execute/va_method.m execution, -O2 -fnext-runtime
FAIL: objc/execute/va_method.m compilation, -O3 -fomit-frame-pointer -fnext-runtime (internal compiler error)
UNRESOLVED: objc/execute/va_method.m execution, -O3 -fomit-frame-pointer -fnext-runtime
FAIL: objc/execute/va_method.m compilation, -O3 -fomit-frame-pointer -funroll-loops -fnext-runtime (internal compiler error)
UNRESOLVED: objc/execute/va_method.m execution, -O3 -fomit-frame-pointer -funroll-loops -fnext-runtime
FAIL: objc/execute/va_method.m compilation, -O3 -fomit-frame-pointer -funroll-all-loops -finline-functions -fnext-runtime (internal compiler error)
UNRESOLVED: objc/execute/va_method.m execution, -O3 -fomit-frame-pointer -funroll-all-loops -finline-functions -fnext-runtime
FAIL: objc/execute/va_method.m compilation, -O3 -g -fnext-runtime (internal compiler error)
UNRESOLVED: objc/execute/va_method.m execution, -O3 -g -fnext-runtime
FAIL: objc/execute/va_method.m compilation, -Os -fnext-runtime (internal compiler error)
UNRESOLVED: objc/execute/va_method.m execution, -Os -fnext-runtime
FAIL: objc.dg/encode-7-next.m -fnext-runtime (test for excess errors)
FAIL: objc.dg/encode-7-next.m -fnext-runtime execution test
FAIL: objc.dg/headers.m -fnext-runtime (test for excess errors)
FAIL: objc.dg/no-extra-load.m -fnext-runtime (test for excess errors)
ERROR: objc.dg/no-extra-load.m: error executing dg-final: couldn't open "no-extra-load.s": no such file or directory
UNRESOLVED: objc.dg/no-extra-load.m: error executing dg-final: couldn't open "no-extra-load.s": no such file or directory
FAIL: objc.dg/proto-qual-1.m -fnext-runtime execution test
FAIL: objc.dg/threedotthree-abi-1.m -fnext-runtime execution test
XPASS: objc.dg-struct-layout-encoding-1/t026_main.m execution test
FAIL: objc.dg/pch/interface-1.m -fnext-runtime -O1 -I. (internal compiler error)
FAIL: objc.dg/pch/interface-1.m -fnext-runtime -O1 -I. (test for excess errors)
FAIL: objc.dg/pch/interface-1.m -O1 assembly comparison
FAIL: objc.dg/pch/interface-1.m -fnext-runtime -O2 -I. (internal compiler error)
FAIL: objc.dg/pch/interface-1.m -fnext-runtime -O2 -I. (test for excess errors)
FAIL: objc.dg/pch/interface-1.m -O2 assembly comparison
FAIL: objc.dg/pch/interface-1.m -fnext-runtime -O3 -fomit-frame-pointer -I. (internal compiler error)
FAIL: objc.dg/pch/interface-1.m -fnext-runtime -O3 -fomit-frame-pointer -I. (test for excess errors)
FAIL: objc.dg/pch/interface-1.m -O3 -fomit-frame-pointer assembly comparison
FAIL: objc.dg/pch/interface-1.m -fnext-runtime -O3 -g -I. (internal compiler error)
FAIL: objc.dg/pch/interface-1.m -fnext-runtime -O3 -g -I. (test for excess errors)
FAIL: objc.dg/pch/interface-1.m -O3 -g assembly comparison
FAIL: objc.dg/pch/interface-1.m -fnext-runtime -Os -I. (internal compiler error)
FAIL: objc.dg/pch/interface-1.m -fnext-runtime -Os -I. (test for excess errors)
FAIL: objc.dg/pch/interface-1.m -Os assembly comparison
FAIL: objc.dg/torture/tls/thr-init-3.m -O1 (internal compiler error)
FAIL: objc.dg/torture/tls/thr-init-3.m -O1 (test for excess errors)
WARNING: objc.dg/torture/tls/thr-init-3.m -O1 compilation failed to produce executable
FAIL: objc.dg/torture/tls/thr-init-3.m -O2 (internal compiler error)
FAIL: objc.dg/torture/tls/thr-init-3.m -O2 (test for excess errors)
WARNING: objc.dg/torture/tls/thr-init-3.m -O2 compilation failed to produce executable
FAIL: objc.dg/torture/tls/thr-init-3.m -O3 -fomit-frame-pointer (internal compiler error)
FAIL: objc.dg/torture/tls/thr-init-3.m -O3 -fomit-frame-pointer (test for excess errors)
WARNING: objc.dg/torture/tls/thr-init-3.m -O3 -fomit-frame-pointer compilation failed to produce executable
FAIL: objc.dg/torture/tls/thr-init-3.m -O3 -g (internal compiler error)
FAIL: objc.dg/torture/tls/thr-init-3.m -O3 -g (test for excess errors)
WARNING: objc.dg/torture/tls/thr-init-3.m -O3 -g compilation failed to produce executable
FAIL: objc.dg/torture/tls/thr-init-3.m -Os (internal compiler error)
FAIL: objc.dg/torture/tls/thr-init-3.m -Os (test for excess errors)
WARNING: objc.dg/torture/tls/thr-init-3.m -Os compilation failed to produce executable
FAIL: objc.dg/torture/tls/thr-init-3.m -O2 -flto (internal compiler error)
FAIL: objc.dg/torture/tls/thr-init-3.m -O2 -flto (test for excess errors)
WARNING: objc.dg/torture/tls/thr-init-3.m -O2 -flto compilation failed to produce executable
FAIL: objc.dg/torture/tls/thr-init-3.m -O2 -fwhopr (internal compiler error)
FAIL: objc.dg/torture/tls/thr-init-3.m -O2 -fwhopr (test for excess errors)
WARNING: objc.dg/torture/tls/thr-init-3.m -O2 -fwhopr compilation failed to produce executable
=== objc Summary for unix/-m32 ===
# of expected passes 3868
# of unexpected failures 177
# of unexpected successes 1
# of expected failures 6
# of unresolved testcases 143
# of unsupported tests 32
Running target unix/-m64
FAIL: objc.dg/encode-7-next-64bit.m -fnext-runtime (test for excess errors)
WARNING: objc.dg/encode-7-next-64bit.m -fnext-runtime compilation failed to produce executable
FAIL: objc.dg/headers.m -fnext-runtime (test for excess errors)
FAIL: objc.dg/no-extra-load.m -fnext-runtime (test for excess errors)
ERROR: objc.dg/no-extra-load.m: error executing dg-final: couldn't open "no-extra-load.s": no such file or directory
UNRESOLVED: objc.dg/no-extra-load.m: error executing dg-final: couldn't open "no-extra-load.s": no such file or directory
XPASS: objc.dg-struct-layout-encoding-1/t026_main.m execution test
FAIL: objc.dg/pch/interface-1.m -fnext-runtime -O1 -I. (internal compiler error)
FAIL: objc.dg/pch/interface-1.m -fnext-runtime -O1 -I. (test for excess errors)
FAIL: objc.dg/pch/interface-1.m -O1 assembly comparison
FAIL: objc.dg/pch/interface-1.m -fnext-runtime -O2 -I. (internal compiler error)
FAIL: objc.dg/pch/interface-1.m -fnext-runtime -O2 -I. (test for excess errors)
FAIL: objc.dg/pch/interface-1.m -O2 assembly comparison
FAIL: objc.dg/pch/interface-1.m -fnext-runtime -O3 -fomit-frame-pointer -I. (internal compiler error)
FAIL: objc.dg/pch/interface-1.m -fnext-runtime -O3 -fomit-frame-pointer -I. (test for excess errors)
FAIL: objc.dg/pch/interface-1.m -O3 -fomit-frame-pointer assembly comparison
FAIL: objc.dg/pch/interface-1.m -fnext-runtime -O3 -g -I. (internal compiler error)
FAIL: objc.dg/pch/interface-1.m -fnext-runtime -O3 -g -I. (test for excess errors)
FAIL: objc.dg/pch/interface-1.m -O3 -g assembly comparison
FAIL: objc.dg/pch/interface-1.m -fnext-runtime -Os -I. (internal compiler error)
FAIL: objc.dg/pch/interface-1.m -fnext-runtime -Os -I. (test for excess errors)
FAIL: objc.dg/pch/interface-1.m -Os assembly comparison
FAIL: objc.dg/torture/tls/thr-init-3.m -O1 (internal compiler error)
FAIL: objc.dg/torture/tls/thr-init-3.m -O1 (test for excess errors)
WARNING: objc.dg/torture/tls/thr-init-3.m -O1 compilation failed to produce executable
FAIL: objc.dg/torture/tls/thr-init-3.m -O2 (internal compiler error)
FAIL: objc.dg/torture/tls/thr-init-3.m -O2 (test for excess errors)
WARNING: objc.dg/torture/tls/thr-init-3.m -O2 compilation failed to produce executable
FAIL: objc.dg/torture/tls/thr-init-3.m -O3 -fomit-frame-pointer (internal compiler error)
FAIL: objc.dg/torture/tls/thr-init-3.m -O3 -fomit-frame-pointer (test for excess errors)
WARNING: objc.dg/torture/tls/thr-init-3.m -O3 -fomit-frame-pointer compilation failed to produce executable
FAIL: objc.dg/torture/tls/thr-init-3.m -O3 -g (internal compiler error)
FAIL: objc.dg/torture/tls/thr-init-3.m -O3 -g (test for excess errors)
WARNING: objc.dg/torture/tls/thr-init-3.m -O3 -g compilation failed to produce executable
FAIL: objc.dg/torture/tls/thr-init-3.m -Os (internal compiler error)
FAIL: objc.dg/torture/tls/thr-init-3.m -Os (test for excess errors)
WARNING: objc.dg/torture/tls/thr-init-3.m -Os compilation failed to produce executable
FAIL: objc.dg/torture/tls/thr-init-3.m -O2 -flto (internal compiler error)
FAIL: objc.dg/torture/tls/thr-init-3.m -O2 -flto (test for excess errors)
WARNING: objc.dg/torture/tls/thr-init-3.m -O2 -flto compilation failed to produce executable
FAIL: objc.dg/torture/tls/thr-init-3.m -O2 -fwhopr (internal compiler error)
FAIL: objc.dg/torture/tls/thr-init-3.m -O2 -fwhopr (test for excess errors)
WARNING: objc.dg/torture/tls/thr-init-3.m -O2 -fwhopr compilation failed to produce executable
=== objc Summary for unix/-m64 ===
# of expected passes 2839
# of unexpected failures 32
# of unexpected successes 1
# of expected failures 49
# of unresolved testcases 1
# of unsupported tests 38
=== objc Summary ===
# of expected passes 6707
# of unexpected failures 209
# of unexpected successes 2
# of expected failures 55
# of unresolved testcases 144
# of unsupported tests 70
/sw/src/fink.build/gcc46-4.6.0-1000/darwin_objdir/gcc/xgcc version 4.6.0 20101004 (experimental) (GCC)
=== libffi tests ===
Running target unix/-m32
=== libffi Summary for unix/-m32 ===
# of expected passes 1634
# of expected failures 10
# of unsupported tests 15
Running target unix/-m64
=== libffi Summary for unix/-m64 ===
# of expected passes 1634
# of expected failures 10
# of unsupported tests 15
=== libffi Summary ===
# of expected passes 3268
# of expected failures 20
# of unsupported tests 30
=== libgomp tests ===
Running target unix/-m32
=== libgomp Summary for unix/-m32 ===
# of expected passes 2536
# of unsupported tests 2
Running target unix/-m64
=== libgomp Summary for unix/-m64 ===
# of expected passes 2536
# of unsupported tests 2
=== libgomp Summary ===
# of expected passes 5072
# of unsupported tests 4
=== libjava tests ===
Running target unix/-m32
FAIL: PR16923.c compilation
=== libjava Summary for unix/-m32 ===
# of expected passes 2572
# of unexpected failures 1
Running target unix/-m64
=== libjava Summary for unix/-m64 ===
# of expected passes 2574
=== libjava Summary ===
# of expected passes 5146
# of unexpected failures 1
=== libstdc++ tests ===
Running target unix/-m32
=== libstdc++ Summary for unix/-m32 ===
# of expected passes 6711
# of expected failures 81
# of unsupported tests 640
Running target unix/-m64
=== libstdc++ Summary for unix/-m64 ===
# of expected passes 6709
# of expected failures 81
# of unsupported tests 641
=== libstdc++ Summary ===
# of expected passes 13420
# of expected failures 162
# of unsupported tests 1281
Compiler version: 4.6.0 20101004 (experimental) (GCC)
Platform: x86_64-apple-darwin10.5.0
configure flags: --prefix=/sw --prefix=/sw/lib/gcc4.6 --mandir=/sw/share/man --infodir=/sw/lib/gcc4.6/info --enable-languages=c,c++,fortran,objc,obj-c++,java --with-gmp=/sw --with-libiconv-prefix=/sw --with-ppl=/sw --with-cloog=/sw --with-mpc=/sw --with-system-zlib --x-includes=/usr/X11R6/include --x-libraries=/usr/X11R6/lib --program-suffix=-fsf-4.6 --enable-checking=yes