This is the mail archive of the
gcc-testresults@gcc.gnu.org
mailing list for the GCC project.
Results for 4.6.0 20101001 (experimental) [trunk revision 164881] (GCC) testsuite on i386-pc-solaris2.9
- From: Rainer Orth <ro at CeBiTec dot Uni-Bielefeld dot DE>
- To: gcc-testresults at gcc dot gnu dot org
- Date: Mon, 4 Oct 2010 18:47:08 +0200 (MEST)
- Subject: Results for 4.6.0 20101001 (experimental) [trunk revision 164881] (GCC) testsuite on i386-pc-solaris2.9
LAST_UPDATED: Fri Oct 1 16:16:55 UTC 2010 (revision 164887)
=== acats tests ===
=== acats Summary ===
# of expected passes 2321
# of unexpected failures 0
Native configuration is i386-pc-solaris2.9
=== g++ tests ===
Running target unix
FAIL: g++.dg/warn/miss-format-1.C printf attribute warning (test for warnings, line 17)
FAIL: g++.dg/warn/miss-format-1.C printf attribute warning 2 (test for warnings, line 42)
=== g++ Summary ===
# of expected passes 24604
# of unexpected failures 2
# of expected failures 150
# of unsupported tests 174
/var/gcc/regression/trunk/9-gcc-gas/build/gcc/testsuite/g++/../../g++ version 4.6.0 20101001 (experimental) [trunk revision 164881] (GCC)
=== gcc tests ===
Running target unix
FAIL: gcc.c-torture/execute/cmpsf-1.c execution, -O0
FAIL: gcc.c-torture/execute/cmpsf-1.c execution, -O1
FAIL: gcc.c-torture/execute/cmpsf-1.c execution, -O2
FAIL: gcc.c-torture/execute/cmpsf-1.c execution, -O3 -fomit-frame-pointer
FAIL: gcc.c-torture/execute/cmpsf-1.c execution, -O3 -fomit-frame-pointer -funroll-loops
FAIL: gcc.c-torture/execute/cmpsf-1.c execution, -O3 -fomit-frame-pointer -funroll-all-loops -finline-functions
FAIL: gcc.c-torture/execute/cmpsf-1.c execution, -O3 -g
FAIL: gcc.c-torture/execute/cmpsf-1.c execution, -Os
FAIL: gcc.c-torture/execute/cmpsf-1.c execution, -O2 -flto
FAIL: gcc.c-torture/execute/cmpsf-1.c execution, -O2 -fwhopr
FAIL: gcc.c-torture/execute/cmpsi-2.c execution, -O0
FAIL: gcc.c-torture/execute/cmpsi-2.c execution, -O1
FAIL: gcc.c-torture/execute/cmpsi-2.c execution, -O2
FAIL: gcc.c-torture/execute/cmpsi-2.c execution, -O3 -fomit-frame-pointer
FAIL: gcc.c-torture/execute/cmpsi-2.c execution, -O3 -fomit-frame-pointer -funroll-loops
FAIL: gcc.c-torture/execute/cmpsi-2.c execution, -O3 -fomit-frame-pointer -funroll-all-loops -finline-functions
FAIL: gcc.c-torture/execute/cmpsi-2.c execution, -O3 -g
FAIL: gcc.c-torture/execute/cmpsi-2.c execution, -Os
FAIL: gcc.c-torture/execute/cmpsi-2.c execution, -O2 -flto
FAIL: gcc.c-torture/execute/cmpsi-2.c execution, -O2 -fwhopr
FAIL: gcc.dg/lto/20081201-2 c_lto_20081201-2_0.o-c_lto_20081201-2_1.o execute -O3 -fwhopr
FAIL: gcc.dg/lto/ipareference2 c_lto_ipareference2_0.o-c_lto_ipareference2_1.o execute -O1 -fwhopr -fwhole-program
XPASS: gcc.dg/tree-ssa/20031106-3.c scan-tree-dump-times optimized "link_error" 0
XPASS: gcc.dg/tree-ssa/20040204-1.c scan-tree-dump-times optimized "link_error" 0
XPASS: gcc.dg/tree-ssa/fre-vce-1.c scan-tree-dump-times fre "sv.i" 2
FAIL: gcc.dg/vect/pr43430-2.c scan-tree-dump-times vect "vectorized 1 loops" 1
FAIL: gcc.target/i386/pr38240.c -Wl,-M,/vol/gcc/src/hg/trunk/local/gcc/testsuite/gcc.target/i386/clearcap.map (internal compiler error)
FAIL: gcc.target/i386/pr38240.c -Wl,-M,/vol/gcc/src/hg/trunk/local/gcc/testsuite/gcc.target/i386/clearcap.map (test for excess errors)
=== gcc Summary ===
# of expected passes 73094
# of unexpected failures 25
# of unexpected successes 3
# of expected failures 202
# of unsupported tests 779
/var/gcc/regression/trunk/9-gcc-gas/build/gcc/xgcc version 4.6.0 20101001 (experimental) [trunk revision 164881] (GCC)
=== gfortran tests ===
Running target unix
=== gfortran Summary ===
# of expected passes 36318
# of expected failures 41
# of unsupported tests 340
/var/gcc/regression/trunk/9-gcc-gas/build/gcc/testsuite/gfortran/../../gfortran version 4.6.0 20101001 (experimental) [trunk revision 164881] (GCC)
=== gnat tests ===
Running target unix
=== gnat Summary ===
# of expected passes 825
# of expected failures 10
# of unsupported tests 5
=== objc tests ===
Running target unix
XPASS: objc.dg-struct-layout-encoding-1/t026_main.m execution test
=== objc Summary ===
# of expected passes 2100
# of unexpected successes 1
# of expected failures 6
# of unsupported tests 24
/var/gcc/regression/trunk/9-gcc-gas/build/gcc/xgcc version 4.6.0 20101001 (experimental) [trunk revision 164881] (GCC)
=== libffi tests ===
Running target unix
=== libffi Summary ===
# of expected passes 1634
# of expected failures 10
# of unsupported tests 15
=== libgomp tests ===
Running target unix
=== libgomp Summary ===
# of expected passes 2490
# of unsupported tests 2
=== libjava tests ===
Running target unix
FAIL: Divide_1 output - source compiled test
FAIL: Divide_1 -findirect-dispatch output - source compiled test
FAIL: Divide_1 -O3 output - source compiled test
FAIL: Divide_1 -O3 -findirect-dispatch output - source compiled test
=== libjava Summary ===
# of expected passes 2570
# of unexpected failures 4
=== libstdc++ tests ===
Running target unix
XPASS: 28_regex/07_traits/char/isctype.cc execution test
=== libstdc++ Summary ===
# of expected passes 6584
# of unexpected successes 1
# of expected failures 84
# of unsupported tests 710
Compiler version: 4.6.0 20101001 (experimental) [trunk revision 164881] (GCC)
Platform: i386-pc-solaris2.9
configure flags: --prefix=/vol/gcc --target=i386-pc-solaris2.9 --with-as=/vol/gcc/bin/gas-2.20.1 --with-gnu-as --with-gmp=/vol/gcc --with-mpfr=/vol/gcc --with-mpc=/vol/gcc --enable-languages=all,ada
BOOT_CFLAGS=-g -O2