This is the mail archive of the
gcc-testresults@gcc.gnu.org
mailing list for the GCC project.
Results for 4.6.0 20101001 (experimental) (GCC) testsuite on i686-pc-linux-gnu
- From: GCC regression tester <regress at geoffk dot org>
- To: gcc-testresults at gcc dot gnu dot org
- Date: Fri, 1 Oct 2010 04:57:46 -0700
- Subject: Results for 4.6.0 20101001 (experimental) (GCC) testsuite on i686-pc-linux-gnu
This build run by an automatic regression tester.
See <http://glutton.geoffk.org/HEAD/> for more information.
Date: 2010-10-01T10:27:31Z
Revision: 164873
URL: svn://gcc.gnu.org/svn/gcc/trunk
Status: regress-212
Prev-Endtime: 2010-10-01T10:26:38Z
Native configuration is i686-pc-linux-gnu
=== g++ tests ===
Running target unix
FAIL: g++.dg/ext/attribute-test-2.C (test for excess errors)
WARNING: g++.dg/ext/attribute-test-2.C compilation failed to produce executable
FAIL: g++.dg/ext/attribute-test-3.C (test for excess errors)
WARNING: g++.dg/ext/attribute-test-3.C compilation failed to produce executable
FAIL: g++.dg/ext/attribute-test-4.C (test for excess errors)
WARNING: g++.dg/ext/attribute-test-4.C compilation failed to produce executable
FAIL: g++.dg/ext/bitfield1.C (test for excess errors)
FAIL: g++.dg/ext/builtin-object-size1.C (test for excess errors)
WARNING: g++.dg/ext/builtin-object-size1.C compilation failed to produce executable
FAIL: g++.dg/ext/builtin-object-size2.C (test for excess errors)
WARNING: g++.dg/ext/builtin-object-size2.C compilation failed to produce executable
FAIL: g++.dg/ext/builtin7.C (test for excess errors)
WARNING: g++.dg/ext/builtin7.C compilation failed to produce executable
FAIL: g++.dg/ext/cleanup-10.C (test for excess errors)
WARNING: g++.dg/ext/cleanup-10.C compilation failed to produce executable
FAIL: g++.dg/ext/cleanup-11.C (test for excess errors)
WARNING: g++.dg/ext/cleanup-11.C compilation failed to produce executable
FAIL: g++.dg/ext/cleanup-2.C (test for excess errors)
WARNING: g++.dg/ext/cleanup-2.C compilation failed to produce executable
FAIL: g++.dg/ext/cleanup-3.C (test for excess errors)
WARNING: g++.dg/ext/cleanup-3.C compilation failed to produce executable
FAIL: g++.dg/ext/cleanup-4.C (test for excess errors)
WARNING: g++.dg/ext/cleanup-4.C compilation failed to produce executable
FAIL: g++.dg/ext/cleanup-5.C (test for excess errors)
WARNING: g++.dg/ext/cleanup-5.C compilation failed to produce executable
FAIL: g++.dg/ext/cleanup-8.C (test for excess errors)
WARNING: g++.dg/ext/cleanup-8.C compilation failed to produce executable
FAIL: g++.dg/ext/cleanup-9.C (test for excess errors)
WARNING: g++.dg/ext/cleanup-9.C compilation failed to produce executable
FAIL: g++.dg/ext/cleanup-dtor.C (test for excess errors)
WARNING: g++.dg/ext/cleanup-dtor.C compilation failed to produce executable
FAIL: g++.dg/ext/complex3.C (test for excess errors)
WARNING: g++.dg/ext/complex3.C compilation failed to produce executable
FAIL: g++.dg/ext/complit12.C (test for excess errors)
WARNING: g++.dg/ext/complit12.C compilation failed to produce executable
FAIL: g++.dg/ext/complit4.C (test for excess errors)
WARNING: g++.dg/ext/complit4.C compilation failed to produce executable
FAIL: g++.dg/ext/fnname1.C (test for excess errors)
WARNING: g++.dg/ext/fnname1.C compilation failed to produce executable
FAIL: g++.dg/ext/fnname2.C (test for excess errors)
WARNING: g++.dg/ext/fnname2.C compilation failed to produce executable
FAIL: g++.dg/ext/fnname3.C (test for excess errors)
WARNING: g++.dg/ext/fnname3.C compilation failed to produce executable
FAIL: g++.dg/ext/gnu-inline-global-redecl.C (test for excess errors)
FAIL: g++.dg/ext/has_nothrow_assign.C (test for excess errors)
WARNING: g++.dg/ext/has_nothrow_assign.C compilation failed to produce executable
FAIL: g++.dg/ext/has_nothrow_assign_odr.C (test for excess errors)
WARNING: g++.dg/ext/has_nothrow_assign_odr.C compilation failed to produce executable
FAIL: g++.dg/ext/has_nothrow_constructor.C (test for excess errors)
WARNING: g++.dg/ext/has_nothrow_constructor.C compilation failed to produce executable
FAIL: g++.dg/ext/has_nothrow_constructor_odr.C (test for excess errors)
WARNING: g++.dg/ext/has_nothrow_constructor_odr.C compilation failed to produce executable
FAIL: g++.dg/ext/has_nothrow_copy-1.C (test for excess errors)
WARNING: g++.dg/ext/has_nothrow_copy-1.C compilation failed to produce executable
FAIL: g++.dg/ext/has_nothrow_copy-2.C (test for excess errors)
WARNING: g++.dg/ext/has_nothrow_copy-2.C compilation failed to produce executable
FAIL: g++.dg/ext/has_nothrow_copy-3.C (test for excess errors)
WARNING: g++.dg/ext/has_nothrow_copy-3.C compilation failed to produce executable
FAIL: g++.dg/ext/has_nothrow_copy-4.C (test for excess errors)
WARNING: g++.dg/ext/has_nothrow_copy-4.C compilation failed to produce executable
FAIL: g++.dg/ext/has_nothrow_copy-5.C (test for excess errors)
WARNING: g++.dg/ext/has_nothrow_copy-5.C compilation failed to produce executable
FAIL: g++.dg/ext/has_nothrow_copy-6.C (test for excess errors)
WARNING: g++.dg/ext/has_nothrow_copy-6.C compilation failed to produce executable
FAIL: g++.dg/ext/has_nothrow_copy-7.C (test for excess errors)
WARNING: g++.dg/ext/has_nothrow_copy-7.C compilation failed to produce executable
FAIL: g++.dg/ext/has_nothrow_copy_odr.C (test for excess errors)
WARNING: g++.dg/ext/has_nothrow_copy_odr.C compilation failed to produce executable
FAIL: g++.dg/ext/has_trivial_assign.C (test for excess errors)
WARNING: g++.dg/ext/has_trivial_assign.C compilation failed to produce executable
FAIL: g++.dg/ext/has_trivial_constructor.C (test for excess errors)
WARNING: g++.dg/ext/has_trivial_constructor.C compilation failed to produce executable
FAIL: g++.dg/ext/has_trivial_copy.C (test for excess errors)
WARNING: g++.dg/ext/has_trivial_copy.C compilation failed to produce executable
FAIL: g++.dg/ext/has_trivial_destructor-1.C (test for excess errors)
WARNING: g++.dg/ext/has_trivial_destructor-1.C compilation failed to produce executable
FAIL: g++.dg/ext/has_virtual_destructor.C (test for excess errors)
WARNING: g++.dg/ext/has_virtual_destructor.C compilation failed to produce executable
FAIL: g++.dg/ext/interface1.C (test for excess errors)
FAIL: g++.dg/ext/interface2.C (test for excess errors)
FAIL: g++.dg/ext/interface3/interface3a.C (test for excess errors)
FAIL: g++.dg/ext/interface3/interface3b.C (test for excess errors)
FAIL: g++.dg/ext/is_abstract.C (test for excess errors)
WARNING: g++.dg/ext/is_abstract.C compilation failed to produce executable
FAIL: g++.dg/ext/is_base_of.C (test for excess errors)
WARNING: g++.dg/ext/is_base_of.C compilation failed to produce executable
FAIL: g++.dg/ext/is_class.C (test for excess errors)
WARNING: g++.dg/ext/is_class.C compilation failed to produce executable
FAIL: g++.dg/ext/is_empty.C (test for excess errors)
WARNING: g++.dg/ext/is_empty.C compilation failed to produce executable
FAIL: g++.dg/ext/is_enum.C (test for excess errors)
WARNING: g++.dg/ext/is_enum.C compilation failed to produce executable
FAIL: g++.dg/ext/is_pod.C (test for excess errors)
WARNING: g++.dg/ext/is_pod.C compilation failed to produce executable
FAIL: g++.dg/ext/is_pod_98.C (test for excess errors)
WARNING: g++.dg/ext/is_pod_98.C compilation failed to produce executable
FAIL: g++.dg/ext/is_polymorphic.C (test for excess errors)
WARNING: g++.dg/ext/is_polymorphic.C compilation failed to produce executable
FAIL: g++.dg/ext/is_union.C (test for excess errors)
WARNING: g++.dg/ext/is_union.C compilation failed to produce executable
FAIL: g++.dg/ext/label13.C (test for excess errors)
WARNING: g++.dg/ext/label13.C compilation failed to produce executable
FAIL: g++.dg/ext/label3.C (test for excess errors)
WARNING: g++.dg/ext/label3.C compilation failed to produce executable
FAIL: g++.dg/guality/redeclaration1.C -O0 line 16 i == 24
FAIL: g++.dg/guality/redeclaration1.C -O1 line 16 i == 24
FAIL: g++.dg/guality/redeclaration1.C -O2 line 16 i == 24
FAIL: g++.dg/guality/redeclaration1.C -O3 -fomit-frame-pointer line 16 i == 24
FAIL: g++.dg/guality/redeclaration1.C -O3 -g line 16 i == 24
FAIL: g++.dg/guality/redeclaration1.C -Os line 16 i == 24
FAIL: g++.dg/guality/redeclaration1.C -O2 -flto line 16 i == 24
FAIL: g++.dg/guality/redeclaration1.C -O2 -fwhopr line 16 i == 24
=== g++ Summary ===
# of expected passes 24880
# of unexpected failures 63
# of expected failures 149
# of unsupported tests 132
/home/regress/tbox/native/build/gcc/testsuite/g++/../../g++ version 4.6.0 20101001 (experimental) (GCC)
=== gcc tests ===
Running target unix
FAIL: gcc.c-torture/compile/limits-exprparen.c -O0 (internal compiler error)
FAIL: gcc.c-torture/compile/limits-exprparen.c -O0 (test for excess errors)
FAIL: gcc.c-torture/compile/limits-exprparen.c -O1 (internal compiler error)
FAIL: gcc.c-torture/compile/limits-exprparen.c -O1 (test for excess errors)
FAIL: gcc.c-torture/compile/limits-exprparen.c -O2 (internal compiler error)
FAIL: gcc.c-torture/compile/limits-exprparen.c -O2 (test for excess errors)
FAIL: gcc.c-torture/compile/limits-exprparen.c -O3 -fomit-frame-pointer (internal compiler error)
FAIL: gcc.c-torture/compile/limits-exprparen.c -O3 -fomit-frame-pointer (test for excess errors)
FAIL: gcc.c-torture/compile/limits-exprparen.c -O3 -g (internal compiler error)
FAIL: gcc.c-torture/compile/limits-exprparen.c -O3 -g (test for excess errors)
FAIL: gcc.c-torture/compile/limits-exprparen.c -Os (internal compiler error)
FAIL: gcc.c-torture/compile/limits-exprparen.c -Os (test for excess errors)
FAIL: gcc.c-torture/compile/limits-exprparen.c -O2 -flto (internal compiler error)
FAIL: gcc.c-torture/compile/limits-exprparen.c -O2 -flto (test for excess errors)
FAIL: gcc.c-torture/compile/limits-exprparen.c -O2 -fwhopr (internal compiler error)
FAIL: gcc.c-torture/compile/limits-exprparen.c -O2 -fwhopr (test for excess errors)
FAIL: gcc.c-torture/execute/20050613-1.c compilation, -O3 -fomit-frame-pointer
UNRESOLVED: gcc.c-torture/execute/20050613-1.c execution, -O3 -fomit-frame-pointer
FAIL: gcc.c-torture/execute/20050613-1.c compilation, -O3 -g
UNRESOLVED: gcc.c-torture/execute/20050613-1.c execution, -O3 -g
FAIL: gcc.c-torture/execute/20050613-1.c compilation, -Os
UNRESOLVED: gcc.c-torture/execute/20050613-1.c execution, -Os
FAIL: gcc.c-torture/execute/20050613-1.c compilation, -O2 -flto
UNRESOLVED: gcc.c-torture/execute/20050613-1.c execution, -O2 -flto
FAIL: gcc.c-torture/execute/20050613-1.c compilation, -O2 -fwhopr
UNRESOLVED: gcc.c-torture/execute/20050613-1.c execution, -O2 -fwhopr
FAIL: gcc.c-torture/execute/20050713-1.c compilation, -O0
UNRESOLVED: gcc.c-torture/execute/20050713-1.c execution, -O0
FAIL: gcc.c-torture/execute/20050713-1.c compilation, -O1
UNRESOLVED: gcc.c-torture/execute/20050713-1.c execution, -O1
FAIL: gcc.c-torture/execute/20050713-1.c compilation, -O2
UNRESOLVED: gcc.c-torture/execute/20050713-1.c execution, -O2
FAIL: gcc.c-torture/execute/20050713-1.c compilation, -O3 -fomit-frame-pointer
UNRESOLVED: gcc.c-torture/execute/20050713-1.c execution, -O3 -fomit-frame-pointer
FAIL: gcc.c-torture/execute/20050713-1.c compilation, -O3 -g
UNRESOLVED: gcc.c-torture/execute/20050713-1.c execution, -O3 -g
FAIL: gcc.c-torture/execute/20050713-1.c compilation, -Os
UNRESOLVED: gcc.c-torture/execute/20050713-1.c execution, -Os
FAIL: gcc.c-torture/execute/20050713-1.c compilation, -O2 -flto
UNRESOLVED: gcc.c-torture/execute/20050713-1.c execution, -O2 -flto
FAIL: gcc.c-torture/execute/20050713-1.c compilation, -O2 -fwhopr
UNRESOLVED: gcc.c-torture/execute/20050713-1.c execution, -O2 -fwhopr
FAIL: gcc.c-torture/execute/20050826-1.c compilation, -O0
UNRESOLVED: gcc.c-torture/execute/20050826-1.c execution, -O0
FAIL: gcc.c-torture/execute/20050826-1.c compilation, -O1
UNRESOLVED: gcc.c-torture/execute/20050826-1.c execution, -O1
FAIL: gcc.c-torture/execute/20050826-1.c compilation, -O2
UNRESOLVED: gcc.c-torture/execute/20050826-1.c execution, -O2
FAIL: gcc.c-torture/execute/20050826-1.c compilation, -O3 -fomit-frame-pointer
UNRESOLVED: gcc.c-torture/execute/20050826-1.c execution, -O3 -fomit-frame-pointer
FAIL: gcc.c-torture/execute/20050826-1.c compilation, -O3 -fomit-frame-pointer -funroll-loops
UNRESOLVED: gcc.c-torture/execute/20050826-1.c execution, -O3 -fomit-frame-pointer -funroll-loops
FAIL: gcc.c-torture/execute/20050826-1.c compilation, -O3 -fomit-frame-pointer -funroll-all-loops -finline-functions
UNRESOLVED: gcc.c-torture/execute/20050826-1.c execution, -O3 -fomit-frame-pointer -funroll-all-loops -finline-functions
FAIL: gcc.c-torture/execute/20050826-1.c compilation, -O3 -g
UNRESOLVED: gcc.c-torture/execute/20050826-1.c execution, -O3 -g
FAIL: gcc.c-torture/execute/20050826-1.c compilation, -Os
UNRESOLVED: gcc.c-torture/execute/20050826-1.c execution, -Os
FAIL: gcc.c-torture/execute/20050826-1.c compilation, -O2 -flto
UNRESOLVED: gcc.c-torture/execute/20050826-1.c execution, -O2 -flto
FAIL: gcc.c-torture/execute/20050826-1.c compilation, -O2 -fwhopr
UNRESOLVED: gcc.c-torture/execute/20050826-1.c execution, -O2 -fwhopr
FAIL: gcc.c-torture/execute/20050826-2.c compilation, -O0
UNRESOLVED: gcc.c-torture/execute/20050826-2.c execution, -O0
FAIL: gcc.c-torture/execute/20050826-2.c compilation, -O1
UNRESOLVED: gcc.c-torture/execute/20050826-2.c execution, -O1
FAIL: gcc.c-torture/execute/20050826-2.c compilation, -O2
UNRESOLVED: gcc.c-torture/execute/20050826-2.c execution, -O2
FAIL: gcc.c-torture/execute/20050826-2.c compilation, -O3 -fomit-frame-pointer
UNRESOLVED: gcc.c-torture/execute/20050826-2.c execution, -O3 -fomit-frame-pointer
FAIL: gcc.c-torture/execute/20050826-2.c compilation, -O3 -fomit-frame-pointer -funroll-loops
UNRESOLVED: gcc.c-torture/execute/20050826-2.c execution, -O3 -fomit-frame-pointer -funroll-loops
FAIL: gcc.c-torture/execute/20050826-2.c compilation, -O3 -fomit-frame-pointer -funroll-all-loops -finline-functions
UNRESOLVED: gcc.c-torture/execute/20050826-2.c execution, -O3 -fomit-frame-pointer -funroll-all-loops -finline-functions
FAIL: gcc.c-torture/execute/20050826-2.c compilation, -O3 -g
UNRESOLVED: gcc.c-torture/execute/20050826-2.c execution, -O3 -g
FAIL: gcc.c-torture/execute/20050826-2.c compilation, -Os
UNRESOLVED: gcc.c-torture/execute/20050826-2.c execution, -Os
FAIL: gcc.c-torture/execute/20050826-2.c compilation, -O2 -flto
UNRESOLVED: gcc.c-torture/execute/20050826-2.c execution, -O2 -flto
FAIL: gcc.c-torture/execute/20050826-2.c compilation, -O2 -fwhopr
UNRESOLVED: gcc.c-torture/execute/20050826-2.c execution, -O2 -fwhopr
FAIL: gcc.c-torture/execute/20050929-1.c compilation, -O0
UNRESOLVED: gcc.c-torture/execute/20050929-1.c execution, -O0
FAIL: gcc.c-torture/execute/20050929-1.c compilation, -O1
UNRESOLVED: gcc.c-torture/execute/20050929-1.c execution, -O1
FAIL: gcc.c-torture/execute/20050929-1.c compilation, -O2
UNRESOLVED: gcc.c-torture/execute/20050929-1.c execution, -O2
FAIL: gcc.c-torture/execute/20050929-1.c compilation, -O3 -fomit-frame-pointer
UNRESOLVED: gcc.c-torture/execute/20050929-1.c execution, -O3 -fomit-frame-pointer
FAIL: gcc.c-torture/execute/20050929-1.c compilation, -O3 -g
UNRESOLVED: gcc.c-torture/execute/20050929-1.c execution, -O3 -g
FAIL: gcc.c-torture/execute/20050929-1.c compilation, -Os
UNRESOLVED: gcc.c-torture/execute/20050929-1.c execution, -Os
FAIL: gcc.c-torture/execute/20050929-1.c compilation, -O2 -flto
UNRESOLVED: gcc.c-torture/execute/20050929-1.c execution, -O2 -flto
FAIL: gcc.c-torture/execute/20050929-1.c compilation, -O2 -fwhopr
UNRESOLVED: gcc.c-torture/execute/20050929-1.c execution, -O2 -fwhopr
FAIL: gcc.c-torture/execute/20051012-1.c compilation, -O0
UNRESOLVED: gcc.c-torture/execute/20051012-1.c execution, -O0
FAIL: gcc.c-torture/execute/20051012-1.c compilation, -O1
UNRESOLVED: gcc.c-torture/execute/20051012-1.c execution, -O1
FAIL: gcc.c-torture/execute/20051012-1.c compilation, -O2
UNRESOLVED: gcc.c-torture/execute/20051012-1.c execution, -O2
FAIL: gcc.c-torture/execute/20051012-1.c compilation, -O3 -fomit-frame-pointer
UNRESOLVED: gcc.c-torture/execute/20051012-1.c execution, -O3 -fomit-frame-pointer
FAIL: gcc.c-torture/execute/20051012-1.c compilation, -O3 -g
UNRESOLVED: gcc.c-torture/execute/20051012-1.c execution, -O3 -g
FAIL: gcc.c-torture/execute/20051012-1.c compilation, -Os
UNRESOLVED: gcc.c-torture/execute/20051012-1.c execution, -Os
FAIL: gcc.c-torture/execute/20051012-1.c compilation, -O2 -flto
UNRESOLVED: gcc.c-torture/execute/20051012-1.c execution, -O2 -flto
FAIL: gcc.c-torture/execute/20051012-1.c compilation, -O2 -fwhopr
UNRESOLVED: gcc.c-torture/execute/20051012-1.c execution, -O2 -fwhopr
FAIL: gcc.c-torture/execute/20051021-1.c compilation, -O0
UNRESOLVED: gcc.c-torture/execute/20051021-1.c execution, -O0
FAIL: gcc.c-torture/execute/20051021-1.c compilation, -O1
UNRESOLVED: gcc.c-torture/execute/20051021-1.c execution, -O1
FAIL: gcc.c-torture/execute/20051021-1.c compilation, -O2
UNRESOLVED: gcc.c-torture/execute/20051021-1.c execution, -O2
FAIL: gcc.c-torture/execute/20051021-1.c compilation, -O3 -fomit-frame-pointer
UNRESOLVED: gcc.c-torture/execute/20051021-1.c execution, -O3 -fomit-frame-pointer
FAIL: gcc.c-torture/execute/20051021-1.c compilation, -O3 -g
UNRESOLVED: gcc.c-torture/execute/20051021-1.c execution, -O3 -g
FAIL: gcc.c-torture/execute/20051021-1.c compilation, -Os
UNRESOLVED: gcc.c-torture/execute/20051021-1.c execution, -Os
FAIL: gcc.c-torture/execute/20051021-1.c compilation, -O2 -flto
UNRESOLVED: gcc.c-torture/execute/20051021-1.c execution, -O2 -flto
FAIL: gcc.c-torture/execute/20051021-1.c compilation, -O2 -fwhopr
UNRESOLVED: gcc.c-torture/execute/20051021-1.c execution, -O2 -fwhopr
FAIL: gcc.c-torture/execute/20051104-1.c compilation, -O0
UNRESOLVED: gcc.c-torture/execute/20051104-1.c execution, -O0
FAIL: gcc.c-torture/execute/20051104-1.c compilation, -O1
UNRESOLVED: gcc.c-torture/execute/20051104-1.c execution, -O1
FAIL: gcc.c-torture/execute/20051104-1.c compilation, -O2
UNRESOLVED: gcc.c-torture/execute/20051104-1.c execution, -O2
FAIL: gcc.c-torture/execute/20051104-1.c compilation, -O3 -fomit-frame-pointer
UNRESOLVED: gcc.c-torture/execute/20051104-1.c execution, -O3 -fomit-frame-pointer
FAIL: gcc.c-torture/execute/20051104-1.c compilation, -O3 -g
UNRESOLVED: gcc.c-torture/execute/20051104-1.c execution, -O3 -g
FAIL: gcc.c-torture/execute/20051104-1.c compilation, -Os
UNRESOLVED: gcc.c-torture/execute/20051104-1.c execution, -Os
FAIL: gcc.c-torture/execute/20051104-1.c compilation, -O2 -flto
UNRESOLVED: gcc.c-torture/execute/20051104-1.c execution, -O2 -flto
FAIL: gcc.c-torture/execute/20051104-1.c compilation, -O2 -fwhopr
UNRESOLVED: gcc.c-torture/execute/20051104-1.c execution, -O2 -fwhopr
FAIL: gcc.c-torture/execute/20051110-1.c compilation, -O0
UNRESOLVED: gcc.c-torture/execute/20051110-1.c execution, -O0
FAIL: gcc.c-torture/execute/20051110-1.c compilation, -O1
UNRESOLVED: gcc.c-torture/execute/20051110-1.c execution, -O1
FAIL: gcc.c-torture/execute/20051110-1.c compilation, -O2
UNRESOLVED: gcc.c-torture/execute/20051110-1.c execution, -O2
FAIL: gcc.c-torture/execute/20051110-1.c compilation, -O3 -fomit-frame-pointer
UNRESOLVED: gcc.c-torture/execute/20051110-1.c execution, -O3 -fomit-frame-pointer
FAIL: gcc.c-torture/execute/20051110-1.c compilation, -O3 -fomit-frame-pointer -funroll-loops
UNRESOLVED: gcc.c-torture/execute/20051110-1.c execution, -O3 -fomit-frame-pointer -funroll-loops
FAIL: gcc.c-torture/execute/20051110-1.c compilation, -O3 -fomit-frame-pointer -funroll-all-loops -finline-functions
UNRESOLVED: gcc.c-torture/execute/20051110-1.c execution, -O3 -fomit-frame-pointer -funroll-all-loops -finline-functions
FAIL: gcc.c-torture/execute/20051110-1.c compilation, -O3 -g
UNRESOLVED: gcc.c-torture/execute/20051110-1.c execution, -O3 -g
FAIL: gcc.c-torture/execute/20051110-1.c compilation, -Os
UNRESOLVED: gcc.c-torture/execute/20051110-1.c execution, -Os
FAIL: gcc.c-torture/execute/20051110-1.c compilation, -O2 -flto
UNRESOLVED: gcc.c-torture/execute/20051110-1.c execution, -O2 -flto
FAIL: gcc.c-torture/execute/20051110-1.c compilation, -O2 -fwhopr
UNRESOLVED: gcc.c-torture/execute/20051110-1.c execution, -O2 -fwhopr
FAIL: gcc.c-torture/execute/20051110-2.c compilation, -O0
UNRESOLVED: gcc.c-torture/execute/20051110-2.c execution, -O0
FAIL: gcc.c-torture/execute/20051110-2.c compilation, -O1
UNRESOLVED: gcc.c-torture/execute/20051110-2.c execution, -O1
FAIL: gcc.c-torture/execute/20051110-2.c compilation, -O2
UNRESOLVED: gcc.c-torture/execute/20051110-2.c execution, -O2
FAIL: gcc.c-torture/execute/20051110-2.c compilation, -O3 -fomit-frame-pointer
UNRESOLVED: gcc.c-torture/execute/20051110-2.c execution, -O3 -fomit-frame-pointer
FAIL: gcc.c-torture/execute/20051110-2.c compilation, -O3 -fomit-frame-pointer -funroll-loops
UNRESOLVED: gcc.c-torture/execute/20051110-2.c execution, -O3 -fomit-frame-pointer -funroll-loops
FAIL: gcc.c-torture/execute/20051110-2.c compilation, -O3 -fomit-frame-pointer -funroll-all-loops -finline-functions
UNRESOLVED: gcc.c-torture/execute/20051110-2.c execution, -O3 -fomit-frame-pointer -funroll-all-loops -finline-functions
FAIL: gcc.c-torture/execute/20051110-2.c compilation, -O3 -g
UNRESOLVED: gcc.c-torture/execute/20051110-2.c execution, -O3 -g
FAIL: gcc.c-torture/execute/20051110-2.c compilation, -Os
UNRESOLVED: gcc.c-torture/execute/20051110-2.c execution, -Os
FAIL: gcc.c-torture/execute/20051110-2.c compilation, -O2 -flto
UNRESOLVED: gcc.c-torture/execute/20051110-2.c execution, -O2 -flto
FAIL: gcc.c-torture/execute/20051110-2.c compilation, -O2 -fwhopr
UNRESOLVED: gcc.c-torture/execute/20051110-2.c execution, -O2 -fwhopr
FAIL: gcc.c-torture/execute/20051113-1.c compilation, -O0
UNRESOLVED: gcc.c-torture/execute/20051113-1.c execution, -O0
FAIL: gcc.c-torture/execute/20051113-1.c compilation, -O1
UNRESOLVED: gcc.c-torture/execute/20051113-1.c execution, -O1
FAIL: gcc.c-torture/execute/20051113-1.c compilation, -O2
UNRESOLVED: gcc.c-torture/execute/20051113-1.c execution, -O2
FAIL: gcc.c-torture/execute/20051113-1.c compilation, -O3 -fomit-frame-pointer
UNRESOLVED: gcc.c-torture/execute/20051113-1.c execution, -O3 -fomit-frame-pointer
FAIL: gcc.c-torture/execute/20051113-1.c compilation, -O3 -fomit-frame-pointer -funroll-loops
UNRESOLVED: gcc.c-torture/execute/20051113-1.c execution, -O3 -fomit-frame-pointer -funroll-loops
FAIL: gcc.c-torture/execute/20051113-1.c compilation, -O3 -fomit-frame-pointer -funroll-all-loops -finline-functions
UNRESOLVED: gcc.c-torture/execute/20051113-1.c execution, -O3 -fomit-frame-pointer -funroll-all-loops -finline-functions
FAIL: gcc.c-torture/execute/20051113-1.c compilation, -O3 -g
UNRESOLVED: gcc.c-torture/execute/20051113-1.c execution, -O3 -g
FAIL: gcc.c-torture/execute/20051113-1.c compilation, -Os
UNRESOLVED: gcc.c-torture/execute/20051113-1.c execution, -Os
FAIL: gcc.c-torture/execute/20051113-1.c compilation, -O2 -flto
UNRESOLVED: gcc.c-torture/execute/20051113-1.c execution, -O2 -flto
FAIL: gcc.c-torture/execute/20051113-1.c compilation, -O2 -fwhopr
UNRESOLVED: gcc.c-torture/execute/20051113-1.c execution, -O2 -fwhopr
FAIL: gcc.c-torture/execute/20051215-1.c compilation, -O0
UNRESOLVED: gcc.c-torture/execute/20051215-1.c execution, -O0
FAIL: gcc.c-torture/execute/20051215-1.c compilation, -O1
UNRESOLVED: gcc.c-torture/execute/20051215-1.c execution, -O1
FAIL: gcc.c-torture/execute/20051215-1.c compilation, -O2
UNRESOLVED: gcc.c-torture/execute/20051215-1.c execution, -O2
FAIL: gcc.c-torture/execute/20051215-1.c compilation, -O3 -fomit-frame-pointer
UNRESOLVED: gcc.c-torture/execute/20051215-1.c execution, -O3 -fomit-frame-pointer
FAIL: gcc.c-torture/execute/20051215-1.c compilation, -O3 -fomit-frame-pointer -funroll-loops
UNRESOLVED: gcc.c-torture/execute/20051215-1.c execution, -O3 -fomit-frame-pointer -funroll-loops
FAIL: gcc.c-torture/execute/20051215-1.c compilation, -O3 -fomit-frame-pointer -funroll-all-loops -finline-functions
UNRESOLVED: gcc.c-torture/execute/20051215-1.c execution, -O3 -fomit-frame-pointer -funroll-all-loops -finline-functions
FAIL: gcc.c-torture/execute/20051215-1.c compilation, -O3 -g
UNRESOLVED: gcc.c-torture/execute/20051215-1.c execution, -O3 -g
FAIL: gcc.c-torture/execute/20051215-1.c compilation, -Os
UNRESOLVED: gcc.c-torture/execute/20051215-1.c execution, -Os
FAIL: gcc.c-torture/execute/20051215-1.c compilation, -O2 -flto
UNRESOLVED: gcc.c-torture/execute/20051215-1.c execution, -O2 -flto
FAIL: gcc.c-torture/execute/20051215-1.c compilation, -O2 -fwhopr
UNRESOLVED: gcc.c-torture/execute/20051215-1.c execution, -O2 -fwhopr
FAIL: gcc.c-torture/execute/20060102-1.c compilation, -O0
UNRESOLVED: gcc.c-torture/execute/20060102-1.c execution, -O0
FAIL: gcc.c-torture/execute/20060102-1.c compilation, -O1
UNRESOLVED: gcc.c-torture/execute/20060102-1.c execution, -O1
FAIL: gcc.c-torture/execute/20060102-1.c compilation, -O2
UNRESOLVED: gcc.c-torture/execute/20060102-1.c execution, -O2
FAIL: gcc.c-torture/execute/20060102-1.c compilation, -O3 -fomit-frame-pointer
UNRESOLVED: gcc.c-torture/execute/20060102-1.c execution, -O3 -fomit-frame-pointer
FAIL: gcc.c-torture/execute/20060102-1.c compilation, -O3 -g
UNRESOLVED: gcc.c-torture/execute/20060102-1.c execution, -O3 -g
FAIL: gcc.c-torture/execute/20060102-1.c compilation, -Os
UNRESOLVED: gcc.c-torture/execute/20060102-1.c execution, -Os
FAIL: gcc.c-torture/execute/20060102-1.c compilation, -O2 -flto
UNRESOLVED: gcc.c-torture/execute/20060102-1.c execution, -O2 -flto
FAIL: gcc.c-torture/execute/20060102-1.c compilation, -O2 -fwhopr
UNRESOLVED: gcc.c-torture/execute/20060102-1.c execution, -O2 -fwhopr
FAIL: gcc.c-torture/execute/20060110-1.c compilation, -O0
UNRESOLVED: gcc.c-torture/execute/20060110-1.c execution, -O0
FAIL: gcc.c-torture/execute/20060110-1.c compilation, -O1
UNRESOLVED: gcc.c-torture/execute/20060110-1.c execution, -O1
FAIL: gcc.c-torture/execute/20060110-1.c compilation, -O2
UNRESOLVED: gcc.c-torture/execute/20060110-1.c execution, -O2
FAIL: gcc.c-torture/execute/20060110-1.c compilation, -O3 -fomit-frame-pointer
UNRESOLVED: gcc.c-torture/execute/20060110-1.c execution, -O3 -fomit-frame-pointer
FAIL: gcc.c-torture/execute/20060110-1.c compilation, -O3 -g
UNRESOLVED: gcc.c-torture/execute/20060110-1.c execution, -O3 -g
FAIL: gcc.c-torture/execute/20060110-1.c compilation, -Os
UNRESOLVED: gcc.c-torture/execute/20060110-1.c execution, -Os
FAIL: gcc.c-torture/execute/20060110-1.c compilation, -O2 -flto
UNRESOLVED: gcc.c-torture/execute/20060110-1.c execution, -O2 -flto
FAIL: gcc.c-torture/execute/20060110-1.c compilation, -O2 -fwhopr
UNRESOLVED: gcc.c-torture/execute/20060110-1.c execution, -O2 -fwhopr
FAIL: gcc.c-torture/execute/20060110-2.c compilation, -O0
UNRESOLVED: gcc.c-torture/execute/20060110-2.c execution, -O0
FAIL: gcc.c-torture/execute/20060110-2.c compilation, -O1
UNRESOLVED: gcc.c-torture/execute/20060110-2.c execution, -O1
FAIL: gcc.c-torture/execute/20060110-2.c compilation, -O2
UNRESOLVED: gcc.c-torture/execute/20060110-2.c execution, -O2
FAIL: gcc.c-torture/execute/20060110-2.c compilation, -O3 -fomit-frame-pointer
UNRESOLVED: gcc.c-torture/execute/20060110-2.c execution, -O3 -fomit-frame-pointer
FAIL: gcc.c-torture/execute/20060110-2.c compilation, -O3 -g
UNRESOLVED: gcc.c-torture/execute/20060110-2.c execution, -O3 -g
FAIL: gcc.c-torture/execute/20060110-2.c compilation, -Os
UNRESOLVED: gcc.c-torture/execute/20060110-2.c execution, -Os
FAIL: gcc.c-torture/execute/20060110-2.c compilation, -O2 -flto
UNRESOLVED: gcc.c-torture/execute/20060110-2.c execution, -O2 -flto
FAIL: gcc.c-torture/execute/20060110-2.c compilation, -O2 -fwhopr
UNRESOLVED: gcc.c-torture/execute/20060110-2.c execution, -O2 -fwhopr
FAIL: gcc.c-torture/execute/20060127-1.c compilation, -O0
UNRESOLVED: gcc.c-torture/execute/20060127-1.c execution, -O0
FAIL: gcc.c-torture/execute/20060127-1.c compilation, -O1
UNRESOLVED: gcc.c-torture/execute/20060127-1.c execution, -O1
FAIL: gcc.c-torture/execute/20060127-1.c compilation, -O2
UNRESOLVED: gcc.c-torture/execute/20060127-1.c execution, -O2
FAIL: gcc.c-torture/execute/20060127-1.c compilation, -O3 -fomit-frame-pointer
UNRESOLVED: gcc.c-torture/execute/20060127-1.c execution, -O3 -fomit-frame-pointer
FAIL: gcc.c-torture/execute/20060127-1.c compilation, -O3 -g
UNRESOLVED: gcc.c-torture/execute/20060127-1.c execution, -O3 -g
FAIL: gcc.c-torture/execute/20060127-1.c compilation, -Os
UNRESOLVED: gcc.c-torture/execute/20060127-1.c execution, -Os
FAIL: gcc.c-torture/execute/20060127-1.c compilation, -O2 -flto
UNRESOLVED: gcc.c-torture/execute/20060127-1.c execution, -O2 -flto
FAIL: gcc.c-torture/execute/20060127-1.c compilation, -O2 -fwhopr
UNRESOLVED: gcc.c-torture/execute/20060127-1.c execution, -O2 -fwhopr
FAIL: gcc.c-torture/execute/20060412-1.c compilation, -O0
UNRESOLVED: gcc.c-torture/execute/20060412-1.c execution, -O0
FAIL: gcc.c-torture/execute/20060412-1.c compilation, -O1
UNRESOLVED: gcc.c-torture/execute/20060412-1.c execution, -O1
FAIL: gcc.c-torture/execute/20060412-1.c compilation, -O2
UNRESOLVED: gcc.c-torture/execute/20060412-1.c execution, -O2
FAIL: gcc.c-torture/execute/20060412-1.c compilation, -O3 -fomit-frame-pointer
UNRESOLVED: gcc.c-torture/execute/20060412-1.c execution, -O3 -fomit-frame-pointer
FAIL: gcc.c-torture/execute/20060412-1.c compilation, -O3 -fomit-frame-pointer -funroll-loops
UNRESOLVED: gcc.c-torture/execute/20060412-1.c execution, -O3 -fomit-frame-pointer -funroll-loops
FAIL: gcc.c-torture/execute/20060412-1.c compilation, -O3 -fomit-frame-pointer -funroll-all-loops -finline-functions
UNRESOLVED: gcc.c-torture/execute/20060412-1.c execution, -O3 -fomit-frame-pointer -funroll-all-loops -finline-functions
FAIL: gcc.c-torture/execute/20060412-1.c compilation, -O3 -g
UNRESOLVED: gcc.c-torture/execute/20060412-1.c execution, -O3 -g
FAIL: gcc.c-torture/execute/20060412-1.c compilation, -Os
UNRESOLVED: gcc.c-torture/execute/20060412-1.c execution, -Os
FAIL: gcc.c-torture/execute/20060412-1.c compilation, -O2 -flto
UNRESOLVED: gcc.c-torture/execute/20060412-1.c execution, -O2 -flto
FAIL: gcc.c-torture/execute/20060412-1.c compilation, -O2 -fwhopr
UNRESOLVED: gcc.c-torture/execute/20060412-1.c execution, -O2 -fwhopr
FAIL: gcc.c-torture/execute/20060420-1.c compilation, -O0
UNRESOLVED: gcc.c-torture/execute/20060420-1.c execution, -O0
FAIL: gcc.c-torture/execute/20060420-1.c compilation, -O1
UNRESOLVED: gcc.c-torture/execute/20060420-1.c execution, -O1
FAIL: gcc.c-torture/execute/20060420-1.c compilation, -O2
UNRESOLVED: gcc.c-torture/execute/20060420-1.c execution, -O2
FAIL: gcc.c-torture/execute/20060420-1.c compilation, -O3 -fomit-frame-pointer
UNRESOLVED: gcc.c-torture/execute/20060420-1.c execution, -O3 -fomit-frame-pointer
FAIL: gcc.c-torture/execute/20060420-1.c compilation, -O3 -fomit-frame-pointer -funroll-loops
UNRESOLVED: gcc.c-torture/execute/20060420-1.c execution, -O3 -fomit-frame-pointer -funroll-loops
FAIL: gcc.c-torture/execute/20060420-1.c compilation, -O3 -fomit-frame-pointer -funroll-all-loops -finline-functions
UNRESOLVED: gcc.c-torture/execute/20060420-1.c execution, -O3 -fomit-frame-pointer -funroll-all-loops -finline-functions
FAIL: gcc.c-torture/execute/20060420-1.c compilation, -O3 -g
UNRESOLVED: gcc.c-torture/execute/20060420-1.c execution, -O3 -g
FAIL: gcc.c-torture/execute/20060420-1.c compilation, -Os
UNRESOLVED: gcc.c-torture/execute/20060420-1.c execution, -Os
FAIL: gcc.c-torture/execute/20060420-1.c compilation, -O2 -flto
UNRESOLVED: gcc.c-torture/execute/20060420-1.c execution, -O2 -flto
FAIL: gcc.c-torture/execute/20060420-1.c compilation, -O2 -fwhopr
UNRESOLVED: gcc.c-torture/execute/20060420-1.c execution, -O2 -fwhopr
FAIL: gcc.c-torture/execute/20060905-1.c compilation, -O0
UNRESOLVED: gcc.c-torture/execute/20060905-1.c execution, -O0
FAIL: gcc.c-torture/execute/20060905-1.c compilation, -O1
UNRESOLVED: gcc.c-torture/execute/20060905-1.c execution, -O1
FAIL: gcc.c-torture/execute/20060905-1.c compilation, -O2
UNRESOLVED: gcc.c-torture/execute/20060905-1.c execution, -O2
FAIL: gcc.c-torture/execute/20060905-1.c compilation, -O3 -fomit-frame-pointer
UNRESOLVED: gcc.c-torture/execute/20060905-1.c execution, -O3 -fomit-frame-pointer
FAIL: gcc.c-torture/execute/20060905-1.c compilation, -O3 -fomit-frame-pointer -funroll-loops
UNRESOLVED: gcc.c-torture/execute/20060905-1.c execution, -O3 -fomit-frame-pointer -funroll-loops
FAIL: gcc.c-torture/execute/20060905-1.c compilation, -O3 -fomit-frame-pointer -funroll-all-loops -finline-functions
UNRESOLVED: gcc.c-torture/execute/20060905-1.c execution, -O3 -fomit-frame-pointer -funroll-all-loops -finline-functions
FAIL: gcc.c-torture/execute/20060905-1.c compilation, -O3 -g
UNRESOLVED: gcc.c-torture/execute/20060905-1.c execution, -O3 -g
FAIL: gcc.c-torture/execute/20060905-1.c compilation, -Os
UNRESOLVED: gcc.c-torture/execute/20060905-1.c execution, -Os
FAIL: gcc.c-torture/execute/20060905-1.c compilation, -O2 -flto
UNRESOLVED: gcc.c-torture/execute/20060905-1.c execution, -O2 -flto
FAIL: gcc.c-torture/execute/20060905-1.c compilation, -O2 -fwhopr
UNRESOLVED: gcc.c-torture/execute/20060905-1.c execution, -O2 -fwhopr
FAIL: gcc.c-torture/execute/20060910-1.c compilation, -O0
UNRESOLVED: gcc.c-torture/execute/20060910-1.c execution, -O0
FAIL: gcc.c-torture/execute/20060910-1.c compilation, -O1
UNRESOLVED: gcc.c-torture/execute/20060910-1.c execution, -O1
FAIL: gcc.c-torture/execute/20060910-1.c compilation, -O2
UNRESOLVED: gcc.c-torture/execute/20060910-1.c execution, -O2
FAIL: gcc.c-torture/execute/20060910-1.c compilation, -O3 -fomit-frame-pointer
UNRESOLVED: gcc.c-torture/execute/20060910-1.c execution, -O3 -fomit-frame-pointer
FAIL: gcc.c-torture/execute/20060910-1.c compilation, -O3 -fomit-frame-pointer -funroll-loops
UNRESOLVED: gcc.c-torture/execute/20060910-1.c execution, -O3 -fomit-frame-pointer -funroll-loops
FAIL: gcc.c-torture/execute/20060910-1.c compilation, -O3 -fomit-frame-pointer -funroll-all-loops -finline-functions
UNRESOLVED: gcc.c-torture/execute/20060910-1.c execution, -O3 -fomit-frame-pointer -funroll-all-loops -finline-functions
FAIL: gcc.c-torture/execute/20060910-1.c compilation, -O3 -g
UNRESOLVED: gcc.c-torture/execute/20060910-1.c execution, -O3 -g
FAIL: gcc.c-torture/execute/20060910-1.c compilation, -Os
UNRESOLVED: gcc.c-torture/execute/20060910-1.c execution, -Os
FAIL: gcc.c-torture/execute/20060910-1.c compilation, -O2 -flto
UNRESOLVED: gcc.c-torture/execute/20060910-1.c execution, -O2 -flto
FAIL: gcc.c-torture/execute/20060910-1.c compilation, -O2 -fwhopr
UNRESOLVED: gcc.c-torture/execute/20060910-1.c execution, -O2 -fwhopr
FAIL: gcc.c-torture/execute/20060929-1.c compilation, -O0
UNRESOLVED: gcc.c-torture/execute/20060929-1.c execution, -O0
FAIL: gcc.c-torture/execute/20060929-1.c compilation, -O1
UNRESOLVED: gcc.c-torture/execute/20060929-1.c execution, -O1
FAIL: gcc.c-torture/execute/20060929-1.c compilation, -O2
UNRESOLVED: gcc.c-torture/execute/20060929-1.c execution, -O2
FAIL: gcc.c-torture/execute/20060929-1.c compilation, -O3 -fomit-frame-pointer
UNRESOLVED: gcc.c-torture/execute/20060929-1.c execution, -O3 -fomit-frame-pointer
FAIL: gcc.c-torture/execute/20060929-1.c compilation, -O3 -g
UNRESOLVED: gcc.c-torture/execute/20060929-1.c execution, -O3 -g
FAIL: gcc.c-torture/execute/20060929-1.c compilation, -Os
UNRESOLVED: gcc.c-torture/execute/20060929-1.c execution, -Os
FAIL: gcc.c-torture/execute/20060929-1.c compilation, -O2 -flto
UNRESOLVED: gcc.c-torture/execute/20060929-1.c execution, -O2 -flto
FAIL: gcc.c-torture/execute/20060929-1.c compilation, -O2 -fwhopr
UNRESOLVED: gcc.c-torture/execute/20060929-1.c execution, -O2 -fwhopr
FAIL: gcc.c-torture/execute/20060930-1.c compilation, -O0
UNRESOLVED: gcc.c-torture/execute/20060930-1.c execution, -O0
FAIL: gcc.c-torture/execute/20060930-1.c compilation, -O1
UNRESOLVED: gcc.c-torture/execute/20060930-1.c execution, -O1
FAIL: gcc.c-torture/execute/20060930-1.c compilation, -O2
UNRESOLVED: gcc.c-torture/execute/20060930-1.c execution, -O2
FAIL: gcc.c-torture/execute/20060930-1.c compilation, -O3 -fomit-frame-pointer
UNRESOLVED: gcc.c-torture/execute/20060930-1.c execution, -O3 -fomit-frame-pointer
FAIL: gcc.c-torture/execute/20060930-1.c compilation, -O3 -fomit-frame-pointer -funroll-loops
UNRESOLVED: gcc.c-torture/execute/20060930-1.c execution, -O3 -fomit-frame-pointer -funroll-loops
FAIL: gcc.c-torture/execute/20060930-1.c compilation, -O3 -fomit-frame-pointer -funroll-all-loops -finline-functions
UNRESOLVED: gcc.c-torture/execute/20060930-1.c execution, -O3 -fomit-frame-pointer -funroll-all-loops -finline-functions
FAIL: gcc.c-torture/execute/20060930-1.c compilation, -O3 -g
UNRESOLVED: gcc.c-torture/execute/20060930-1.c execution, -O3 -g
FAIL: gcc.c-torture/execute/20060930-1.c compilation, -Os
UNRESOLVED: gcc.c-torture/execute/20060930-1.c execution, -Os
FAIL: gcc.c-torture/execute/20060930-1.c compilation, -O2 -flto
UNRESOLVED: gcc.c-torture/execute/20060930-1.c execution, -O2 -flto
FAIL: gcc.c-torture/execute/20060930-1.c compilation, -O2 -fwhopr
UNRESOLVED: gcc.c-torture/execute/20060930-1.c execution, -O2 -fwhopr
FAIL: gcc.c-torture/execute/20060930-2.c compilation, -O0
UNRESOLVED: gcc.c-torture/execute/20060930-2.c execution, -O0
FAIL: gcc.c-torture/execute/20060930-2.c compilation, -O1
UNRESOLVED: gcc.c-torture/execute/20060930-2.c execution, -O1
FAIL: gcc.c-torture/execute/20060930-2.c compilation, -O2
UNRESOLVED: gcc.c-torture/execute/20060930-2.c execution, -O2
FAIL: gcc.c-torture/execute/20060930-2.c compilation, -O3 -fomit-frame-pointer
UNRESOLVED: gcc.c-torture/execute/20060930-2.c execution, -O3 -fomit-frame-pointer
FAIL: gcc.c-torture/execute/20060930-2.c compilation, -O3 -g
UNRESOLVED: gcc.c-torture/execute/20060930-2.c execution, -O3 -g
FAIL: gcc.c-torture/execute/20060930-2.c compilation, -Os
UNRESOLVED: gcc.c-torture/execute/20060930-2.c execution, -Os
FAIL: gcc.c-torture/execute/20060930-2.c compilation, -O2 -flto
UNRESOLVED: gcc.c-torture/execute/20060930-2.c execution, -O2 -flto
FAIL: gcc.c-torture/execute/20060930-2.c compilation, -O2 -fwhopr
UNRESOLVED: gcc.c-torture/execute/20060930-2.c execution, -O2 -fwhopr
FAIL: gcc.c-torture/execute/20061031-1.c compilation, -O0
UNRESOLVED: gcc.c-torture/execute/20061031-1.c execution, -O0
FAIL: gcc.c-torture/execute/20061031-1.c compilation, -O1
UNRESOLVED: gcc.c-torture/execute/20061031-1.c execution, -O1
FAIL: gcc.c-torture/execute/20061031-1.c compilation, -O2
UNRESOLVED: gcc.c-torture/execute/20061031-1.c execution, -O2
FAIL: gcc.c-torture/execute/20061031-1.c compilation, -O3 -fomit-frame-pointer
UNRESOLVED: gcc.c-torture/execute/20061031-1.c execution, -O3 -fomit-frame-pointer
FAIL: gcc.c-torture/execute/20061031-1.c compilation, -O3 -fomit-frame-pointer -funroll-loops
UNRESOLVED: gcc.c-torture/execute/20061031-1.c execution, -O3 -fomit-frame-pointer -funroll-loops
FAIL: gcc.c-torture/execute/20061031-1.c compilation, -O3 -fomit-frame-pointer -funroll-all-loops -finline-functions
UNRESOLVED: gcc.c-torture/execute/20061031-1.c execution, -O3 -fomit-frame-pointer -funroll-all-loops -finline-functions
FAIL: gcc.c-torture/execute/20061031-1.c compilation, -O3 -g
UNRESOLVED: gcc.c-torture/execute/20061031-1.c execution, -O3 -g
FAIL: gcc.c-torture/execute/20061031-1.c compilation, -Os
UNRESOLVED: gcc.c-torture/execute/20061031-1.c execution, -Os
FAIL: gcc.c-torture/execute/20061031-1.c compilation, -O2 -flto
UNRESOLVED: gcc.c-torture/execute/20061031-1.c execution, -O2 -flto
FAIL: gcc.c-torture/execute/20061031-1.c compilation, -O2 -fwhopr
UNRESOLVED: gcc.c-torture/execute/20061031-1.c execution, -O2 -fwhopr
FAIL: gcc.c-torture/execute/20061101-2.c compilation, -O0
UNRESOLVED: gcc.c-torture/execute/20061101-2.c execution, -O0
FAIL: gcc.c-torture/execute/20061101-2.c compilation, -O1
UNRESOLVED: gcc.c-torture/execute/20061101-2.c execution, -O1
FAIL: gcc.c-torture/execute/20061101-2.c compilation, -O2
UNRESOLVED: gcc.c-torture/execute/20061101-2.c execution, -O2
FAIL: gcc.c-torture/execute/20061101-2.c compilation, -O3 -fomit-frame-pointer
UNRESOLVED: gcc.c-torture/execute/20061101-2.c execution, -O3 -fomit-frame-pointer
FAIL: gcc.c-torture/execute/20061101-2.c compilation, -O3 -fomit-frame-pointer -funroll-loops
UNRESOLVED: gcc.c-torture/execute/20061101-2.c execution, -O3 -fomit-frame-pointer -funroll-loops
FAIL: gcc.c-torture/execute/20061101-2.c compilation, -O3 -fomit-frame-pointer -funroll-all-loops -finline-functions
UNRESOLVED: gcc.c-torture/execute/20061101-2.c execution, -O3 -fomit-frame-pointer -funroll-all-loops -finline-functions
FAIL: gcc.c-torture/execute/20061101-2.c compilation, -O3 -g
UNRESOLVED: gcc.c-torture/execute/20061101-2.c execution, -O3 -g
FAIL: gcc.c-torture/execute/20061101-2.c compilation, -Os
UNRESOLVED: gcc.c-torture/execute/20061101-2.c execution, -Os
FAIL: gcc.c-torture/execute/20061101-2.c compilation, -O2 -flto
UNRESOLVED: gcc.c-torture/execute/20061101-2.c execution, -O2 -flto
FAIL: gcc.c-torture/execute/20061101-2.c compilation, -O2 -fwhopr
UNRESOLVED: gcc.c-torture/execute/20061101-2.c execution, -O2 -fwhopr
FAIL: gcc.c-torture/execute/20061220-1.c compilation, -O0
UNRESOLVED: gcc.c-torture/execute/20061220-1.c execution, -O0
FAIL: gcc.c-torture/execute/20061220-1.c compilation, -O1
UNRESOLVED: gcc.c-torture/execute/20061220-1.c execution, -O1
FAIL: gcc.c-torture/execute/20061220-1.c compilation, -O2
UNRESOLVED: gcc.c-torture/execute/20061220-1.c execution, -O2
FAIL: gcc.c-torture/execute/20061220-1.c compilation, -O3 -fomit-frame-pointer
UNRESOLVED: gcc.c-torture/execute/20061220-1.c execution, -O3 -fomit-frame-pointer
FAIL: gcc.c-torture/execute/20061220-1.c compilation, -O3 -g
UNRESOLVED: gcc.c-torture/execute/20061220-1.c execution, -O3 -g
FAIL: gcc.c-torture/execute/20061220-1.c compilation, -Os
UNRESOLVED: gcc.c-torture/execute/20061220-1.c execution, -Os
FAIL: gcc.c-torture/execute/20061220-1.c compilation, -O2 -flto
UNRESOLVED: gcc.c-torture/execute/20061220-1.c execution, -O2 -flto
FAIL: gcc.c-torture/execute/20061220-1.c compilation, -O2 -fwhopr
UNRESOLVED: gcc.c-torture/execute/20061220-1.c execution, -O2 -fwhopr
FAIL: gcc.c-torture/execute/20070201-1.c compilation, -O0
UNRESOLVED: gcc.c-torture/execute/20070201-1.c execution, -O0
FAIL: gcc.c-torture/execute/20070201-1.c compilation, -O1
UNRESOLVED: gcc.c-torture/execute/20070201-1.c execution, -O1
FAIL: gcc.c-torture/execute/20070201-1.c compilation, -O2
UNRESOLVED: gcc.c-torture/execute/20070201-1.c execution, -O2
FAIL: gcc.c-torture/execute/20070201-1.c compilation, -O3 -fomit-frame-pointer
UNRESOLVED: gcc.c-torture/execute/20070201-1.c execution, -O3 -fomit-frame-pointer
FAIL: gcc.c-torture/execute/20070201-1.c compilation, -O3 -g
UNRESOLVED: gcc.c-torture/execute/20070201-1.c execution, -O3 -g
FAIL: gcc.c-torture/execute/20070201-1.c compilation, -Os
UNRESOLVED: gcc.c-torture/execute/20070201-1.c execution, -Os
FAIL: gcc.c-torture/execute/20070201-1.c compilation, -O2 -flto
UNRESOLVED: gcc.c-torture/execute/20070201-1.c execution, -O2 -flto
FAIL: gcc.c-torture/execute/20070201-1.c compilation, -O2 -fwhopr
UNRESOLVED: gcc.c-torture/execute/20070201-1.c execution, -O2 -fwhopr
FAIL: gcc.c-torture/execute/20070212-1.c compilation, -O0
UNRESOLVED: gcc.c-torture/execute/20070212-1.c execution, -O0
FAIL: gcc.c-torture/execute/20070212-1.c compilation, -O1
UNRESOLVED: gcc.c-torture/execute/20070212-1.c execution, -O1
FAIL: gcc.c-torture/execute/20070212-1.c compilation, -O2
UNRESOLVED: gcc.c-torture/execute/20070212-1.c execution, -O2
FAIL: gcc.c-torture/execute/20070212-1.c compilation, -O3 -fomit-frame-pointer
UNRESOLVED: gcc.c-torture/execute/20070212-1.c execution, -O3 -fomit-frame-pointer
FAIL: gcc.c-torture/execute/20070212-1.c compilation, -O3 -g
UNRESOLVED: gcc.c-torture/execute/20070212-1.c execution, -O3 -g
FAIL: gcc.c-torture/execute/20070212-1.c compilation, -Os
UNRESOLVED: gcc.c-torture/execute/20070212-1.c execution, -Os
FAIL: gcc.c-torture/execute/20070212-1.c compilation, -O2 -flto
UNRESOLVED: gcc.c-torture/execute/20070212-1.c execution, -O2 -flto
FAIL: gcc.c-torture/execute/20070212-1.c compilation, -O2 -fwhopr
UNRESOLVED: gcc.c-torture/execute/20070212-1.c execution, -O2 -fwhopr
FAIL: gcc.c-torture/execute/20070212-2.c compilation, -O0
UNRESOLVED: gcc.c-torture/execute/20070212-2.c execution, -O0
FAIL: gcc.c-torture/execute/20070212-2.c compilation, -O1
UNRESOLVED: gcc.c-torture/execute/20070212-2.c execution, -O1
FAIL: gcc.c-torture/execute/20070212-2.c compilation, -O2
UNRESOLVED: gcc.c-torture/execute/20070212-2.c execution, -O2
FAIL: gcc.c-torture/execute/20070212-2.c compilation, -O3 -fomit-frame-pointer
UNRESOLVED: gcc.c-torture/execute/20070212-2.c execution, -O3 -fomit-frame-pointer
FAIL: gcc.c-torture/execute/20070212-2.c compilation, -O3 -g
UNRESOLVED: gcc.c-torture/execute/20070212-2.c execution, -O3 -g
FAIL: gcc.c-torture/execute/20070212-2.c compilation, -Os
UNRESOLVED: gcc.c-torture/execute/20070212-2.c execution, -Os
FAIL: gcc.c-torture/execute/20070212-2.c compilation, -O2 -flto
UNRESOLVED: gcc.c-torture/execute/20070212-2.c execution, -O2 -flto
FAIL: gcc.c-torture/execute/20070212-2.c compilation, -O2 -fwhopr
UNRESOLVED: gcc.c-torture/execute/20070212-2.c execution, -O2 -fwhopr
FAIL: gcc.c-torture/execute/20070212-3.c compilation, -O0
UNRESOLVED: gcc.c-torture/execute/20070212-3.c execution, -O0
FAIL: gcc.c-torture/execute/20070212-3.c compilation, -O1
UNRESOLVED: gcc.c-torture/execute/20070212-3.c execution, -O1
FAIL: gcc.c-torture/execute/20070212-3.c compilation, -O2
UNRESOLVED: gcc.c-torture/execute/20070212-3.c execution, -O2
FAIL: gcc.c-torture/execute/20070212-3.c compilation, -O3 -fomit-frame-pointer
UNRESOLVED: gcc.c-torture/execute/20070212-3.c execution, -O3 -fomit-frame-pointer
FAIL: gcc.c-torture/execute/20070212-3.c compilation, -O3 -g
UNRESOLVED: gcc.c-torture/execute/20070212-3.c execution, -O3 -g
FAIL: gcc.c-torture/execute/20070212-3.c compilation, -Os
UNRESOLVED: gcc.c-torture/execute/20070212-3.c execution, -Os
FAIL: gcc.c-torture/execute/20070212-3.c compilation, -O2 -flto
UNRESOLVED: gcc.c-torture/execute/20070212-3.c execution, -O2 -flto
FAIL: gcc.c-torture/execute/20070212-3.c compilation, -O2 -fwhopr
UNRESOLVED: gcc.c-torture/execute/20070212-3.c execution, -O2 -fwhopr
FAIL: gcc.c-torture/execute/20070424-1.c compilation, -O0
UNRESOLVED: gcc.c-torture/execute/20070424-1.c execution, -O0
FAIL: gcc.c-torture/execute/20070424-1.c compilation, -O1
UNRESOLVED: gcc.c-torture/execute/20070424-1.c execution, -O1
FAIL: gcc.c-torture/execute/20070424-1.c compilation, -O2
UNRESOLVED: gcc.c-torture/execute/20070424-1.c execution, -O2
FAIL: gcc.c-torture/execute/20070424-1.c compilation, -O3 -fomit-frame-pointer
UNRESOLVED: gcc.c-torture/execute/20070424-1.c execution, -O3 -fomit-frame-pointer
FAIL: gcc.c-torture/execute/20070424-1.c compilation, -O3 -g
UNRESOLVED: gcc.c-torture/execute/20070424-1.c execution, -O3 -g
FAIL: gcc.c-torture/execute/20070424-1.c compilation, -Os
UNRESOLVED: gcc.c-torture/execute/20070424-1.c execution, -Os
FAIL: gcc.c-torture/execute/20070424-1.c compilation, -O2 -flto
UNRESOLVED: gcc.c-torture/execute/20070424-1.c execution, -O2 -flto
FAIL: gcc.c-torture/execute/20070424-1.c compilation, -O2 -fwhopr
UNRESOLVED: gcc.c-torture/execute/20070424-1.c execution, -O2 -fwhopr
FAIL: gcc.c-torture/execute/20070517-1.c compilation, -O0
UNRESOLVED: gcc.c-torture/execute/20070517-1.c execution, -O0
FAIL: gcc.c-torture/execute/20070517-1.c compilation, -O1
UNRESOLVED: gcc.c-torture/execute/20070517-1.c execution, -O1
FAIL: gcc.c-torture/execute/20070517-1.c compilation, -O2
UNRESOLVED: gcc.c-torture/execute/20070517-1.c execution, -O2
FAIL: gcc.c-torture/execute/20070517-1.c compilation, -O3 -fomit-frame-pointer
UNRESOLVED: gcc.c-torture/execute/20070517-1.c execution, -O3 -fomit-frame-pointer
FAIL: gcc.c-torture/execute/20070517-1.c compilation, -O3 -g
UNRESOLVED: gcc.c-torture/execute/20070517-1.c execution, -O3 -g
FAIL: gcc.c-torture/execute/20070517-1.c compilation, -Os
UNRESOLVED: gcc.c-torture/execute/20070517-1.c execution, -Os
FAIL: gcc.c-torture/execute/20070517-1.c compilation, -O2 -flto
UNRESOLVED: gcc.c-torture/execute/20070517-1.c execution, -O2 -flto
FAIL: gcc.c-torture/execute/20070517-1.c compilation, -O2 -fwhopr
UNRESOLVED: gcc.c-torture/execute/20070517-1.c execution, -O2 -fwhopr
FAIL: gcc.c-torture/execute/20070614-1.c compilation, -O0
UNRESOLVED: gcc.c-torture/execute/20070614-1.c execution, -O0
FAIL: gcc.c-torture/execute/20070614-1.c compilation, -O1
UNRESOLVED: gcc.c-torture/execute/20070614-1.c execution, -O1
FAIL: gcc.c-torture/execute/20070614-1.c compilation, -O2
UNRESOLVED: gcc.c-torture/execute/20070614-1.c execution, -O2
FAIL: gcc.c-torture/execute/20070614-1.c compilation, -O3 -fomit-frame-pointer
UNRESOLVED: gcc.c-torture/execute/20070614-1.c execution, -O3 -fomit-frame-pointer
FAIL: gcc.c-torture/execute/20070614-1.c compilation, -O3 -fomit-frame-pointer -funroll-loops
UNRESOLVED: gcc.c-torture/execute/20070614-1.c execution, -O3 -fomit-frame-pointer -funroll-loops
FAIL: gcc.c-torture/execute/20070614-1.c compilation, -O3 -fomit-frame-pointer -funroll-all-loops -finline-functions
UNRESOLVED: gcc.c-torture/execute/20070614-1.c execution, -O3 -fomit-frame-pointer -funroll-all-loops -finline-functions
FAIL: gcc.c-torture/execute/20070614-1.c compilation, -O3 -g
UNRESOLVED: gcc.c-torture/execute/20070614-1.c execution, -O3 -g
FAIL: gcc.c-torture/execute/20070614-1.c compilation, -Os
UNRESOLVED: gcc.c-torture/execute/20070614-1.c execution, -Os
FAIL: gcc.c-torture/execute/20070614-1.c compilation, -O2 -flto
UNRESOLVED: gcc.c-torture/execute/20070614-1.c execution, -O2 -flto
FAIL: gcc.c-torture/execute/20070614-1.c compilation, -O2 -fwhopr
UNRESOLVED: gcc.c-torture/execute/20070614-1.c execution, -O2 -fwhopr
FAIL: gcc.c-torture/execute/20070623-1.c compilation, -O0
UNRESOLVED: gcc.c-torture/execute/20070623-1.c execution, -O0
FAIL: gcc.c-torture/execute/20070623-1.c compilation, -O1
UNRESOLVED: gcc.c-torture/execute/20070623-1.c execution, -O1
FAIL: gcc.c-torture/execute/20070623-1.c compilation, -O2
UNRESOLVED: gcc.c-torture/execute/20070623-1.c execution, -O2
FAIL: gcc.c-torture/execute/20070623-1.c compilation, -O3 -fomit-frame-pointer
UNRESOLVED: gcc.c-torture/execute/20070623-1.c execution, -O3 -fomit-frame-pointer
FAIL: gcc.c-torture/execute/20070623-1.c compilation, -O3 -g
UNRESOLVED: gcc.c-torture/execute/20070623-1.c execution, -O3 -g
FAIL: gcc.c-torture/execute/20070623-1.c compilation, -Os
UNRESOLVED: gcc.c-torture/execute/20070623-1.c execution, -Os
FAIL: gcc.c-torture/execute/20070623-1.c compilation, -O2 -flto
UNRESOLVED: gcc.c-torture/execute/20070623-1.c execution, -O2 -flto
FAIL: gcc.c-torture/execute/20070623-1.c compilation, -O2 -fwhopr
UNRESOLVED: gcc.c-torture/execute/20070623-1.c execution, -O2 -fwhopr
FAIL: gcc.c-torture/execute/20070724-1.c compilation, -O0
UNRESOLVED: gcc.c-torture/execute/20070724-1.c execution, -O0
FAIL: gcc.c-torture/execute/20070724-1.c compilation, -O1
UNRESOLVED: gcc.c-torture/execute/20070724-1.c execution, -O1
FAIL: gcc.c-torture/execute/20070724-1.c compilation, -O2
UNRESOLVED: gcc.c-torture/execute/20070724-1.c execution, -O2
FAIL: gcc.c-torture/execute/20070724-1.c compilation, -O3 -fomit-frame-pointer
UNRESOLVED: gcc.c-torture/execute/20070724-1.c execution, -O3 -fomit-frame-pointer
FAIL: gcc.c-torture/execute/20070724-1.c compilation, -O3 -g
UNRESOLVED: gcc.c-torture/execute/20070724-1.c execution, -O3 -g
FAIL: gcc.c-torture/execute/20070724-1.c compilation, -Os
UNRESOLVED: gcc.c-torture/execute/20070724-1.c execution, -Os
FAIL: gcc.c-torture/execute/20070724-1.c compilation, -O2 -flto
UNRESOLVED: gcc.c-torture/execute/20070724-1.c execution, -O2 -flto
FAIL: gcc.c-torture/execute/20070724-1.c compilation, -O2 -fwhopr
UNRESOLVED: gcc.c-torture/execute/20070724-1.c execution, -O2 -fwhopr
FAIL: gcc.c-torture/execute/20070824-1.c compilation, -O0
UNRESOLVED: gcc.c-torture/execute/20070824-1.c execution, -O0
FAIL: gcc.c-torture/execute/20070824-1.c compilation, -O1
UNRESOLVED: gcc.c-torture/execute/20070824-1.c execution, -O1
FAIL: gcc.c-torture/execute/20070824-1.c compilation, -O2
UNRESOLVED: gcc.c-torture/execute/20070824-1.c execution, -O2
FAIL: gcc.c-torture/execute/20070824-1.c compilation, -O3 -fomit-frame-pointer
UNRESOLVED: gcc.c-torture/execute/20070824-1.c execution, -O3 -fomit-frame-pointer
FAIL: gcc.c-torture/execute/20070824-1.c compilation, -O3 -fomit-frame-pointer -funroll-loops
UNRESOLVED: gcc.c-torture/execute/20070824-1.c execution, -O3 -fomit-frame-pointer -funroll-loops
FAIL: gcc.c-torture/execute/20070824-1.c compilation, -O3 -fomit-frame-pointer -funroll-all-loops -finline-functions
UNRESOLVED: gcc.c-torture/execute/20070824-1.c execution, -O3 -fomit-frame-pointer -funroll-all-loops -finline-functions
FAIL: gcc.c-torture/execute/20070824-1.c compilation, -O3 -g
UNRESOLVED: gcc.c-torture/execute/20070824-1.c execution, -O3 -g
FAIL: gcc.c-torture/execute/20070824-1.c compilation, -Os
UNRESOLVED: gcc.c-torture/execute/20070824-1.c execution, -Os
FAIL: gcc.c-torture/execute/20070824-1.c compilation, -O2 -flto
UNRESOLVED: gcc.c-torture/execute/20070824-1.c execution, -O2 -flto
FAIL: gcc.c-torture/execute/20070824-1.c compilation, -O2 -fwhopr
UNRESOLVED: gcc.c-torture/execute/20070824-1.c execution, -O2 -fwhopr
FAIL: gcc.c-torture/execute/20070919-1.c compilation, -O0
UNRESOLVED: gcc.c-torture/execute/20070919-1.c execution, -O0
FAIL: gcc.c-torture/execute/20070919-1.c compilation, -O1
UNRESOLVED: gcc.c-torture/execute/20070919-1.c execution, -O1
FAIL: gcc.c-torture/execute/20070919-1.c compilation, -O2
UNRESOLVED: gcc.c-torture/execute/20070919-1.c execution, -O2
FAIL: gcc.c-torture/execute/20070919-1.c compilation, -O3 -fomit-frame-pointer
UNRESOLVED: gcc.c-torture/execute/20070919-1.c execution, -O3 -fomit-frame-pointer
FAIL: gcc.c-torture/execute/20070919-1.c compilation, -O3 -g
UNRESOLVED: gcc.c-torture/execute/20070919-1.c execution, -O3 -g
FAIL: gcc.c-torture/execute/20070919-1.c compilation, -Os
UNRESOLVED: gcc.c-torture/execute/20070919-1.c execution, -Os
FAIL: gcc.c-torture/execute/20070919-1.c compilation, -O2 -flto
UNRESOLVED: gcc.c-torture/execute/20070919-1.c execution, -O2 -flto
FAIL: gcc.c-torture/execute/20070919-1.c compilation, -O2 -fwhopr
UNRESOLVED: gcc.c-torture/execute/20070919-1.c execution, -O2 -fwhopr
FAIL: gcc.c-torture/execute/20071011-1.c compilation, -O0
UNRESOLVED: gcc.c-torture/execute/20071011-1.c execution, -O0
FAIL: gcc.c-torture/execute/20071011-1.c compilation, -O1
UNRESOLVED: gcc.c-torture/execute/20071011-1.c execution, -O1
FAIL: gcc.c-torture/execute/20071011-1.c compilation, -O2
UNRESOLVED: gcc.c-torture/execute/20071011-1.c execution, -O2
FAIL: gcc.c-torture/execute/20071011-1.c compilation, -O3 -fomit-frame-pointer
UNRESOLVED: gcc.c-torture/execute/20071011-1.c execution, -O3 -fomit-frame-pointer
FAIL: gcc.c-torture/execute/20071011-1.c compilation, -O3 -g
UNRESOLVED: gcc.c-torture/execute/20071011-1.c execution, -O3 -g
FAIL: gcc.c-torture/execute/20071011-1.c compilation, -Os
UNRESOLVED: gcc.c-torture/execute/20071011-1.c execution, -Os
FAIL: gcc.c-torture/execute/20071011-1.c compilation, -O2 -flto
UNRESOLVED: gcc.c-torture/execute/20071011-1.c execution, -O2 -flto
FAIL: gcc.c-torture/execute/20071011-1.c compilation, -O2 -fwhopr
UNRESOLVED: gcc.c-torture/execute/20071011-1.c execution, -O2 -fwhopr
FAIL: gcc.c-torture/execute/20071018-1.c compilation, -O0
UNRESOLVED: gcc.c-torture/execute/20071018-1.c execution, -O0
FAIL: gcc.c-torture/execute/20071018-1.c compilation, -O1
UNRESOLVED: gcc.c-torture/execute/20071018-1.c execution, -O1
FAIL: gcc.c-torture/execute/20071018-1.c compilation, -O2
UNRESOLVED: gcc.c-torture/execute/20071018-1.c execution, -O2
FAIL: gcc.c-torture/execute/20071018-1.c compilation, -O3 -fomit-frame-pointer
UNRESOLVED: gcc.c-torture/execute/20071018-1.c execution, -O3 -fomit-frame-pointer
FAIL: gcc.c-torture/execute/20071018-1.c compilation, -O3 -g
UNRESOLVED: gcc.c-torture/execute/20071018-1.c execution, -O3 -g
FAIL: gcc.c-torture/execute/20071018-1.c compilation, -Os
UNRESOLVED: gcc.c-torture/execute/20071018-1.c execution, -Os
FAIL: gcc.c-torture/execute/20071018-1.c compilation, -O2 -flto
UNRESOLVED: gcc.c-torture/execute/20071018-1.c execution, -O2 -flto
FAIL: gcc.c-torture/execute/20071018-1.c compilation, -O2 -fwhopr
UNRESOLVED: gcc.c-torture/execute/20071018-1.c execution, -O2 -fwhopr
FAIL: gcc.c-torture/execute/20071029-1.c compilation, -O0
UNRESOLVED: gcc.c-torture/execute/20071029-1.c execution, -O0
FAIL: gcc.c-torture/execute/20071029-1.c compilation, -O1
UNRESOLVED: gcc.c-torture/execute/20071029-1.c execution, -O1
FAIL: gcc.c-torture/execute/20071029-1.c compilation, -O2
UNRESOLVED: gcc.c-torture/execute/20071029-1.c execution, -O2
FAIL: gcc.c-torture/execute/20071029-1.c compilation, -O3 -fomit-frame-pointer
UNRESOLVED: gcc.c-torture/execute/20071029-1.c execution, -O3 -fomit-frame-pointer
FAIL: gcc.c-torture/execute/20071029-1.c compilation, -O3 -g
UNRESOLVED: gcc.c-torture/execute/20071029-1.c execution, -O3 -g
FAIL: gcc.c-torture/execute/20071029-1.c compilation, -Os
UNRESOLVED: gcc.c-torture/execute/20071029-1.c execution, -Os
FAIL: gcc.c-torture/execute/20071029-1.c compilation, -O2 -flto
UNRESOLVED: gcc.c-torture/execute/20071029-1.c execution, -O2 -flto
FAIL: gcc.c-torture/execute/20071029-1.c compilation, -O2 -fwhopr
UNRESOLVED: gcc.c-torture/execute/20071029-1.c execution, -O2 -fwhopr
FAIL: gcc.c-torture/execute/20071030-1.c compilation, -O0
UNRESOLVED: gcc.c-torture/execute/20071030-1.c execution, -O0
FAIL: gcc.c-torture/execute/20071030-1.c compilation, -O1
UNRESOLVED: gcc.c-torture/execute/20071030-1.c execution, -O1
FAIL: gcc.c-torture/execute/20071030-1.c compilation, -O2
UNRESOLVED: gcc.c-torture/execute/20071030-1.c execution, -O2
FAIL: gcc.c-torture/execute/20071030-1.c compilation, -O3 -fomit-frame-pointer
UNRESOLVED: gcc.c-torture/execute/20071030-1.c execution, -O3 -fomit-frame-pointer
FAIL: gcc.c-torture/execute/20071030-1.c compilation, -O3 -fomit-frame-pointer -funroll-loops
UNRESOLVED: gcc.c-torture/execute/20071030-1.c execution, -O3 -fomit-frame-pointer -funroll-loops
FAIL: gcc.c-torture/execute/20071030-1.c compilation, -O3 -fomit-frame-pointer -funroll-all-loops -finline-functions
UNRESOLVED: gcc.c-torture/execute/20071030-1.c execution, -O3 -fomit-frame-pointer -funroll-all-loops -finline-functions
FAIL: gcc.c-torture/execute/20071030-1.c compilation, -O3 -g
UNRESOLVED: gcc.c-torture/execute/20071030-1.c execution, -O3 -g
FAIL: gcc.c-torture/execute/20071030-1.c compilation, -Os
UNRESOLVED: gcc.c-torture/execute/20071030-1.c execution, -Os
FAIL: gcc.c-torture/execute/20071030-1.c compilation, -O2 -flto
UNRESOLVED: gcc.c-torture/execute/20071030-1.c execution, -O2 -flto
FAIL: gcc.c-torture/execute/20071030-1.c compilation, -O2 -fwhopr
UNRESOLVED: gcc.c-torture/execute/20071030-1.c execution, -O2 -fwhopr
FAIL: gcc.c-torture/execute/20071108-1.c compilation, -O0
UNRESOLVED: gcc.c-torture/execute/20071108-1.c execution, -O0
FAIL: gcc.c-torture/execute/20071108-1.c compilation, -O1
UNRESOLVED: gcc.c-torture/execute/20071108-1.c execution, -O1
FAIL: gcc.c-torture/execute/20071108-1.c compilation, -O2
UNRESOLVED: gcc.c-torture/execute/20071108-1.c execution, -O2
FAIL: gcc.c-torture/execute/20071108-1.c compilation, -O3 -fomit-frame-pointer
UNRESOLVED: gcc.c-torture/execute/20071108-1.c execution, -O3 -fomit-frame-pointer
FAIL: gcc.c-torture/execute/20071108-1.c compilation, -O3 -g
UNRESOLVED: gcc.c-torture/execute/20071108-1.c execution, -O3 -g
FAIL: gcc.c-torture/execute/20071108-1.c compilation, -Os
UNRESOLVED: gcc.c-torture/execute/20071108-1.c execution, -Os
FAIL: gcc.c-torture/execute/20071108-1.c compilation, -O2 -flto
UNRESOLVED: gcc.c-torture/execute/20071108-1.c execution, -O2 -flto
FAIL: gcc.c-torture/execute/20071108-1.c compilation, -O2 -fwhopr
UNRESOLVED: gcc.c-torture/execute/20071108-1.c execution, -O2 -fwhopr
FAIL: gcc.c-torture/execute/20071120-1.c compilation, -O0
UNRESOLVED: gcc.c-torture/execute/20071120-1.c execution, -O0
FAIL: gcc.c-torture/execute/20071120-1.c compilation, -O1
UNRESOLVED: gcc.c-torture/execute/20071120-1.c execution, -O1
FAIL: gcc.c-torture/execute/20071120-1.c compilation, -O2
UNRESOLVED: gcc.c-torture/execute/20071120-1.c execution, -O2
FAIL: gcc.c-torture/execute/20071120-1.c compilation, -O3 -fomit-frame-pointer
UNRESOLVED: gcc.c-torture/execute/20071120-1.c execution, -O3 -fomit-frame-pointer
FAIL: gcc.c-torture/execute/20071120-1.c compilation, -O3 -fomit-frame-pointer -funroll-loops
UNRESOLVED: gcc.c-torture/execute/20071120-1.c execution, -O3 -fomit-frame-pointer -funroll-loops
FAIL: gcc.c-torture/execute/20071120-1.c compilation, -O3 -fomit-frame-pointer -funroll-all-loops -finline-functions
UNRESOLVED: gcc.c-torture/execute/20071120-1.c execution, -O3 -fomit-frame-pointer -funroll-all-loops -finline-functions
FAIL: gcc.c-torture/execute/20071120-1.c compilation, -O3 -g
UNRESOLVED: gcc.c-torture/execute/20071120-1.c execution, -O3 -g
FAIL: gcc.c-torture/execute/20071120-1.c compilation, -Os
UNRESOLVED: gcc.c-torture/execute/20071120-1.c execution, -Os
FAIL: gcc.c-torture/execute/20071120-1.c compilation, -O2 -flto
UNRESOLVED: gcc.c-torture/execute/20071120-1.c execution, -O2 -flto
FAIL: gcc.c-torture/execute/20071120-1.c compilation, -O2 -fwhopr
UNRESOLVED: gcc.c-torture/execute/20071120-1.c execution, -O2 -fwhopr
FAIL: gcc.c-torture/execute/20071202-1.c compilation, -O0
UNRESOLVED: gcc.c-torture/execute/20071202-1.c execution, -O0
FAIL: gcc.c-torture/execute/20071202-1.c compilation, -O1
UNRESOLVED: gcc.c-torture/execute/20071202-1.c execution, -O1
FAIL: gcc.c-torture/execute/20071202-1.c compilation, -O2
UNRESOLVED: gcc.c-torture/execute/20071202-1.c execution, -O2
FAIL: gcc.c-torture/execute/20071202-1.c compilation, -O3 -fomit-frame-pointer
UNRESOLVED: gcc.c-torture/execute/20071202-1.c execution, -O3 -fomit-frame-pointer
FAIL: gcc.c-torture/execute/20071202-1.c compilation, -O3 -g
UNRESOLVED: gcc.c-torture/execute/20071202-1.c execution, -O3 -g
FAIL: gcc.c-torture/execute/20071202-1.c compilation, -Os
UNRESOLVED: gcc.c-torture/execute/20071202-1.c execution, -Os
FAIL: gcc.c-torture/execute/20071202-1.c compilation, -O2 -flto
UNRESOLVED: gcc.c-torture/execute/20071202-1.c execution, -O2 -flto
FAIL: gcc.c-torture/execute/20071202-1.c compilation, -O2 -fwhopr
UNRESOLVED: gcc.c-torture/execute/20071202-1.c execution, -O2 -fwhopr
FAIL: gcc.c-torture/execute/20071205-1.c compilation, -O0
UNRESOLVED: gcc.c-torture/execute/20071205-1.c execution, -O0
FAIL: gcc.c-torture/execute/20071205-1.c compilation, -O1
UNRESOLVED: gcc.c-torture/execute/20071205-1.c execution, -O1
FAIL: gcc.c-torture/execute/20071205-1.c compilation, -O2
UNRESOLVED: gcc.c-torture/execute/20071205-1.c execution, -O2
FAIL: gcc.c-torture/execute/20071205-1.c compilation, -O3 -fomit-frame-pointer
UNRESOLVED: gcc.c-torture/execute/20071205-1.c execution, -O3 -fomit-frame-pointer
FAIL: gcc.c-torture/execute/20071205-1.c compilation, -O3 -g
UNRESOLVED: gcc.c-torture/execute/20071205-1.c execution, -O3 -g
FAIL: gcc.c-torture/execute/20071205-1.c compilation, -Os
UNRESOLVED: gcc.c-torture/execute/20071205-1.c execution, -Os
FAIL: gcc.c-torture/execute/20071205-1.c compilation, -O2 -flto
UNRESOLVED: gcc.c-torture/execute/20071205-1.c execution, -O2 -flto
FAIL: gcc.c-torture/execute/20071205-1.c compilation, -O2 -fwhopr
UNRESOLVED: gcc.c-torture/execute/20071205-1.c execution, -O2 -fwhopr
FAIL: gcc.c-torture/execute/20071210-1.c compilation, -O0
UNRESOLVED: gcc.c-torture/execute/20071210-1.c execution, -O0
FAIL: gcc.c-torture/execute/20071210-1.c compilation, -O1
UNRESOLVED: gcc.c-torture/execute/20071210-1.c execution, -O1
FAIL: gcc.c-torture/execute/20071210-1.c compilation, -O2
UNRESOLVED: gcc.c-torture/execute/20071210-1.c execution, -O2
FAIL: gcc.c-torture/execute/20071210-1.c compilation, -O3 -fomit-frame-pointer
UNRESOLVED: gcc.c-torture/execute/20071210-1.c execution, -O3 -fomit-frame-pointer
FAIL: gcc.c-torture/execute/20071210-1.c compilation, -O3 -g
UNRESOLVED: gcc.c-torture/execute/20071210-1.c execution, -O3 -g
FAIL: gcc.c-torture/execute/20071210-1.c compilation, -Os
UNRESOLVED: gcc.c-torture/execute/20071210-1.c execution, -Os
FAIL: gcc.c-torture/execute/20071210-1.c compilation, -O2 -flto
UNRESOLVED: gcc.c-torture/execute/20071210-1.c execution, -O2 -flto
FAIL: gcc.c-torture/execute/20071210-1.c compilation, -O2 -fwhopr
UNRESOLVED: gcc.c-torture/execute/20071210-1.c execution, -O2 -fwhopr
FAIL: gcc.c-torture/execute/20071211-1.c compilation, -O0
UNRESOLVED: gcc.c-torture/execute/20071211-1.c execution, -O0
FAIL: gcc.c-torture/execute/20071211-1.c compilation, -O1
UNRESOLVED: gcc.c-torture/execute/20071211-1.c execution, -O1
FAIL: gcc.c-torture/execute/20071211-1.c compilation, -O2
UNRESOLVED: gcc.c-torture/execute/20071211-1.c execution, -O2
FAIL: gcc.c-torture/execute/20071211-1.c compilation, -O3 -fomit-frame-pointer
UNRESOLVED: gcc.c-torture/execute/20071211-1.c execution, -O3 -fomit-frame-pointer
FAIL: gcc.c-torture/execute/20071211-1.c compilation, -O3 -g
UNRESOLVED: gcc.c-torture/execute/20071211-1.c execution, -O3 -g
FAIL: gcc.c-torture/execute/20071211-1.c compilation, -Os
UNRESOLVED: gcc.c-torture/execute/20071211-1.c execution, -Os
FAIL: gcc.c-torture/execute/20071211-1.c compilation, -O2 -flto
UNRESOLVED: gcc.c-torture/execute/20071211-1.c execution, -O2 -flto
FAIL: gcc.c-torture/execute/20071211-1.c compilation, -O2 -fwhopr
UNRESOLVED: gcc.c-torture/execute/20071211-1.c execution, -O2 -fwhopr
FAIL: gcc.c-torture/execute/20071213-1.c compilation, -O0
UNRESOLVED: gcc.c-torture/execute/20071213-1.c execution, -O0
FAIL: gcc.c-torture/execute/20071213-1.c compilation, -O1
UNRESOLVED: gcc.c-torture/execute/20071213-1.c execution, -O1
FAIL: gcc.c-torture/execute/20071213-1.c compilation, -O2
UNRESOLVED: gcc.c-torture/execute/20071213-1.c execution, -O2
FAIL: gcc.c-torture/execute/20071213-1.c compilation, -O3 -fomit-frame-pointer
UNRESOLVED: gcc.c-torture/execute/20071213-1.c execution, -O3 -fomit-frame-pointer
FAIL: gcc.c-torture/execute/20071213-1.c compilation, -O3 -g
UNRESOLVED: gcc.c-torture/execute/20071213-1.c execution, -O3 -g
FAIL: gcc.c-torture/execute/20071213-1.c compilation, -Os
UNRESOLVED: gcc.c-torture/execute/20071213-1.c execution, -Os
FAIL: gcc.c-torture/execute/20071213-1.c compilation, -O2 -flto
UNRESOLVED: gcc.c-torture/execute/20071213-1.c execution, -O2 -flto
FAIL: gcc.c-torture/execute/20071213-1.c compilation, -O2 -fwhopr
UNRESOLVED: gcc.c-torture/execute/20071213-1.c execution, -O2 -fwhopr
FAIL: gcc.c-torture/execute/20071216-1.c compilation, -O0
UNRESOLVED: gcc.c-torture/execute/20071216-1.c execution, -O0
FAIL: gcc.c-torture/execute/20071216-1.c compilation, -O1
UNRESOLVED: gcc.c-torture/execute/20071216-1.c execution, -O1
FAIL: gcc.c-torture/execute/20071216-1.c compilation, -O2
UNRESOLVED: gcc.c-torture/execute/20071216-1.c execution, -O2
FAIL: gcc.c-torture/execute/20071216-1.c compilation, -O3 -fomit-frame-pointer
UNRESOLVED: gcc.c-torture/execute/20071216-1.c execution, -O3 -fomit-frame-pointer
FAIL: gcc.c-torture/execute/20071216-1.c compilation, -O3 -g
UNRESOLVED: gcc.c-torture/execute/20071216-1.c execution, -O3 -g
FAIL: gcc.c-torture/execute/20071216-1.c compilation, -Os
UNRESOLVED: gcc.c-torture/execute/20071216-1.c execution, -Os
FAIL: gcc.c-torture/execute/20071216-1.c compilation, -O2 -flto
UNRESOLVED: gcc.c-torture/execute/20071216-1.c execution, -O2 -flto
FAIL: gcc.c-torture/execute/20071216-1.c compilation, -O2 -fwhopr
UNRESOLVED: gcc.c-torture/execute/20071216-1.c execution, -O2 -fwhopr
FAIL: gcc.c-torture/execute/20071219-1.c compilation, -O0
UNRESOLVED: gcc.c-torture/execute/20071219-1.c execution, -O0
FAIL: gcc.c-torture/execute/20071219-1.c compilation, -O1
UNRESOLVED: gcc.c-torture/execute/20071219-1.c execution, -O1
FAIL: gcc.c-torture/execute/20071219-1.c compilation, -O2
UNRESOLVED: gcc.c-torture/execute/20071219-1.c execution, -O2
FAIL: gcc.c-torture/execute/20071219-1.c compilation, -O3 -fomit-frame-pointer
UNRESOLVED: gcc.c-torture/execute/20071219-1.c execution, -O3 -fomit-frame-pointer
FAIL: gcc.c-torture/execute/20071219-1.c compilation, -O3 -fomit-frame-pointer -funroll-loops
UNRESOLVED: gcc.c-torture/execute/20071219-1.c execution, -O3 -fomit-frame-pointer -funroll-loops
FAIL: gcc.c-torture/execute/20071219-1.c compilation, -O3 -fomit-frame-pointer -funroll-all-loops -finline-functions
UNRESOLVED: gcc.c-torture/execute/20071219-1.c execution, -O3 -fomit-frame-pointer -funroll-all-loops -finline-functions
FAIL: gcc.c-torture/execute/20071219-1.c compilation, -O3 -g
UNRESOLVED: gcc.c-torture/execute/20071219-1.c execution, -O3 -g
FAIL: gcc.c-torture/execute/20071219-1.c compilation, -Os
UNRESOLVED: gcc.c-torture/execute/20071219-1.c execution, -Os
FAIL: gcc.c-torture/execute/20071219-1.c compilation, -O2 -flto
UNRESOLVED: gcc.c-torture/execute/20071219-1.c execution, -O2 -flto
FAIL: gcc.c-torture/execute/20071219-1.c compilation, -O2 -fwhopr
UNRESOLVED: gcc.c-torture/execute/20071219-1.c execution, -O2 -fwhopr
FAIL: gcc.c-torture/execute/20071220-1.c compilation, -O0
UNRESOLVED: gcc.c-torture/execute/20071220-1.c execution, -O0
FAIL: gcc.c-torture/execute/20071220-1.c compilation, -O1
UNRESOLVED: gcc.c-torture/execute/20071220-1.c execution, -O1
FAIL: gcc.c-torture/execute/20071220-1.c compilation, -O2
UNRESOLVED: gcc.c-torture/execute/20071220-1.c execution, -O2
FAIL: gcc.c-torture/execute/20071220-1.c compilation, -O3 -fomit-frame-pointer
UNRESOLVED: gcc.c-torture/execute/20071220-1.c execution, -O3 -fomit-frame-pointer
FAIL: gcc.c-torture/execute/20071220-1.c compilation, -O3 -g
UNRESOLVED: gcc.c-torture/execute/20071220-1.c execution, -O3 -g
FAIL: gcc.c-torture/execute/20071220-1.c compilation, -Os
UNRESOLVED: gcc.c-torture/execute/20071220-1.c execution, -Os
FAIL: gcc.c-torture/execute/20071220-1.c compilation, -O2 -flto
UNRESOLVED: gcc.c-torture/execute/20071220-1.c execution, -O2 -flto
FAIL: gcc.c-torture/execute/20071220-1.c compilation, -O2 -fwhopr
UNRESOLVED: gcc.c-torture/execute/20071220-1.c execution, -O2 -fwhopr
FAIL: gcc.c-torture/execute/20071220-2.c compilation, -O0
UNRESOLVED: gcc.c-torture/execute/20071220-2.c execution, -O0
FAIL: gcc.c-torture/execute/20071220-2.c compilation, -O1
UNRESOLVED: gcc.c-torture/execute/20071220-2.c execution, -O1
FAIL: gcc.c-torture/execute/20071220-2.c compilation, -O2
UNRESOLVED: gcc.c-torture/execute/20071220-2.c execution, -O2
FAIL: gcc.c-torture/execute/20071220-2.c compilation, -O3 -fomit-frame-pointer
UNRESOLVED: gcc.c-torture/execute/20071220-2.c execution, -O3 -fomit-frame-pointer
FAIL: gcc.c-torture/execute/20071220-2.c compilation, -O3 -g
UNRESOLVED: gcc.c-torture/execute/20071220-2.c execution, -O3 -g
FAIL: gcc.c-torture/execute/20071220-2.c compilation, -Os
UNRESOLVED: gcc.c-torture/execute/20071220-2.c execution, -Os
FAIL: gcc.c-torture/execute/20071220-2.c compilation, -O2 -flto
UNRESOLVED: gcc.c-torture/execute/20071220-2.c execution, -O2 -flto
FAIL: gcc.c-torture/execute/20071220-2.c compilation, -O2 -fwhopr
UNRESOLVED: gcc.c-torture/execute/20071220-2.c execution, -O2 -fwhopr
FAIL: gcc.c-torture/execute/20080117-1.c compilation, -O0
UNRESOLVED: gcc.c-torture/execute/20080117-1.c execution, -O0
FAIL: gcc.c-torture/execute/20080117-1.c compilation, -O1
UNRESOLVED: gcc.c-torture/execute/20080117-1.c execution, -O1
FAIL: gcc.c-torture/execute/20080117-1.c compilation, -O2
UNRESOLVED: gcc.c-torture/execute/20080117-1.c execution, -O2
FAIL: gcc.c-torture/execute/20080117-1.c compilation, -O3 -fomit-frame-pointer
UNRESOLVED: gcc.c-torture/execute/20080117-1.c execution, -O3 -fomit-frame-pointer
FAIL: gcc.c-torture/execute/20080117-1.c compilation, -O3 -g
UNRESOLVED: gcc.c-torture/execute/20080117-1.c execution, -O3 -g
FAIL: gcc.c-torture/execute/20080117-1.c compilation, -Os
UNRESOLVED: gcc.c-torture/execute/20080117-1.c execution, -Os
FAIL: gcc.c-torture/execute/20080117-1.c compilation, -O2 -flto
UNRESOLVED: gcc.c-torture/execute/20080117-1.c execution, -O2 -flto
FAIL: gcc.c-torture/execute/20080117-1.c compilation, -O2 -fwhopr
UNRESOLVED: gcc.c-torture/execute/20080117-1.c execution, -O2 -fwhopr
FAIL: gcc.c-torture/execute/20080122-1.c compilation, -O0
UNRESOLVED: gcc.c-torture/execute/20080122-1.c execution, -O0
FAIL: gcc.c-torture/execute/20080122-1.c compilation, -O1
UNRESOLVED: gcc.c-torture/execute/20080122-1.c execution, -O1
FAIL: gcc.c-torture/execute/20080122-1.c compilation, -O2
UNRESOLVED: gcc.c-torture/execute/20080122-1.c execution, -O2
FAIL: gcc.c-torture/execute/20080122-1.c compilation, -O3 -fomit-frame-pointer
UNRESOLVED: gcc.c-torture/execute/20080122-1.c execution, -O3 -fomit-frame-pointer
FAIL: gcc.c-torture/execute/20080122-1.c compilation, -O3 -fomit-frame-pointer -funroll-loops
UNRESOLVED: gcc.c-torture/execute/20080122-1.c execution, -O3 -fomit-frame-pointer -funroll-loops
FAIL: gcc.c-torture/execute/20080122-1.c compilation, -O3 -fomit-frame-pointer -funroll-all-loops -finline-functions
UNRESOLVED: gcc.c-torture/execute/20080122-1.c execution, -O3 -fomit-frame-pointer -funroll-all-loops -finline-functions
FAIL: gcc.c-torture/execute/20080122-1.c compilation, -O3 -g
UNRESOLVED: gcc.c-torture/execute/20080122-1.c execution, -O3 -g
FAIL: gcc.c-torture/execute/20080122-1.c compilation, -Os
UNRESOLVED: gcc.c-torture/execute/20080122-1.c execution, -Os
FAIL: gcc.c-torture/execute/20080122-1.c compilation, -O2 -flto
UNRESOLVED: gcc.c-torture/execute/20080122-1.c execution, -O2 -flto
FAIL: gcc.c-torture/execute/20080122-1.c compilation, -O2 -fwhopr
UNRESOLVED: gcc.c-torture/execute/20080122-1.c execution, -O2 -fwhopr
FAIL: gcc.c-torture/execute/20080222-1.c compilation, -O0
UNRESOLVED: gcc.c-torture/execute/20080222-1.c execution, -O0
FAIL: gcc.c-torture/execute/20080222-1.c compilation, -O1
UNRESOLVED: gcc.c-torture/execute/20080222-1.c execution, -O1
FAIL: gcc.c-torture/execute/20080222-1.c compilation, -O2
UNRESOLVED: gcc.c-torture/execute/20080222-1.c execution, -O2
FAIL: gcc.c-torture/execute/20080222-1.c compilation, -O3 -fomit-frame-pointer
UNRESOLVED: gcc.c-torture/execute/20080222-1.c execution, -O3 -fomit-frame-pointer
FAIL: gcc.c-torture/execute/20080222-1.c compilation, -O3 -g
UNRESOLVED: gcc.c-torture/execute/20080222-1.c execution, -O3 -g
FAIL: gcc.c-torture/execute/20080222-1.c compilation, -Os
UNRESOLVED: gcc.c-torture/execute/20080222-1.c execution, -Os
FAIL: gcc.c-torture/execute/20080222-1.c compilation, -O2 -flto
UNRESOLVED: gcc.c-torture/execute/20080222-1.c execution, -O2 -flto
FAIL: gcc.c-torture/execute/20080222-1.c compilation, -O2 -fwhopr
UNRESOLVED: gcc.c-torture/execute/20080222-1.c execution, -O2 -fwhopr
FAIL: gcc.c-torture/execute/20080408-1.c compilation, -O0
UNRESOLVED: gcc.c-torture/execute/20080408-1.c execution, -O0
FAIL: gcc.c-torture/execute/20080408-1.c compilation, -O1
UNRESOLVED: gcc.c-torture/execute/20080408-1.c execution, -O1
FAIL: gcc.c-torture/execute/20080408-1.c compilation, -O2
UNRESOLVED: gcc.c-torture/execute/20080408-1.c execution, -O2
FAIL: gcc.c-torture/execute/20080408-1.c compilation, -O3 -fomit-frame-pointer
UNRESOLVED: gcc.c-torture/execute/20080408-1.c execution, -O3 -fomit-frame-pointer
FAIL: gcc.c-torture/execute/20080408-1.c compilation, -O3 -g
UNRESOLVED: gcc.c-torture/execute/20080408-1.c execution, -O3 -g
FAIL: gcc.c-torture/execute/20080408-1.c compilation, -Os
UNRESOLVED: gcc.c-torture/execute/20080408-1.c execution, -Os
FAIL: gcc.c-torture/execute/20080408-1.c compilation, -O2 -flto
UNRESOLVED: gcc.c-torture/execute/20080408-1.c execution, -O2 -flto
FAIL: gcc.c-torture/execute/20080408-1.c compilation, -O2 -fwhopr
UNRESOLVED: gcc.c-torture/execute/20080408-1.c execution, -O2 -fwhopr
FAIL: gcc.c-torture/execute/20080424-1.c compilation, -O0
UNRESOLVED: gcc.c-torture/execute/20080424-1.c execution, -O0
FAIL: gcc.c-torture/execute/20080424-1.c compilation, -O1
UNRESOLVED: gcc.c-torture/execute/20080424-1.c execution, -O1
FAIL: gcc.c-torture/execute/20080424-1.c compilation, -O2
UNRESOLVED: gcc.c-torture/execute/20080424-1.c execution, -O2
FAIL: gcc.c-torture/execute/20080424-1.c compilation, -O3 -fomit-frame-pointer
UNRESOLVED: gcc.c-torture/execute/20080424-1.c execution, -O3 -fomit-frame-pointer
FAIL: gcc.c-torture/execute/20080424-1.c compilation, -O3 -fomit-frame-pointer -funroll-loops
UNRESOLVED: gcc.c-torture/execute/20080424-1.c execution, -O3 -fomit-frame-pointer -funroll-loops
FAIL: gcc.c-torture/execute/20080424-1.c compilation, -O3 -fomit-frame-pointer -funroll-all-loops -finline-functions
UNRESOLVED: gcc.c-torture/execute/20080424-1.c execution, -O3 -fomit-frame-pointer -funroll-all-loops -finline-functions
FAIL: gcc.c-torture/execute/20080424-1.c compilation, -O3 -g
UNRESOLVED: gcc.c-torture/execute/20080424-1.c execution, -O3 -g
FAIL: gcc.c-torture/execute/20080424-1.c compilation, -Os
UNRESOLVED: gcc.c-torture/execute/20080424-1.c execution, -Os
FAIL: gcc.c-torture/execute/20080424-1.c compilation, -O2 -flto
UNRESOLVED: gcc.c-torture/execute/20080424-1.c execution, -O2 -flto
FAIL: gcc.c-torture/execute/20080424-1.c compilation, -O2 -fwhopr
UNRESOLVED: gcc.c-torture/execute/20080424-1.c execution, -O2 -fwhopr
FAIL: gcc.c-torture/execute/20080502-1.c compilation, -O0
UNRESOLVED: gcc.c-torture/execute/20080502-1.c execution, -O0
FAIL: gcc.c-torture/execute/20080502-1.c compilation, -O1
UNRESOLVED: gcc.c-torture/execute/20080502-1.c execution, -O1
FAIL: gcc.c-torture/execute/20080502-1.c compilation, -O2
UNRESOLVED: gcc.c-torture/execute/20080502-1.c execution, -O2
FAIL: gcc.c-torture/execute/20080502-1.c compilation, -O3 -fomit-frame-pointer
UNRESOLVED: gcc.c-torture/execute/20080502-1.c execution, -O3 -fomit-frame-pointer
FAIL: gcc.c-torture/execute/20080502-1.c compilation, -O3 -g
UNRESOLVED: gcc.c-torture/execute/20080502-1.c execution, -O3 -g
FAIL: gcc.c-torture/execute/20080502-1.c compilation, -Os
UNRESOLVED: gcc.c-torture/execute/20080502-1.c execution, -Os
FAIL: gcc.c-torture/execute/20080502-1.c compilation, -O2 -flto
UNRESOLVED: gcc.c-torture/execute/20080502-1.c execution, -O2 -flto
FAIL: gcc.c-torture/execute/20080502-1.c compilation, -O2 -fwhopr
UNRESOLVED: gcc.c-torture/execute/20080502-1.c execution, -O2 -fwhopr
FAIL: gcc.c-torture/execute/20080506-1.c compilation, -O0
UNRESOLVED: gcc.c-torture/execute/20080506-1.c execution, -O0
FAIL: gcc.c-torture/execute/20080506-1.c compilation, -O1
UNRESOLVED: gcc.c-torture/execute/20080506-1.c execution, -O1
FAIL: gcc.c-torture/execute/20080506-1.c compilation, -O2
UNRESOLVED: gcc.c-torture/execute/20080506-1.c execution, -O2
FAIL: gcc.c-torture/execute/20080506-1.c compilation, -O3 -fomit-frame-pointer
UNRESOLVED: gcc.c-torture/execute/20080506-1.c execution, -O3 -fomit-frame-pointer
FAIL: gcc.c-torture/execute/20080506-1.c compilation, -O3 -g
UNRESOLVED: gcc.c-torture/execute/20080506-1.c execution, -O3 -g
FAIL: gcc.c-torture/execute/20080506-1.c compilation, -Os
UNRESOLVED: gcc.c-torture/execute/20080506-1.c execution, -Os
FAIL: gcc.c-torture/execute/20080506-1.c compilation, -O2 -flto
UNRESOLVED: gcc.c-torture/execute/20080506-1.c execution, -O2 -flto
FAIL: gcc.c-torture/execute/20080506-1.c compilation, -O2 -fwhopr
UNRESOLVED: gcc.c-torture/execute/20080506-1.c execution, -O2 -fwhopr
FAIL: gcc.c-torture/execute/20080506-2.c compilation, -O0
UNRESOLVED: gcc.c-torture/execute/20080506-2.c execution, -O0
FAIL: gcc.c-torture/execute/20080506-2.c compilation, -O1
UNRESOLVED: gcc.c-torture/execute/20080506-2.c execution, -O1
FAIL: gcc.c-torture/execute/20080506-2.c compilation, -O2
UNRESOLVED: gcc.c-torture/execute/20080506-2.c execution, -O2
FAIL: gcc.c-torture/execute/20080506-2.c compilation, -O3 -fomit-frame-pointer
UNRESOLVED: gcc.c-torture/execute/20080506-2.c execution, -O3 -fomit-frame-pointer
FAIL: gcc.c-torture/execute/20080506-2.c compilation, -O3 -g
UNRESOLVED: gcc.c-torture/execute/20080506-2.c execution, -O3 -g
FAIL: gcc.c-torture/execute/20080506-2.c compilation, -Os
UNRESOLVED: gcc.c-torture/execute/20080506-2.c execution, -Os
FAIL: gcc.c-torture/execute/20080506-2.c compilation, -O2 -flto
UNRESOLVED: gcc.c-torture/execute/20080506-2.c execution, -O2 -flto
FAIL: gcc.c-torture/execute/20080506-2.c compilation, -O2 -fwhopr
UNRESOLVED: gcc.c-torture/execute/20080506-2.c execution, -O2 -fwhopr
FAIL: gcc.c-torture/execute/20080519-1.c compilation, -O0
UNRESOLVED: gcc.c-torture/execute/20080519-1.c execution, -O0
FAIL: gcc.c-torture/execute/20080519-1.c compilation, -O1
UNRESOLVED: gcc.c-torture/execute/20080519-1.c execution, -O1
FAIL: gcc.c-torture/execute/20080519-1.c compilation, -O2
UNRESOLVED: gcc.c-torture/execute/20080519-1.c execution, -O2
FAIL: gcc.c-torture/execute/20080519-1.c compilation, -O3 -fomit-frame-pointer
UNRESOLVED: gcc.c-torture/execute/20080519-1.c execution, -O3 -fomit-frame-pointer
FAIL: gcc.c-torture/execute/20080519-1.c compilation, -O3 -fomit-frame-pointer -funroll-loops
UNRESOLVED: gcc.c-torture/execute/20080519-1.c execution, -O3 -fomit-frame-pointer -funroll-loops
FAIL: gcc.c-torture/execute/20080519-1.c compilation, -O3 -fomit-frame-pointer -funroll-all-loops -finline-functions
UNRESOLVED: gcc.c-torture/execute/20080519-1.c execution, -O3 -fomit-frame-pointer -funroll-all-loops -finline-functions
FAIL: gcc.c-torture/execute/20080519-1.c compilation, -O3 -g
UNRESOLVED: gcc.c-torture/execute/20080519-1.c execution, -O3 -g
FAIL: gcc.c-torture/execute/20080519-1.c compilation, -Os
UNRESOLVED: gcc.c-torture/execute/20080519-1.c execution, -Os
FAIL: gcc.c-torture/execute/20080519-1.c compilation, -O2 -flto
UNRESOLVED: gcc.c-torture/execute/20080519-1.c execution, -O2 -flto
FAIL: gcc.c-torture/execute/20080519-1.c compilation, -O2 -fwhopr
UNRESOLVED: gcc.c-torture/execute/20080519-1.c execution, -O2 -fwhopr
FAIL: gcc.c-torture/execute/20080522-1.c compilation, -O0
UNRESOLVED: gcc.c-torture/execute/20080522-1.c execution, -O0
FAIL: gcc.c-torture/execute/20080522-1.c compilation, -O1
UNRESOLVED: gcc.c-torture/execute/20080522-1.c execution, -O1
FAIL: gcc.c-torture/execute/20080522-1.c compilation, -O2
UNRESOLVED: gcc.c-torture/execute/20080522-1.c execution, -O2
FAIL: gcc.c-torture/execute/20080522-1.c compilation, -O3 -fomit-frame-pointer
UNRESOLVED: gcc.c-torture/execute/20080522-1.c execution, -O3 -fomit-frame-pointer
FAIL: gcc.c-torture/execute/20080522-1.c compilation, -O3 -g
UNRESOLVED: gcc.c-torture/execute/20080522-1.c execution, -O3 -g
FAIL: gcc.c-torture/execute/20080522-1.c compilation, -Os
UNRESOLVED: gcc.c-torture/execute/20080522-1.c execution, -Os
FAIL: gcc.c-torture/execute/20080522-1.c compilation, -O2 -flto
UNRESOLVED: gcc.c-torture/execute/20080522-1.c execution, -O2 -flto
FAIL: gcc.c-torture/execute/20080522-1.c compilation, -O2 -fwhopr
UNRESOLVED: gcc.c-torture/execute/20080522-1.c execution, -O2 -fwhopr
FAIL: gcc.c-torture/execute/20080529-1.c compilation, -O0
UNRESOLVED: gcc.c-torture/execute/20080529-1.c execution, -O0
FAIL: gcc.c-torture/execute/20080529-1.c compilation, -O1
UNRESOLVED: gcc.c-torture/execute/20080529-1.c execution, -O1
FAIL: gcc.c-torture/execute/20080529-1.c compilation, -O2
UNRESOLVED: gcc.c-torture/execute/20080529-1.c execution, -O2
FAIL: gcc.c-torture/execute/20080529-1.c compilation, -O3 -fomit-frame-pointer
UNRESOLVED: gcc.c-torture/execute/20080529-1.c execution, -O3 -fomit-frame-pointer
FAIL: gcc.c-torture/execute/20080529-1.c compilation, -O3 -g
UNRESOLVED: gcc.c-torture/execute/20080529-1.c execution, -O3 -g
FAIL: gcc.c-torture/execute/20080529-1.c compilation, -Os
UNRESOLVED: gcc.c-torture/execute/20080529-1.c execution, -Os
FAIL: gcc.c-torture/execute/20080529-1.c compilation, -O2 -flto
UNRESOLVED: gcc.c-torture/execute/20080529-1.c execution, -O2 -flto
FAIL: gcc.c-torture/execute/20080529-1.c compilation, -O2 -fwhopr
UNRESOLVED: gcc.c-torture/execute/20080529-1.c execution, -O2 -fwhopr
FAIL: gcc.c-torture/execute/20080604-1.c compilation, -O0
UNRESOLVED: gcc.c-torture/execute/20080604-1.c execution, -O0
FAIL: gcc.c-torture/execute/20080604-1.c compilation, -O1
UNRESOLVED: gcc.c-torture/execute/20080604-1.c execution, -O1
FAIL: gcc.c-torture/execute/20080604-1.c compilation, -O2
UNRESOLVED: gcc.c-torture/execute/20080604-1.c execution, -O2
FAIL: gcc.c-torture/execute/20080604-1.c compilation, -O3 -fomit-frame-pointer
UNRESOLVED: gcc.c-torture/execute/20080604-1.c execution, -O3 -fomit-frame-pointer
FAIL: gcc.c-torture/execute/20080604-1.c compilation, -O3 -g
UNRESOLVED: gcc.c-torture/execute/20080604-1.c execution, -O3 -g
FAIL: gcc.c-torture/execute/20080604-1.c compilation, -Os
UNRESOLVED: gcc.c-torture/execute/20080604-1.c execution, -Os
FAIL: gcc.c-torture/execute/20080604-1.c compilation, -O2 -flto
UNRESOLVED: gcc.c-torture/execute/20080604-1.c execution, -O2 -flto
FAIL: gcc.c-torture/execute/20080604-1.c compilation, -O2 -fwhopr
UNRESOLVED: gcc.c-torture/execute/20080604-1.c execution, -O2 -fwhopr
FAIL: gcc.c-torture/execute/20080719-1.c compilation, -O0
UNRESOLVED: gcc.c-torture/execute/20080719-1.c execution, -O0
FAIL: gcc.c-torture/execute/20080719-1.c compilation, -O1
UNRESOLVED: gcc.c-torture/execute/20080719-1.c execution, -O1
FAIL: gcc.c-torture/execute/20080719-1.c compilation, -O2
UNRESOLVED: gcc.c-torture/execute/20080719-1.c execution, -O2
FAIL: gcc.c-torture/execute/20080719-1.c compilation, -O3 -fomit-frame-pointer
UNRESOLVED: gcc.c-torture/execute/20080719-1.c execution, -O3 -fomit-frame-pointer
FAIL: gcc.c-torture/execute/20080719-1.c compilation, -O3 -g
UNRESOLVED: gcc.c-torture/execute/20080719-1.c execution, -O3 -g
FAIL: gcc.c-torture/execute/20080719-1.c compilation, -Os
UNRESOLVED: gcc.c-torture/execute/20080719-1.c execution, -Os
FAIL: gcc.c-torture/execute/20080719-1.c compilation, -O2 -flto
UNRESOLVED: gcc.c-torture/execute/20080719-1.c execution, -O2 -flto
FAIL: gcc.c-torture/execute/20080719-1.c compilation, -O2 -fwhopr
UNRESOLVED: gcc.c-torture/execute/20080719-1.c execution, -O2 -fwhopr
FAIL: gcc.c-torture/execute/20080813-1.c compilation, -O0
UNRESOLVED: gcc.c-torture/execute/20080813-1.c execution, -O0
FAIL: gcc.c-torture/execute/20080813-1.c compilation, -O1
UNRESOLVED: gcc.c-torture/execute/20080813-1.c execution, -O1
FAIL: gcc.c-torture/execute/20080813-1.c compilation, -O2
UNRESOLVED: gcc.c-torture/execute/20080813-1.c execution, -O2
FAIL: gcc.c-torture/execute/20080813-1.c compilation, -O3 -fomit-frame-pointer
UNRESOLVED: gcc.c-torture/execute/20080813-1.c execution, -O3 -fomit-frame-pointer
FAIL: gcc.c-torture/execute/20080813-1.c compilation, -O3 -g
UNRESOLVED: gcc.c-torture/execute/20080813-1.c execution, -O3 -g
FAIL: gcc.c-torture/execute/20080813-1.c compilation, -Os
UNRESOLVED: gcc.c-torture/execute/20080813-1.c execution, -Os
FAIL: gcc.c-torture/execute/20080813-1.c compilation, -O2 -flto
UNRESOLVED: gcc.c-torture/execute/20080813-1.c execution, -O2 -flto
FAIL: gcc.c-torture/execute/20080813-1.c compilation, -O2 -fwhopr
UNRESOLVED: gcc.c-torture/execute/20080813-1.c execution, -O2 -fwhopr
FAIL: gcc.c-torture/execute/20081103-1.c compilation, -O0
UNRESOLVED: gcc.c-torture/execute/20081103-1.c execution, -O0
FAIL: gcc.c-torture/execute/20081103-1.c compilation, -O1
UNRESOLVED: gcc.c-torture/execute/20081103-1.c execution, -O1
FAIL: gcc.c-torture/execute/20081103-1.c compilation, -O2
UNRESOLVED: gcc.c-torture/execute/20081103-1.c execution, -O2
FAIL: gcc.c-torture/execute/20081103-1.c compilation, -O3 -fomit-frame-pointer
UNRESOLVED: gcc.c-torture/execute/20081103-1.c execution, -O3 -fomit-frame-pointer
FAIL: gcc.c-torture/execute/20081103-1.c compilation, -O3 -g
UNRESOLVED: gcc.c-torture/execute/20081103-1.c execution, -O3 -g
FAIL: gcc.c-torture/execute/20081103-1.c compilation, -Os
UNRESOLVED: gcc.c-torture/execute/20081103-1.c execution, -Os
FAIL: gcc.c-torture/execute/20081103-1.c compilation, -O2 -flto
UNRESOLVED: gcc.c-torture/execute/20081103-1.c execution, -O2 -flto
FAIL: gcc.c-torture/execute/20081103-1.c compilation, -O2 -fwhopr
UNRESOLVED: gcc.c-torture/execute/20081103-1.c execution, -O2 -fwhopr
FAIL: gcc.c-torture/execute/20081112-1.c compilation, -O0
UNRESOLVED: gcc.c-torture/execute/20081112-1.c execution, -O0
FAIL: gcc.c-torture/execute/20081112-1.c compilation, -O1
UNRESOLVED: gcc.c-torture/execute/20081112-1.c execution, -O1
FAIL: gcc.c-torture/execute/20081112-1.c compilation, -O2
UNRESOLVED: gcc.c-torture/execute/20081112-1.c execution, -O2
FAIL: gcc.c-torture/execute/20081112-1.c compilation, -O3 -fomit-frame-pointer
UNRESOLVED: gcc.c-torture/execute/20081112-1.c execution, -O3 -fomit-frame-pointer
FAIL: gcc.c-torture/execute/20081112-1.c compilation, -O3 -g
UNRESOLVED: gcc.c-torture/execute/20081112-1.c execution, -O3 -g
FAIL: gcc.c-torture/execute/20081112-1.c compilation, -Os
UNRESOLVED: gcc.c-torture/execute/20081112-1.c execution, -Os
FAIL: gcc.c-torture/execute/20081112-1.c compilation, -O2 -flto
UNRESOLVED: gcc.c-torture/execute/20081112-1.c execution, -O2 -flto
FAIL: gcc.c-torture/execute/20081112-1.c compilation, -O2 -fwhopr
UNRESOLVED: gcc.c-torture/execute/20081112-1.c execution, -O2 -fwhopr
FAIL: gcc.c-torture/execute/20081117-1.c compilation, -O0
UNRESOLVED: gcc.c-torture/execute/20081117-1.c execution, -O0
FAIL: gcc.c-torture/execute/20081117-1.c compilation, -O1
UNRESOLVED: gcc.c-torture/execute/20081117-1.c execution, -O1
FAIL: gcc.c-torture/execute/20081117-1.c compilation, -O2
UNRESOLVED: gcc.c-torture/execute/20081117-1.c execution, -O2
FAIL: gcc.c-torture/execute/20081117-1.c compilation, -O3 -fomit-frame-pointer
UNRESOLVED: gcc.c-torture/execute/20081117-1.c execution, -O3 -fomit-frame-pointer
FAIL: gcc.c-torture/execute/20081117-1.c compilation, -O3 -g
UNRESOLVED: gcc.c-torture/execute/20081117-1.c execution, -O3 -g
FAIL: gcc.c-torture/execute/20081117-1.c compilation, -Os
UNRESOLVED: gcc.c-torture/execute/20081117-1.c execution, -Os
FAIL: gcc.c-torture/execute/20081117-1.c compilation, -O2 -flto
UNRESOLVED: gcc.c-torture/execute/20081117-1.c execution, -O2 -flto
FAIL: gcc.c-torture/execute/20081117-1.c compilation, -O2 -fwhopr
UNRESOLVED: gcc.c-torture/execute/20081117-1.c execution, -O2 -fwhopr
FAIL: gcc.c-torture/execute/20081218-1.c compilation, -O0
UNRESOLVED: gcc.c-torture/execute/20081218-1.c execution, -O0
FAIL: gcc.c-torture/execute/20081218-1.c compilation, -O1
UNRESOLVED: gcc.c-torture/execute/20081218-1.c execution, -O1
FAIL: gcc.c-torture/execute/20081218-1.c compilation, -O2
UNRESOLVED: gcc.c-torture/execute/20081218-1.c execution, -O2
FAIL: gcc.c-torture/execute/20081218-1.c compilation, -O3 -fomit-frame-pointer
UNRESOLVED: gcc.c-torture/execute/20081218-1.c execution, -O3 -fomit-frame-pointer
FAIL: gcc.c-torture/execute/20081218-1.c compilation, -O3 -fomit-frame-pointer -funroll-loops
UNRESOLVED: gcc.c-torture/execute/20081218-1.c execution, -O3 -fomit-frame-pointer -funroll-loops
FAIL: gcc.c-torture/execute/20081218-1.c compilation, -O3 -fomit-frame-pointer -funroll-all-loops -finline-functions
UNRESOLVED: gcc.c-torture/execute/20081218-1.c execution, -O3 -fomit-frame-pointer -funroll-all-loops -finline-functions
FAIL: gcc.c-torture/execute/20081218-1.c compilation, -O3 -g
UNRESOLVED: gcc.c-torture/execute/20081218-1.c execution, -O3 -g
FAIL: gcc.c-torture/execute/20081218-1.c compilation, -Os
UNRESOLVED: gcc.c-torture/execute/20081218-1.c execution, -Os
FAIL: gcc.c-torture/execute/20081218-1.c compilation, -O2 -flto
UNRESOLVED: gcc.c-torture/execute/20081218-1.c execution, -O2 -flto
FAIL: gcc.c-torture/execute/20081218-1.c compilation, -O2 -fwhopr
UNRESOLVED: gcc.c-torture/execute/20081218-1.c execution, -O2 -fwhopr
FAIL: gcc.c-torture/execute/20090113-1.c compilation, -O0
UNRESOLVED: gcc.c-torture/execute/20090113-1.c execution, -O0
FAIL: gcc.c-torture/execute/20090113-1.c compilation, -O1
UNRESOLVED: gcc.c-torture/execute/20090113-1.c execution, -O1
FAIL: gcc.c-torture/execute/20090113-1.c compilation, -O2
UNRESOLVED: gcc.c-torture/execute/20090113-1.c execution, -O2
FAIL: gcc.c-torture/execute/20090113-1.c compilation, -O3 -fomit-frame-pointer
UNRESOLVED: gcc.c-torture/execute/20090113-1.c execution, -O3 -fomit-frame-pointer
FAIL: gcc.c-torture/execute/20090113-1.c compilation, -O3 -fomit-frame-pointer -funroll-loops
UNRESOLVED: gcc.c-torture/execute/20090113-1.c execution, -O3 -fomit-frame-pointer -funroll-loops
FAIL: gcc.c-torture/execute/20090113-1.c compilation, -O3 -fomit-frame-pointer -funroll-all-loops -finline-functions
UNRESOLVED: gcc.c-torture/execute/20090113-1.c execution, -O3 -fomit-frame-pointer -funroll-all-loops -finline-functions
FAIL: gcc.c-torture/execute/20090113-1.c compilation, -O3 -g
UNRESOLVED: gcc.c-torture/execute/20090113-1.c execution, -O3 -g
FAIL: gcc.c-torture/execute/20090113-1.c compilation, -Os
UNRESOLVED: gcc.c-torture/execute/20090113-1.c execution, -Os
FAIL: gcc.c-torture/execute/20090113-1.c compilation, -O2 -flto
UNRESOLVED: gcc.c-torture/execute/20090113-1.c execution, -O2 -flto
FAIL: gcc.c-torture/execute/20090113-1.c compilation, -O2 -fwhopr
UNRESOLVED: gcc.c-torture/execute/20090113-1.c execution, -O2 -fwhopr
FAIL: gcc.c-torture/execute/20090113-2.c compilation, -O0
UNRESOLVED: gcc.c-torture/execute/20090113-2.c execution, -O0
FAIL: gcc.c-torture/execute/20090113-2.c compilation, -O1
UNRESOLVED: gcc.c-torture/execute/20090113-2.c execution, -O1
FAIL: gcc.c-torture/execute/20090113-2.c compilation, -O2
UNRESOLVED: gcc.c-torture/execute/20090113-2.c execution, -O2
FAIL: gcc.c-torture/execute/20090113-2.c compilation, -O3 -fomit-frame-pointer
UNRESOLVED: gcc.c-torture/execute/20090113-2.c execution, -O3 -fomit-frame-pointer
FAIL: gcc.c-torture/execute/20090113-2.c compilation, -O3 -fomit-frame-pointer -funroll-loops
UNRESOLVED: gcc.c-torture/execute/20090113-2.c execution, -O3 -fomit-frame-pointer -funroll-loops
FAIL: gcc.c-torture/execute/20090113-2.c compilation, -O3 -fomit-frame-pointer -funroll-all-loops -finline-functions
UNRESOLVED: gcc.c-torture/execute/20090113-2.c execution, -O3 -fomit-frame-pointer -funroll-all-loops -finline-functions
FAIL: gcc.c-torture/execute/20090113-2.c compilation, -O3 -g
UNRESOLVED: gcc.c-torture/execute/20090113-2.c execution, -O3 -g
FAIL: gcc.c-torture/execute/20090113-2.c compilation, -Os
UNRESOLVED: gcc.c-torture/execute/20090113-2.c execution, -Os
FAIL: gcc.c-torture/execute/20090113-2.c compilation, -O2 -flto
UNRESOLVED: gcc.c-torture/execute/20090113-2.c execution, -O2 -flto
FAIL: gcc.c-torture/execute/20090113-2.c compilation, -O2 -fwhopr
UNRESOLVED: gcc.c-torture/execute/20090113-2.c execution, -O2 -fwhopr
FAIL: gcc.c-torture/execute/20090113-3.c compilation, -O0
UNRESOLVED: gcc.c-torture/execute/20090113-3.c execution, -O0
FAIL: gcc.c-torture/execute/20090113-3.c compilation, -O1
UNRESOLVED: gcc.c-torture/execute/20090113-3.c execution, -O1
FAIL: gcc.c-torture/execute/20090113-3.c compilation, -O2
UNRESOLVED: gcc.c-torture/execute/20090113-3.c execution, -O2
FAIL: gcc.c-torture/execute/20090113-3.c compilation, -O3 -fomit-frame-pointer
UNRESOLVED: gcc.c-torture/execute/20090113-3.c execution, -O3 -fomit-frame-pointer
FAIL: gcc.c-torture/execute/20090113-3.c compilation, -O3 -fomit-frame-pointer -funroll-loops
UNRESOLVED: gcc.c-torture/execute/20090113-3.c execution, -O3 -fomit-frame-pointer -funroll-loops
FAIL: gcc.c-torture/execute/20090113-3.c compilation, -O3 -fomit-frame-pointer -funroll-all-loops -finline-functions
UNRESOLVED: gcc.c-torture/execute/20090113-3.c execution, -O3 -fomit-frame-pointer -funroll-all-loops -finline-functions
FAIL: gcc.c-torture/execute/20090113-3.c compilation, -O3 -g
UNRESOLVED: gcc.c-torture/execute/20090113-3.c execution, -O3 -g
FAIL: gcc.c-torture/execute/20090113-3.c compilation, -Os
UNRESOLVED: gcc.c-torture/execute/20090113-3.c execution, -Os
FAIL: gcc.c-torture/execute/20090113-3.c compilation, -O2 -flto
UNRESOLVED: gcc.c-torture/execute/20090113-3.c execution, -O2 -flto
FAIL: gcc.c-torture/execute/20090113-3.c compilation, -O2 -fwhopr
UNRESOLVED: gcc.c-torture/execute/20090113-3.c execution, -O2 -fwhopr
FAIL: gcc.c-torture/execute/20090207-1.c compilation, -O0
UNRESOLVED: gcc.c-torture/execute/20090207-1.c execution, -O0
FAIL: gcc.c-torture/execute/20090207-1.c compilation, -O1
UNRESOLVED: gcc.c-torture/execute/20090207-1.c execution, -O1
FAIL: gcc.c-torture/execute/20090207-1.c compilation, -O2
UNRESOLVED: gcc.c-torture/execute/20090207-1.c execution, -O2
FAIL: gcc.c-torture/execute/20090207-1.c compilation, -O3 -fomit-frame-pointer
UNRESOLVED: gcc.c-torture/execute/20090207-1.c execution, -O3 -fomit-frame-pointer
FAIL: gcc.c-torture/execute/20090207-1.c compilation, -O3 -g
UNRESOLVED: gcc.c-torture/execute/20090207-1.c execution, -O3 -g
FAIL: gcc.c-torture/execute/20090207-1.c compilation, -Os
UNRESOLVED: gcc.c-torture/execute/20090207-1.c execution, -Os
FAIL: gcc.c-torture/execute/20090207-1.c compilation, -O2 -flto
UNRESOLVED: gcc.c-torture/execute/20090207-1.c execution, -O2 -flto
FAIL: gcc.c-torture/execute/20090207-1.c compilation, -O2 -fwhopr
UNRESOLVED: gcc.c-torture/execute/20090207-1.c execution, -O2 -fwhopr
FAIL: gcc.c-torture/execute/20090219-1.c compilation, -O0
UNRESOLVED: gcc.c-torture/execute/20090219-1.c execution, -O0
FAIL: gcc.c-torture/execute/20090219-1.c compilation, -O1
UNRESOLVED: gcc.c-torture/execute/20090219-1.c execution, -O1
FAIL: gcc.c-torture/execute/20090219-1.c compilation, -O2
UNRESOLVED: gcc.c-torture/execute/20090219-1.c execution, -O2
FAIL: gcc.c-torture/execute/20090219-1.c compilation, -O3 -fomit-frame-pointer
UNRESOLVED: gcc.c-torture/execute/20090219-1.c execution, -O3 -fomit-frame-pointer
FAIL: gcc.c-torture/execute/20090219-1.c compilation, -O3 -g
UNRESOLVED: gcc.c-torture/execute/20090219-1.c execution, -O3 -g
FAIL: gcc.c-torture/execute/20090219-1.c compilation, -Os
UNRESOLVED: gcc.c-torture/execute/20090219-1.c execution, -Os
FAIL: gcc.c-torture/execute/20090219-1.c compilation, -O2 -flto
UNRESOLVED: gcc.c-torture/execute/20090219-1.c execution, -O2 -flto
FAIL: gcc.c-torture/execute/20090219-1.c compilation, -O2 -fwhopr
UNRESOLVED: gcc.c-torture/execute/20090219-1.c execution, -O2 -fwhopr
FAIL: gcc.c-torture/execute/20090527-1.c compilation, -O0
UNRESOLVED: gcc.c-torture/execute/20090527-1.c execution, -O0
FAIL: gcc.c-torture/execute/20090527-1.c compilation, -O1
UNRESOLVED: gcc.c-torture/execute/20090527-1.c execution, -O1
FAIL: gcc.c-torture/execute/20090527-1.c compilation, -O2
UNRESOLVED: gcc.c-torture/execute/20090527-1.c execution, -O2
FAIL: gcc.c-torture/execute/20090527-1.c compilation, -O3 -fomit-frame-pointer
UNRESOLVED: gcc.c-torture/execute/20090527-1.c execution, -O3 -fomit-frame-pointer
FAIL: gcc.c-torture/execute/20090527-1.c compilation, -O3 -g
UNRESOLVED: gcc.c-torture/execute/20090527-1.c execution, -O3 -g
FAIL: gcc.c-torture/execute/20090527-1.c compilation, -Os
UNRESOLVED: gcc.c-torture/execute/20090527-1.c execution, -Os
FAIL: gcc.c-torture/execute/20090527-1.c compilation, -O2 -flto
UNRESOLVED: gcc.c-torture/execute/20090527-1.c execution, -O2 -flto
FAIL: gcc.c-torture/execute/20090527-1.c compilation, -O2 -fwhopr
UNRESOLVED: gcc.c-torture/execute/20090527-1.c execution, -O2 -fwhopr
FAIL: gcc.c-torture/execute/20090623-1.c compilation, -O0
UNRESOLVED: gcc.c-torture/execute/20090623-1.c execution, -O0
FAIL: gcc.c-torture/execute/20090623-1.c compilation, -O1
UNRESOLVED: gcc.c-torture/execute/20090623-1.c execution, -O1
FAIL: gcc.c-torture/execute/20090623-1.c compilation, -O2
UNRESOLVED: gcc.c-torture/execute/20090623-1.c execution, -O2
FAIL: gcc.c-torture/execute/20090623-1.c compilation, -O3 -fomit-frame-pointer
UNRESOLVED: gcc.c-torture/execute/20090623-1.c execution, -O3 -fomit-frame-pointer
FAIL: gcc.c-torture/execute/20090623-1.c compilation, -O3 -g
UNRESOLVED: gcc.c-torture/execute/20090623-1.c execution, -O3 -g
FAIL: gcc.c-torture/execute/20090623-1.c compilation, -Os
UNRESOLVED: gcc.c-torture/execute/20090623-1.c execution, -Os
FAIL: gcc.c-torture/execute/20090623-1.c compilation, -O2 -flto
UNRESOLVED: gcc.c-torture/execute/20090623-1.c execution, -O2 -flto
FAIL: gcc.c-torture/execute/20090623-1.c compilation, -O2 -fwhopr
UNRESOLVED: gcc.c-torture/execute/20090623-1.c execution, -O2 -fwhopr
FAIL: gcc.c-torture/execute/20090711-1.c compilation, -O0
UNRESOLVED: gcc.c-torture/execute/20090711-1.c execution, -O0
FAIL: gcc.c-torture/execute/20090711-1.c compilation, -O1
UNRESOLVED: gcc.c-torture/execute/20090711-1.c execution, -O1
FAIL: gcc.c-torture/execute/20090711-1.c compilation, -O2
UNRESOLVED: gcc.c-torture/execute/20090711-1.c execution, -O2
FAIL: gcc.c-torture/execute/20090711-1.c compilation, -O3 -fomit-frame-pointer
UNRESOLVED: gcc.c-torture/execute/20090711-1.c execution, -O3 -fomit-frame-pointer
FAIL: gcc.c-torture/execute/20090711-1.c compilation, -O3 -g
UNRESOLVED: gcc.c-torture/execute/20090711-1.c execution, -O3 -g
FAIL: gcc.c-torture/execute/20090711-1.c compilation, -Os
UNRESOLVED: gcc.c-torture/execute/20090711-1.c execution, -Os
FAIL: gcc.c-torture/execute/20090711-1.c compilation, -O2 -flto
UNRESOLVED: gcc.c-torture/execute/20090711-1.c execution, -O2 -flto
FAIL: gcc.c-torture/execute/20090711-1.c compilation, -O2 -fwhopr
UNRESOLVED: gcc.c-torture/execute/20090711-1.c execution, -O2 -fwhopr
FAIL: gcc.c-torture/execute/20090814-1.c compilation, -O0
UNRESOLVED: gcc.c-torture/execute/20090814-1.c execution, -O0
FAIL: gcc.c-torture/execute/20090814-1.c compilation, -O1
UNRESOLVED: gcc.c-torture/execute/20090814-1.c execution, -O1
FAIL: gcc.c-torture/execute/20090814-1.c compilation, -O2
UNRESOLVED: gcc.c-torture/execute/20090814-1.c execution, -O2
FAIL: gcc.c-torture/execute/20090814-1.c compilation, -O3 -fomit-frame-pointer
UNRESOLVED: gcc.c-torture/execute/20090814-1.c execution, -O3 -fomit-frame-pointer
FAIL: gcc.c-torture/execute/20090814-1.c compilation, -O3 -g
UNRESOLVED: gcc.c-torture/execute/20090814-1.c execution, -O3 -g
FAIL: gcc.c-torture/execute/20090814-1.c compilation, -Os
UNRESOLVED: gcc.c-torture/execute/20090814-1.c execution, -Os
FAIL: gcc.c-torture/execute/20090814-1.c compilation, -O2 -flto
UNRESOLVED: gcc.c-torture/execute/20090814-1.c execution, -O2 -flto
FAIL: gcc.c-torture/execute/20090814-1.c compilation, -O2 -fwhopr
UNRESOLVED: gcc.c-torture/execute/20090814-1.c execution, -O2 -fwhopr
FAIL: gcc.c-torture/execute/20091229-1.c compilation, -O0
UNRESOLVED: gcc.c-torture/execute/20091229-1.c execution, -O0
FAIL: gcc.c-torture/execute/20091229-1.c compilation, -O1
UNRESOLVED: gcc.c-torture/execute/20091229-1.c execution, -O1
FAIL: gcc.c-torture/execute/20091229-1.c compilation, -O2
UNRESOLVED: gcc.c-torture/execute/20091229-1.c execution, -O2
FAIL: gcc.c-torture/execute/20091229-1.c compilation, -O3 -fomit-frame-pointer
UNRESOLVED: gcc.c-torture/execute/20091229-1.c execution, -O3 -fomit-frame-pointer
FAIL: gcc.c-torture/execute/20091229-1.c compilation, -O3 -g
UNRESOLVED: gcc.c-torture/execute/20091229-1.c execution, -O3 -g
FAIL: gcc.c-torture/execute/20091229-1.c compilation, -Os
UNRESOLVED: gcc.c-torture/execute/20091229-1.c execution, -Os
FAIL: gcc.c-torture/execute/20091229-1.c compilation, -O2 -flto
UNRESOLVED: gcc.c-torture/execute/20091229-1.c execution, -O2 -flto
FAIL: gcc.c-torture/execute/20091229-1.c compilation, -O2 -fwhopr
UNRESOLVED: gcc.c-torture/execute/20091229-1.c execution, -O2 -fwhopr
FAIL: gcc.c-torture/execute/20100209-1.c compilation, -O0
UNRESOLVED: gcc.c-torture/execute/20100209-1.c execution, -O0
FAIL: gcc.c-torture/execute/20100209-1.c compilation, -O1
UNRESOLVED: gcc.c-torture/execute/20100209-1.c execution, -O1
FAIL: gcc.c-torture/execute/20100209-1.c compilation, -O2
UNRESOLVED: gcc.c-torture/execute/20100209-1.c execution, -O2
FAIL: gcc.c-torture/execute/20100209-1.c compilation, -O3 -fomit-frame-pointer
UNRESOLVED: gcc.c-torture/execute/20100209-1.c execution, -O3 -fomit-frame-pointer
FAIL: gcc.c-torture/execute/20100209-1.c compilation, -O3 -g
UNRESOLVED: gcc.c-torture/execute/20100209-1.c execution, -O3 -g
FAIL: gcc.c-torture/execute/20100209-1.c compilation, -Os
UNRESOLVED: gcc.c-torture/execute/20100209-1.c execution, -Os
FAIL: gcc.c-torture/execute/20100209-1.c compilation, -O2 -flto
UNRESOLVED: gcc.c-torture/execute/20100209-1.c execution, -O2 -flto
FAIL: gcc.c-torture/execute/20100209-1.c compilation, -O2 -fwhopr
UNRESOLVED: gcc.c-torture/execute/20100209-1.c execution, -O2 -fwhopr
FAIL: gcc.c-torture/execute/20100316-1.c compilation, -O0
UNRESOLVED: gcc.c-torture/execute/20100316-1.c execution, -O0
FAIL: gcc.c-torture/execute/20100316-1.c compilation, -O1
UNRESOLVED: gcc.c-torture/execute/20100316-1.c execution, -O1
FAIL: gcc.c-torture/execute/20100316-1.c compilation, -O2
UNRESOLVED: gcc.c-torture/execute/20100316-1.c execution, -O2
FAIL: gcc.c-torture/execute/20100316-1.c compilation, -O3 -fomit-frame-pointer
UNRESOLVED: gcc.c-torture/execute/20100316-1.c execution, -O3 -fomit-frame-pointer
FAIL: gcc.c-torture/execute/20100316-1.c compilation, -O3 -g
UNRESOLVED: gcc.c-torture/execute/20100316-1.c execution, -O3 -g
FAIL: gcc.c-torture/execute/20100316-1.c compilation, -Os
UNRESOLVED: gcc.c-torture/execute/20100316-1.c execution, -Os
FAIL: gcc.c-torture/execute/20100316-1.c compilation, -O2 -flto
UNRESOLVED: gcc.c-torture/execute/20100316-1.c execution, -O2 -flto
FAIL: gcc.c-torture/execute/20100316-1.c compilation, -O2 -fwhopr
UNRESOLVED: gcc.c-torture/execute/20100316-1.c execution, -O2 -fwhopr
FAIL: gcc.c-torture/execute/20100416-1.c compilation, -O0
UNRESOLVED: gcc.c-torture/execute/20100416-1.c execution, -O0
FAIL: gcc.c-torture/execute/20100416-1.c compilation, -O1
UNRESOLVED: gcc.c-torture/execute/20100416-1.c execution, -O1
FAIL: gcc.c-torture/execute/20100416-1.c compilation, -O2
UNRESOLVED: gcc.c-torture/execute/20100416-1.c execution, -O2
FAIL: gcc.c-torture/execute/20100416-1.c compilation, -O3 -fomit-frame-pointer
UNRESOLVED: gcc.c-torture/execute/20100416-1.c execution, -O3 -fomit-frame-pointer
FAIL: gcc.c-torture/execute/20100416-1.c compilation, -O3 -fomit-frame-pointer -funroll-loops
UNRESOLVED: gcc.c-torture/execute/20100416-1.c execution, -O3 -fomit-frame-pointer -funroll-loops
FAIL: gcc.c-torture/execute/20100416-1.c compilation, -O3 -fomit-frame-pointer -funroll-all-loops -finline-functions
UNRESOLVED: gcc.c-torture/execute/20100416-1.c execution, -O3 -fomit-frame-pointer -funroll-all-loops -finline-functions
FAIL: gcc.c-torture/execute/20100416-1.c compilation, -O3 -g
UNRESOLVED: gcc.c-torture/execute/20100416-1.c execution, -O3 -g
FAIL: gcc.c-torture/execute/20100416-1.c compilation, -Os
UNRESOLVED: gcc.c-torture/execute/20100416-1.c execution, -Os
FAIL: gcc.c-torture/execute/20100416-1.c compilation, -O2 -flto
UNRESOLVED: gcc.c-torture/execute/20100416-1.c execution, -O2 -flto
FAIL: gcc.c-torture/execute/20100416-1.c compilation, -O2 -fwhopr
UNRESOLVED: gcc.c-torture/execute/20100416-1.c execution, -O2 -fwhopr
FAIL: gcc.c-torture/execute/20100430-1.c compilation, -O0
UNRESOLVED: gcc.c-torture/execute/20100430-1.c execution, -O0
FAIL: gcc.c-torture/execute/20100430-1.c compilation, -O1
UNRESOLVED: gcc.c-torture/execute/20100430-1.c execution, -O1
FAIL: gcc.c-torture/execute/20100430-1.c compilation, -O2
UNRESOLVED: gcc.c-torture/execute/20100430-1.c execution, -O2
FAIL: gcc.c-torture/execute/20100430-1.c compilation, -O3 -fomit-frame-pointer
UNRESOLVED: gcc.c-torture/execute/20100430-1.c execution, -O3 -fomit-frame-pointer
FAIL: gcc.c-torture/execute/20100430-1.c compilation, -O3 -fomit-frame-pointer -funroll-loops
UNRESOLVED: gcc.c-torture/execute/20100430-1.c execution, -O3 -fomit-frame-pointer -funroll-loops
FAIL: gcc.c-torture/execute/20100430-1.c compilation, -O3 -fomit-frame-pointer -funroll-all-loops -finline-functions
UNRESOLVED: gcc.c-torture/execute/20100430-1.c execution, -O3 -fomit-frame-pointer -funroll-all-loops -finline-functions
FAIL: gcc.c-torture/execute/20100430-1.c compilation, -O3 -g
UNRESOLVED: gcc.c-torture/execute/20100430-1.c execution, -O3 -g
FAIL: gcc.c-torture/execute/20100430-1.c compilation, -Os
UNRESOLVED: gcc.c-torture/execute/20100430-1.c execution, -Os
FAIL: gcc.c-torture/execute/20100430-1.c compilation, -O2 -flto
UNRESOLVED: gcc.c-torture/execute/20100430-1.c execution, -O2 -flto
FAIL: gcc.c-torture/execute/20100430-1.c compilation, -O2 -fwhopr
UNRESOLVED: gcc.c-torture/execute/20100430-1.c execution, -O2 -fwhopr
FAIL: gcc.c-torture/execute/20100708-1.c compilation, -O0
UNRESOLVED: gcc.c-torture/execute/20100708-1.c execution, -O0
FAIL: gcc.c-torture/execute/20100708-1.c compilation, -O1
UNRESOLVED: gcc.c-torture/execute/20100708-1.c execution, -O1
FAIL: gcc.c-torture/execute/20100708-1.c compilation, -O2
UNRESOLVED: gcc.c-torture/execute/20100708-1.c execution, -O2
FAIL: gcc.c-torture/execute/20100708-1.c compilation, -O3 -fomit-frame-pointer
UNRESOLVED: gcc.c-torture/execute/20100708-1.c execution, -O3 -fomit-frame-pointer
FAIL: gcc.c-torture/execute/20100708-1.c compilation, -O3 -fomit-frame-pointer -funroll-loops
UNRESOLVED: gcc.c-torture/execute/20100708-1.c execution, -O3 -fomit-frame-pointer -funroll-loops
FAIL: gcc.c-torture/execute/20100708-1.c compilation, -O3 -fomit-frame-pointer -funroll-all-loops -finline-functions
UNRESOLVED: gcc.c-torture/execute/20100708-1.c execution, -O3 -fomit-frame-pointer -funroll-all-loops -finline-functions
FAIL: gcc.c-torture/execute/20100708-1.c compilation, -O3 -g
UNRESOLVED: gcc.c-torture/execute/20100708-1.c execution, -O3 -g
FAIL: gcc.c-torture/execute/20100708-1.c compilation, -Os
UNRESOLVED: gcc.c-torture/execute/20100708-1.c execution, -Os
FAIL: gcc.c-torture/execute/20100708-1.c compilation, -O2 -flto
UNRESOLVED: gcc.c-torture/execute/20100708-1.c execution, -O2 -flto
FAIL: gcc.c-torture/execute/20100708-1.c compilation, -O2 -fwhopr
UNRESOLVED: gcc.c-torture/execute/20100708-1.c execution, -O2 -fwhopr
FAIL: gcc.c-torture/execute/20100805-1.c compilation, -O0
UNRESOLVED: gcc.c-torture/execute/20100805-1.c execution, -O0
FAIL: gcc.c-torture/execute/20100805-1.c compilation, -O1
UNRESOLVED: gcc.c-torture/execute/20100805-1.c execution, -O1
FAIL: gcc.c-torture/execute/20100805-1.c compilation, -O2
UNRESOLVED: gcc.c-torture/execute/20100805-1.c execution, -O2
FAIL: gcc.c-torture/execute/20100805-1.c compilation, -O3 -fomit-frame-pointer
UNRESOLVED: gcc.c-torture/execute/20100805-1.c execution, -O3 -fomit-frame-pointer
FAIL: gcc.c-torture/execute/20100805-1.c compilation, -O3 -fomit-frame-pointer -funroll-loops
UNRESOLVED: gcc.c-torture/execute/20100805-1.c execution, -O3 -fomit-frame-pointer -funroll-loops
FAIL: gcc.c-torture/execute/20100805-1.c compilation, -O3 -fomit-frame-pointer -funroll-all-loops -finline-functions
UNRESOLVED: gcc.c-torture/execute/20100805-1.c execution, -O3 -fomit-frame-pointer -funroll-all-loops -finline-functions
FAIL: gcc.c-torture/execute/20100805-1.c compilation, -O3 -g
UNRESOLVED: gcc.c-torture/execute/20100805-1.c execution, -O3 -g
FAIL: gcc.c-torture/execute/20100805-1.c compilation, -Os
UNRESOLVED: gcc.c-torture/execute/20100805-1.c execution, -Os
FAIL: gcc.c-torture/execute/20100805-1.c compilation, -O2 -flto
UNRESOLVED: gcc.c-torture/execute/20100805-1.c execution, -O2 -flto
FAIL: gcc.c-torture/execute/20100805-1.c compilation, -O2 -fwhopr
UNRESOLVED: gcc.c-torture/execute/20100805-1.c execution, -O2 -fwhopr
FAIL: gcc.c-torture/execute/20100827-1.c compilation, -O0
UNRESOLVED: gcc.c-torture/execute/20100827-1.c execution, -O0
FAIL: gcc.c-torture/execute/20100827-1.c compilation, -O1
UNRESOLVED: gcc.c-torture/execute/20100827-1.c execution, -O1
FAIL: gcc.c-torture/execute/20100827-1.c compilation, -O2
UNRESOLVED: gcc.c-torture/execute/20100827-1.c execution, -O2
FAIL: gcc.c-torture/execute/20100827-1.c compilation, -O3 -fomit-frame-pointer
UNRESOLVED: gcc.c-torture/execute/20100827-1.c execution, -O3 -fomit-frame-pointer
FAIL: gcc.c-torture/execute/20100827-1.c compilation, -O3 -fomit-frame-pointer -funroll-loops
UNRESOLVED: gcc.c-torture/execute/20100827-1.c execution, -O3 -fomit-frame-pointer -funroll-loops
FAIL: gcc.c-torture/execute/20100827-1.c compilation, -O3 -fomit-frame-pointer -funroll-all-loops -finline-functions
UNRESOLVED: gcc.c-torture/execute/20100827-1.c execution, -O3 -fomit-frame-pointer -funroll-all-loops -finline-functions
FAIL: gcc.c-torture/execute/20100827-1.c compilation, -O3 -g
UNRESOLVED: gcc.c-torture/execute/20100827-1.c execution, -O3 -g
FAIL: gcc.c-torture/execute/20100827-1.c compilation, -Os
UNRESOLVED: gcc.c-torture/execute/20100827-1.c execution, -Os
FAIL: gcc.c-torture/execute/20100827-1.c compilation, -O2 -flto
UNRESOLVED: gcc.c-torture/execute/20100827-1.c execution, -O2 -flto
FAIL: gcc.c-torture/execute/20100827-1.c compilation, -O2 -fwhopr
UNRESOLVED: gcc.c-torture/execute/20100827-1.c execution, -O2 -fwhopr
FAIL: gcc.c-torture/execute/cmpsf-1.c execution, -O0
FAIL: gcc.c-torture/execute/cmpsf-1.c execution, -O1
FAIL: gcc.c-torture/execute/cmpsf-1.c execution, -O2
FAIL: gcc.c-torture/execute/cmpsf-1.c execution, -O3 -fomit-frame-pointer
FAIL: gcc.c-torture/execute/cmpsf-1.c execution, -O3 -fomit-frame-pointer -funroll-loops
FAIL: gcc.c-torture/execute/cmpsf-1.c execution, -O3 -fomit-frame-pointer -funroll-all-loops -finline-functions
FAIL: gcc.c-torture/execute/cmpsf-1.c execution, -O3 -g
FAIL: gcc.c-torture/execute/cmpsf-1.c execution, -Os
FAIL: gcc.c-torture/execute/cmpsf-1.c execution, -O2 -flto
FAIL: gcc.c-torture/execute/cmpsf-1.c execution, -O2 -fwhopr
FAIL: gcc.c-torture/execute/cmpsi-2.c execution, -O0
FAIL: gcc.c-torture/execute/cmpsi-2.c execution, -O1
FAIL: gcc.c-torture/execute/cmpsi-2.c execution, -O2
FAIL: gcc.c-torture/execute/cmpsi-2.c execution, -O3 -fomit-frame-pointer
FAIL: gcc.c-torture/execute/cmpsi-2.c execution, -O3 -fomit-frame-pointer -funroll-loops
FAIL: gcc.c-torture/execute/cmpsi-2.c execution, -O3 -fomit-frame-pointer -funroll-all-loops -finline-functions
FAIL: gcc.c-torture/execute/cmpsi-2.c execution, -O3 -g
FAIL: gcc.c-torture/execute/cmpsi-2.c execution, -Os
FAIL: gcc.c-torture/execute/cmpsi-2.c execution, -O2 -flto
FAIL: gcc.c-torture/execute/cmpsi-2.c execution, -O2 -fwhopr
FAIL: gcc.dg/cproj-fails-with-broken-glibc.c execution test
FAIL: gcc.dg/pr27898.c (test for excess errors)
FAIL: gcc.dg/pr28706.c (test for excess errors)
FAIL: gcc.dg/pr28712.c (test for excess errors)
FAIL: gcc.dg/pr34989-1.c (test for excess errors)
XPASS: gcc.dg/guality/example.c -O0 execution test
XPASS: gcc.dg/guality/example.c -O1 execution test
XPASS: gcc.dg/guality/guality.c -O0 execution test
XPASS: gcc.dg/guality/guality.c -O1 execution test
XPASS: gcc.dg/guality/guality.c -O2 execution test
XPASS: gcc.dg/guality/guality.c -O3 -fomit-frame-pointer execution test
XPASS: gcc.dg/guality/guality.c -O3 -g execution test
XPASS: gcc.dg/guality/guality.c -Os execution test
XPASS: gcc.dg/guality/guality.c -O2 -flto execution test
XPASS: gcc.dg/guality/guality.c -O2 -fwhopr execution test
FAIL: gcc.dg/guality/inline-params.c -O0 execution test
FAIL: gcc.dg/guality/inline-params.c -O1 execution test
XPASS: gcc.dg/guality/pr41353-1.c -O0 line 28 j == 28 + 37
XPASS: gcc.dg/guality/pr41447-1.c -O0 execution test
XPASS: gcc.dg/guality/pr41447-1.c -O1 execution test
XPASS: gcc.dg/guality/pr41447-1.c -Os execution test
XPASS: gcc.dg/guality/pr41616-1.c -O0 execution test
FAIL: gcc.dg/guality/vla-1.c -O0 line 17 sizeof (a) == 6
FAIL: gcc.dg/guality/vla-1.c -O0 line 24 sizeof (a) == 17 * sizeof (short)
FAIL: gcc.dg/guality/vla-1.c -O1 line 24 sizeof (a) == 17 * sizeof (short)
FAIL: gcc.dg/guality/vla-1.c -O2 line 24 sizeof (a) == 17 * sizeof (short)
FAIL: gcc.dg/guality/vla-1.c -O3 -fomit-frame-pointer line 24 sizeof (a) == 17 * sizeof (short)
FAIL: gcc.dg/guality/vla-1.c -O3 -g line 24 sizeof (a) == 17 * sizeof (short)
FAIL: gcc.dg/guality/vla-1.c -Os line 24 sizeof (a) == 17 * sizeof (short)
FAIL: gcc.dg/guality/vla-1.c -O2 -flto line 24 sizeof (a) == 17 * sizeof (short)
FAIL: gcc.dg/guality/vla-1.c -O2 -fwhopr line 24 sizeof (a) == 17 * sizeof (short)
XPASS: gcc.dg/tree-ssa/20031106-3.c scan-tree-dump-times optimized "link_error" 0
XPASS: gcc.dg/tree-ssa/20040204-1.c scan-tree-dump-times optimized "link_error" 0
XPASS: gcc.dg/tree-ssa/fre-vce-1.c scan-tree-dump-times fre "sv.i" 2
FAIL: gcc.dg/vect/pr43430-2.c scan-tree-dump-times vect "vectorized 1 loops" 1
FAIL: gcc.target/i386/pr38240.c (internal compiler error)
FAIL: gcc.target/i386/pr38240.c (test for excess errors)
=== gcc Summary ===
# of expected passes 72702
# of unexpected failures 808
# of unexpected successes 18
# of expected failures 228
# of unresolved testcases 753
# of unsupported tests 1385
/home/regress/tbox/native/build/gcc/xgcc version 4.6.0 20101001 (experimental) (GCC)
=== gfortran tests ===
Running target unix
FAIL: gfortran.dg/char_pointer_dummy.f90 -O1 (test for excess errors)
WARNING: gfortran.dg/char_pointer_dummy.f90 -O1 compilation failed to produce executable
FAIL: gfortran.dg/char_pointer_dummy.f90 -O2 (test for excess errors)
WARNING: gfortran.dg/char_pointer_dummy.f90 -O2 compilation failed to produce executable
FAIL: gfortran.dg/char_pointer_dummy.f90 -O3 -fomit-frame-pointer (test for excess errors)
WARNING: gfortran.dg/char_pointer_dummy.f90 -O3 -fomit-frame-pointer compilation failed to produce executable
FAIL: gfortran.dg/char_pointer_dummy.f90 -O3 -fomit-frame-pointer -funroll-loops (test for excess errors)
WARNING: gfortran.dg/char_pointer_dummy.f90 -O3 -fomit-frame-pointer -funroll-loops compilation failed to produce executable
FAIL: gfortran.dg/char_pointer_dummy.f90 -O3 -fomit-frame-pointer -funroll-all-loops -finline-functions (test for excess errors)
WARNING: gfortran.dg/char_pointer_dummy.f90 -O3 -fomit-frame-pointer -funroll-all-loops -finline-functions compilation failed to produce executable
FAIL: gfortran.dg/char_pointer_dummy.f90 -O3 -g (test for excess errors)
WARNING: gfortran.dg/char_pointer_dummy.f90 -O3 -g compilation failed to produce executable
FAIL: gfortran.dg/char_pointer_dummy.f90 -Os (test for excess errors)
WARNING: gfortran.dg/char_pointer_dummy.f90 -Os compilation failed to produce executable
FAIL: gfortran.dg/char_pointer_func.f90 -O0 (test for excess errors)
WARNING: gfortran.dg/char_pointer_func.f90 -O0 compilation failed to produce executable
FAIL: gfortran.dg/char_pointer_func.f90 -O1 (test for excess errors)
WARNING: gfortran.dg/char_pointer_func.f90 -O1 compilation failed to produce executable
FAIL: gfortran.dg/char_pointer_func.f90 -O2 (test for excess errors)
WARNING: gfortran.dg/char_pointer_func.f90 -O2 compilation failed to produce executable
FAIL: gfortran.dg/char_pointer_func.f90 -O3 -fomit-frame-pointer (test for excess errors)
WARNING: gfortran.dg/char_pointer_func.f90 -O3 -fomit-frame-pointer compilation failed to produce executable
FAIL: gfortran.dg/char_pointer_func.f90 -O3 -fomit-frame-pointer -funroll-loops (test for excess errors)
WARNING: gfortran.dg/char_pointer_func.f90 -O3 -fomit-frame-pointer -funroll-loops compilation failed to produce executable
FAIL: gfortran.dg/char_pointer_func.f90 -O3 -fomit-frame-pointer -funroll-all-loops -finline-functions (test for excess errors)
WARNING: gfortran.dg/char_pointer_func.f90 -O3 -fomit-frame-pointer -funroll-all-loops -finline-functions compilation failed to produce executable
FAIL: gfortran.dg/char_pointer_func.f90 -O3 -g (test for excess errors)
WARNING: gfortran.dg/char_pointer_func.f90 -O3 -g compilation failed to produce executable
FAIL: gfortran.dg/char_pointer_func.f90 -Os (test for excess errors)
WARNING: gfortran.dg/char_pointer_func.f90 -Os compilation failed to produce executable
FAIL: gfortran.dg/char_reshape_1.f90 -O0 (test for excess errors)
WARNING: gfortran.dg/char_reshape_1.f90 -O0 compilation failed to produce executable
FAIL: gfortran.dg/char_reshape_1.f90 -O1 (test for excess errors)
WARNING: gfortran.dg/char_reshape_1.f90 -O1 compilation failed to produce executable
FAIL: gfortran.dg/char_reshape_1.f90 -O2 (test for excess errors)
WARNING: gfortran.dg/char_reshape_1.f90 -O2 compilation failed to produce executable
FAIL: gfortran.dg/char_reshape_1.f90 -O3 -fomit-frame-pointer (test for excess errors)
WARNING: gfortran.dg/char_reshape_1.f90 -O3 -fomit-frame-pointer compilation failed to produce executable
FAIL: gfortran.dg/char_reshape_1.f90 -O3 -fomit-frame-pointer -funroll-loops (test for excess errors)
WARNING: gfortran.dg/char_reshape_1.f90 -O3 -fomit-frame-pointer -funroll-loops compilation failed to produce executable
FAIL: gfortran.dg/char_reshape_1.f90 -O3 -fomit-frame-pointer -funroll-all-loops -finline-functions (test for excess errors)
WARNING: gfortran.dg/char_reshape_1.f90 -O3 -fomit-frame-pointer -funroll-all-loops -finline-functions compilation failed to produce executable
FAIL: gfortran.dg/char_reshape_1.f90 -O3 -g (test for excess errors)
WARNING: gfortran.dg/char_reshape_1.f90 -O3 -g compilation failed to produce executable
FAIL: gfortran.dg/char_reshape_1.f90 -Os (test for excess errors)
WARNING: gfortran.dg/char_reshape_1.f90 -Os compilation failed to produce executable
FAIL: gfortran.dg/char_result_1.f90 -O0 (test for excess errors)
WARNING: gfortran.dg/char_result_1.f90 -O0 compilation failed to produce executable
FAIL: gfortran.dg/char_result_1.f90 -O1 (test for excess errors)
WARNING: gfortran.dg/char_result_1.f90 -O1 compilation failed to produce executable
FAIL: gfortran.dg/char_result_1.f90 -O2 (test for excess errors)
WARNING: gfortran.dg/char_result_1.f90 -O2 compilation failed to produce executable
FAIL: gfortran.dg/char_result_1.f90 -O3 -fomit-frame-pointer (test for excess errors)
WARNING: gfortran.dg/char_result_1.f90 -O3 -fomit-frame-pointer compilation failed to produce executable
FAIL: gfortran.dg/char_result_1.f90 -O3 -fomit-frame-pointer -funroll-loops (test for excess errors)
WARNING: gfortran.dg/char_result_1.f90 -O3 -fomit-frame-pointer -funroll-loops compilation failed to produce executable
FAIL: gfortran.dg/char_result_1.f90 -O3 -fomit-frame-pointer -funroll-all-loops -finline-functions (test for excess errors)
WARNING: gfortran.dg/char_result_1.f90 -O3 -fomit-frame-pointer -funroll-all-loops -finline-functions compilation failed to produce executable
FAIL: gfortran.dg/char_result_1.f90 -O3 -g (test for excess errors)
WARNING: gfortran.dg/char_result_1.f90 -O3 -g compilation failed to produce executable
FAIL: gfortran.dg/char_result_1.f90 -Os (test for excess errors)
WARNING: gfortran.dg/char_result_1.f90 -Os compilation failed to produce executable
FAIL: gfortran.dg/char_result_11.f90 -O (test for excess errors)
FAIL: gfortran.dg/char_result_12.f90 -O0 (test for excess errors)
WARNING: gfortran.dg/char_result_12.f90 -O0 compilation failed to produce executable
FAIL: gfortran.dg/char_result_12.f90 -O1 (test for excess errors)
WARNING: gfortran.dg/char_result_12.f90 -O1 compilation failed to produce executable
FAIL: gfortran.dg/char_result_12.f90 -O2 (test for excess errors)
WARNING: gfortran.dg/char_result_12.f90 -O2 compilation failed to produce executable
FAIL: gfortran.dg/char_result_12.f90 -O3 -fomit-frame-pointer (test for excess errors)
WARNING: gfortran.dg/char_result_12.f90 -O3 -fomit-frame-pointer compilation failed to produce executable
FAIL: gfortran.dg/char_result_12.f90 -O3 -fomit-frame-pointer -funroll-loops (test for excess errors)
WARNING: gfortran.dg/char_result_12.f90 -O3 -fomit-frame-pointer -funroll-loops compilation failed to produce executable
FAIL: gfortran.dg/char_result_12.f90 -O3 -fomit-frame-pointer -funroll-all-loops -finline-functions (test for excess errors)
WARNING: gfortran.dg/char_result_12.f90 -O3 -fomit-frame-pointer -funroll-all-loops -finline-functions compilation failed to produce executable
FAIL: gfortran.dg/char_result_12.f90 -O3 -g (test for excess errors)
WARNING: gfortran.dg/char_result_12.f90 -O3 -g compilation failed to produce executable
FAIL: gfortran.dg/char_result_12.f90 -Os (test for excess errors)
WARNING: gfortran.dg/char_result_12.f90 -Os compilation failed to produce executable
FAIL: gfortran.dg/char_result_13.f90 -O0 (test for excess errors)
WARNING: gfortran.dg/char_result_13.f90 -O0 compilation failed to produce executable
FAIL: gfortran.dg/char_result_13.f90 -O1 (test for excess errors)
WARNING: gfortran.dg/char_result_13.f90 -O1 compilation failed to produce executable
FAIL: gfortran.dg/char_result_13.f90 -O2 (test for excess errors)
WARNING: gfortran.dg/char_result_13.f90 -O2 compilation failed to produce executable
FAIL: gfortran.dg/char_result_13.f90 -O3 -fomit-frame-pointer (test for excess errors)
WARNING: gfortran.dg/char_result_13.f90 -O3 -fomit-frame-pointer compilation failed to produce executable
FAIL: gfortran.dg/char_result_13.f90 -O3 -fomit-frame-pointer -funroll-loops (test for excess errors)
WARNING: gfortran.dg/char_result_13.f90 -O3 -fomit-frame-pointer -funroll-loops compilation failed to produce executable
FAIL: gfortran.dg/char_result_13.f90 -O3 -fomit-frame-pointer -funroll-all-loops -finline-functions (test for excess errors)
WARNING: gfortran.dg/char_result_13.f90 -O3 -fomit-frame-pointer -funroll-all-loops -finline-functions compilation failed to produce executable
FAIL: gfortran.dg/char_result_13.f90 -O3 -g (test for excess errors)
WARNING: gfortran.dg/char_result_13.f90 -O3 -g compilation failed to produce executable
FAIL: gfortran.dg/char_result_13.f90 -Os (test for excess errors)
WARNING: gfortran.dg/char_result_13.f90 -Os compilation failed to produce executable
FAIL: gfortran.dg/char_result_2.f90 -O0 (test for excess errors)
WARNING: gfortran.dg/char_result_2.f90 -O0 compilation failed to produce executable
FAIL: gfortran.dg/char_result_2.f90 -O1 (test for excess errors)
WARNING: gfortran.dg/char_result_2.f90 -O1 compilation failed to produce executable
FAIL: gfortran.dg/char_result_2.f90 -O2 (test for excess errors)
WARNING: gfortran.dg/char_result_2.f90 -O2 compilation failed to produce executable
FAIL: gfortran.dg/char_result_2.f90 -O3 -fomit-frame-pointer (test for excess errors)
WARNING: gfortran.dg/char_result_2.f90 -O3 -fomit-frame-pointer compilation failed to produce executable
FAIL: gfortran.dg/char_result_2.f90 -O3 -fomit-frame-pointer -funroll-loops (test for excess errors)
WARNING: gfortran.dg/char_result_2.f90 -O3 -fomit-frame-pointer -funroll-loops compilation failed to produce executable
FAIL: gfortran.dg/char_result_2.f90 -O3 -fomit-frame-pointer -funroll-all-loops -finline-functions (test for excess errors)
WARNING: gfortran.dg/char_result_2.f90 -O3 -fomit-frame-pointer -funroll-all-loops -finline-functions compilation failed to produce executable
FAIL: gfortran.dg/char_result_2.f90 -O3 -g (test for excess errors)
WARNING: gfortran.dg/char_result_2.f90 -O3 -g compilation failed to produce executable
FAIL: gfortran.dg/char_result_2.f90 -Os (test for excess errors)
WARNING: gfortran.dg/char_result_2.f90 -Os compilation failed to produce executable
FAIL: gfortran.dg/char_result_3.f90 -O0 (test for excess errors)
WARNING: gfortran.dg/char_result_3.f90 -O0 compilation failed to produce executable
FAIL: gfortran.dg/char_result_3.f90 -O1 (test for excess errors)
WARNING: gfortran.dg/char_result_3.f90 -O1 compilation failed to produce executable
FAIL: gfortran.dg/char_result_3.f90 -O2 (test for excess errors)
WARNING: gfortran.dg/char_result_3.f90 -O2 compilation failed to produce executable
FAIL: gfortran.dg/char_result_3.f90 -O3 -fomit-frame-pointer (test for excess errors)
WARNING: gfortran.dg/char_result_3.f90 -O3 -fomit-frame-pointer compilation failed to produce executable
FAIL: gfortran.dg/char_result_3.f90 -O3 -fomit-frame-pointer -funroll-loops (test for excess errors)
WARNING: gfortran.dg/char_result_3.f90 -O3 -fomit-frame-pointer -funroll-loops compilation failed to produce executable
FAIL: gfortran.dg/char_result_3.f90 -O3 -fomit-frame-pointer -funroll-all-loops -finline-functions (test for excess errors)
WARNING: gfortran.dg/char_result_3.f90 -O3 -fomit-frame-pointer -funroll-all-loops -finline-functions compilation failed to produce executable
FAIL: gfortran.dg/char_result_3.f90 -O3 -g (test for excess errors)
WARNING: gfortran.dg/char_result_3.f90 -O3 -g compilation failed to produce executable
FAIL: gfortran.dg/char_result_3.f90 -Os (test for excess errors)
WARNING: gfortran.dg/char_result_3.f90 -Os compilation failed to produce executable
FAIL: gfortran.dg/char_result_4.f90 -O0 (test for excess errors)
WARNING: gfortran.dg/char_result_4.f90 -O0 compilation failed to produce executable
FAIL: gfortran.dg/char_result_4.f90 -O1 (test for excess errors)
WARNING: gfortran.dg/char_result_4.f90 -O1 compilation failed to produce executable
FAIL: gfortran.dg/char_result_4.f90 -O2 (test for excess errors)
WARNING: gfortran.dg/char_result_4.f90 -O2 compilation failed to produce executable
FAIL: gfortran.dg/char_result_4.f90 -O3 -fomit-frame-pointer (test for excess errors)
WARNING: gfortran.dg/char_result_4.f90 -O3 -fomit-frame-pointer compilation failed to produce executable
FAIL: gfortran.dg/char_result_4.f90 -O3 -fomit-frame-pointer -funroll-loops (test for excess errors)
WARNING: gfortran.dg/char_result_4.f90 -O3 -fomit-frame-pointer -funroll-loops compilation failed to produce executable
FAIL: gfortran.dg/char_result_4.f90 -O3 -fomit-frame-pointer -funroll-all-loops -finline-functions (test for excess errors)
WARNING: gfortran.dg/char_result_4.f90 -O3 -fomit-frame-pointer -funroll-all-loops -finline-functions compilation failed to produce executable
FAIL: gfortran.dg/char_result_4.f90 -O3 -g (test for excess errors)
WARNING: gfortran.dg/char_result_4.f90 -O3 -g compilation failed to produce executable
FAIL: gfortran.dg/char_result_4.f90 -Os (test for excess errors)
WARNING: gfortran.dg/char_result_4.f90 -Os compilation failed to produce executable
FAIL: gfortran.dg/char_result_5.f90 -O0 (test for excess errors)
WARNING: gfortran.dg/char_result_5.f90 -O0 compilation failed to produce executable
FAIL: gfortran.dg/char_result_5.f90 -O1 (test for excess errors)
WARNING: gfortran.dg/char_result_5.f90 -O1 compilation failed to produce executable
FAIL: gfortran.dg/char_result_5.f90 -O2 (test for excess errors)
WARNING: gfortran.dg/char_result_5.f90 -O2 compilation failed to produce executable
FAIL: gfortran.dg/char_result_5.f90 -O3 -fomit-frame-pointer (test for excess errors)
WARNING: gfortran.dg/char_result_5.f90 -O3 -fomit-frame-pointer compilation failed to produce executable
FAIL: gfortran.dg/char_result_5.f90 -O3 -fomit-frame-pointer -funroll-loops (test for excess errors)
WARNING: gfortran.dg/char_result_5.f90 -O3 -fomit-frame-pointer -funroll-loops compilation failed to produce executable
FAIL: gfortran.dg/char_result_5.f90 -O3 -fomit-frame-pointer -funroll-all-loops -finline-functions (test for excess errors)
WARNING: gfortran.dg/char_result_5.f90 -O3 -fomit-frame-pointer -funroll-all-loops -finline-functions compilation failed to produce executable
FAIL: gfortran.dg/char_result_5.f90 -O3 -g (test for excess errors)
WARNING: gfortran.dg/char_result_5.f90 -O3 -g compilation failed to produce executable
FAIL: gfortran.dg/char_result_5.f90 -Os (test for excess errors)
WARNING: gfortran.dg/char_result_5.f90 -Os compilation failed to produce executable
FAIL: gfortran.dg/char_result_6.f90 -O0 (test for excess errors)
WARNING: gfortran.dg/char_result_6.f90 -O0 compilation failed to produce executable
FAIL: gfortran.dg/char_result_6.f90 -O1 (test for excess errors)
WARNING: gfortran.dg/char_result_6.f90 -O1 compilation failed to produce executable
FAIL: gfortran.dg/char_result_6.f90 -O2 (test for excess errors)
WARNING: gfortran.dg/char_result_6.f90 -O2 compilation failed to produce executable
FAIL: gfortran.dg/char_result_6.f90 -O3 -fomit-frame-pointer (test for excess errors)
WARNING: gfortran.dg/char_result_6.f90 -O3 -fomit-frame-pointer compilation failed to produce executable
FAIL: gfortran.dg/char_result_6.f90 -O3 -fomit-frame-pointer -funroll-loops (test for excess errors)
WARNING: gfortran.dg/char_result_6.f90 -O3 -fomit-frame-pointer -funroll-loops compilation failed to produce executable
FAIL: gfortran.dg/char_result_6.f90 -O3 -fomit-frame-pointer -funroll-all-loops -finline-functions (test for excess errors)
WARNING: gfortran.dg/char_result_6.f90 -O3 -fomit-frame-pointer -funroll-all-loops -finline-functions compilation failed to produce executable
FAIL: gfortran.dg/char_result_6.f90 -O3 -g (test for excess errors)
WARNING: gfortran.dg/char_result_6.f90 -O3 -g compilation failed to produce executable
FAIL: gfortran.dg/char_result_6.f90 -Os (test for excess errors)
WARNING: gfortran.dg/char_result_6.f90 -Os compilation failed to produce executable
FAIL: gfortran.dg/char_result_7.f90 -O0 (test for excess errors)
WARNING: gfortran.dg/char_result_7.f90 -O0 compilation failed to produce executable
FAIL: gfortran.dg/char_result_7.f90 -O1 (test for excess errors)
WARNING: gfortran.dg/char_result_7.f90 -O1 compilation failed to produce executable
FAIL: gfortran.dg/char_result_7.f90 -O2 (test for excess errors)
WARNING: gfortran.dg/char_result_7.f90 -O2 compilation failed to produce executable
FAIL: gfortran.dg/char_result_7.f90 -O3 -fomit-frame-pointer (test for excess errors)
WARNING: gfortran.dg/char_result_7.f90 -O3 -fomit-frame-pointer compilation failed to produce executable
FAIL: gfortran.dg/char_result_7.f90 -O3 -fomit-frame-pointer -funroll-loops (test for excess errors)
WARNING: gfortran.dg/char_result_7.f90 -O3 -fomit-frame-pointer -funroll-loops compilation failed to produce executable
FAIL: gfortran.dg/char_result_7.f90 -O3 -fomit-frame-pointer -funroll-all-loops -finline-functions (test for excess errors)
WARNING: gfortran.dg/char_result_7.f90 -O3 -fomit-frame-pointer -funroll-all-loops -finline-functions compilation failed to produce executable
FAIL: gfortran.dg/char_result_7.f90 -O3 -g (test for excess errors)
WARNING: gfortran.dg/char_result_7.f90 -O3 -g compilation failed to produce executable
FAIL: gfortran.dg/char_result_7.f90 -Os (test for excess errors)
WARNING: gfortran.dg/char_result_7.f90 -Os compilation failed to produce executable
FAIL: gfortran.dg/char_result_8.f90 -O0 (test for excess errors)
WARNING: gfortran.dg/char_result_8.f90 -O0 compilation failed to produce executable
FAIL: gfortran.dg/char_result_8.f90 -O1 (test for excess errors)
WARNING: gfortran.dg/char_result_8.f90 -O1 compilation failed to produce executable
FAIL: gfortran.dg/char_result_8.f90 -O2 (test for excess errors)
WARNING: gfortran.dg/char_result_8.f90 -O2 compilation failed to produce executable
FAIL: gfortran.dg/char_result_8.f90 -O3 -fomit-frame-pointer (test for excess errors)
WARNING: gfortran.dg/char_result_8.f90 -O3 -fomit-frame-pointer compilation failed to produce executable
FAIL: gfortran.dg/char_result_8.f90 -O3 -fomit-frame-pointer -funroll-loops (test for excess errors)
WARNING: gfortran.dg/char_result_8.f90 -O3 -fomit-frame-pointer -funroll-loops compilation failed to produce executable
FAIL: gfortran.dg/char_result_8.f90 -O3 -fomit-frame-pointer -funroll-all-loops -finline-functions (test for excess errors)
WARNING: gfortran.dg/char_result_8.f90 -O3 -fomit-frame-pointer -funroll-all-loops -finline-functions compilation failed to produce executable
FAIL: gfortran.dg/char_result_8.f90 -O3 -g (test for excess errors)
WARNING: gfortran.dg/char_result_8.f90 -O3 -g compilation failed to produce executable
FAIL: gfortran.dg/char_result_8.f90 -Os (test for excess errors)
WARNING: gfortran.dg/char_result_8.f90 -Os compilation failed to produce executable
ERROR: gfortran.dg/char_result_9.f90 -O : error executing dg-final: couldn't create error file for command: no space left on device
UNRESOLVED: gfortran.dg/char_result_9.f90 -O : error executing dg-final: couldn't create error file for command: no space left on device
FAIL: gfortran.dg/char_spread_1.f90 -O0 (test for excess errors)
WARNING: gfortran.dg/char_spread_1.f90 -O0 compilation failed to produce executable
FAIL: gfortran.dg/char_spread_1.f90 -O1 (test for excess errors)
WARNING: gfortran.dg/char_spread_1.f90 -O1 compilation failed to produce executable
FAIL: gfortran.dg/char_spread_1.f90 -O2 (test for excess errors)
WARNING: gfortran.dg/char_spread_1.f90 -O2 compilation failed to produce executable
FAIL: gfortran.dg/char_spread_1.f90 -O3 -fomit-frame-pointer (test for excess errors)
WARNING: gfortran.dg/char_spread_1.f90 -O3 -fomit-frame-pointer compilation failed to produce executable
FAIL: gfortran.dg/char_spread_1.f90 -O3 -fomit-frame-pointer -funroll-loops (test for excess errors)
WARNING: gfortran.dg/char_spread_1.f90 -O3 -fomit-frame-pointer -funroll-loops compilation failed to produce executable
FAIL: gfortran.dg/char_spread_1.f90 -O3 -fomit-frame-pointer -funroll-all-loops -finline-functions (test for excess errors)
WARNING: gfortran.dg/char_spread_1.f90 -O3 -fomit-frame-pointer -funroll-all-loops -finline-functions compilation failed to produce executable
FAIL: gfortran.dg/char_spread_1.f90 -O3 -g (test for excess errors)
WARNING: gfortran.dg/char_spread_1.f90 -O3 -g compilation failed to produce executable
FAIL: gfortran.dg/char_spread_1.f90 -Os (test for excess errors)
WARNING: gfortran.dg/char_spread_1.f90 -Os compilation failed to produce executable
FAIL: gfortran.dg/char_transpose_1.f90 -O0 (test for excess errors)
WARNING: gfortran.dg/char_transpose_1.f90 -O0 compilation failed to produce executable
FAIL: gfortran.dg/char_transpose_1.f90 -O1 (test for excess errors)
WARNING: gfortran.dg/char_transpose_1.f90 -O1 compilation failed to produce executable
FAIL: gfortran.dg/char_transpose_1.f90 -O2 (test for excess errors)
WARNING: gfortran.dg/char_transpose_1.f90 -O2 compilation failed to produce executable
FAIL: gfortran.dg/char_transpose_1.f90 -O3 -fomit-frame-pointer (test for excess errors)
WARNING: gfortran.dg/char_transpose_1.f90 -O3 -fomit-frame-pointer compilation failed to produce executable
FAIL: gfortran.dg/char_transpose_1.f90 -O3 -fomit-frame-pointer -funroll-loops (test for excess errors)
WARNING: gfortran.dg/char_transpose_1.f90 -O3 -fomit-frame-pointer -funroll-loops compilation failed to produce executable
FAIL: gfortran.dg/char_transpose_1.f90 -O3 -fomit-frame-pointer -funroll-all-loops -finline-functions (test for excess errors)
WARNING: gfortran.dg/char_transpose_1.f90 -O3 -fomit-frame-pointer -funroll-all-loops -finline-functions compilation failed to produce executable
FAIL: gfortran.dg/char_transpose_1.f90 -O3 -g (test for excess errors)
WARNING: gfortran.dg/char_transpose_1.f90 -O3 -g compilation failed to produce executable
FAIL: gfortran.dg/char_transpose_1.f90 -Os (test for excess errors)
WARNING: gfortran.dg/char_transpose_1.f90 -Os compilation failed to produce executable
FAIL: gfortran.dg/char_type_len.f90 -O0 (test for excess errors)
WARNING: gfortran.dg/char_type_len.f90 -O0 compilation failed to produce executable
FAIL: gfortran.dg/char_type_len.f90 -O1 (test for excess errors)
WARNING: gfortran.dg/char_type_len.f90 -O1 compilation failed to produce executable
FAIL: gfortran.dg/char_type_len.f90 -O2 (test for excess errors)
WARNING: gfortran.dg/char_type_len.f90 -O2 compilation failed to produce executable
FAIL: gfortran.dg/char_type_len.f90 -O3 -fomit-frame-pointer (test for excess errors)
WARNING: gfortran.dg/char_type_len.f90 -O3 -fomit-frame-pointer compilation failed to produce executable
FAIL: gfortran.dg/char_type_len.f90 -O3 -fomit-frame-pointer -funroll-loops (test for excess errors)
WARNING: gfortran.dg/char_type_len.f90 -O3 -fomit-frame-pointer -funroll-loops compilation failed to produce executable
FAIL: gfortran.dg/char_type_len.f90 -O3 -fomit-frame-pointer -funroll-all-loops -finline-functions (test for excess errors)
WARNING: gfortran.dg/char_type_len.f90 -O3 -fomit-frame-pointer -funroll-all-loops -finline-functions compilation failed to produce executable
FAIL: gfortran.dg/char_type_len.f90 -O3 -g (test for excess errors)
WARNING: gfortran.dg/char_type_len.f90 -O3 -g compilation failed to produce executable
FAIL: gfortran.dg/char_type_len.f90 -Os (test for excess errors)
WARNING: gfortran.dg/char_type_len.f90 -Os compilation failed to produce executable
FAIL: gfortran.dg/char_unpack_1.f90 -O0 (test for excess errors)
WARNING: gfortran.dg/char_unpack_1.f90 -O0 compilation failed to produce executable
FAIL: gfortran.dg/char_unpack_1.f90 -O1 (test for excess errors)
WARNING: gfortran.dg/char_unpack_1.f90 -O1 compilation failed to produce executable
FAIL: gfortran.dg/char_unpack_1.f90 -O2 (test for excess errors)
WARNING: gfortran.dg/char_unpack_1.f90 -O2 compilation failed to produce executable
FAIL: gfortran.dg/char_unpack_1.f90 -O3 -fomit-frame-pointer (test for excess errors)
WARNING: gfortran.dg/char_unpack_1.f90 -O3 -fomit-frame-pointer compilation failed to produce executable
FAIL: gfortran.dg/char_unpack_1.f90 -O3 -fomit-frame-pointer -funroll-loops (test for excess errors)
WARNING: gfortran.dg/char_unpack_1.f90 -O3 -fomit-frame-pointer -funroll-loops compilation failed to produce executable
FAIL: gfortran.dg/char_unpack_1.f90 -O3 -fomit-frame-pointer -funroll-all-loops -finline-functions (test for excess errors)
WARNING: gfortran.dg/char_unpack_1.f90 -O3 -fomit-frame-pointer -funroll-all-loops -finline-functions compilation failed to produce executable
FAIL: gfortran.dg/char_unpack_1.f90 -O3 -g (test for excess errors)
WARNING: gfortran.dg/char_unpack_1.f90 -O3 -g compilation failed to produce executable
FAIL: gfortran.dg/char_unpack_1.f90 -Os (test for excess errors)
WARNING: gfortran.dg/char_unpack_1.f90 -Os compilation failed to produce executable
FAIL: gfortran.dg/char_unpack_2.f90 -O0 (test for excess errors)
WARNING: gfortran.dg/char_unpack_2.f90 -O0 compilation failed to produce executable
FAIL: gfortran.dg/char_unpack_2.f90 -O1 (test for excess errors)
WARNING: gfortran.dg/char_unpack_2.f90 -O1 compilation failed to produce executable
FAIL: gfortran.dg/char_unpack_2.f90 -O2 (test for excess errors)
WARNING: gfortran.dg/char_unpack_2.f90 -O2 compilation failed to produce executable
FAIL: gfortran.dg/char_unpack_2.f90 -O3 -fomit-frame-pointer (test for excess errors)
WARNING: gfortran.dg/char_unpack_2.f90 -O3 -fomit-frame-pointer compilation failed to produce executable
FAIL: gfortran.dg/char_unpack_2.f90 -O3 -fomit-frame-pointer -funroll-loops (test for excess errors)
WARNING: gfortran.dg/char_unpack_2.f90 -O3 -fomit-frame-pointer -funroll-loops compilation failed to produce executable
FAIL: gfortran.dg/char_unpack_2.f90 -O3 -fomit-frame-pointer -funroll-all-loops -finline-functions (test for excess errors)
WARNING: gfortran.dg/char_unpack_2.f90 -O3 -fomit-frame-pointer -funroll-all-loops -finline-functions compilation failed to produce executable
FAIL: gfortran.dg/char_unpack_2.f90 -O3 -g (test for excess errors)
WARNING: gfortran.dg/char_unpack_2.f90 -O3 -g compilation failed to produce executable
FAIL: gfortran.dg/char_unpack_2.f90 -Os (test for excess errors)
WARNING: gfortran.dg/char_unpack_2.f90 -Os compilation failed to produce executable
FAIL: gfortran.dg/character_array_constructor_1.f90 -O0 (test for excess errors)
WARNING: gfortran.dg/character_array_constructor_1.f90 -O0 compilation failed to produce executable
FAIL: gfortran.dg/character_array_constructor_1.f90 -O1 (test for excess errors)
WARNING: gfortran.dg/character_array_constructor_1.f90 -O1 compilation failed to produce executable
FAIL: gfortran.dg/character_array_constructor_1.f90 -O2 (test for excess errors)
WARNING: gfortran.dg/character_array_constructor_1.f90 -O2 compilation failed to produce executable
FAIL: gfortran.dg/character_array_constructor_1.f90 -O3 -fomit-frame-pointer (test for excess errors)
WARNING: gfortran.dg/character_array_constructor_1.f90 -O3 -fomit-frame-pointer compilation failed to produce executable
FAIL: gfortran.dg/character_array_constructor_1.f90 -O3 -fomit-frame-pointer -funroll-loops (test for excess errors)
WARNING: gfortran.dg/character_array_constructor_1.f90 -O3 -fomit-frame-pointer -funroll-loops compilation failed to produce executable
FAIL: gfortran.dg/character_array_constructor_1.f90 -O3 -fomit-frame-pointer -funroll-all-loops -finline-functions (test for excess errors)
WARNING: gfortran.dg/character_array_constructor_1.f90 -O3 -fomit-frame-pointer -funroll-all-loops -finline-functions compilation failed to produce executable
FAIL: gfortran.dg/character_array_constructor_1.f90 -O3 -g (test for excess errors)
WARNING: gfortran.dg/character_array_constructor_1.f90 -O3 -g compilation failed to produce executable
FAIL: gfortran.dg/character_array_constructor_1.f90 -Os (test for excess errors)
WARNING: gfortran.dg/character_array_constructor_1.f90 -Os compilation failed to produce executable
ERROR: gfortran.dg/character_assign_1.f90 -O : error executing dg-final: couldn't create error file for command: no space left on device
UNRESOLVED: gfortran.dg/character_assign_1.f90 -O : error executing dg-final: couldn't create error file for command: no space left on device
FAIL: gfortran.dg/character_comparison_1.f90 -O0 (test for excess errors)
WARNING: gfortran.dg/character_comparison_1.f90 -O0 compilation failed to produce executable
FAIL: gfortran.dg/character_comparison_1.f90 -O0 scan-tree-dump-times original "gfortran_compare_string" 0: dump file does not exist
FAIL: gfortran.dg/character_comparison_1.f90 -O1 (test for excess errors)
WARNING: gfortran.dg/character_comparison_1.f90 -O1 compilation failed to produce executable
FAIL: gfortran.dg/character_comparison_1.f90 -O1 scan-tree-dump-times original "gfortran_compare_string" 0: dump file does not exist
FAIL: gfortran.dg/character_comparison_1.f90 -O2 (test for excess errors)
WARNING: gfortran.dg/character_comparison_1.f90 -O2 compilation failed to produce executable
FAIL: gfortran.dg/character_comparison_1.f90 -O2 scan-tree-dump-times original "gfortran_compare_string" 0: dump file does not exist
FAIL: gfortran.dg/character_comparison_1.f90 -O3 -fomit-frame-pointer (test for excess errors)
WARNING: gfortran.dg/character_comparison_1.f90 -O3 -fomit-frame-pointer compilation failed to produce executable
FAIL: gfortran.dg/character_comparison_1.f90 -O3 -fomit-frame-pointer scan-tree-dump-times original "gfortran_compare_string" 0: dump file does not exist
FAIL: gfortran.dg/character_comparison_1.f90 -O3 -fomit-frame-pointer -funroll-loops (test for excess errors)
WARNING: gfortran.dg/character_comparison_1.f90 -O3 -fomit-frame-pointer -funroll-loops compilation failed to produce executable
FAIL: gfortran.dg/character_comparison_1.f90 -O3 -fomit-frame-pointer -funroll-loops scan-tree-dump-times original "gfortran_compare_string" 0: dump file does not exist
FAIL: gfortran.dg/character_comparison_1.f90 -O3 -fomit-frame-pointer -funroll-all-loops -finline-functions (test for excess errors)
WARNING: gfortran.dg/character_comparison_1.f90 -O3 -fomit-frame-pointer -funroll-all-loops -finline-functions compilation failed to produce executable
FAIL: gfortran.dg/character_comparison_1.f90 -O3 -fomit-frame-pointer -funroll-all-loops -finline-functions scan-tree-dump-times original "gfortran_compare_string" 0: dump file does not exist
FAIL: gfortran.dg/character_comparison_1.f90 -O3 -g (test for excess errors)
WARNING: gfortran.dg/character_comparison_1.f90 -O3 -g compilation failed to produce executable
FAIL: gfortran.dg/character_comparison_1.f90 -O3 -g scan-tree-dump-times original "gfortran_compare_string" 0: dump file does not exist
FAIL: gfortran.dg/character_comparison_1.f90 -Os (test for excess errors)
WARNING: gfortran.dg/character_comparison_1.f90 -Os compilation failed to produce executable
FAIL: gfortran.dg/character_comparison_1.f90 -Os scan-tree-dump-times original "gfortran_compare_string" 0: dump file does not exist
FAIL: gfortran.dg/character_comparison_2.f90 -O0 (test for excess errors)
WARNING: gfortran.dg/character_comparison_2.f90 -O0 compilation failed to produce executable
FAIL: gfortran.dg/character_comparison_2.f90 -O0 scan-tree-dump-times original "gfortran_compare_string" 0: dump file does not exist
FAIL: gfortran.dg/character_comparison_2.f90 -O1 (test for excess errors)
WARNING: gfortran.dg/character_comparison_2.f90 -O1 compilation failed to produce executable
FAIL: gfortran.dg/character_comparison_2.f90 -O1 scan-tree-dump-times original "gfortran_compare_string" 0: dump file does not exist
FAIL: gfortran.dg/character_comparison_2.f90 -O2 (test for excess errors)
WARNING: gfortran.dg/character_comparison_2.f90 -O2 compilation failed to produce executable
FAIL: gfortran.dg/character_comparison_2.f90 -O2 scan-tree-dump-times original "gfortran_compare_string" 0: dump file does not exist
FAIL: gfortran.dg/character_comparison_2.f90 -O3 -fomit-frame-pointer (test for excess errors)
WARNING: gfortran.dg/character_comparison_2.f90 -O3 -fomit-frame-pointer compilation failed to produce executable
FAIL: gfortran.dg/character_comparison_2.f90 -O3 -fomit-frame-pointer scan-tree-dump-times original "gfortran_compare_string" 0: dump file does not exist
FAIL: gfortran.dg/character_comparison_2.f90 -O3 -fomit-frame-pointer -funroll-loops (test for excess errors)
WARNING: gfortran.dg/character_comparison_2.f90 -O3 -fomit-frame-pointer -funroll-loops compilation failed to produce executable
FAIL: gfortran.dg/character_comparison_2.f90 -O3 -fomit-frame-pointer -funroll-loops scan-tree-dump-times original "gfortran_compare_string" 0: dump file does not exist
FAIL: gfortran.dg/character_comparison_2.f90 -O3 -fomit-frame-pointer -funroll-all-loops -finline-functions (test for excess errors)
WARNING: gfortran.dg/character_comparison_2.f90 -O3 -fomit-frame-pointer -funroll-all-loops -finline-functions compilation failed to produce executable
FAIL: gfortran.dg/character_comparison_2.f90 -O3 -fomit-frame-pointer -funroll-all-loops -finline-functions scan-tree-dump-times original "gfortran_compare_string" 0: dump file does not exist
FAIL: gfortran.dg/character_comparison_2.f90 -O3 -g (test for excess errors)
WARNING: gfortran.dg/character_comparison_2.f90 -O3 -g compilation failed to produce executable
FAIL: gfortran.dg/character_comparison_2.f90 -O3 -g scan-tree-dump-times original "gfortran_compare_string" 0: dump file does not exist
FAIL: gfortran.dg/character_comparison_2.f90 -Os (test for excess errors)
WARNING: gfortran.dg/character_comparison_2.f90 -Os compilation failed to produce executable
FAIL: gfortran.dg/character_comparison_2.f90 -Os scan-tree-dump-times original "gfortran_compare_string" 0: dump file does not exist
FAIL: gfortran.dg/character_comparison_3.f90 -O0 (test for excess errors)
WARNING: gfortran.dg/character_comparison_3.f90 -O0 compilation failed to produce executable
FAIL: gfortran.dg/character_comparison_3.f90 -O0 scan-tree-dump-times original "gfortran_compare_string" 8: dump file does not exist
FAIL: gfortran.dg/character_comparison_3.f90 -O1 (test for excess errors)
WARNING: gfortran.dg/character_comparison_3.f90 -O1 compilation failed to produce executable
FAIL: gfortran.dg/character_comparison_3.f90 -O1 scan-tree-dump-times original "gfortran_compare_string" 8: dump file does not exist
FAIL: gfortran.dg/character_comparison_3.f90 -O2 (test for excess errors)
WARNING: gfortran.dg/character_comparison_3.f90 -O2 compilation failed to produce executable
FAIL: gfortran.dg/character_comparison_3.f90 -O2 scan-tree-dump-times original "gfortran_compare_string" 8: dump file does not exist
FAIL: gfortran.dg/character_comparison_3.f90 -O3 -fomit-frame-pointer (test for excess errors)
WARNING: gfortran.dg/character_comparison_3.f90 -O3 -fomit-frame-pointer compilation failed to produce executable
FAIL: gfortran.dg/character_comparison_3.f90 -O3 -fomit-frame-pointer scan-tree-dump-times original "gfortran_compare_string" 8: dump file does not exist
FAIL: gfortran.dg/character_comparison_3.f90 -O3 -fomit-frame-pointer -funroll-loops (test for excess errors)
WARNING: gfortran.dg/character_comparison_3.f90 -O3 -fomit-frame-pointer -funroll-loops compilation failed to produce executable
FAIL: gfortran.dg/character_comparison_3.f90 -O3 -fomit-frame-pointer -funroll-loops scan-tree-dump-times original "gfortran_compare_string" 8: dump file does not exist
FAIL: gfortran.dg/character_comparison_3.f90 -O3 -fomit-frame-pointer -funroll-all-loops -finline-functions (test for excess errors)
WARNING: gfortran.dg/character_comparison_3.f90 -O3 -fomit-frame-pointer -funroll-all-loops -finline-functions compilation failed to produce executable
FAIL: gfortran.dg/character_comparison_3.f90 -O3 -fomit-frame-pointer -funroll-all-loops -finline-functions scan-tree-dump-times original "gfortran_compare_string" 8: dump file does not exist
FAIL: gfortran.dg/character_comparison_3.f90 -O3 -g (test for excess errors)
WARNING: gfortran.dg/character_comparison_3.f90 -O3 -g compilation failed to produce executable
FAIL: gfortran.dg/character_comparison_3.f90 -O3 -g scan-tree-dump-times original "gfortran_compare_string" 8: dump file does not exist
FAIL: gfortran.dg/character_comparison_3.f90 -Os (test for excess errors)
WARNING: gfortran.dg/character_comparison_3.f90 -Os compilation failed to produce executable
FAIL: gfortran.dg/character_comparison_3.f90 -Os scan-tree-dump-times original "gfortran_compare_string" 8: dump file does not exist
FAIL: gfortran.dg/chkbits.f90 -O0 (test for excess errors)
WARNING: gfortran.dg/chkbits.f90 -O0 compilation failed to produce executable
FAIL: gfortran.dg/chkbits.f90 -O1 (test for excess errors)
WARNING: gfortran.dg/chkbits.f90 -O1 compilation failed to produce executable
FAIL: gfortran.dg/chkbits.f90 -O2 (test for excess errors)
WARNING: gfortran.dg/chkbits.f90 -O2 compilation failed to produce executable
FAIL: gfortran.dg/chkbits.f90 -O3 -fomit-frame-pointer (test for excess errors)
WARNING: gfortran.dg/chkbits.f90 -O3 -fomit-frame-pointer compilation failed to produce executable
FAIL: gfortran.dg/chkbits.f90 -O3 -fomit-frame-pointer -funroll-loops (test for excess errors)
WARNING: gfortran.dg/chkbits.f90 -O3 -fomit-frame-pointer -funroll-loops compilation failed to produce executable
FAIL: gfortran.dg/chkbits.f90 -O3 -fomit-frame-pointer -funroll-all-loops -finline-functions (test for excess errors)
WARNING: gfortran.dg/chkbits.f90 -O3 -fomit-frame-pointer -funroll-all-loops -finline-functions compilation failed to produce executable
FAIL: gfortran.dg/chkbits.f90 -O3 -g (test for excess errors)
WARNING: gfortran.dg/chkbits.f90 -O3 -g compilation failed to produce executable
FAIL: gfortran.dg/chkbits.f90 -Os (test for excess errors)
WARNING: gfortran.dg/chkbits.f90 -Os compilation failed to produce executable
FAIL: gfortran.dg/chmod_1.f90 -O0 (test for excess errors)
WARNING: gfortran.dg/chmod_1.f90 -O0 compilation failed to produce executable
FAIL: gfortran.dg/chmod_1.f90 -O1 (test for excess errors)
WARNING: gfortran.dg/chmod_1.f90 -O1 compilation failed to produce executable
FAIL: gfortran.dg/chmod_1.f90 -O2 (test for excess errors)
WARNING: gfortran.dg/chmod_1.f90 -O2 compilation failed to produce executable
FAIL: gfortran.dg/chmod_1.f90 -O3 -fomit-frame-pointer (test for excess errors)
WARNING: gfortran.dg/chmod_1.f90 -O3 -fomit-frame-pointer compilation failed to produce executable
FAIL: gfortran.dg/chmod_1.f90 -O3 -fomit-frame-pointer -funroll-loops (test for excess errors)
WARNING: gfortran.dg/chmod_1.f90 -O3 -fomit-frame-pointer -funroll-loops compilation failed to produce executable
FAIL: gfortran.dg/chmod_1.f90 -O3 -fomit-frame-pointer -funroll-all-loops -finline-functions (test for excess errors)
WARNING: gfortran.dg/chmod_1.f90 -O3 -fomit-frame-pointer -funroll-all-loops -finline-functions compilation failed to produce executable
FAIL: gfortran.dg/chmod_1.f90 -O3 -g (test for excess errors)
WARNING: gfortran.dg/chmod_1.f90 -O3 -g compilation failed to produce executable
FAIL: gfortran.dg/chmod_1.f90 -Os (test for excess errors)
WARNING: gfortran.dg/chmod_1.f90 -Os compilation failed to produce executable
FAIL: gfortran.dg/chmod_2.f90 -O0 (test for excess errors)
WARNING: gfortran.dg/chmod_2.f90 -O0 compilation failed to produce executable
FAIL: gfortran.dg/chmod_2.f90 -O1 (test for excess errors)
WARNING: gfortran.dg/chmod_2.f90 -O1 compilation failed to produce executable
FAIL: gfortran.dg/chmod_2.f90 -O2 (test for excess errors)
WARNING: gfortran.dg/chmod_2.f90 -O2 compilation failed to produce executable
FAIL: gfortran.dg/chmod_2.f90 -O3 -fomit-frame-pointer (test for excess errors)
WARNING: gfortran.dg/chmod_2.f90 -O3 -fomit-frame-pointer compilation failed to produce executable
FAIL: gfortran.dg/chmod_2.f90 -O3 -fomit-frame-pointer -funroll-loops (test for excess errors)
WARNING: gfortran.dg/chmod_2.f90 -O3 -fomit-frame-pointer -funroll-loops compilation failed to produce executable
FAIL: gfortran.dg/chmod_2.f90 -O3 -fomit-frame-pointer -funroll-all-loops -finline-functions (test for excess errors)
WARNING: gfortran.dg/chmod_2.f90 -O3 -fomit-frame-pointer -funroll-all-loops -finline-functions compilation failed to produce executable
FAIL: gfortran.dg/chmod_2.f90 -O3 -g (test for excess errors)
WARNING: gfortran.dg/chmod_2.f90 -O3 -g compilation failed to produce executable
FAIL: gfortran.dg/chmod_2.f90 -Os (test for excess errors)
WARNING: gfortran.dg/chmod_2.f90 -Os compilation failed to produce executable
FAIL: gfortran.dg/chmod_3.f90 -O0 (test for excess errors)
WARNING: gfortran.dg/chmod_3.f90 -O0 compilation failed to produce executable
FAIL: gfortran.dg/chmod_3.f90 -O1 (test for excess errors)
WARNING: gfortran.dg/chmod_3.f90 -O1 compilation failed to produce executable
FAIL: gfortran.dg/chmod_3.f90 -O2 (test for excess errors)
WARNING: gfortran.dg/chmod_3.f90 -O2 compilation failed to produce executable
FAIL: gfortran.dg/chmod_3.f90 -O3 -fomit-frame-pointer (test for excess errors)
WARNING: gfortran.dg/chmod_3.f90 -O3 -fomit-frame-pointer compilation failed to produce executable
FAIL: gfortran.dg/chmod_3.f90 -O3 -fomit-frame-pointer -funroll-loops (test for excess errors)
WARNING: gfortran.dg/chmod_3.f90 -O3 -fomit-frame-pointer -funroll-loops compilation failed to produce executable
FAIL: gfortran.dg/chmod_3.f90 -O3 -fomit-frame-pointer -funroll-all-loops -finline-functions (test for excess errors)
WARNING: gfortran.dg/chmod_3.f90 -O3 -fomit-frame-pointer -funroll-all-loops -finline-functions compilation failed to produce executable
FAIL: gfortran.dg/chmod_3.f90 -O3 -g (test for excess errors)
WARNING: gfortran.dg/chmod_3.f90 -O3 -g compilation failed to produce executable
FAIL: gfortran.dg/chmod_3.f90 -Os (test for excess errors)
WARNING: gfortran.dg/chmod_3.f90 -Os compilation failed to produce executable
FAIL: gfortran.dg/class_1.f03 -O0 (test for excess errors)
WARNING: gfortran.dg/class_1.f03 -O0 compilation failed to produce executable
FAIL: gfortran.dg/class_1.f03 -O1 (test for excess errors)
WARNING: gfortran.dg/class_1.f03 -O1 compilation failed to produce executable
FAIL: gfortran.dg/class_1.f03 -O2 (test for excess errors)
WARNING: gfortran.dg/class_1.f03 -O2 compilation failed to produce executable
FAIL: gfortran.dg/class_1.f03 -O3 -fomit-frame-pointer (test for excess errors)
WARNING: gfortran.dg/class_1.f03 -O3 -fomit-frame-pointer compilation failed to produce executable
FAIL: gfortran.dg/class_1.f03 -O3 -fomit-frame-pointer -funroll-loops (test for excess errors)
WARNING: gfortran.dg/class_1.f03 -O3 -fomit-frame-pointer -funroll-loops compilation failed to produce executable
FAIL: gfortran.dg/class_1.f03 -O3 -fomit-frame-pointer -funroll-all-loops -finline-functions (test for excess errors)
WARNING: gfortran.dg/class_1.f03 -O3 -fomit-frame-pointer -funroll-all-loops -finline-functions compilation failed to produce executable
FAIL: gfortran.dg/class_1.f03 -O3 -g (test for excess errors)
WARNING: gfortran.dg/class_1.f03 -O3 -g compilation failed to produce executable
FAIL: gfortran.dg/class_1.f03 -Os (test for excess errors)
WARNING: gfortran.dg/class_1.f03 -Os compilation failed to produce executable
ERROR: gfortran.dg/class_10.f03 -O : error executing dg-final: couldn't create error file for command: no space left on device
UNRESOLVED: gfortran.dg/class_10.f03 -O : error executing dg-final: couldn't create error file for command: no space left on device
ERROR: gfortran.dg/class_12.f03 -O : error executing dg-final: couldn't create error file for command: no space left on device
UNRESOLVED: gfortran.dg/class_12.f03 -O : error executing dg-final: couldn't create error file for command: no space left on device
ERROR: gfortran.dg/class_13.f03 -O : error executing dg-final: couldn't create error file for command: no space left on device
UNRESOLVED: gfortran.dg/class_13.f03 -O : error executing dg-final: couldn't create error file for command: no space left on device
ERROR: gfortran.dg/class_14.f03 -O : error executing dg-final: couldn't create error file for command: no space left on device
UNRESOLVED: gfortran.dg/class_14.f03 -O : error executing dg-final: couldn't create error file for command: no space left on device
ERROR: gfortran.dg/class_15.f03 -O : error executing dg-final: couldn't create error file for command: no space left on device
UNRESOLVED: gfortran.dg/class_15.f03 -O : error executing dg-final: couldn't create error file for command: no space left on device
ERROR: gfortran.dg/class_16.f03 -O : error executing dg-final: couldn't create error file for command: no space left on device
UNRESOLVED: gfortran.dg/class_16.f03 -O : error executing dg-final: couldn't create error file for command: no space left on device
ERROR: gfortran.dg/class_17.f03 -O : error executing dg-final: couldn't create error file for command: no space left on device
UNRESOLVED: gfortran.dg/class_17.f03 -O : error executing dg-final: couldn't create error file for command: no space left on device
FAIL: gfortran.dg/class_18.f03 -O0 (test for excess errors)
WARNING: gfortran.dg/class_18.f03 -O0 compilation failed to produce executable
FAIL: gfortran.dg/class_18.f03 -O1 (test for excess errors)
WARNING: gfortran.dg/class_18.f03 -O1 compilation failed to produce executable
FAIL: gfortran.dg/class_18.f03 -O2 (test for excess errors)
WARNING: gfortran.dg/class_18.f03 -O2 compilation failed to produce executable
FAIL: gfortran.dg/class_18.f03 -O3 -fomit-frame-pointer (test for excess errors)
WARNING: gfortran.dg/class_18.f03 -O3 -fomit-frame-pointer compilation failed to produce executable
FAIL: gfortran.dg/class_18.f03 -O3 -fomit-frame-pointer -funroll-loops (test for excess errors)
WARNING: gfortran.dg/class_18.f03 -O3 -fomit-frame-pointer -funroll-loops compilation failed to produce executable
FAIL: gfortran.dg/class_18.f03 -O3 -fomit-frame-pointer -funroll-all-loops -finline-functions (test for excess errors)
WARNING: gfortran.dg/class_18.f03 -O3 -fomit-frame-pointer -funroll-all-loops -finline-functions compilation failed to produce executable
FAIL: gfortran.dg/class_18.f03 -O3 -g (test for excess errors)
WARNING: gfortran.dg/class_18.f03 -O3 -g compilation failed to produce executable
FAIL: gfortran.dg/class_18.f03 -Os (test for excess errors)
WARNING: gfortran.dg/class_18.f03 -Os compilation failed to produce executable
FAIL: gfortran.dg/class_19.f03 -O0 (test for excess errors)
WARNING: gfortran.dg/class_19.f03 -O0 compilation failed to produce executable
FAIL: gfortran.dg/class_19.f03 -O1 (test for excess errors)
WARNING: gfortran.dg/class_19.f03 -O1 compilation failed to produce executable
FAIL: gfortran.dg/class_19.f03 -O2 (test for excess errors)
WARNING: gfortran.dg/class_19.f03 -O2 compilation failed to produce executable
FAIL: gfortran.dg/class_19.f03 -O3 -fomit-frame-pointer (test for excess errors)
WARNING: gfortran.dg/class_19.f03 -O3 -fomit-frame-pointer compilation failed to produce executable
FAIL: gfortran.dg/class_19.f03 -O3 -fomit-frame-pointer -funroll-loops (test for excess errors)
WARNING: gfortran.dg/class_19.f03 -O3 -fomit-frame-pointer -funroll-loops compilation failed to produce executable
FAIL: gfortran.dg/class_19.f03 -O3 -fomit-frame-pointer -funroll-all-loops -finline-functions (test for excess errors)
WARNING: gfortran.dg/class_19.f03 -O3 -fomit-frame-pointer -funroll-all-loops -finline-functions compilation failed to produce executable
FAIL: gfortran.dg/class_19.f03 -O3 -g (test for excess errors)
WARNING: gfortran.dg/class_19.f03 -O3 -g compilation failed to produce executable
FAIL: gfortran.dg/class_19.f03 -Os (test for excess errors)
WARNING: gfortran.dg/class_19.f03 -Os compilation failed to produce executable
ERROR: gfortran.dg/class_21.f03 -O : error executing dg-final: couldn't create error file for command: no space left on device
UNRESOLVED: gfortran.dg/class_21.f03 -O : error executing dg-final: couldn't create error file for command: no space left on device
ERROR: gfortran.dg/class_22.f03 -O : error executing dg-final: couldn't create error file for command: no space left on device
UNRESOLVED: gfortran.dg/class_22.f03 -O : error executing dg-final: couldn't create error file for command: no space left on device
FAIL: gfortran.dg/class_25.f03 -O0 (test for excess errors)
WARNING: gfortran.dg/class_25.f03 -O0 compilation failed to produce executable
ERROR: gfortran.dg/class_25.f03 -O0 : error executing dg-final: couldn't create error file for command: no space left on device
UNRESOLVED: gfortran.dg/class_25.f03 -O0 : error executing dg-final: couldn't create error file for command: no space left on device
FAIL: gfortran.dg/class_25.f03 -O1 (test for excess errors)
WARNING: gfortran.dg/class_25.f03 -O1 compilation failed to produce executable
ERROR: gfortran.dg/class_25.f03 -O1 : error executing dg-final: couldn't create error file for command: no space left on device
UNRESOLVED: gfortran.dg/class_25.f03 -O1 : error executing dg-final: couldn't create error file for command: no space left on device
FAIL: gfortran.dg/class_25.f03 -O2 (test for excess errors)
WARNING: gfortran.dg/class_25.f03 -O2 compilation failed to produce executable
ERROR: gfortran.dg/class_25.f03 -O2 : error executing dg-final: couldn't create error file for command: no space left on device
UNRESOLVED: gfortran.dg/class_25.f03 -O2 : error executing dg-final: couldn't create error file for command: no space left on device
FAIL: gfortran.dg/class_25.f03 -O3 -fomit-frame-pointer (test for excess errors)
WARNING: gfortran.dg/class_25.f03 -O3 -fomit-frame-pointer compilation failed to produce executable
ERROR: gfortran.dg/class_25.f03 -O3 -fomit-frame-pointer : error executing dg-final: couldn't create error file for command: no space left on device
UNRESOLVED: gfortran.dg/class_25.f03 -O3 -fomit-frame-pointer : error executing dg-final: couldn't create error file for command: no space left on device
FAIL: gfortran.dg/class_25.f03 -O3 -fomit-frame-pointer -funroll-loops (test for excess errors)
WARNING: gfortran.dg/class_25.f03 -O3 -fomit-frame-pointer -funroll-loops compilation failed to produce executable
ERROR: gfortran.dg/class_25.f03 -O3 -fomit-frame-pointer -funroll-loops : error executing dg-final: couldn't create error file for command: no space left on device
UNRESOLVED: gfortran.dg/class_25.f03 -O3 -fomit-frame-pointer -funroll-loops : error executing dg-final: couldn't create error file for command: no space left on device
FAIL: gfortran.dg/class_25.f03 -O3 -fomit-frame-pointer -funroll-all-loops -finline-functions (test for excess errors)
WARNING: gfortran.dg/class_25.f03 -O3 -fomit-frame-pointer -funroll-all-loops -finline-functions compilation failed to produce executable
ERROR: gfortran.dg/class_25.f03 -O3 -fomit-frame-pointer -funroll-all-loops -finline-functions : error executing dg-final: couldn't create error file for command: no space left on device
UNRESOLVED: gfortran.dg/class_25.f03 -O3 -fomit-frame-pointer -funroll-all-loops -finline-functions : error executing dg-final: couldn't create error file for command: no space left on device
FAIL: gfortran.dg/class_25.f03 -O3 -g (test for excess errors)
WARNING: gfortran.dg/class_25.f03 -O3 -g compilation failed to produce executable
ERROR: gfortran.dg/class_25.f03 -O3 -g : error executing dg-final: couldn't create error file for command: no space left on device
UNRESOLVED: gfortran.dg/class_25.f03 -O3 -g : error executing dg-final: couldn't create error file for command: no space left on device
FAIL: gfortran.dg/class_25.f03 -Os (test for excess errors)
WARNING: gfortran.dg/class_25.f03 -Os compilation failed to produce executable
ERROR: gfortran.dg/class_25.f03 -Os : error executing dg-final: couldn't create error file for command: no space left on device
UNRESOLVED: gfortran.dg/class_25.f03 -Os : error executing dg-final: couldn't create error file for command: no space left on device
FAIL: gfortran.dg/class_26.f03 -O0 (test for excess errors)
WARNING: gfortran.dg/class_26.f03 -O0 compilation failed to produce executable
FAIL: gfortran.dg/class_26.f03 -O1 (test for excess errors)
WARNING: gfortran.dg/class_26.f03 -O1 compilation failed to produce executable
FAIL: gfortran.dg/class_26.f03 -O2 (test for excess errors)
WARNING: gfortran.dg/class_26.f03 -O2 compilation failed to produce executable
FAIL: gfortran.dg/class_26.f03 -O3 -fomit-frame-pointer (test for excess errors)
WARNING: gfortran.dg/class_26.f03 -O3 -fomit-frame-pointer compilation failed to produce executable
FAIL: gfortran.dg/class_26.f03 -O3 -fomit-frame-pointer -funroll-loops (test for excess errors)
WARNING: gfortran.dg/class_26.f03 -O3 -fomit-frame-pointer -funroll-loops compilation failed to produce executable
FAIL: gfortran.dg/class_26.f03 -O3 -fomit-frame-pointer -funroll-all-loops -finline-functions (test for excess errors)
WARNING: gfortran.dg/class_26.f03 -O3 -fomit-frame-pointer -funroll-all-loops -finline-functions compilation failed to produce executable
FAIL: gfortran.dg/class_26.f03 -O3 -g (test for excess errors)
WARNING: gfortran.dg/class_26.f03 -O3 -g compilation failed to produce executable
FAIL: gfortran.dg/class_26.f03 -Os (test for excess errors)
WARNING: gfortran.dg/class_26.f03 -Os compilation failed to produce executable
FAIL: gfortran.dg/class_4c.f03 -O0 (test for excess errors)
WARNING: gfortran.dg/class_4c.f03 -O0 compilation failed to produce executable
FAIL: gfortran.dg/class_4c.f03 -O1 (test for excess errors)
WARNING: gfortran.dg/class_4c.f03 -O1 compilation failed to produce executable
FAIL: gfortran.dg/class_4c.f03 -O2 (test for excess errors)
WARNING: gfortran.dg/class_4c.f03 -O2 compilation failed to produce executable
FAIL: gfortran.dg/class_4c.f03 -O3 -fomit-frame-pointer (test for excess errors)
WARNING: gfortran.dg/class_4c.f03 -O3 -fomit-frame-pointer compilation failed to produce executable
FAIL: gfortran.dg/class_4c.f03 -O3 -fomit-frame-pointer -funroll-loops (test for excess errors)
WARNING: gfortran.dg/class_4c.f03 -O3 -fomit-frame-pointer -funroll-loops compilation failed to produce executable
FAIL: gfortran.dg/class_4c.f03 -O3 -fomit-frame-pointer -funroll-all-loops -finline-functions (test for excess errors)
WARNING: gfortran.dg/class_4c.f03 -O3 -fomit-frame-pointer -funroll-all-loops -finline-functions compilation failed to produce executable
FAIL: gfortran.dg/class_4c.f03 -O3 -g (test for excess errors)
WARNING: gfortran.dg/class_4c.f03 -O3 -g compilation failed to produce executable
FAIL: gfortran.dg/class_4c.f03 -Os (test for excess errors)
WARNING: gfortran.dg/class_4c.f03 -Os compilation failed to produce executable
ERROR: gfortran.dg/class_4d.f03 -O : error executing dg-final: couldn't create error file for command: no space left on device
UNRESOLVED: gfortran.dg/class_4d.f03 -O : error executing dg-final: couldn't create error file for command: no space left on device
FAIL: gfortran.dg/class_6.f03 -O0 (test for excess errors)
WARNING: gfortran.dg/class_6.f03 -O0 compilation failed to produce executable
FAIL: gfortran.dg/class_6.f03 -O1 (test for excess errors)
WARNING: gfortran.dg/class_6.f03 -O1 compilation failed to produce executable
FAIL: gfortran.dg/class_6.f03 -O2 (test for excess errors)
WARNING: gfortran.dg/class_6.f03 -O2 compilation failed to produce executable
FAIL: gfortran.dg/class_6.f03 -O3 -fomit-frame-pointer (test for excess errors)
WARNING: gfortran.dg/class_6.f03 -O3 -fomit-frame-pointer compilation failed to produce executable
FAIL: gfortran.dg/class_6.f03 -O3 -fomit-frame-pointer -funroll-loops (test for excess errors)
WARNING: gfortran.dg/class_6.f03 -O3 -fomit-frame-pointer -funroll-loops compilation failed to produce executable
FAIL: gfortran.dg/class_6.f03 -O3 -fomit-frame-pointer -funroll-all-loops -finline-functions (test for excess errors)
WARNING: gfortran.dg/class_6.f03 -O3 -fomit-frame-pointer -funroll-all-loops -finline-functions compilation failed to produce executable
FAIL: gfortran.dg/class_6.f03 -O3 -g (test for excess errors)
WARNING: gfortran.dg/class_6.f03 -O3 -g compilation failed to produce executable
FAIL: gfortran.dg/class_6.f03 -Os (test for excess errors)
WARNING: gfortran.dg/class_6.f03 -Os compilation failed to produce executable
FAIL: gfortran.dg/class_9.f03 -O0 (test for excess errors)
WARNING: gfortran.dg/class_9.f03 -O0 compilation failed to produce executable
ERROR: gfortran.dg/class_9.f03 -O0 : error executing dg-final: couldn't create error file for command: no space left on device
UNRESOLVED: gfortran.dg/class_9.f03 -O0 : error executing dg-final: couldn't create error file for command: no space left on device
FAIL: gfortran.dg/class_9.f03 -O1 (test for excess errors)
WARNING: gfortran.dg/class_9.f03 -O1 compilation failed to produce executable
ERROR: gfortran.dg/class_9.f03 -O1 : error executing dg-final: couldn't create error file for command: no space left on device
UNRESOLVED: gfortran.dg/class_9.f03 -O1 : error executing dg-final: couldn't create error file for command: no space left on device
FAIL: gfortran.dg/class_9.f03 -O2 (test for excess errors)
WARNING: gfortran.dg/class_9.f03 -O2 compilation failed to produce executable
ERROR: gfortran.dg/class_9.f03 -O2 : error executing dg-final: couldn't create error file for command: no space left on device
UNRESOLVED: gfortran.dg/class_9.f03 -O2 : error executing dg-final: couldn't create error file for command: no space left on device
FAIL: gfortran.dg/class_9.f03 -O3 -fomit-frame-pointer (test for excess errors)
WARNING: gfortran.dg/class_9.f03 -O3 -fomit-frame-pointer compilation failed to produce executable
ERROR: gfortran.dg/class_9.f03 -O3 -fomit-frame-pointer : error executing dg-final: couldn't create error file for command: no space left on device
UNRESOLVED: gfortran.dg/class_9.f03 -O3 -fomit-frame-pointer : error executing dg-final: couldn't create error file for command: no space left on device
FAIL: gfortran.dg/class_9.f03 -O3 -fomit-frame-pointer -funroll-loops (test for excess errors)
WARNING: gfortran.dg/class_9.f03 -O3 -fomit-frame-pointer -funroll-loops compilation failed to produce executable
ERROR: gfortran.dg/class_9.f03 -O3 -fomit-frame-pointer -funroll-loops : error executing dg-final: couldn't create error file for command: no space left on device
UNRESOLVED: gfortran.dg/class_9.f03 -O3 -fomit-frame-pointer -funroll-loops : error executing dg-final: couldn't create error file for command: no space left on device
FAIL: gfortran.dg/class_9.f03 -O3 -fomit-frame-pointer -funroll-all-loops -finline-functions (test for excess errors)
WARNING: gfortran.dg/class_9.f03 -O3 -fomit-frame-pointer -funroll-all-loops -finline-functions compilation failed to produce executable
ERROR: gfortran.dg/class_9.f03 -O3 -fomit-frame-pointer -funroll-all-loops -finline-functions : error executing dg-final: couldn't create error file for command: no space left on device
UNRESOLVED: gfortran.dg/class_9.f03 -O3 -fomit-frame-pointer -funroll-all-loops -finline-functions : error executing dg-final: couldn't create error file for command: no space left on device
FAIL: gfortran.dg/class_9.f03 -O3 -g (test for excess errors)
WARNING: gfortran.dg/class_9.f03 -O3 -g compilation failed to produce executable
ERROR: gfortran.dg/class_9.f03 -O3 -g : error executing dg-final: couldn't create error file for command: no space left on device
UNRESOLVED: gfortran.dg/class_9.f03 -O3 -g : error executing dg-final: couldn't create error file for command: no space left on device
FAIL: gfortran.dg/class_9.f03 -Os (test for excess errors)
WARNING: gfortran.dg/class_9.f03 -Os compilation failed to produce executable
ERROR: gfortran.dg/class_9.f03 -Os : error executing dg-final: couldn't create error file for command: no space left on device
UNRESOLVED: gfortran.dg/class_9.f03 -Os : error executing dg-final: couldn't create error file for command: no space left on device
FAIL: gfortran.dg/class_allocate_1.f03 -O0 (test for excess errors)
WARNING: gfortran.dg/class_allocate_1.f03 -O0 compilation failed to produce executable
FAIL: gfortran.dg/class_allocate_1.f03 -O1 (test for excess errors)
WARNING: gfortran.dg/class_allocate_1.f03 -O1 compilation failed to produce executable
FAIL: gfortran.dg/class_allocate_1.f03 -O2 (test for excess errors)
WARNING: gfortran.dg/class_allocate_1.f03 -O2 compilation failed to produce executable
FAIL: gfortran.dg/class_allocate_1.f03 -O3 -fomit-frame-pointer (test for excess errors)
WARNING: gfortran.dg/class_allocate_1.f03 -O3 -fomit-frame-pointer compilation failed to produce executable
FAIL: gfortran.dg/class_allocate_1.f03 -O3 -fomit-frame-pointer -funroll-loops (test for excess errors)
WARNING: gfortran.dg/class_allocate_1.f03 -O3 -fomit-frame-pointer -funroll-loops compilation failed to produce executable
FAIL: gfortran.dg/class_allocate_1.f03 -O3 -fomit-frame-pointer -funroll-all-loops -finline-functions (test for excess errors)
WARNING: gfortran.dg/class_allocate_1.f03 -O3 -fomit-frame-pointer -funroll-all-loops -finline-functions compilation failed to produce executable
FAIL: gfortran.dg/class_allocate_1.f03 -O3 -g (test for excess errors)
WARNING: gfortran.dg/class_allocate_1.f03 -O3 -g compilation failed to produce executable
FAIL: gfortran.dg/class_allocate_1.f03 -Os (test for excess errors)
WARNING: gfortran.dg/class_allocate_1.f03 -Os compilation failed to produce executable
FAIL: gfortran.dg/class_allocate_3.f03 -O0 (test for excess errors)
WARNING: gfortran.dg/class_allocate_3.f03 -O0 compilation failed to produce executable
FAIL: gfortran.dg/class_allocate_3.f03 -O1 (test for excess errors)
WARNING: gfortran.dg/class_allocate_3.f03 -O1 compilation failed to produce executable
FAIL: gfortran.dg/class_allocate_3.f03 -O2 (test for excess errors)
WARNING: gfortran.dg/class_allocate_3.f03 -O2 compilation failed to produce executable
FAIL: gfortran.dg/class_allocate_3.f03 -O3 -fomit-frame-pointer (test for excess errors)
WARNING: gfortran.dg/class_allocate_3.f03 -O3 -fomit-frame-pointer compilation failed to produce executable
FAIL: gfortran.dg/class_allocate_3.f03 -O3 -fomit-frame-pointer -funroll-loops (test for excess errors)
WARNING: gfortran.dg/class_allocate_3.f03 -O3 -fomit-frame-pointer -funroll-loops compilation failed to produce executable
FAIL: gfortran.dg/class_allocate_3.f03 -O3 -fomit-frame-pointer -funroll-all-loops -finline-functions (test for excess errors)
WARNING: gfortran.dg/class_allocate_3.f03 -O3 -fomit-frame-pointer -funroll-all-loops -finline-functions compilation failed to produce executable
FAIL: gfortran.dg/class_allocate_3.f03 -O3 -g (test for excess errors)
WARNING: gfortran.dg/class_allocate_3.f03 -O3 -g compilation failed to produce executable
FAIL: gfortran.dg/class_allocate_3.f03 -Os (test for excess errors)
WARNING: gfortran.dg/class_allocate_3.f03 -Os compilation failed to produce executable
FAIL: gfortran.dg/class_allocate_4.f03 -O0 (test for excess errors)
WARNING: gfortran.dg/class_allocate_4.f03 -O0 compilation failed to produce executable
FAIL: gfortran.dg/class_allocate_4.f03 -O1 (test for excess errors)
WARNING: gfortran.dg/class_allocate_4.f03 -O1 compilation failed to produce executable
FAIL: gfortran.dg/class_allocate_4.f03 -O2 (test for excess errors)
WARNING: gfortran.dg/class_allocate_4.f03 -O2 compilation failed to produce executable
FAIL: gfortran.dg/class_allocate_4.f03 -O3 -fomit-frame-pointer (test for excess errors)
WARNING: gfortran.dg/class_allocate_4.f03 -O3 -fomit-frame-pointer compilation failed to produce executable
FAIL: gfortran.dg/class_allocate_4.f03 -O3 -fomit-frame-pointer -funroll-loops (test for excess errors)
WARNING: gfortran.dg/class_allocate_4.f03 -O3 -fomit-frame-pointer -funroll-loops compilation failed to produce executable
FAIL: gfortran.dg/class_allocate_4.f03 -O3 -fomit-frame-pointer -funroll-all-loops -finline-functions (test for excess errors)
WARNING: gfortran.dg/class_allocate_4.f03 -O3 -fomit-frame-pointer -funroll-all-loops -finline-functions compilation failed to produce executable
FAIL: gfortran.dg/class_allocate_4.f03 -O3 -g (test for excess errors)
WARNING: gfortran.dg/class_allocate_4.f03 -O3 -g compilation failed to produce executable
FAIL: gfortran.dg/class_allocate_4.f03 -Os (test for excess errors)
WARNING: gfortran.dg/class_allocate_4.f03 -Os compilation failed to produce executable
FAIL: gfortran.dg/class_defined_operator_1.f03 -O0 (test for excess errors)
WARNING: gfortran.dg/class_defined_operator_1.f03 -O0 compilation failed to produce executable
FAIL: gfortran.dg/class_defined_operator_1.f03 -O1 (test for excess errors)
WARNING: gfortran.dg/class_defined_operator_1.f03 -O1 compilation failed to produce executable
FAIL: gfortran.dg/class_defined_operator_1.f03 -O2 (test for excess errors)
WARNING: gfortran.dg/class_defined_operator_1.f03 -O2 compilation failed to produce executable
FAIL: gfortran.dg/class_defined_operator_1.f03 -O3 -fomit-frame-pointer (test for excess errors)
WARNING: gfortran.dg/class_defined_operator_1.f03 -O3 -fomit-frame-pointer compilation failed to produce executable
FAIL: gfortran.dg/class_defined_operator_1.f03 -O3 -fomit-frame-pointer -funroll-loops (test for excess errors)
WARNING: gfortran.dg/class_defined_operator_1.f03 -O3 -fomit-frame-pointer -funroll-loops compilation failed to produce executable
FAIL: gfortran.dg/class_defined_operator_1.f03 -O3 -fomit-frame-pointer -funroll-all-loops -finline-functions (test for excess errors)
WARNING: gfortran.dg/class_defined_operator_1.f03 -O3 -fomit-frame-pointer -funroll-all-loops -finline-functions compilation failed to produce executable
FAIL: gfortran.dg/class_defined_operator_1.f03 -O3 -g (test for excess errors)
WARNING: gfortran.dg/class_defined_operator_1.f03 -O3 -g compilation failed to produce executable
FAIL: gfortran.dg/class_defined_operator_1.f03 -Os (test for excess errors)
WARNING: gfortran.dg/class_defined_operator_1.f03 -Os compilation failed to produce executable
FAIL: gfortran.dg/class_dummy_1.f03 -O0 (test for excess errors)
WARNING: gfortran.dg/class_dummy_1.f03 -O0 compilation failed to produce executable
FAIL: gfortran.dg/class_dummy_1.f03 -O1 (test for excess errors)
WARNING: gfortran.dg/class_dummy_1.f03 -O1 compilation failed to produce executable
FAIL: gfortran.dg/class_dummy_1.f03 -O2 (test for excess errors)
WARNING: gfortran.dg/class_dummy_1.f03 -O2 compilation failed to produce executable
FAIL: gfortran.dg/class_dummy_1.f03 -O3 -fomit-frame-pointer (test for excess errors)
WARNING: gfortran.dg/class_dummy_1.f03 -O3 -fomit-frame-pointer compilation failed to produce executable
FAIL: gfortran.dg/class_dummy_1.f03 -O3 -fomit-frame-pointer -funroll-loops (test for excess errors)
WARNING: gfortran.dg/class_dummy_1.f03 -O3 -fomit-frame-pointer -funroll-loops compilation failed to produce executable
FAIL: gfortran.dg/class_dummy_1.f03 -O3 -fomit-frame-pointer -funroll-all-loops -finline-functions (test for excess errors)
WARNING: gfortran.dg/class_dummy_1.f03 -O3 -fomit-frame-pointer -funroll-all-loops -finline-functions compilation failed to produce executable
FAIL: gfortran.dg/class_dummy_1.f03 -O3 -g (test for excess errors)
WARNING: gfortran.dg/class_dummy_1.f03 -O3 -g compilation failed to produce executable
FAIL: gfortran.dg/class_dummy_1.f03 -Os (test for excess errors)
WARNING: gfortran.dg/class_dummy_1.f03 -Os compilation failed to produce executable
FAIL: gfortran.dg/class_dummy_2.f03 -O0 (test for excess errors)
WARNING: gfortran.dg/class_dummy_2.f03 -O0 compilation failed to produce executable
FAIL: gfortran.dg/class_dummy_2.f03 -O1 (test for excess errors)
WARNING: gfortran.dg/class_dummy_2.f03 -O1 compilation failed to produce executable
FAIL: gfortran.dg/class_dummy_2.f03 -O2 (test for excess errors)
WARNING: gfortran.dg/class_dummy_2.f03 -O2 compilation failed to produce executable
FAIL: gfortran.dg/class_dummy_2.f03 -O3 -fomit-frame-pointer (test for excess errors)
WARNING: gfortran.dg/class_dummy_2.f03 -O3 -fomit-frame-pointer compilation failed to produce executable
FAIL: gfortran.dg/class_dummy_2.f03 -O3 -fomit-frame-pointer -funroll-loops (test for excess errors)
WARNING: gfortran.dg/class_dummy_2.f03 -O3 -fomit-frame-pointer -funroll-loops compilation failed to produce executable
FAIL: gfortran.dg/class_dummy_2.f03 -O3 -fomit-frame-pointer -funroll-all-loops -finline-functions (test for excess errors)
WARNING: gfortran.dg/class_dummy_2.f03 -O3 -fomit-frame-pointer -funroll-all-loops -finline-functions compilation failed to produce executable
FAIL: gfortran.dg/class_dummy_2.f03 -O3 -g (test for excess errors)
WARNING: gfortran.dg/class_dummy_2.f03 -O3 -g compilation failed to produce executable
FAIL: gfortran.dg/class_dummy_2.f03 -Os (test for excess errors)
WARNING: gfortran.dg/class_dummy_2.f03 -Os compilation failed to produce executable
ERROR: gfortran.dg/coarray_11.f90 -O : error executing dg-final: couldn't create error file for command: no space left on device
UNRESOLVED: gfortran.dg/coarray_11.f90 -O : error executing dg-final: couldn't create error file for command: no space left on device
ERROR: gfortran.dg/coarray_12.f90 -O : error executing dg-final: couldn't create error file for command: no space left on device
UNRESOLVED: gfortran.dg/coarray_12.f90 -O : error executing dg-final: couldn't create error file for command: no space left on device
FAIL: gfortran.dg/coarray_13.f90 -O0 (test for excess errors)
WARNING: gfortran.dg/coarray_13.f90 -O0 compilation failed to produce executable
FAIL: gfortran.dg/coarray_13.f90 -O1 (test for excess errors)
WARNING: gfortran.dg/coarray_13.f90 -O1 compilation failed to produce executable
FAIL: gfortran.dg/coarray_13.f90 -O2 (test for excess errors)
WARNING: gfortran.dg/coarray_13.f90 -O2 compilation failed to produce executable
FAIL: gfortran.dg/coarray_13.f90 -O3 -fomit-frame-pointer (test for excess errors)
WARNING: gfortran.dg/coarray_13.f90 -O3 -fomit-frame-pointer compilation failed to produce executable
FAIL: gfortran.dg/coarray_13.f90 -O3 -fomit-frame-pointer -funroll-loops (test for excess errors)
WARNING: gfortran.dg/coarray_13.f90 -O3 -fomit-frame-pointer -funroll-loops compilation failed to produce executable
FAIL: gfortran.dg/coarray_13.f90 -O3 -fomit-frame-pointer -funroll-all-loops -finline-functions (test for excess errors)
WARNING: gfortran.dg/coarray_13.f90 -O3 -fomit-frame-pointer -funroll-all-loops -finline-functions compilation failed to produce executable
FAIL: gfortran.dg/coarray_13.f90 -O3 -g (test for excess errors)
WARNING: gfortran.dg/coarray_13.f90 -O3 -g compilation failed to produce executable
FAIL: gfortran.dg/coarray_13.f90 -Os (test for excess errors)
WARNING: gfortran.dg/coarray_13.f90 -Os compilation failed to produce executable
FAIL: gfortran.dg/coarray_2.f90 -O0 (test for excess errors)
WARNING: gfortran.dg/coarray_2.f90 -O0 compilation failed to produce executable
FAIL: gfortran.dg/coarray_2.f90 -O1 (test for excess errors)
WARNING: gfortran.dg/coarray_2.f90 -O1 compilation failed to produce executable
FAIL: gfortran.dg/coarray_2.f90 -O2 (test for excess errors)
WARNING: gfortran.dg/coarray_2.f90 -O2 compilation failed to produce executable
FAIL: gfortran.dg/coarray_2.f90 -O3 -fomit-frame-pointer (test for excess errors)
WARNING: gfortran.dg/coarray_2.f90 -O3 -fomit-frame-pointer compilation failed to produce executable
FAIL: gfortran.dg/coarray_2.f90 -O3 -fomit-frame-pointer -funroll-loops (test for excess errors)
WARNING: gfortran.dg/coarray_2.f90 -O3 -fomit-frame-pointer -funroll-loops compilation failed to produce executable
FAIL: gfortran.dg/coarray_2.f90 -O3 -fomit-frame-pointer -funroll-all-loops -finline-functions (test for excess errors)
WARNING: gfortran.dg/coarray_2.f90 -O3 -fomit-frame-pointer -funroll-all-loops -finline-functions compilation failed to produce executable
FAIL: gfortran.dg/coarray_2.f90 -O3 -g (test for excess errors)
WARNING: gfortran.dg/coarray_2.f90 -O3 -g compilation failed to produce executable
FAIL: gfortran.dg/coarray_2.f90 -Os (test for excess errors)
WARNING: gfortran.dg/coarray_2.f90 -Os compilation failed to produce executable
ERROR: gfortran.dg/coarray_6.f90 -O : error executing dg-final: couldn't create error file for command: no space left on device
UNRESOLVED: gfortran.dg/coarray_6.f90 -O : error executing dg-final: couldn't create error file for command: no space left on device
=== gfortran Summary ===
# of expected passes 35935
# of unexpected failures 360
# of expected failures 41
# of unresolved testcases 31
# of unsupported tests 180
/home/regress/tbox/native/build/gcc/testsuite/gfortran/../../gfortran version 4.6.0 20101001 (experimental) (GCC)
=== objc tests ===
Running target unix
XPASS: objc.dg-struct-layout-encoding-1/t026_main.m execution test
=== objc Summary ===
# of expected passes 2100
# of unexpected successes 1
# of expected failures 6
# of unsupported tests 24
/home/regress/tbox/native/build/gcc/xgcc version 4.6.0 20101001 (experimental) (GCC)
=== libffi tests ===
Running target unix
=== libffi Summary ===
# of expected passes 1634
# of expected failures 10
# of unsupported tests 15
=== libgomp tests ===
Running target unix
=== libgomp Summary ===
# of expected passes 2494
=== libjava tests ===
Running target unix
=== libjava Summary ===
# of expected passes 2574
=== libmudflap tests ===
Running target unix
FAIL: libmudflap.c/pass49-frag.c execution test
FAIL: libmudflap.c/pass49-frag.c output pattern test
FAIL: libmudflap.c/pass49-frag.c execution test
FAIL: libmudflap.c/pass49-frag.c output pattern test
FAIL: libmudflap.c/pass49-frag.c (-static) execution test
FAIL: libmudflap.c/pass49-frag.c (-static) output pattern test
FAIL: libmudflap.c/pass49-frag.c (-static) execution test
FAIL: libmudflap.c/pass49-frag.c (-static) output pattern test
FAIL: libmudflap.c/pass49-frag.c (-O2) execution test
FAIL: libmudflap.c/pass49-frag.c (-O2) output pattern test
FAIL: libmudflap.c/pass49-frag.c (-O2) execution test
FAIL: libmudflap.c/pass49-frag.c (-O2) output pattern test
FAIL: libmudflap.c/pass49-frag.c (-O3) execution test
FAIL: libmudflap.c/pass49-frag.c (-O3) output pattern test
FAIL: libmudflap.c/pass49-frag.c (-O3) execution test
FAIL: libmudflap.c/pass49-frag.c (-O3) output pattern test
FAIL: libmudflap.c++/pass41-frag.cxx execution test
FAIL: libmudflap.c++/pass41-frag.cxx (-static) execution test
FAIL: libmudflap.c++/pass41-frag.cxx (-O2) execution test
FAIL: libmudflap.c++/pass41-frag.cxx (-O3) execution test
FAIL: libmudflap.cth/pass39-frag.c (rerun 11) execution test
FAIL: libmudflap.cth/pass39-frag.c (rerun 11) output pattern test
=== libmudflap Summary ===
# of expected passes 1872
# of unexpected failures 22
=== libstdc++ tests ===
Running target unix
FAIL: 22_locale/codecvt/in/wchar_t/9.cc execution test
FAIL: 22_locale/codecvt/length/char/1.cc (test for excess errors)
WARNING: 22_locale/codecvt/length/char/1.cc compilation failed to produce executable
FAIL: 22_locale/codecvt/length/char/2.cc (test for excess errors)
WARNING: 22_locale/codecvt/length/char/2.cc compilation failed to produce executable
FAIL: 22_locale/codecvt/length/wchar_t/1.cc (test for excess errors)
WARNING: 22_locale/codecvt/length/wchar_t/1.cc compilation failed to produce executable
FAIL: 22_locale/codecvt/length/wchar_t/5.cc (test for excess errors)
WARNING: 22_locale/codecvt/length/wchar_t/5.cc compilation failed to produce executable
FAIL: 22_locale/codecvt/length/wchar_t/6.cc (test for excess errors)
WARNING: 22_locale/codecvt/length/wchar_t/6.cc compilation failed to produce executable
FAIL: 22_locale/codecvt/max_length/char/1.cc (test for excess errors)
WARNING: 22_locale/codecvt/max_length/char/1.cc compilation failed to produce executable
FAIL: 22_locale/codecvt/max_length/wchar_t/1.cc (test for excess errors)
WARNING: 22_locale/codecvt/max_length/wchar_t/1.cc compilation failed to produce executable
FAIL: 22_locale/codecvt/out/char/1.cc (test for excess errors)
WARNING: 22_locale/codecvt/out/char/1.cc compilation failed to produce executable
FAIL: 22_locale/codecvt/out/wchar_t/1.cc (test for excess errors)
WARNING: 22_locale/codecvt/out/wchar_t/1.cc compilation failed to produce executable
FAIL: 22_locale/codecvt/out/wchar_t/5.cc (test for excess errors)
WARNING: 22_locale/codecvt/out/wchar_t/5.cc compilation failed to produce executable
FAIL: 22_locale/codecvt/out/wchar_t/6.cc (test for excess errors)
WARNING: 22_locale/codecvt/out/wchar_t/6.cc compilation failed to produce executable
FAIL: 22_locale/codecvt/unshift/char/1.cc (test for excess errors)
WARNING: 22_locale/codecvt/unshift/char/1.cc compilation failed to produce executable
FAIL: 22_locale/codecvt/unshift/wchar_t/1.cc (test for excess errors)
WARNING: 22_locale/codecvt/unshift/wchar_t/1.cc compilation failed to produce executable
FAIL: 22_locale/collate/hash/char/1.cc (test for excess errors)
WARNING: 22_locale/collate/hash/char/1.cc compilation failed to produce executable
FAIL: 22_locale/collate/hash/wchar_t/1.cc (test for excess errors)
WARNING: 22_locale/collate/hash/wchar_t/1.cc compilation failed to produce executable
FAIL: 22_locale/collate/transform/char/28277.cc (test for excess errors)
WARNING: 22_locale/collate/transform/char/28277.cc compilation failed to produce executable
FAIL: 22_locale/collate/transform/wchar_t/28277.cc (test for excess errors)
WARNING: 22_locale/collate/transform/wchar_t/28277.cc compilation failed to produce executable
FAIL: 22_locale/ctype/cons/char/1.cc (test for excess errors)
WARNING: 22_locale/ctype/cons/char/1.cc compilation failed to produce executable
FAIL: 22_locale/ctype/is/char/1.cc (test for excess errors)
WARNING: 22_locale/ctype/is/char/1.cc compilation failed to produce executable
FAIL: 22_locale/ctype/is/char/3.cc (test for excess errors)
WARNING: 22_locale/ctype/is/char/3.cc compilation failed to produce executable
FAIL: 22_locale/ctype/is/char/9858.cc (test for excess errors)
WARNING: 22_locale/ctype/is/char/9858.cc compilation failed to produce executable
FAIL: 22_locale/ctype/is/wchar_t/1.cc (test for excess errors)
WARNING: 22_locale/ctype/is/wchar_t/1.cc compilation failed to produce executable
FAIL: 22_locale/ctype/is/wchar_t/11740.cc (test for excess errors)
WARNING: 22_locale/ctype/is/wchar_t/11740.cc compilation failed to produce executable
FAIL: 22_locale/ctype/narrow/char/1.cc (test for excess errors)
WARNING: 22_locale/ctype/narrow/char/1.cc compilation failed to produce executable
FAIL: 22_locale/ctype/narrow/char/19955.cc (test for excess errors)
WARNING: 22_locale/ctype/narrow/char/19955.cc compilation failed to produce executable
FAIL: 22_locale/ctype/narrow/char/2.cc (test for excess errors)
WARNING: 22_locale/ctype/narrow/char/2.cc compilation failed to produce executable
FAIL: 22_locale/ctype/narrow/wchar_t/1.cc (test for excess errors)
WARNING: 22_locale/ctype/narrow/wchar_t/1.cc compilation failed to produce executable
FAIL: 22_locale/ctype/narrow/wchar_t/2.cc (test for excess errors)
WARNING: 22_locale/ctype/narrow/wchar_t/2.cc compilation failed to produce executable
=== libstdc++ Summary ===
# of expected passes 7751
# of unexpected failures 29
# of expected failures 85
# of unsupported tests 172
Compiler version: 4.6.0 20101001 (experimental) (GCC)
Platform: i686-pc-linux-gnu
configure flags: --prefix=/home/regress/tbox/objs --target=i686-pc-linux-gnu