This is the mail archive of the
gcc-testresults@gcc.gnu.org
mailing list for the GCC project.
Results for 4.6.0 20100928 (experimental) [trunk revision 164675] (GCC) testsuite on i686-pc-linux-gnu
- From: Laurent GUERBY gcc100 <guerby at gcc11 dot fsffrance dot org>
- To: gcc-testresults at gcc dot gnu dot org
- Date: Tue, 28 Sep 2010 05:53:19 -0700
- Subject: Results for 4.6.0 20100928 (experimental) [trunk revision 164675] (GCC) testsuite on i686-pc-linux-gnu
LAST_UPDATED: Tue Sep 28 01:55:02 UTC 2010 (revision 164675)
=== acats tests ===
=== acats Summary ===
# of expected passes 2321
# of unexpected failures 0
Native configuration is i686-pc-linux-gnu
=== gcc tests ===
Running target unix
FAIL: gcc.dg/O16384.c (test for excess errors)
FAIL: gcc.dg/cproj-fails-with-broken-glibc.c execution test
FAIL: gcc.dg/pr37106-1.c (test for excess errors)
FAIL: gcc.dg/pr37106-2.c (test for excess errors)
FAIL: gcc.dg/pr43562.c (test for excess errors)
FAIL: gcc.dg/pr43564.c (test for excess errors)
XPASS: gcc.dg/guality/example.c -O0 execution test
XPASS: gcc.dg/guality/example.c -O1 execution test
XPASS: gcc.dg/guality/guality.c -O0 execution test
XPASS: gcc.dg/guality/guality.c -O1 execution test
XPASS: gcc.dg/guality/guality.c -O2 execution test
XPASS: gcc.dg/guality/guality.c -O3 -fomit-frame-pointer execution test
XPASS: gcc.dg/guality/guality.c -O3 -g execution test
XPASS: gcc.dg/guality/guality.c -Os execution test
FAIL: gcc.dg/guality/inline-params.c -O0 execution test
FAIL: gcc.dg/guality/inline-params.c -O1 execution test
XPASS: gcc.dg/guality/pr41353-1.c -O0 line 28 j == 28 + 37
XPASS: gcc.dg/guality/pr41447-1.c -O0 execution test
XPASS: gcc.dg/guality/pr41447-1.c -O1 execution test
XPASS: gcc.dg/guality/pr41447-1.c -Os execution test
XPASS: gcc.dg/guality/pr41616-1.c -O0 execution test
FAIL: gcc.dg/guality/vla-1.c -O0 line 17 sizeof (a) == 6
FAIL: gcc.dg/guality/vla-1.c -O0 line 24 sizeof (a) == 17 * sizeof (short)
FAIL: gcc.dg/guality/vla-1.c -O1 line 24 sizeof (a) == 17 * sizeof (short)
FAIL: gcc.dg/guality/vla-1.c -O2 line 24 sizeof (a) == 17 * sizeof (short)
FAIL: gcc.dg/guality/vla-1.c -O3 -fomit-frame-pointer line 24 sizeof (a) == 17 * sizeof (short)
FAIL: gcc.dg/guality/vla-1.c -O3 -g line 24 sizeof (a) == 17 * sizeof (short)
FAIL: gcc.dg/guality/vla-1.c -Os line 24 sizeof (a) == 17 * sizeof (short)
XPASS: gcc.dg/tree-ssa/20031106-3.c scan-tree-dump-times optimized "link_error" 0
XPASS: gcc.dg/tree-ssa/20040204-1.c scan-tree-dump-times optimized "link_error" 0
XPASS: gcc.dg/tree-ssa/fre-vce-1.c scan-tree-dump-times fre "sv.i" 2
FAIL: gcc.dg/vect/pr43430-2.c scan-tree-dump-times vect "vectorized 1 loops" 1
FAIL: gcc.target/i386/cleanup-1.c (test for excess errors)
FAIL: gcc.target/i386/opt-1.c (test for excess errors)
ERROR: gcc.target/i386/opt-1.c: error executing dg-final: couldn't open "opt-1.s": no such file or directory
UNRESOLVED: gcc.target/i386/opt-1.c: error executing dg-final: couldn't open "opt-1.s": no such file or directory
FAIL: gcc.target/i386/opt-2.c (test for excess errors)
ERROR: gcc.target/i386/opt-2.c: error executing dg-final: couldn't open "opt-2.s": no such file or directory
UNRESOLVED: gcc.target/i386/opt-2.c: error executing dg-final: couldn't open "opt-2.s": no such file or directory
FAIL: gcc.target/i386/pr38240.c (internal compiler error)
FAIL: gcc.target/i386/pr38240.c (test for excess errors)
=== gcc Summary ===
# of expected passes 63094
# of unexpected failures 21
# of unexpected successes 16
# of expected failures 220
# of unresolved testcases 2
# of unsupported tests 1316
/home/guerby/build/gcc/xgcc version 4.6.0 20100928 (experimental) [trunk revision 164675] (GCC)
=== gfortran tests ===
Running target unix
=== gfortran Summary ===
# of expected passes 36499
# of expected failures 41
# of unsupported tests 179
/home/guerby/build/gcc/testsuite/gfortran/../../gfortran version 4.6.0 20100928 (experimental) [trunk revision 164675] (GCC)
=== g++ tests ===
Running target unix
FAIL: g++.dg/guality/redeclaration1.C -O0 line 16 i == 24
FAIL: g++.dg/guality/redeclaration1.C -O1 line 16 i == 24
FAIL: g++.dg/guality/redeclaration1.C -O2 line 16 i == 24
FAIL: g++.dg/guality/redeclaration1.C -O3 -fomit-frame-pointer line 16 i == 24
FAIL: g++.dg/guality/redeclaration1.C -O3 -g line 16 i == 24
FAIL: g++.dg/guality/redeclaration1.C -Os line 16 i == 24
=== g++ Summary ===
# of expected passes 23958
# of unexpected failures 6
# of expected failures 147
# of unsupported tests 132
/home/guerby/build/gcc/testsuite/g++/../../g++ version 4.6.0 20100928 (experimental) [trunk revision 164675] (GCC)
=== gnat tests ===
Running target unix
=== gnat Summary ===
# of expected passes 827
# of expected failures 10
# of unsupported tests 4
=== objc tests ===
Running target unix
XPASS: objc.dg-struct-layout-encoding-1/t026_main.m execution test
=== objc Summary ===
# of expected passes 2030
# of unexpected successes 1
# of expected failures 6
# of unsupported tests 24
/home/guerby/build/gcc/xgcc version 4.6.0 20100928 (experimental) [trunk revision 164675] (GCC)
=== libffi tests ===
Running target unix
=== libffi Summary ===
# of expected passes 1624
# of expected failures 10
# of unsupported tests 15
=== libgomp tests ===
Running target unix
=== libgomp Summary ===
# of expected passes 2494
=== libjava tests ===
Running target unix
=== libjava Summary ===
# of expected passes 2574
=== libmudflap tests ===
Running target unix
FAIL: libmudflap.c/pass49-frag.c execution test
FAIL: libmudflap.c/pass49-frag.c output pattern test
FAIL: libmudflap.c/pass49-frag.c execution test
FAIL: libmudflap.c/pass49-frag.c output pattern test
FAIL: libmudflap.c/pass49-frag.c (-static) execution test
FAIL: libmudflap.c/pass49-frag.c (-static) output pattern test
FAIL: libmudflap.c/pass49-frag.c (-static) execution test
FAIL: libmudflap.c/pass49-frag.c (-static) output pattern test
FAIL: libmudflap.c/pass49-frag.c (-O2) execution test
FAIL: libmudflap.c/pass49-frag.c (-O2) output pattern test
FAIL: libmudflap.c/pass49-frag.c (-O2) execution test
FAIL: libmudflap.c/pass49-frag.c (-O2) output pattern test
FAIL: libmudflap.c/pass49-frag.c (-O3) execution test
FAIL: libmudflap.c/pass49-frag.c (-O3) output pattern test
FAIL: libmudflap.c/pass49-frag.c (-O3) execution test
FAIL: libmudflap.c/pass49-frag.c (-O3) output pattern test
FAIL: libmudflap.c++/pass41-frag.cxx execution test
FAIL: libmudflap.c++/pass41-frag.cxx (-static) execution test
FAIL: libmudflap.c++/pass41-frag.cxx (-O2) execution test
FAIL: libmudflap.c++/pass41-frag.cxx (-O3) execution test
=== libmudflap Summary ===
# of expected passes 1874
# of unexpected failures 20
=== libstdc++ tests ===
Running target unix
WARNING: program timed out.
FAIL: decimal/mixed-mode_neg.cc (test for errors, line 111)
FAIL: decimal/mixed-mode_neg.cc (test for errors, line 112)
FAIL: decimal/mixed-mode_neg.cc (test for errors, line 113)
FAIL: decimal/mixed-mode_neg.cc (test for errors, line 114)
FAIL: decimal/mixed-mode_neg.cc (test for errors, line 120)
FAIL: decimal/mixed-mode_neg.cc (test for errors, line 121)
FAIL: decimal/mixed-mode_neg.cc (test for errors, line 122)
FAIL: decimal/mixed-mode_neg.cc (test for errors, line 123)
FAIL: decimal/mixed-mode_neg.cc (test for errors, line 124)
FAIL: decimal/mixed-mode_neg.cc (test for errors, line 125)
FAIL: decimal/mixed-mode_neg.cc (test for errors, line 131)
FAIL: decimal/mixed-mode_neg.cc (test for errors, line 132)
FAIL: decimal/mixed-mode_neg.cc (test for errors, line 133)
FAIL: decimal/mixed-mode_neg.cc (test for errors, line 134)
FAIL: decimal/mixed-mode_neg.cc (test for errors, line 135)
FAIL: decimal/mixed-mode_neg.cc (test for errors, line 136)
FAIL: decimal/mixed-mode_neg.cc (test for errors, line 142)
FAIL: decimal/mixed-mode_neg.cc (test for errors, line 143)
FAIL: decimal/mixed-mode_neg.cc (test for errors, line 144)
FAIL: decimal/mixed-mode_neg.cc (test for errors, line 145)
FAIL: decimal/mixed-mode_neg.cc (test for errors, line 146)
FAIL: decimal/mixed-mode_neg.cc (test for errors, line 147)
FAIL: decimal/mixed-mode_neg.cc (test for errors, line 153)
FAIL: decimal/mixed-mode_neg.cc (test for errors, line 154)
FAIL: decimal/mixed-mode_neg.cc (test for errors, line 155)
FAIL: decimal/mixed-mode_neg.cc (test for errors, line 156)
FAIL: decimal/mixed-mode_neg.cc (test for errors, line 157)
FAIL: decimal/mixed-mode_neg.cc (test for errors, line 158)
FAIL: decimal/mixed-mode_neg.cc (test for errors, line 159)
FAIL: decimal/mixed-mode_neg.cc (test for errors, line 160)
FAIL: decimal/mixed-mode_neg.cc (test for errors, line 161)
FAIL: decimal/mixed-mode_neg.cc (test for errors, line 167)
FAIL: decimal/mixed-mode_neg.cc (test for errors, line 168)
FAIL: decimal/mixed-mode_neg.cc (test for errors, line 169)
FAIL: decimal/mixed-mode_neg.cc (test for errors, line 170)
FAIL: decimal/mixed-mode_neg.cc (test for errors, line 171)
FAIL: decimal/mixed-mode_neg.cc (test for errors, line 172)
FAIL: decimal/mixed-mode_neg.cc (test for errors, line 173)
FAIL: decimal/mixed-mode_neg.cc (test for errors, line 174)
FAIL: decimal/mixed-mode_neg.cc (test for errors, line 175)
FAIL: decimal/mixed-mode_neg.cc (test for errors, line 181)
FAIL: decimal/mixed-mode_neg.cc (test for errors, line 182)
FAIL: decimal/mixed-mode_neg.cc (test for errors, line 183)
FAIL: decimal/mixed-mode_neg.cc (test for errors, line 184)
FAIL: decimal/mixed-mode_neg.cc (test for errors, line 185)
FAIL: decimal/mixed-mode_neg.cc (test for errors, line 186)
FAIL: decimal/mixed-mode_neg.cc (test for errors, line 187)
FAIL: decimal/mixed-mode_neg.cc (test for errors, line 188)
FAIL: decimal/mixed-mode_neg.cc (test for errors, line 189)
FAIL: decimal/mixed-mode_neg.cc (test for errors, line 195)
FAIL: decimal/mixed-mode_neg.cc (test for errors, line 196)
FAIL: decimal/mixed-mode_neg.cc (test for errors, line 197)
FAIL: decimal/mixed-mode_neg.cc (test for errors, line 198)
FAIL: decimal/mixed-mode_neg.cc (test for errors, line 199)
FAIL: decimal/mixed-mode_neg.cc (test for errors, line 200)
FAIL: decimal/mixed-mode_neg.cc (test for errors, line 201)
FAIL: decimal/mixed-mode_neg.cc (test for errors, line 202)
FAIL: decimal/mixed-mode_neg.cc (test for errors, line 203)
=== libstdc++ Summary ===
# of expected passes 7276
# of unexpected failures 58
# of expected failures 85
# of unsupported tests 395
Compiler version: 4.6.0 20100928 (experimental) [trunk revision 164675] (GCC)
Platform: i686-pc-linux-gnu
configure flags: --prefix=/n/100/guerby/install-trunk-32 --enable-languages=all,ada --enable-__cxa_atexit --disable-nls --enable-threads=posix --with-mpfr=/opt/cfarm/mpfr-2.4.2-32 --with-gmp=/opt/cfarm/gmp-4.2.4-32 --with-mpc=/opt/cfarm/mpc-0.8-32 --build=i686-linux-gnu --host=i686-linux-gnu --target=i686-linux-gnu --disable-multilib --enable-targets=all