This is the mail archive of the
gcc-testresults@gcc.gnu.org
mailing list for the GCC project.
Results for 4.6.0 20100921 (experimental) [trunk revision 164472] (GCC) testsuite on hppa2.0w-hp-hpux11.00
- From: John David Anglin <dave at hiauly2 dot hia dot nrc dot ca>
- To: dave at hiauly2 dot hia dot nrc dot ca, gcc-testresults at gcc dot gnu dot org
- Date: Sun, 26 Sep 2010 19:59:32 -0400 (EDT)
- Subject: Results for 4.6.0 20100921 (experimental) [trunk revision 164472] (GCC) testsuite on hppa2.0w-hp-hpux11.00
Native configuration is hppa2.0w-hp-hpux11.00
=== g++ tests ===
Running target unix
FAIL: g++.dg/abi/covariant3.C (test for excess errors)
WARNING: g++.dg/abi/covariant3.C compilation failed to produce executable
FAIL: g++.dg/abi/empty11.C (test for excess errors)
WARNING: g++.dg/abi/empty11.C compilation failed to produce executable
FAIL: g++.dg/abi/layout1.C (test for excess errors)
WARNING: g++.dg/abi/layout1.C compilation failed to produce executable
FAIL: g++.dg/abi/layout2.C (test for excess errors)
WARNING: g++.dg/abi/layout2.C compilation failed to produce executable
FAIL: g++.dg/abi/vbase12.C (test for excess errors)
WARNING: g++.dg/abi/vbase12.C compilation failed to produce executable
FAIL: g++.dg/cpp0x/explicit5.C (test for excess errors)
WARNING: g++.dg/cpp0x/explicit5.C compilation failed to produce executable
FAIL: g++.dg/cpp0x/implicit2.C (test for excess errors)
WARNING: g++.dg/cpp0x/implicit2.C compilation failed to produce executable
FAIL: g++.dg/cpp0x/initlist1.C (test for excess errors)
WARNING: g++.dg/cpp0x/initlist1.C compilation failed to produce executable
FAIL: g++.dg/cpp0x/initlist25.C (test for excess errors)
WARNING: g++.dg/cpp0x/initlist25.C compilation failed to produce executable
FAIL: g++.dg/cpp0x/lambda/lambda-ns-scope.C (test for excess errors)
WARNING: g++.dg/cpp0x/lambda/lambda-ns-scope.C compilation failed to produce executable
FAIL: g++.dg/cpp0x/nolinkage1.C (test for excess errors)
FAIL: g++.dg/cpp0x/overload.C (test for excess errors)
FAIL: g++.dg/eh/elide2.C (test for excess errors)
WARNING: g++.dg/eh/elide2.C compilation failed to produce executable
FAIL: g++.dg/eh/omit-frame-pointer.C (test for excess errors)
WARNING: g++.dg/eh/omit-frame-pointer.C compilation failed to produce executable
FAIL: g++.dg/expr/cast4.C (test for excess errors)
WARNING: g++.dg/expr/cast4.C compilation failed to produce executable
FAIL: g++.dg/expr/cond6.C (test for excess errors)
WARNING: g++.dg/expr/cond6.C compilation failed to produce executable
UNRESOLVED: g++.dg/ext/attr-ifunc-1.C
UNRESOLVED: g++.dg/ext/attr-ifunc-2.C
UNRESOLVED: g++.dg/ext/attr-ifunc-3.C
UNRESOLVED: g++.dg/ext/attr-ifunc-4.C
FAIL: g++.dg/ext/attribute-test-2.C (test for excess errors)
WARNING: g++.dg/ext/attribute-test-2.C compilation failed to produce executable
FAIL: g++.dg/ext/complit4.C (test for excess errors)
WARNING: g++.dg/ext/complit4.C compilation failed to produce executable
FAIL: g++.dg/ext/interface1.C (test for excess errors)
WARNING: g++.dg/ext/label13.C compilation failed to produce executable
FAIL: g++.dg/ext/pretty2.C (test for excess errors)
WARNING: g++.dg/ext/pretty2.C compilation failed to produce executable
FAIL: g++.dg/inherit/thunk7.C (test for excess errors)
WARNING: g++.dg/inherit/thunk7.C compilation failed to produce executable
FAIL: g++.dg/init/addr-const1.C (test for excess errors)
WARNING: g++.dg/init/addr-const1.C compilation failed to produce executable
FAIL: g++.dg/init/aggr2.C (test for excess errors)
WARNING: g++.dg/init/aggr2.C compilation failed to produce executable
FAIL: g++.dg/init/copy3.C (test for excess errors)
WARNING: g++.dg/init/copy3.C compilation failed to produce executable
FAIL: g++.dg/init/dtor3.C (test for excess errors)
WARNING: g++.dg/init/dtor3.C compilation failed to produce executable
FAIL: g++.dg/init/float1.C (test for excess errors)
WARNING: g++.dg/init/float1.C compilation failed to produce executable
FAIL: g++.dg/init/pm1.C (test for excess errors)
WARNING: g++.dg/init/pm1.C compilation failed to produce executable
FAIL: g++.dg/init/ref4.C (test for excess errors)
WARNING: g++.dg/init/ref4.C compilation failed to produce executable
FAIL: g++.dg/init/static3.C (test for excess errors)
WARNING: g++.dg/init/static3.C compilation failed to produce executable
FAIL: g++.dg/opt/covariant1.C (test for excess errors)
WARNING: g++.dg/opt/covariant1.C compilation failed to produce executable
FAIL: g++.dg/opt/thunk2.C (test for excess errors)
WARNING: g++.dg/opt/thunk2.C compilation failed to produce executable
FAIL: g++.dg/other/vthunk1.C (test for excess errors)
WARNING: g++.dg/other/vthunk1.C compilation failed to produce executable
FAIL: g++.dg/rtti/dyncast2.C (test for excess errors)
WARNING: g++.dg/rtti/dyncast2.C compilation failed to produce executable
FAIL: g++.dg/rtti/repo1.C (test for excess errors)
FAIL: g++.dg/template/arg6.C (test for excess errors)
WARNING: g++.dg/template/arg6.C compilation failed to produce executable
FAIL: g++.dg/template/ctor2.C (test for excess errors)
WARNING: g++.dg/template/ctor2.C compilation failed to produce executable
FAIL: g++.dg/template/explicit1.C (test for excess errors)
FAIL: g++.dg/template/friend10.C (test for excess errors)
WARNING: g++.dg/template/friend10.C compilation failed to produce executable
FAIL: g++.dg/template/repo1.C (test for excess errors)
FAIL: g++.dg/warn/huge-val1.C (test for excess errors)
FAIL: g++.dg/gcov/gcov-3.C (test for excess errors)
WARNING: g++.dg/gcov/gcov-3.C compilation failed to produce executable
FAIL: 14:is #####:should be 1
FAIL: g++.dg/gcov/gcov-3.C gcov: 1 failures in line counts, 0 in branch percentages, 0 in return percentages
WARNING: program timed out.
WARNING: program timed out.
FAIL: g++.dg/special/conpr-2.C (test for excess errors)
WARNING: g++.dg/special/conpr-2.C compilation failed to produce executable
WARNING: program timed out.
FAIL: g++.dg/special/initp1.C (test for excess errors)
WARNING: g++.dg/special/initp1.C compilation failed to produce executable
WARNING: program timed out.
FAIL: g++.dg/special/initpri1.C (test for excess errors)
WARNING: g++.dg/special/initpri1.C compilation failed to produce executable
FAIL: g++.dg/torture/pr33819.C -O0 (test for excess errors)
WARNING: g++.dg/torture/pr33819.C -O0 compilation failed to produce executable
FAIL: g++.dg/torture/pr40389.C -O0 (test for excess errors)
WARNING: g++.dg/torture/pr40389.C -O0 compilation failed to produce executable
FAIL: g++.dg/torture/pr44972.C -O0 (test for excess errors)
FAIL: g++.dg/torture/pr44972.C -O1 (test for excess errors)
FAIL: g++.dg/torture/pr44972.C -O2 (test for excess errors)
FAIL: g++.dg/torture/pr44972.C -O3 -fomit-frame-pointer (test for excess errors)
FAIL: g++.dg/torture/pr44972.C -O3 -g (test for excess errors)
FAIL: g++.dg/torture/pr44972.C -Os (test for excess errors)
FAIL: g++.old-deja/g++.benjamin/15071.C (test for excess errors)
WARNING: g++.old-deja/g++.benjamin/15071.C compilation failed to produce executable
FAIL: g++.old-deja/g++.brendan/code-gen1.C (test for excess errors)
WARNING: g++.old-deja/g++.brendan/code-gen1.C compilation failed to produce executable
FAIL: g++.old-deja/g++.brendan/copy9.C (test for excess errors)
WARNING: g++.old-deja/g++.brendan/copy9.C compilation failed to produce executable
FAIL: g++.old-deja/g++.brendan/ctors1.C (test for excess errors)
WARNING: g++.old-deja/g++.brendan/ctors1.C compilation failed to produce executable
FAIL: g++.old-deja/g++.brendan/ctors2.C (test for excess errors)
WARNING: g++.old-deja/g++.brendan/ctors2.C compilation failed to produce executable
FAIL: g++.old-deja/g++.brendan/nest21.C (test for excess errors)
WARNING: g++.old-deja/g++.brendan/nest21.C compilation failed to produce executable
FAIL: g++.old-deja/g++.brendan/ptolemy2.C (test for excess errors)
WARNING: g++.old-deja/g++.brendan/ptolemy2.C compilation failed to produce executable
FAIL: g++.old-deja/g++.brendan/reference1.C (test for excess errors)
WARNING: g++.old-deja/g++.brendan/reference1.C compilation failed to produce executable
FAIL: g++.old-deja/g++.bugs/900207_03.C (test for excess errors)
WARNING: g++.old-deja/g++.bugs/900207_03.C compilation failed to produce executable
FAIL: g++.old-deja/g++.bugs/900331_03.C (test for excess errors)
WARNING: g++.old-deja/g++.bugs/900331_03.C compilation failed to produce executable
FAIL: g++.old-deja/g++.bugs/900520_04.C (test for excess errors)
WARNING: g++.old-deja/g++.bugs/900520_04.C compilation failed to produce executable
FAIL: g++.old-deja/g++.ext/arrnew2.C (test for excess errors)
WARNING: g++.old-deja/g++.ext/arrnew2.C compilation failed to produce executable
FAIL: g++.old-deja/g++.jason/2371.C (test for excess errors)
WARNING: g++.old-deja/g++.jason/2371.C compilation failed to produce executable
FAIL: g++.old-deja/g++.jason/const.C (test for excess errors)
WARNING: g++.old-deja/g++.jason/const.C compilation failed to produce executable
FAIL: g++.old-deja/g++.jason/const3.C (test for excess errors)
WARNING: g++.old-deja/g++.jason/const3.C compilation failed to produce executable
FAIL: g++.old-deja/g++.jason/init2.C (test for excess errors)
WARNING: g++.old-deja/g++.jason/init2.C compilation failed to produce executable
FAIL: g++.old-deja/g++.jason/init3.C (test for excess errors)
WARNING: g++.old-deja/g++.jason/init3.C compilation failed to produce executable
FAIL: g++.old-deja/g++.jason/new4.C (test for excess errors)
WARNING: g++.old-deja/g++.jason/new4.C compilation failed to produce executable
FAIL: g++.old-deja/g++.jason/opeq.C (test for excess errors)
WARNING: g++.old-deja/g++.jason/opeq.C compilation failed to produce executable
FAIL: g++.old-deja/g++.jason/ref7.C (test for excess errors)
WARNING: g++.old-deja/g++.jason/ref7.C compilation failed to produce executable
FAIL: g++.old-deja/g++.jason/return3.C (test for excess errors)
WARNING: g++.old-deja/g++.jason/return3.C compilation failed to produce executable
FAIL: g++.old-deja/g++.jason/static1.C (test for excess errors)
WARNING: g++.old-deja/g++.jason/static1.C compilation failed to produce executable
FAIL: g++.old-deja/g++.jason/template11.C (test for excess errors)
WARNING: g++.old-deja/g++.jason/template11.C compilation failed to produce executable
FAIL: g++.old-deja/g++.jason/template24.C (test for excess errors)
WARNING: g++.old-deja/g++.jason/template24.C compilation failed to produce executable
FAIL: g++.old-deja/g++.jason/template31.C (test for excess errors)
WARNING: g++.old-deja/g++.jason/template31.C compilation failed to produce executable
FAIL: g++.old-deja/g++.law/arg8.C (test for excess errors)
WARNING: g++.old-deja/g++.law/arg8.C compilation failed to produce executable
FAIL: g++.old-deja/g++.law/array1.C (test for excess errors)
WARNING: g++.old-deja/g++.law/array1.C compilation failed to produce executable
FAIL: g++.old-deja/g++.law/code-gen5.C (test for excess errors)
WARNING: g++.old-deja/g++.law/code-gen5.C compilation failed to produce executable
FAIL: g++.old-deja/g++.law/ctors12.C (test for excess errors)
WARNING: g++.old-deja/g++.law/ctors12.C compilation failed to produce executable
FAIL: g++.old-deja/g++.law/ctors2.C (test for excess errors)
WARNING: g++.old-deja/g++.law/ctors2.C compilation failed to produce executable
FAIL: g++.old-deja/g++.law/ctors8.C (test for excess errors)
WARNING: g++.old-deja/g++.law/ctors8.C compilation failed to produce executable
FAIL: g++.old-deja/g++.law/cvt2.C (test for excess errors)
WARNING: g++.old-deja/g++.law/cvt2.C compilation failed to produce executable
FAIL: g++.old-deja/g++.law/global-init1.C (test for excess errors)
WARNING: g++.old-deja/g++.law/global-init1.C compilation failed to produce executable
FAIL: g++.old-deja/g++.law/init11.C (test for excess errors)
WARNING: g++.old-deja/g++.law/init11.C compilation failed to produce executable
FAIL: g++.old-deja/g++.law/init14.C (test for excess errors)
WARNING: g++.old-deja/g++.law/init14.C compilation failed to produce executable
FAIL: g++.old-deja/g++.law/virtual3.C (test for excess errors)
WARNING: g++.old-deja/g++.law/virtual3.C compilation failed to produce executable
FAIL: g++.old-deja/g++.martin/pmf2.C (test for excess errors)
WARNING: g++.old-deja/g++.martin/pmf2.C compilation failed to produce executable
FAIL: g++.old-deja/g++.mike/align2.C (test for excess errors)
WARNING: g++.old-deja/g++.mike/align2.C compilation failed to produce executable
FAIL: g++.old-deja/g++.mike/dyncast2.C (test for excess errors)
WARNING: g++.old-deja/g++.mike/dyncast2.C compilation failed to produce executable
FAIL: g++.old-deja/g++.mike/dyncast3.C (test for excess errors)
WARNING: g++.old-deja/g++.mike/dyncast3.C compilation failed to produce executable
FAIL: g++.old-deja/g++.mike/dyncast9.C (test for excess errors)
WARNING: g++.old-deja/g++.mike/dyncast9.C compilation failed to produce executable
FAIL: g++.old-deja/g++.mike/eh2.C (test for excess errors)
WARNING: g++.old-deja/g++.mike/eh2.C compilation failed to produce executable
FAIL: g++.old-deja/g++.mike/eh36.C (test for excess errors)
WARNING: g++.old-deja/g++.mike/eh36.C compilation failed to produce executable
FAIL: g++.old-deja/g++.mike/eh37.C (test for excess errors)
WARNING: g++.old-deja/g++.mike/eh37.C compilation failed to produce executable
FAIL: g++.old-deja/g++.mike/eh38.C (test for excess errors)
WARNING: g++.old-deja/g++.mike/eh38.C compilation failed to produce executable
FAIL: g++.old-deja/g++.mike/init1.C (test for excess errors)
WARNING: g++.old-deja/g++.mike/init1.C compilation failed to produce executable
FAIL: g++.old-deja/g++.mike/leak1.C (test for excess errors)
WARNING: g++.old-deja/g++.mike/leak1.C compilation failed to produce executable
FAIL: g++.old-deja/g++.mike/misc13.C (test for excess errors)
WARNING: g++.old-deja/g++.mike/misc13.C compilation failed to produce executable
FAIL: g++.old-deja/g++.mike/net17.C (test for excess errors)
WARNING: g++.old-deja/g++.mike/net17.C compilation failed to produce executable
FAIL: g++.old-deja/g++.mike/net26.C (test for excess errors)
WARNING: g++.old-deja/g++.mike/net26.C compilation failed to produce executable
FAIL: g++.old-deja/g++.mike/net34.C (test for excess errors)
WARNING: g++.old-deja/g++.mike/net34.C compilation failed to produce executable
FAIL: g++.old-deja/g++.mike/net46.C (test for excess errors)
WARNING: g++.old-deja/g++.mike/net46.C compilation failed to produce executable
FAIL: g++.old-deja/g++.mike/offset1.C (test for excess errors)
WARNING: g++.old-deja/g++.mike/offset1.C compilation failed to produce executable
FAIL: g++.old-deja/g++.mike/p10849a.C (test for excess errors)
WARNING: g++.old-deja/g++.mike/p10849a.C compilation failed to produce executable
FAIL: g++.old-deja/g++.mike/p2394.C (test for excess errors)
WARNING: g++.old-deja/g++.mike/p2394.C compilation failed to produce executable
FAIL: g++.old-deja/g++.mike/p2736.C (test for excess errors)
WARNING: g++.old-deja/g++.mike/p2736.C compilation failed to produce executable
FAIL: g++.old-deja/g++.mike/p4736a.C (test for excess errors)
WARNING: g++.old-deja/g++.mike/p4736a.C compilation failed to produce executable
FAIL: g++.old-deja/g++.mike/p658.C (test for excess errors)
WARNING: g++.old-deja/g++.mike/p658.C compilation failed to produce executable
FAIL: g++.old-deja/g++.mike/p6927.C (test for excess errors)
WARNING: g++.old-deja/g++.mike/p6927.C compilation failed to produce executable
FAIL: g++.old-deja/g++.mike/p783b.C (test for excess errors)
WARNING: g++.old-deja/g++.mike/p783b.C compilation failed to produce executable
FAIL: g++.old-deja/g++.mike/p789.C (test for excess errors)
WARNING: g++.old-deja/g++.mike/p789.C compilation failed to produce executable
FAIL: g++.old-deja/g++.mike/p9732b.C (test for excess errors)
WARNING: g++.old-deja/g++.mike/p9732b.C compilation failed to produce executable
FAIL: g++.old-deja/g++.mike/pmf2.C (test for excess errors)
WARNING: g++.old-deja/g++.mike/pmf2.C compilation failed to produce executable
FAIL: g++.old-deja/g++.mike/pmf8.C (test for excess errors)
WARNING: g++.old-deja/g++.mike/pmf8.C compilation failed to produce executable
FAIL: g++.old-deja/g++.mike/ref1.C (test for excess errors)
WARNING: g++.old-deja/g++.mike/ref1.C compilation failed to produce executable
FAIL: g++.old-deja/g++.mike/temp.C (test for excess errors)
WARNING: g++.old-deja/g++.mike/temp.C compilation failed to produce executable
FAIL: g++.old-deja/g++.mike/virt2.C (test for excess errors)
WARNING: g++.old-deja/g++.mike/virt2.C compilation failed to produce executable
FAIL: g++.old-deja/g++.mike/virt6.C (test for excess errors)
WARNING: g++.old-deja/g++.mike/virt6.C compilation failed to produce executable
FAIL: g++.old-deja/g++.ns/template3.C (test for excess errors)
WARNING: g++.old-deja/g++.ns/template3.C compilation failed to produce executable
FAIL: g++.old-deja/g++.other/dtor10.C (test for excess errors)
WARNING: g++.old-deja/g++.other/dtor10.C compilation failed to produce executable
FAIL: g++.old-deja/g++.other/dtor11.C (test for excess errors)
WARNING: g++.old-deja/g++.other/dtor11.C compilation failed to produce executable
FAIL: g++.old-deja/g++.other/dtor12.C (test for excess errors)
WARNING: g++.old-deja/g++.other/dtor12.C compilation failed to produce executable
FAIL: g++.old-deja/g++.other/headers1.C (test for excess errors)
WARNING: g++.old-deja/g++.other/headers1.C compilation failed to produce executable
FAIL: g++.old-deja/g++.other/init1.C (test for excess errors)
WARNING: g++.old-deja/g++.other/init1.C compilation failed to produce executable
FAIL: g++.old-deja/g++.other/init11.C (test for excess errors)
WARNING: g++.old-deja/g++.other/init11.C compilation failed to produce executable
FAIL: g++.old-deja/g++.other/init16.C (test for excess errors)
WARNING: g++.old-deja/g++.other/init16.C compilation failed to produce executable
FAIL: g++.old-deja/g++.other/init19.C (test for excess errors)
WARNING: g++.old-deja/g++.other/init19.C compilation failed to produce executable
FAIL: g++.old-deja/g++.other/init5.C (test for excess errors)
WARNING: g++.old-deja/g++.other/init5.C compilation failed to produce executable
FAIL: g++.old-deja/g++.other/rtti2.C (test for excess errors)
WARNING: g++.old-deja/g++.other/rtti2.C compilation failed to produce executable
FAIL: g++.old-deja/g++.other/rtti3.C (test for excess errors)
WARNING: g++.old-deja/g++.other/rtti3.C compilation failed to produce executable
FAIL: g++.old-deja/g++.other/rtti4.C (test for excess errors)
WARNING: g++.old-deja/g++.other/rtti4.C compilation failed to produce executable
FAIL: g++.old-deja/g++.other/rttid2.C (test for excess errors)
WARNING: g++.old-deja/g++.other/rttid2.C compilation failed to produce executable
FAIL: g++.old-deja/g++.other/rttid3.C (test for excess errors)
WARNING: g++.old-deja/g++.other/rttid3.C compilation failed to produce executable
FAIL: g++.old-deja/g++.other/rttid4.C (test for excess errors)
WARNING: g++.old-deja/g++.other/rttid4.C compilation failed to produce executable
FAIL: g++.old-deja/g++.other/virtual9.C (test for excess errors)
WARNING: g++.old-deja/g++.other/virtual9.C compilation failed to produce executable
FAIL: g++.old-deja/g++.pt/eichin01.C (test for excess errors)
FAIL: g++.old-deja/g++.pt/eichin01a.C (test for excess errors)
WARNING: g++.old-deja/g++.pt/eichin01a.C compilation failed to produce executable
FAIL: g++.old-deja/g++.pt/eichin01b.C (test for excess errors)
WARNING: g++.old-deja/g++.pt/eichin01b.C compilation failed to produce executable
FAIL: g++.old-deja/g++.pt/instantiate12.C (test for excess errors)
WARNING: g++.old-deja/g++.pt/instantiate12.C compilation failed to produce executable
FAIL: g++.old-deja/g++.pt/instantiate5.C (test for excess errors)
FAIL: g++.old-deja/g++.pt/link1.C (test for excess errors)
FAIL: g++.old-deja/g++.pt/static11.C (test for excess errors)
WARNING: g++.old-deja/g++.pt/static11.C compilation failed to produce executable
FAIL: g++.old-deja/g++.pt/static6.C (test for excess errors)
FAIL: g++.old-deja/g++.pt/static8.C (test for excess errors)
WARNING: g++.old-deja/g++.pt/static8.C compilation failed to produce executable
FAIL: g++.old-deja/g++.pt/t39.C (test for excess errors)
WARNING: g++.old-deja/g++.pt/t39.C compilation failed to produce executable
FAIL: g++.old-deja/g++.pt/virtual4.C (test for excess errors)
WARNING: g++.old-deja/g++.pt/virtual4.C compilation failed to produce executable
FAIL: g++.old-deja/g++.robertl/eb21.C (test for excess errors)
WARNING: g++.old-deja/g++.robertl/eb21.C compilation failed to produce executable
FAIL: g++.old-deja/g++.robertl/eb31.C (test for excess errors)
WARNING: g++.old-deja/g++.robertl/eb31.C compilation failed to produce executable
FAIL: g++.old-deja/g++.robertl/eb41.C (test for excess errors)
WARNING: g++.old-deja/g++.robertl/eb41.C compilation failed to produce executable
FAIL: g++.old-deja/g++.robertl/eb46.C (test for excess errors)
WARNING: g++.old-deja/g++.robertl/eb46.C compilation failed to produce executable
FAIL: g++.old-deja/g++.robertl/eb54.C (test for excess errors)
WARNING: g++.old-deja/g++.robertl/eb54.C compilation failed to produce executable
FAIL: g++.old-deja/g++.robertl/eb66.C (test for excess errors)
WARNING: g++.old-deja/g++.robertl/eb66.C compilation failed to produce executable
FAIL: g++.old-deja/g++.robertl/eb77.C (test for excess errors)
WARNING: g++.old-deja/g++.robertl/eb77.C compilation failed to produce executable
FAIL: g++.old-deja/g++.robertl/ebnull-cast.C (test for excess errors)
WARNING: g++.old-deja/g++.robertl/ebnull-cast.C compilation failed to produce executable
FAIL: g++.old-deja/g++.robertl/ebnull-oldcast.C (test for excess errors)
WARNING: g++.old-deja/g++.robertl/ebnull-oldcast.C compilation failed to produce executable
FAIL: g++.old-deja/g++.robertl/ebnull.C (test for excess errors)
WARNING: g++.old-deja/g++.robertl/ebnull.C compilation failed to produce executable
FAIL: g++.old-deja/g++.robertl/eh990323-2.C (test for excess errors)
WARNING: g++.old-deja/g++.robertl/eh990323-2.C compilation failed to produce executable
FAIL: g++.old-deja/g++.robertl/eh990323-4.C (test for excess errors)
WARNING: g++.old-deja/g++.robertl/eh990323-4.C compilation failed to produce executable
=== g++ Summary ===
# of expected passes 21314
# of unexpected failures 162
# of expected failures 147
# of unresolved testcases 4
# of unsupported tests 297
/home/gnu/gcc/objdir/gcc/testsuite/g++/../../g++ version 4.6.0 20100921 (experimental) [trunk revision 164472] (GCC)
=== gcc tests ===
Running target unix
FAIL: gcc.c-torture/execute/20040709-2.c execution, -O1
FAIL: gcc.c-torture/execute/20040709-2.c execution, -Os
FAIL: gcc.dg/debug/pr41893-1.c -gstabs1 (test for excess errors)
FAIL: gcc.dg/debug/pr41893-1.c -gstabs1 -O (test for excess errors)
FAIL: gcc.dg/debug/pr41893-1.c -gstabs1 -O3 (test for excess errors)
FAIL: gcc.dg/debug/pr41893-1.c -gstabs (test for excess errors)
FAIL: gcc.dg/debug/pr41893-1.c -gstabs -O (test for excess errors)
FAIL: gcc.dg/debug/pr41893-1.c -gstabs -O3 (test for excess errors)
FAIL: gcc.dg/debug/pr41893-1.c -gstabs3 (test for excess errors)
FAIL: gcc.dg/debug/pr41893-1.c -gstabs3 -O (test for excess errors)
FAIL: gcc.dg/debug/pr41893-1.c -gstabs3 -O3 (test for excess errors)
FAIL: gcc.dg/debug/pr41893-1.c -gstabs+1 (test for excess errors)
FAIL: gcc.dg/debug/pr41893-1.c -gstabs+1 -O (test for excess errors)
FAIL: gcc.dg/debug/pr41893-1.c -gstabs+1 -O3 (test for excess errors)
FAIL: gcc.dg/debug/pr41893-1.c -gstabs+ (test for excess errors)
FAIL: gcc.dg/debug/pr41893-1.c -gstabs+ -O (test for excess errors)
FAIL: gcc.dg/debug/pr41893-1.c -gstabs+ -O3 (test for excess errors)
FAIL: gcc.dg/debug/pr41893-1.c -gstabs+3 (test for excess errors)
FAIL: gcc.dg/debug/pr41893-1.c -gstabs+3 -O (test for excess errors)
FAIL: gcc.dg/debug/pr41893-1.c -gstabs+3 -O3 (test for excess errors)
UNRESOLVED: gcc.dg/attr-ifunc-1.c
UNRESOLVED: gcc.dg/attr-ifunc-2.c
UNRESOLVED: gcc.dg/attr-ifunc-3.c
UNRESOLVED: gcc.dg/attr-ifunc-4.c
UNRESOLVED: gcc.dg/attr-ifunc-5.c
WARNING: program timed out.
FAIL: gcc.dg/initpri1.c (test for excess errors)
WARNING: gcc.dg/initpri1.c compilation failed to produce executable
FAIL: gcc.dg/pr27898.c (test for excess errors)
FAIL: gcc.dg/pr28706.c (test for excess errors)
FAIL: gcc.dg/pr28712.c (test for excess errors)
FAIL: gcc.dg/pr30762-1.c (test for excess errors)
FAIL: gcc.dg/pr31529-1.c (test for excess errors)
FAIL: gcc.dg/pr34457-1.c (test for excess errors)
FAIL: gcc.dg/pr34668-1.c (test for excess errors)
FAIL: gcc.dg/pr34989-1.c (test for excess errors)
FAIL: gcc.dg/pr43557-1.c (test for excess errors)
WARNING: program timed out.
FAIL: gcc.dg/tls/thr-cse-1.c scan-assembler-not emutls_get_address.*emutls_get_address.*
FAIL: gcc.dg/torture/builtin-cproj-1.c -O1 (test for excess errors)
FAIL: gcc.dg/torture/pr45678-1.c -O0 (test for excess errors)
FAIL: gcc.dg/torture/pr45678-1.c -O1 (test for excess errors)
FAIL: gcc.dg/torture/pr45678-1.c -O2 (test for excess errors)
FAIL: gcc.dg/torture/pr45678-1.c -O3 -fomit-frame-pointer (test for excess errors)
FAIL: gcc.dg/torture/pr45678-1.c -O3 -g (test for excess errors)
FAIL: gcc.dg/torture/pr45678-1.c -Os (test for excess errors)
FAIL: gcc.dg/torture/pr45678-2.c -O0 (test for excess errors)
FAIL: gcc.dg/torture/pr45678-2.c -O1 (test for excess errors)
FAIL: gcc.dg/torture/pr45678-2.c -O2 (test for excess errors)
FAIL: gcc.dg/torture/pr45678-2.c -O3 -fomit-frame-pointer (test for excess errors)
FAIL: gcc.dg/torture/pr45678-2.c -O3 -g (test for excess errors)
FAIL: gcc.dg/torture/pr45678-2.c -Os (test for excess errors)
XPASS: gcc.dg/tree-ssa/20031106-3.c scan-tree-dump-times optimized "link_error" 0
XPASS: gcc.dg/tree-ssa/20040204-1.c scan-tree-dump-times optimized "link_error" 0
XPASS: gcc.dg/tree-ssa/fre-vce-1.c scan-tree-dump-times fre "sv.i" 2
=== gcc Summary ===
# of expected passes 53779
# of unexpected failures 44
# of unexpected successes 3
# of expected failures 120
# of unresolved testcases 5
# of unsupported tests 785
/home/gnu/gcc/objdir/gcc/xgcc version 4.6.0 20100921 (experimental) [trunk revision 164472] (GCC)
=== gfortran tests ===
Running target unix
WARNING: program timed out.
FAIL: gfortran.dg/array_constructor_33.f90 -O (test for excess errors)
XPASS: gfortran.dg/pr25923.f90 -O PR45505 (test for warnings, line 13)
XPASS: gfortran.dg/pr25923.f90 -O PR45505 (test for bogus messages, line 22)
=== gfortran Summary ===
# of expected passes 35449
# of unexpected failures 1
# of unexpected successes 2
# of expected failures 39
# of unsupported tests 357
/home/gnu/gcc/objdir/gcc/testsuite/gfortran/../../gfortran version 4.6.0 20100921 (experimental) [trunk revision 164472] (GCC)
=== obj-c++ tests ===
Running target unix
FAIL: obj-c++.dg/basic.mm -fgnu-runtime (test for excess errors)
WARNING: obj-c++.dg/basic.mm -fgnu-runtime compilation failed to produce executable
FAIL: obj-c++.dg/bitfield-2.mm -fgnu-runtime (test for excess errors)
WARNING: obj-c++.dg/bitfield-2.mm -fgnu-runtime compilation failed to produce executable
FAIL: obj-c++.dg/const-str-7.mm -fgnu-runtime (test for excess errors)
WARNING: obj-c++.dg/const-str-7.mm -fgnu-runtime compilation failed to produce executable
FAIL: obj-c++.dg/cxx-ivars-1.mm -fgnu-runtime (test for excess errors)
WARNING: obj-c++.dg/cxx-ivars-1.mm -fgnu-runtime compilation failed to produce executable
FAIL: obj-c++.dg/cxx-scope-1.mm -fgnu-runtime (test for excess errors)
WARNING: obj-c++.dg/cxx-scope-1.mm -fgnu-runtime compilation failed to produce executable
FAIL: obj-c++.dg/defs.mm -fgnu-runtime (test for excess errors)
WARNING: obj-c++.dg/defs.mm -fgnu-runtime compilation failed to produce executable
FAIL: obj-c++.dg/encode-4.mm -fgnu-runtime (test for excess errors)
WARNING: obj-c++.dg/encode-4.mm -fgnu-runtime compilation failed to produce executable
FAIL: obj-c++.dg/encode-5.mm -fgnu-runtime (test for excess errors)
WARNING: obj-c++.dg/encode-5.mm -fgnu-runtime compilation failed to produce executable
FAIL: obj-c++.dg/encode-6.mm -fgnu-runtime (test for excess errors)
WARNING: obj-c++.dg/encode-6.mm -fgnu-runtime compilation failed to produce executable
FAIL: obj-c++.dg/except-1.mm -fgnu-runtime (test for excess errors)
WARNING: obj-c++.dg/except-1.mm -fgnu-runtime compilation failed to produce executable
FAIL: obj-c++.dg/gnu-runtime-3.mm -fgnu-runtime (test for excess errors)
WARNING: obj-c++.dg/gnu-runtime-3.mm -fgnu-runtime compilation failed to produce executable
WARNING: obj-c++.dg/lookup-2.mm -fgnu-runtime compilation failed to produce executable
FAIL: obj-c++.dg/method-10.mm -fgnu-runtime (test for excess errors)
WARNING: obj-c++.dg/method-10.mm -fgnu-runtime compilation failed to produce executable
FAIL: obj-c++.dg/method-17.mm -fgnu-runtime (test for excess errors)
WARNING: obj-c++.dg/method-17.mm -fgnu-runtime compilation failed to produce executable
FAIL: obj-c++.dg/method-19.mm -fgnu-runtime (test for excess errors)
WARNING: obj-c++.dg/method-19.mm -fgnu-runtime compilation failed to produce executable
FAIL: obj-c++.dg/proto-lossage-3.mm -fgnu-runtime (internal compiler error)
FAIL: obj-c++.dg/proto-lossage-3.mm -fgnu-runtime (test for excess errors)
WARNING: obj-c++.dg/proto-lossage-3.mm -fgnu-runtime compilation failed to produce executable
FAIL: obj-c++.dg/proto-qual-1.mm -fgnu-runtime (test for excess errors)
WARNING: obj-c++.dg/proto-qual-1.mm -fgnu-runtime compilation failed to produce executable
FAIL: obj-c++.dg/qual-types-1.mm -fgnu-runtime (test for excess errors)
WARNING: obj-c++.dg/qual-types-1.mm -fgnu-runtime compilation failed to produce executable
FAIL: obj-c++.dg/template-1.mm -fgnu-runtime (test for excess errors)
WARNING: obj-c++.dg/template-1.mm -fgnu-runtime compilation failed to produce executable
FAIL: obj-c++.dg/template-3.mm -fgnu-runtime (test for excess errors)
WARNING: obj-c++.dg/template-3.mm -fgnu-runtime compilation failed to produce executable
FAIL: obj-c++.dg/template-4.mm -fgnu-runtime (test for excess errors)
WARNING: obj-c++.dg/template-4.mm -fgnu-runtime compilation failed to produce executable
WARNING: obj-c++.dg/try-catch-2.mm -fgnu-runtime compilation failed to produce executable
WARNING: obj-c++.dg/try-catch-9.mm -fgnu-runtime compilation failed to produce executable
FAIL: obj-c++.dg/va-meth-1.mm -fgnu-runtime (test for excess errors)
WARNING: obj-c++.dg/va-meth-1.mm -fgnu-runtime compilation failed to produce executable
FAIL: obj-c++.dg/torture/trivial.mm -O0 (test for excess errors)
WARNING: obj-c++.dg/torture/trivial.mm -O0 compilation failed to produce executable
FAIL: obj-c++.dg/torture/tls/thr-init-3.mm -O0 (test for excess errors)
WARNING: obj-c++.dg/torture/tls/thr-init-3.mm -O0 compilation failed to produce executable
=== obj-c++ Summary ===
# of expected passes 489
# of unexpected failures 24
# of expected failures 3
# of unsupported tests 16
/home/gnu/gcc/objdir/gcc/testsuite/obj-c++/../../g++ version 4.6.0 20100921 (experimental) [trunk revision 164472] (GCC)
=== objc tests ===
Running target unix
=== objc Summary ===
# of expected passes 1997
# of expected failures 15
# of unsupported tests 23
/home/gnu/gcc/objdir/gcc/xgcc version 4.6.0 20100921 (experimental) [trunk revision 164472] (GCC)
=== libgomp tests ===
Running target unix
FAIL: libgomp.c++/for-5.C -O0 (test for excess errors)
WARNING: libgomp.c++/for-5.C -O0 compilation failed to produce executable
FAIL: libgomp.c++/pr26943.C -O0 (test for excess errors)
WARNING: libgomp.c++/pr26943.C -O0 compilation failed to produce executable
FAIL: libgomp.c++/pr27337.C -O0 (test for excess errors)
WARNING: libgomp.c++/pr27337.C -O0 compilation failed to produce executable
FAIL: libgomp.c++/task-3.C -O0 (test for excess errors)
WARNING: libgomp.c++/task-3.C -O0 compilation failed to produce executable
FAIL: libgomp.c++/task-5.C -O0 (test for excess errors)
WARNING: libgomp.c++/task-5.C -O0 compilation failed to produce executable
=== libgomp Summary ===
# of expected passes 2466
# of unexpected failures 5
# of unsupported tests 9
=== libstdc++ tests ===
Running target unix
FAIL: 18_support/numeric_limits/lowest.cc execution test
FAIL: 21_strings/basic_string/requirements/typedefs.cc (test for excess errors)
WARNING: program timed out.
FAIL: 23_containers/vector/bool/modifiers/insert/31370.cc execution test
=== libstdc++ Summary ===
# of expected passes 5617
# of unexpected failures 3
# of expected failures 80
# of unsupported tests 541
Compiler version: 4.6.0 20100921 (experimental) [trunk revision 164472] (GCC)
Platform: hppa2.0w-hp-hpux11.00
configure flags:Test Run By dave on Wed Sep 22 19:21:12 2010