This is the mail archive of the
gcc-testresults@gcc.gnu.org
mailing list for the GCC project.
Results for 4.4.5 20100922 (prerelease) (GCC) testsuite on x86_64-unknown-linux-gnu
- From: hjl at gnu-32 dot sc dot intel dot com (H.J. Lu)
- To: gcc-testresults at gcc dot gnu dot org
- Date: Wed, 22 Sep 2010 18:34:39 -0700
- Subject: Results for 4.4.5 20100922 (prerelease) (GCC) testsuite on x86_64-unknown-linux-gnu
Native configuration is x86_64-unknown-linux-gnu
=== gcc tests ===
Running target unix/-m32
FAIL: gcc.c-torture/compile/limits-exprparen.c -O0 (test for excess errors)
FAIL: gcc.c-torture/compile/limits-exprparen.c -O1 (test for excess errors)
FAIL: gcc.c-torture/compile/limits-exprparen.c -O2 (test for excess errors)
FAIL: gcc.c-torture/compile/limits-exprparen.c -O3 -fomit-frame-pointer (test for excess errors)
FAIL: gcc.c-torture/compile/limits-exprparen.c -O3 -g (test for excess errors)
FAIL: gcc.c-torture/compile/limits-exprparen.c -Os (test for excess errors)
FAIL: gcc.target/i386/pr45234.c (internal compiler error)
FAIL: gcc.target/i386/pr45234.c (test for excess errors)
=== gcc Summary for unix/-m32 ===
Running target unix
FAIL: gcc.c-torture/compile/limits-exprparen.c -O0 (test for excess errors)
FAIL: gcc.c-torture/compile/limits-exprparen.c -O1 (test for excess errors)
FAIL: gcc.c-torture/compile/limits-exprparen.c -O2 (test for excess errors)
FAIL: gcc.c-torture/compile/limits-exprparen.c -O3 -fomit-frame-pointer (test for excess errors)
FAIL: gcc.c-torture/compile/limits-exprparen.c -O3 -g (test for excess errors)
FAIL: gcc.c-torture/compile/limits-exprparen.c -Os (test for excess errors)
FAIL: gcc.dg/tree-prof/bb-reorg.c compilation, -fprofile-use -D_PROFILE_USE
UNRESOLVED: gcc.dg/tree-prof/bb-reorg.c execution, -fprofile-use -D_PROFILE_USE
FAIL: gcc.dg/tree-prof/pr34999.c compilation, -fprofile-use -D_PROFILE_USE
UNRESOLVED: gcc.dg/tree-prof/pr34999.c execution, -fprofile-use -D_PROFILE_USE
=== gcc Summary for unix ===
=== gcc Summary ===
# of expected passes 116459
# of unexpected failures 16
# of expected failures 385
# of unresolved testcases 2
# of unsupported tests 1229
/export/build/gnu/gcc-4.4/build-x86_64-linux/gcc/xgcc version 4.4.5 20100922 (prerelease) (GCC)
=== gfortran tests ===
Running target unix/-m32
=== gfortran Summary for unix/-m32 ===
# of expected passes 4014
Running target unix
=== gfortran Summary for unix ===
# of expected passes 4014
=== gfortran Summary ===
# of expected passes 60723
# of expected failures 26
# of unsupported tests 149
/export/build/gnu/gcc-4.4/build-x86_64-linux/gcc/testsuite/gfortran/../../gfortran version 4.4.5 20100922 (prerelease) (GCC)
=== g++ tests ===
Running target unix/-m32
=== g++ Summary for unix/-m32 ===
# of expected passes 6803
# of expected failures 30
# of unsupported tests 10
Running target unix
=== g++ Summary for unix ===
# of expected passes 6756
# of expected failures 30
# of unsupported tests 20
=== g++ Summary ===
# of expected passes 40261
# of expected failures 314
# of unsupported tests 352
/export/build/gnu/gcc-4.4/build-x86_64-linux/gcc/testsuite/g++/../../g++ version 4.4.5 20100922 (prerelease) (GCC)
=== libgomp tests ===
Running target unix/-m32
=== libgomp Summary for unix/-m32 ===
# of expected passes 1447
Running target unix
=== libgomp Summary for unix ===
# of expected passes 1447
=== libgomp Summary ===
# of expected passes 4952
=== libmudflap tests ===
Running target unix/-m32
FAIL: libmudflap.c++/pass41-frag.cxx execution test
FAIL: libmudflap.c++/pass41-frag.cxx ( -O) execution test
FAIL: libmudflap.c++/pass41-frag.cxx (-O2) execution test
FAIL: libmudflap.c++/pass41-frag.cxx (-O3) execution test
=== libmudflap Summary for unix/-m32 ===
# of expected passes 264
Running target unix
FAIL: libmudflap.c++/pass41-frag.cxx execution test
FAIL: libmudflap.c++/pass41-frag.cxx ( -O) execution test
FAIL: libmudflap.c++/pass41-frag.cxx (-O2) execution test
FAIL: libmudflap.c++/pass41-frag.cxx (-O3) execution test
=== libmudflap Summary for unix ===
# of expected passes 264
=== libmudflap Summary ===
# of expected passes 2846
# of unexpected failures 8
=== libstdc++ tests ===
Running target unix/-m32
=== libstdc++ Summary for unix/-m32 ===
# of expected passes 6509
# of expected failures 80
# of unsupported tests 18
Running target unix
=== libstdc++ Summary for unix ===
# of expected passes 6518
# of expected failures 80
# of unsupported tests 13
=== libstdc++ Summary ===
# of expected passes 13029
# of expected failures 160
# of unsupported tests 31
Compiler version: 4.4.5 20100922 (prerelease) (GCC)
Platform: x86_64-unknown-linux-gnu
configure flags: --enable-clocale=gnu --with-system-zlib --with-demangler-in-ld --enable-languages=c,c++,fortran --enable-shared --enable-threads=posix --enable-haifa --prefix=/usr/gcc-4.4.5 --with-local-prefix=/usr/local