This is the mail archive of the gcc-testresults@gcc.gnu.org mailing list for the GCC project.


Index Nav: [Date Index] [Subject Index] [Author Index] [Thread Index]
Message Nav: [Date Prev] [Date Next] [Thread Prev] [Thread Next]
Other format: [Raw text]

Results for 4.5.2 20100908 (prerelease) (GCC) testsuite on i386-apple-darwin10.5.0


r163983 with...

2010-09-09  Jack Howarth <howarth@bromo.med.uc.edu>

        Backport from mainline
        2010-09-07  H.J. Lu  <hjl.tools@gmail.com>
                    Jack Howarth <howarth@bromo.med.uc.edu>

        PR target/36502
        PR target/42313
        PR target/44651
        * gcc/config/i386/darwin.h (STACK_BOUNDARY): Redefine as 128 for
        profiling or 64-bit MS_ABI and as BITS_PER_WORD otherwise.
        (PREFERRED_STACK_BOUNDARY): Replace STACK_BOUNDARY with 128 in
        MAX macro.

2010-09-09  Jack Howarth <howarth@bromo.med.uc.edu>

        Backport from mainline
        2010-09-07  Jack Howarth <howarth@bromo.med.uc.edu>

        PR target/36502
        * gcc.target/i386/pr36502.c: New test.

        PR target/42313
        PR target/44651
        * gcc.target/i386/builtin-unreachable.c: Don't skip on darwin.


Index: gcc/testsuite/gcc.target/i386/builtin-unreachable.c
===================================================================
--- gcc/testsuite/gcc.target/i386/builtin-unreachable.c (revision 163986)
+++ gcc/testsuite/gcc.target/i386/builtin-unreachable.c (working copy)
@@ -9,5 +9,5 @@
     __builtin_unreachable ();
   return p ? 1 : 0;
 }
-/* { dg-final { scan-assembler-not "%e\[bs\]p" { target { ! *-*-darwin* } } } } */
+/* { dg-final { scan-assembler-not "%e\[bs\]p" } } */
 /* { dg-final { scan-assembler-not "\[\\t \]+j" } } */
Index: gcc/config/i386/darwin.h
===================================================================
--- gcc/config/i386/darwin.h    (revision 163986)
+++ gcc/config/i386/darwin.h    (working copy)
@@ -73,7 +73,9 @@
    Failure to ensure this will lead to a crash in the system libraries
    or dynamic loader.  */
 #undef STACK_BOUNDARY
-#define STACK_BOUNDARY 128
+#define STACK_BOUNDARY \
+ ((profile_flag || (TARGET_64BIT && ix86_abi == MS_ABI)) \
+  ? 128 : BITS_PER_WORD)
 
 #undef MAIN_STACK_BOUNDARY
 #define MAIN_STACK_BOUNDARY 128
@@ -85,7 +87,7 @@
    it's below the minimum.  */
 #undef PREFERRED_STACK_BOUNDARY
 #define PREFERRED_STACK_BOUNDARY                       \
-  MAX (STACK_BOUNDARY, ix86_preferred_stack_boundary)
+  MAX (128, ix86_preferred_stack_boundary)
 
 /* We want -fPIC by default, unless we're using -static to compile for
    the kernel or some such.  */

Native configuration is i386-apple-darwin10.5.0

		=== g++ tests ===


Running target unix/-m32
WARNING: g++.dg/ext/label13.C compilation failed to produce executable
FAIL: g++.dg/tree-prof/partition1.C compilation,  -g  -fprofile-use
UNRESOLVED: g++.dg/tree-prof/partition1.C execution,    -g  -fprofile-use
FAIL: g++.dg/tree-prof/partition1.C compilation,  -O3 -g  -fprofile-use
UNRESOLVED: g++.dg/tree-prof/partition1.C execution,    -O3 -g  -fprofile-use
FAIL: g++.dg/tree-prof/partition2.C compilation,  -O3 -g  -fprofile-use
UNRESOLVED: g++.dg/tree-prof/partition2.C execution,    -O3 -g  -fprofile-use

		=== g++ Summary for unix/-m32 ===

# of expected passes		21978
# of unexpected failures	3
# of expected failures		150
# of unresolved testcases	3
# of unsupported tests		178

Running target unix/-m64
WARNING: g++.dg/ext/label13.C compilation failed to produce executable
FAIL: g++.dg/tree-prof/partition1.C compilation,  -g  -fprofile-use
UNRESOLVED: g++.dg/tree-prof/partition1.C execution,    -g  -fprofile-use
FAIL: g++.dg/tree-prof/partition1.C compilation,  -O3 -g  -fprofile-use
UNRESOLVED: g++.dg/tree-prof/partition1.C execution,    -O3 -g  -fprofile-use
FAIL: g++.dg/tree-prof/partition2.C compilation,  -O3 -g  -fprofile-use
UNRESOLVED: g++.dg/tree-prof/partition2.C execution,    -O3 -g  -fprofile-use

		=== g++ Summary for unix/-m64 ===

# of expected passes		21664
# of unexpected failures	3
# of expected failures		150
# of unresolved testcases	3
# of unsupported tests		326

		=== g++ Summary ===

# of expected passes		43642
# of unexpected failures	6
# of expected failures		300
# of unresolved testcases	6
# of unsupported tests		504
/sw_i386/src/fink.build/gcc45-4.5.2-1000/darwin_objdir/gcc/testsuite/g++/../../g++  version 4.5.2 20100908 (prerelease) (GCC) 

		=== gcc tests ===


Running target unix/-m32
FAIL: gcc.dg/debug/dwarf2/aranges-fnsec-1.c scan-assembler DW_AT_ranges
FAIL: gcc.dg/framework-1.c (test for excess errors)
FAIL: gcc.dg/torture/builtin-math-7.c  -O0  execution test
FAIL: gcc.dg/torture/builtin-math-7.c  -O1  execution test
FAIL: gcc.dg/torture/builtin-math-7.c  -O2  execution test
FAIL: gcc.dg/torture/builtin-math-7.c  -O3 -fomit-frame-pointer  execution test
FAIL: gcc.dg/torture/builtin-math-7.c  -O3 -fomit-frame-pointer -funroll-loops  execution test
FAIL: gcc.dg/torture/builtin-math-7.c  -O3 -fomit-frame-pointer -funroll-all-loops -finline-functions  execution test
FAIL: gcc.dg/torture/builtin-math-7.c  -O3 -g  execution test
FAIL: gcc.dg/torture/builtin-math-7.c  -Os  execution test

		=== gcc Summary for unix/-m32 ===

# of expected passes		59611
# of unexpected failures	10
# of expected failures		175
# of unsupported tests		1191

Running target unix/-m64
FAIL: gcc.dg/debug/dwarf2/aranges-fnsec-1.c scan-assembler DW_AT_ranges
FAIL: gcc.dg/framework-1.c (test for excess errors)
FAIL: gcc.dg/torture/builtin-math-7.c  -O0  execution test
FAIL: gcc.dg/torture/builtin-math-7.c  -O1  execution test
FAIL: gcc.dg/torture/builtin-math-7.c  -O2  execution test
FAIL: gcc.dg/torture/builtin-math-7.c  -O3 -fomit-frame-pointer  execution test
FAIL: gcc.dg/torture/builtin-math-7.c  -O3 -fomit-frame-pointer -funroll-loops  execution test
FAIL: gcc.dg/torture/builtin-math-7.c  -O3 -fomit-frame-pointer -funroll-all-loops -finline-functions  execution test
FAIL: gcc.dg/torture/builtin-math-7.c  -O3 -g  execution test
FAIL: gcc.dg/torture/builtin-math-7.c  -Os  execution test

		=== gcc Summary for unix/-m64 ===

# of expected passes		59242
# of unexpected failures	10
# of expected failures		176
# of unsupported tests		1463

		=== gcc Summary ===

# of expected passes		118853
# of unexpected failures	20
# of expected failures		351
# of unsupported tests		2654
/sw_i386/src/fink.build/gcc45-4.5.2-1000/darwin_objdir/gcc/xgcc  version 4.5.2 20100908 (prerelease) (GCC) 

		=== gfortran tests ===


Running target unix/-m32

		=== gfortran Summary for unix/-m32 ===

# of expected passes		33896
# of expected failures		31
# of unsupported tests		152

Running target unix/-m64

		=== gfortran Summary for unix/-m64 ===

# of expected passes		34055
# of expected failures		31
# of unsupported tests		78

		=== gfortran Summary ===

# of expected passes		67951
# of expected failures		62
# of unsupported tests		230
/sw_i386/src/fink.build/gcc45-4.5.2-1000/darwin_objdir/gcc/testsuite/gfortran/../../gfortran  version 4.5.2 20100908 (prerelease) (GCC) 

		=== obj-c++ tests ===


Running target unix/-m32
WARNING: obj-c++.dg/lookup-2.mm -fgnu-runtime compilation failed to produce executable
WARNING: obj-c++.dg/try-catch-2.mm -fgnu-runtime compilation failed to produce executable
WARNING: obj-c++.dg/try-catch-9.mm -fgnu-runtime compilation failed to produce executable

		=== obj-c++ Summary for unix/-m32 ===

# of expected passes		924
# of expected failures		3
# of unsupported tests		13

Running target unix/-m64
WARNING: obj-c++.dg/lookup-2.mm -fgnu-runtime compilation failed to produce executable
WARNING: obj-c++.dg/try-catch-2.mm -fgnu-runtime compilation failed to produce executable
WARNING: obj-c++.dg/try-catch-9.mm -fgnu-runtime compilation failed to produce executable
WARNING: obj-c++.dg/try-catch-2.mm -fnext-runtime compilation failed to produce executable
WARNING: obj-c++.dg/try-catch-9.mm -fnext-runtime compilation failed to produce executable

		=== obj-c++ Summary for unix/-m64 ===

# of expected passes		872
# of expected failures		45
# of unsupported tests		15

		=== obj-c++ Summary ===

# of expected passes		1796
# of expected failures		48
# of unsupported tests		28
/sw_i386/src/fink.build/gcc45-4.5.2-1000/darwin_objdir/gcc/testsuite/obj-c++/../../g++  version 4.5.2 20100908 (prerelease) (GCC) 

		=== objc tests ===


Running target unix/-m32
FAIL: objc/execute/exceptions/catchall-1.m execution,  -O3 -fomit-frame-pointer -fnext-runtime
FAIL: objc/execute/exceptions/catchall-1.m execution,  -O3 -g -fnext-runtime
FAIL: objc/execute/exceptions/local-variables-1.m execution,  -O3 -fomit-frame-pointer -fnext-runtime
FAIL: objc/execute/exceptions/local-variables-1.m execution,  -O3 -g -fnext-runtime
FAIL: objc.dg/headers.m -fnext-runtime (test for excess errors)
FAIL: objc.dg/no-extra-load.m -fnext-runtime (test for excess errors)
ERROR: objc.dg/no-extra-load.m: error executing dg-final: couldn't open "no-extra-load.s": no such file or directory
UNRESOLVED: objc.dg/no-extra-load.m: error executing dg-final: couldn't open "no-extra-load.s": no such file or directory

		=== objc Summary for unix/-m32 ===

# of expected passes		3745
# of unexpected failures	6
# of expected failures		7
# of unresolved testcases	1
# of unsupported tests		25

Running target unix/-m64
FAIL: objc.dg/headers.m -fnext-runtime (test for excess errors)
FAIL: objc.dg/no-extra-load.m -fnext-runtime (test for excess errors)
ERROR: objc.dg/no-extra-load.m: error executing dg-final: couldn't open "no-extra-load.s": no such file or directory
UNRESOLVED: objc.dg/no-extra-load.m: error executing dg-final: couldn't open "no-extra-load.s": no such file or directory

		=== objc Summary for unix/-m64 ===

# of expected passes		2494
# of unexpected failures	2
# of expected failures		40
# of unresolved testcases	1
# of unsupported tests		28

		=== objc Summary ===

# of expected passes		6239
# of unexpected failures	8
# of expected failures		47
# of unresolved testcases	2
# of unsupported tests		53
/sw_i386/src/fink.build/gcc45-4.5.2-1000/darwin_objdir/gcc/xgcc  version 4.5.2 20100908 (prerelease) (GCC) 

		=== libffi tests ===


Running target unix/-m32

		=== libffi Summary for unix/-m32 ===

# of expected passes		1624
# of expected failures		10
# of unsupported tests		15

Running target unix/-m64

		=== libffi Summary for unix/-m64 ===

# of expected passes		1624
# of expected failures		10
# of unsupported tests		15

		=== libffi Summary ===

# of expected passes		3248
# of expected failures		20
# of unsupported tests		30
		=== libgomp tests ===


Running target unix/-m32

		=== libgomp Summary for unix/-m32 ===

# of expected passes		2536
# of unsupported tests		2

Running target unix/-m64

		=== libgomp Summary for unix/-m64 ===

# of expected passes		2536
# of unsupported tests		2

		=== libgomp Summary ===

# of expected passes		5072
# of unsupported tests		4
		=== libjava tests ===


Running target unix/-m32

		=== libjava Summary for unix/-m32 ===

# of expected passes		2574

Running target unix/-m64
FAIL: PR16923.c compilation

		=== libjava Summary for unix/-m64 ===

# of expected passes		2572
# of unexpected failures	1

		=== libjava Summary ===

# of expected passes		5146
# of unexpected failures	1
		=== libstdc++ tests ===


Running target unix/-m32

		=== libstdc++ Summary for unix/-m32 ===

# of expected passes		6455
# of expected failures		89
# of unsupported tests		554

Running target unix/-m64
WARNING: program timed out.
FAIL: tr1/2_general_utilities/shared_ptr/thread/default_weaktoshared.cc execution test

		=== libstdc++ Summary for unix/-m64 ===

# of expected passes		6452
# of unexpected failures	1
# of expected failures		89
# of unsupported tests		555

		=== libstdc++ Summary ===

# of expected passes		12907
# of unexpected failures	1
# of expected failures		178
# of unsupported tests		1109

Compiler version: 4.5.2 20100908 (prerelease) (GCC) 
Platform: i386-apple-darwin10.5.0
configure flags: --prefix=/sw_i386 --prefix=/sw_i386/lib/gcc4.5 --mandir=/sw_i386/share/man --infodir=/sw_i386/lib/gcc4.5/info --enable-languages=c,c++,fortran,objc,obj-c++,java --with-gmp=/sw_i386 --with-libiconv-prefix=/sw_i386 --with-ppl=/sw_i386 --with-cloog=/sw_i386 --with-mpc=/sw_i386 --with-system-zlib --x-includes=/usr/X11R6/include --x-libraries=/usr/X11R6/lib --program-suffix=-fsf-4.5


Index Nav: [Date Index] [Subject Index] [Author Index] [Thread Index]
Message Nav: [Date Prev] [Date Next] [Thread Prev] [Thread Next]