This is the mail archive of the gcc-testresults@gcc.gnu.org mailing list for the GCC project.


Index Nav: [Date Index] [Subject Index] [Author Index] [Thread Index]
Message Nav: [Date Prev] [Date Next] [Thread Prev] [Thread Next]
Other format: [Raw text]

Results for 4.5.1 (GCC) testsuite on alphaev6-unknown-linux-gnu


LAST_UPDATED: Obtained from SVN: tags/gcc_4_5_1_release revision 162774

Native configuration is alphaev6-unknown-linux-gnu

		=== libffi tests ===


Running target unix

		=== libffi Summary ===

# of expected passes		1624
# of expected failures		10
# of unsupported tests		15
		=== libgomp tests ===


Running target unix

		=== libgomp Summary ===

# of expected passes		2494
		=== libjava tests ===


Running target unix
WARNING: program timed out.
FAIL: pr11951 run
FAIL: initexc execution - source compiled test
FAIL: initexc -findirect-dispatch execution - source compiled test
FAIL: initexc -O3 execution - source compiled test
FAIL: initexc -O3 -findirect-dispatch execution - source compiled test
FAIL: invokethrow output - source compiled test
FAIL: invokethrow -findirect-dispatch output - source compiled test
FAIL: invokethrow -O3 output - source compiled test
FAIL: invokethrow -O3 -findirect-dispatch output - source compiled test

		=== libjava Summary ===

# of expected passes		2559
# of unexpected failures	9
# of untested testcases		5
		=== libstdc++ tests ===


Running target unix
FAIL: abi_check
FAIL: 21_strings/basic_string/inserters_extractors/pod/10081-in.cc execution test
FAIL: 23_containers/deque/requirements/exception/basic.cc execution test
FAIL: 23_containers/multiset/requirements/exception/basic.cc execution test
FAIL: 23_containers/set/requirements/exception/basic.cc execution test
FAIL: 26_numerics/complex/13450.cc execution test

		=== libstdc++ Summary ===

# of expected passes		7485
# of unexpected failures	6
# of expected failures		93
# of unsupported tests		29
		=== g++ tests ===


Running target unix
FAIL: g++.dg/compat/eh/unexpected1 cp_compat_x_tst.o-cp_compat_y_tst.o execute 
FAIL: g++.dg/eh/unexpected1.C execution test
FAIL: g++.old-deja/g++.eh/spec2.C execution test
FAIL: g++.old-deja/g++.eh/spec3.C execution test
FAIL: g++.old-deja/g++.mike/eh33.C execution test
FAIL: g++.old-deja/g++.mike/eh50.C execution test
FAIL: g++.old-deja/g++.mike/eh51.C execution test

		=== g++ Summary ===

# of expected passes		21345
# of unexpected failures	7
# of expected failures		149
# of unsupported tests		201
/home/mikpe/objdir45/gcc/testsuite/g++/../../g++  version 4.5.1 (GCC) 

		=== gcc tests ===


Running target unix
FAIL: gcc.c-torture/compile/limits-exprparen.c  -O0  (test for excess errors)
FAIL: gcc.c-torture/compile/limits-exprparen.c  -O1  (test for excess errors)
FAIL: gcc.c-torture/compile/limits-exprparen.c  -O2  (test for excess errors)
FAIL: gcc.c-torture/compile/limits-exprparen.c  -O3 -fomit-frame-pointer  (test for excess errors)
FAIL: gcc.c-torture/compile/limits-exprparen.c  -O3 -g  (test for excess errors)
FAIL: gcc.c-torture/compile/limits-exprparen.c  -Os  (test for excess errors)
FAIL: gcc.c-torture/execute/stdarg-1.c execution,  -O3 -fomit-frame-pointer 
FAIL: gcc.c-torture/execute/stdarg-1.c execution,  -O3 -g 
XPASS: gcc.dg/guality/example.c  -O0  execution test
XPASS: gcc.dg/guality/guality.c  -O0  execution test
FAIL: gcc.dg/guality/inline-params.c  -O1  execution test
FAIL: gcc.dg/guality/pr36728-1.c  -O1  line 14 *x == (char) 25
XPASS: gcc.dg/guality/pr41353-1.c  -O0  line 28 j == 28 + 37
FAIL: gcc.dg/guality/pr41353-1.c  -O1  line 39 i == 12
FAIL: gcc.dg/guality/pr41353-1.c  -O2  line 39 i == 12
FAIL: gcc.dg/guality/pr41353-1.c  -O3 -fomit-frame-pointer  line 39 i == 12
FAIL: gcc.dg/guality/pr41353-1.c  -O3 -g  line 39 i == 12
FAIL: gcc.dg/guality/pr41353-1.c  -Os  line 39 i == 12
XPASS: gcc.dg/guality/pr41447-1.c  -O0  execution test
XPASS: gcc.dg/guality/pr41616-1.c  -O0  execution test
FAIL: gcc.dg/guality/pr43051-1.c  -O1  line 40 v == 1
FAIL: gcc.dg/guality/pr43051-1.c  -O3 -fomit-frame-pointer -funroll-loops  line 35 v == 1
FAIL: gcc.dg/guality/pr43051-1.c  -O3 -fomit-frame-pointer -funroll-all-loops -finline-functions  line 35 v == 1
FAIL: gcc.dg/guality/pr43077-1.c  -O1  line 42 a == 1
FAIL: gcc.dg/guality/pr43077-1.c  -O2  line 42 a == 1
FAIL: gcc.dg/guality/pr43077-1.c  -O3 -fomit-frame-pointer  line 42 a == 1
FAIL: gcc.dg/guality/pr43077-1.c  -O3 -g  line 42 a == 1
FAIL: gcc.dg/guality/pr43077-1.c  -Os  line 42 a == 1
FAIL: gcc.dg/guality/pr43177.c  -O1  line 24 x == 7
FAIL: gcc.dg/guality/pr43177.c  -O2  line 24 x == 7
FAIL: gcc.dg/guality/pr43177.c  -O3 -fomit-frame-pointer  line 24 x == 7
FAIL: gcc.dg/guality/pr43177.c  -O3 -g  line 24 x == 7
FAIL: gcc.dg/guality/pr43177.c  -Os  line 24 x == 7
FAIL: gcc.dg/guality/vla-1.c  -O1  line 17 sizeof (a) == 6
FAIL: gcc.dg/guality/vla-1.c  -O1  line 24 sizeof (a) == 17 * sizeof (short)
FAIL: gcc.dg/guality/vla-1.c  -O2  line 17 sizeof (a) == 6
FAIL: gcc.dg/guality/vla-1.c  -O2  line 24 sizeof (a) == 17 * sizeof (short)
FAIL: gcc.dg/guality/vla-1.c  -O3 -fomit-frame-pointer  line 17 sizeof (a) == 6
FAIL: gcc.dg/guality/vla-1.c  -O3 -fomit-frame-pointer  line 24 sizeof (a) == 17 * sizeof (short)
FAIL: gcc.dg/guality/vla-1.c  -O3 -g  line 17 sizeof (a) == 6
FAIL: gcc.dg/guality/vla-1.c  -O3 -g  line 24 sizeof (a) == 17 * sizeof (short)
FAIL: gcc.dg/guality/vla-1.c  -Os  line 17 sizeof (a) == 6
FAIL: gcc.dg/guality/vla-1.c  -Os  line 24 sizeof (a) == 17 * sizeof (short)

		=== gcc Summary ===

# of expected passes		54369
# of unexpected failures	38
# of unexpected successes	5
# of expected failures		113
# of unsupported tests		794
/home/mikpe/objdir45/gcc/xgcc  version 4.5.1 (GCC) 

		=== gfortran tests ===


Running target unix
FAIL: gfortran.dg/complex_intrinsic_3.f90  -O0  execution test
FAIL: gfortran.dg/complex_intrinsic_3.f90  -O1  execution test
FAIL: gfortran.dg/complex_intrinsic_3.f90  -O2  execution test
FAIL: gfortran.dg/complex_intrinsic_3.f90  -O3 -fomit-frame-pointer  execution test
FAIL: gfortran.dg/complex_intrinsic_3.f90  -O3 -fomit-frame-pointer -funroll-loops  execution test
FAIL: gfortran.dg/complex_intrinsic_3.f90  -O3 -fomit-frame-pointer -funroll-all-loops -finline-functions  execution test
FAIL: gfortran.dg/complex_intrinsic_3.f90  -O3 -g  execution test
FAIL: gfortran.dg/complex_intrinsic_3.f90  -Os  execution test
FAIL: gfortran.dg/complex_intrinsic_5.f90  -O0  execution test
FAIL: gfortran.dg/complex_intrinsic_5.f90  -O1  execution test
FAIL: gfortran.dg/complex_intrinsic_5.f90  -O2  execution test
FAIL: gfortran.dg/complex_intrinsic_5.f90  -O3 -fomit-frame-pointer  execution test
FAIL: gfortran.dg/complex_intrinsic_5.f90  -O3 -fomit-frame-pointer -funroll-loops  execution test
FAIL: gfortran.dg/complex_intrinsic_5.f90  -O3 -fomit-frame-pointer -funroll-all-loops -finline-functions  execution test
FAIL: gfortran.dg/complex_intrinsic_5.f90  -O3 -g  execution test
FAIL: gfortran.dg/complex_intrinsic_5.f90  -Os  execution test
FAIL: gfortran.dg/csqrt_2.f  -O0  execution test
FAIL: gfortran.dg/f2c_2.f90  -O0  execution test
FAIL: gfortran.dg/integer_exponentiation_2.f90  -O0  execution test
FAIL: gfortran.dg/integer_exponentiation_2.f90  -O1  execution test
FAIL: gfortran.dg/integer_exponentiation_2.f90  -O2  execution test
FAIL: gfortran.dg/integer_exponentiation_2.f90  -O3 -fomit-frame-pointer  execution test
FAIL: gfortran.dg/integer_exponentiation_2.f90  -O3 -fomit-frame-pointer -funroll-loops  execution test
FAIL: gfortran.dg/integer_exponentiation_2.f90  -O3 -fomit-frame-pointer -funroll-all-loops -finline-functions  execution test
FAIL: gfortran.dg/integer_exponentiation_2.f90  -O3 -g  execution test
FAIL: gfortran.dg/integer_exponentiation_2.f90  -Os  execution test
FAIL: gfortran.dg/specifics_1.f90  -O0  execution test
FAIL: gfortran.dg/specifics_1.f90  -O1  execution test
FAIL: gfortran.dg/specifics_1.f90  -O2  execution test
FAIL: gfortran.dg/specifics_1.f90  -O3 -fomit-frame-pointer  execution test
FAIL: gfortran.dg/specifics_1.f90  -O3 -fomit-frame-pointer -funroll-loops  execution test
FAIL: gfortran.dg/specifics_1.f90  -O3 -fomit-frame-pointer -funroll-all-loops -finline-functions  execution test
FAIL: gfortran.dg/specifics_1.f90  -O3 -g  execution test
FAIL: gfortran.dg/specifics_1.f90  -Os  execution test
FAIL: gfortran.fortran-torture/execute/csqrt_1.f90 execution,  -O0 
FAIL: gfortran.fortran-torture/execute/csqrt_1.f90 execution,  -O1 
FAIL: gfortran.fortran-torture/execute/csqrt_1.f90 execution,  -O2 
FAIL: gfortran.fortran-torture/execute/csqrt_1.f90 execution,  -O2 -fomit-frame-pointer -finline-functions 
FAIL: gfortran.fortran-torture/execute/csqrt_1.f90 execution,  -O2 -fomit-frame-pointer -finline-functions -funroll-loops 
FAIL: gfortran.fortran-torture/execute/csqrt_1.f90 execution,  -O2 -fbounds-check 
FAIL: gfortran.fortran-torture/execute/csqrt_1.f90 execution,  -O3 -g 
FAIL: gfortran.fortran-torture/execute/csqrt_1.f90 execution,  -Os 
FAIL: gfortran.fortran-torture/execute/csqrt_1.f90 execution, -O2 -ftree-vectorize -mmax 
FAIL: gfortran.fortran-torture/execute/power.f90 execution,  -O0 
FAIL: gfortran.fortran-torture/execute/specifics.f90 execution,  -O0 
FAIL: gfortran.fortran-torture/execute/specifics.f90 execution,  -O1 
FAIL: gfortran.fortran-torture/execute/specifics.f90 execution,  -O2 
FAIL: gfortran.fortran-torture/execute/specifics.f90 execution,  -O2 -fomit-frame-pointer -finline-functions 
FAIL: gfortran.fortran-torture/execute/specifics.f90 execution,  -O2 -fomit-frame-pointer -finline-functions -funroll-loops 
FAIL: gfortran.fortran-torture/execute/specifics.f90 execution,  -O2 -fbounds-check 
FAIL: gfortran.fortran-torture/execute/specifics.f90 execution,  -O3 -g 
FAIL: gfortran.fortran-torture/execute/specifics.f90 execution,  -Os 
FAIL: gfortran.fortran-torture/execute/specifics.f90 execution, -O2 -ftree-vectorize -mmax 

		=== gfortran Summary ===

# of expected passes		33994
# of unexpected failures	53
# of expected failures		20
# of unsupported tests		55
/home/mikpe/objdir45/gcc/testsuite/gfortran/../../gfortran  version 4.5.1 (GCC) 

		=== obj-c++ tests ===


Running target unix
WARNING: obj-c++.dg/lookup-2.mm -fgnu-runtime compilation failed to produce executable
WARNING: obj-c++.dg/try-catch-2.mm -fgnu-runtime compilation failed to produce executable
WARNING: obj-c++.dg/try-catch-9.mm -fgnu-runtime compilation failed to produce executable

		=== obj-c++ Summary ===

# of expected passes		432
# of expected failures		11
# of unsupported tests		14
/home/mikpe/objdir45/gcc/testsuite/obj-c++/../../g++  version 4.5.1 (GCC) 

		=== objc tests ===


Running target unix

		=== objc Summary ===

# of expected passes		1872
# of expected failures		15
# of unsupported tests		21
/home/mikpe/objdir45/gcc/xgcc  version 4.5.1 (GCC) 


Compiler version: 4.5.1 (GCC) 
Platform: alphaev6-unknown-linux-gnu
configure flags: --with-gmp=/home/mikpe/pkgs/linux-alpha/gmp-4.3.2 --with-mpfr=/home/mikpe/pkgs/linux-alpha/mpfr-2.4.2 --with-mpc=/home/mikpe/pkgs/linux-alpha/mpc-0.8.2 --disable-plugin --disable-lto --disable-nls --enable-threads=posix --enable-checking=release --disable-libmudflap --enable-languages=c,c++,objc,obj-c++,java,fortran --with-long-double-128 --with-cpu=ev6
BOOT_CFLAGS=-g -O2


Index Nav: [Date Index] [Subject Index] [Author Index] [Thread Index]
Message Nav: [Date Prev] [Date Next] [Thread Prev] [Thread Next]