This is the mail archive of the
gcc-testresults@gcc.gnu.org
mailing list for the GCC project.
Results for 4.5.2 20100908 (prerelease) (GCC) testsuite on x86_64-apple-darwin10.5.0
- From: Jack Howarth <howarth at bromo dot med dot uc dot edu>
- To: gcc-testresults at gcc dot gnu dot org
- Date: Wed, 8 Sep 2010 16:22:08 -0400
- Subject: Results for 4.5.2 20100908 (prerelease) (GCC) testsuite on x86_64-apple-darwin10.5.0
r163983 with...
2010-09-09 Jack Howarth <howarth@bromo.med.uc.edu>
Backport from mainline
2010-09-07 H.J. Lu <hjl.tools@gmail.com>
Jack Howarth <howarth@bromo.med.uc.edu>
PR target/36502
PR target/42313
PR target/44651
* gcc/config/i386/darwin.h (STACK_BOUNDARY): Redefine as 128 for
profiling or 64-bit MS_ABI and as BITS_PER_WORD otherwise.
(PREFERRED_STACK_BOUNDARY): Replace STACK_BOUNDARY with 128 in
MAX macro.
2010-09-09 Jack Howarth <howarth@bromo.med.uc.edu>
Backport from mainline
2010-09-07 Jack Howarth <howarth@bromo.med.uc.edu>
PR target/36502
* gcc.target/i386/pr36502.c: New test.
PR target/42313
PR target/44651
* gcc.target/i386/builtin-unreachable.c: Don't skip on darwin.
Index: gcc/testsuite/gcc.target/i386/builtin-unreachable.c
===================================================================
--- gcc/testsuite/gcc.target/i386/builtin-unreachable.c (revision 163986)
+++ gcc/testsuite/gcc.target/i386/builtin-unreachable.c (working copy)
@@ -9,5 +9,5 @@
__builtin_unreachable ();
return p ? 1 : 0;
}
-/* { dg-final { scan-assembler-not "%e\[bs\]p" { target { ! *-*-darwin* } } } } */
+/* { dg-final { scan-assembler-not "%e\[bs\]p" } } */
/* { dg-final { scan-assembler-not "\[\\t \]+j" } } */
Index: gcc/config/i386/darwin.h
===================================================================
--- gcc/config/i386/darwin.h (revision 163986)
+++ gcc/config/i386/darwin.h (working copy)
@@ -73,7 +73,9 @@
Failure to ensure this will lead to a crash in the system libraries
or dynamic loader. */
#undef STACK_BOUNDARY
-#define STACK_BOUNDARY 128
+#define STACK_BOUNDARY \
+ ((profile_flag || (TARGET_64BIT && ix86_abi == MS_ABI)) \
+ ? 128 : BITS_PER_WORD)
#undef MAIN_STACK_BOUNDARY
#define MAIN_STACK_BOUNDARY 128
@@ -85,7 +87,7 @@
it's below the minimum. */
#undef PREFERRED_STACK_BOUNDARY
#define PREFERRED_STACK_BOUNDARY \
- MAX (STACK_BOUNDARY, ix86_preferred_stack_boundary)
+ MAX (128, ix86_preferred_stack_boundary)
/* We want -fPIC by default, unless we're using -static to compile for
the kernel or some such. */
Native configuration is x86_64-apple-darwin10.5.0
=== g++ tests ===
Running target unix/-m32
WARNING: g++.dg/ext/label13.C compilation failed to produce executable
FAIL: g++.dg/lto/20081118-1 cp_lto_20081118-1_0.o-cp_lto_20081118-1_1.o link
UNRESOLVED: g++.dg/lto/20081118-1 cp_lto_20081118-1_0.o-cp_lto_20081118-1_1.o execute -O0 -fwhopr
FAIL: g++.dg/lto/20081118-1 cp_lto_20081118-1_0.o-cp_lto_20081118-1_1.o link
UNRESOLVED: g++.dg/lto/20081118-1 cp_lto_20081118-1_0.o-cp_lto_20081118-1_1.o execute -O2 -fwhopr
FAIL: g++.dg/lto/20081118 cp_lto_20081118_0.o-cp_lto_20081118_1.o link
UNRESOLVED: g++.dg/lto/20081118 cp_lto_20081118_0.o-cp_lto_20081118_1.o execute -fPIC -fwhopr -r -nostdlib
FAIL: g++.dg/lto/20081119-1 cp_lto_20081119-1_0.o-cp_lto_20081119-1_1.o link
UNRESOLVED: g++.dg/lto/20081119-1 cp_lto_20081119-1_0.o-cp_lto_20081119-1_1.o execute -fPIC -fwhopr -r -nostdlib
FAIL: g++.dg/lto/20081125 cp_lto_20081125_0.o-cp_lto_20081125_1.o link
UNRESOLVED: g++.dg/lto/20081125 cp_lto_20081125_0.o-cp_lto_20081125_1.o execute -fwhopr
FAIL: g++.dg/lto/20081204-1 cp_lto_20081204-1_0.o-cp_lto_20081204-1_1.o link
UNRESOLVED: g++.dg/lto/20081204-1 cp_lto_20081204-1_0.o-cp_lto_20081204-1_1.o execute -fwhopr -fPIC -r -nostdlib
FAIL: g++.dg/lto/20081209 cp_lto_20081209_0.o-cp_lto_20081209_1.o link
UNRESOLVED: g++.dg/lto/20081209 cp_lto_20081209_0.o-cp_lto_20081209_1.o execute -O0 -fwhopr
FAIL: g++.dg/lto/20081209 cp_lto_20081209_0.o-cp_lto_20081209_1.o link
UNRESOLVED: g++.dg/lto/20081209 cp_lto_20081209_0.o-cp_lto_20081209_1.o execute -O2 -fwhopr
FAIL: g++.dg/lto/20081211-1 cp_lto_20081211-1_0.o-cp_lto_20081211-1_1.o link
UNRESOLVED: g++.dg/lto/20081211-1 cp_lto_20081211-1_0.o-cp_lto_20081211-1_1.o execute -O0 -fwhopr
FAIL: g++.dg/lto/20081211-1 cp_lto_20081211-1_0.o-cp_lto_20081211-1_1.o link
UNRESOLVED: g++.dg/lto/20081211-1 cp_lto_20081211-1_0.o-cp_lto_20081211-1_1.o execute -O2 -fwhopr
FAIL: g++.dg/lto/20081219 cp_lto_20081219_0.o-cp_lto_20081219_1.o link
UNRESOLVED: g++.dg/lto/20081219 cp_lto_20081219_0.o-cp_lto_20081219_1.o execute -fPIC -fwhopr -O2
FAIL: g++.dg/lto/20090311-1 cp_lto_20090311-1_0.o-cp_lto_20090311-1_1.o link
UNRESOLVED: g++.dg/lto/20090311-1 cp_lto_20090311-1_0.o-cp_lto_20090311-1_1.o execute -O0 -fwhopr
FAIL: g++.dg/lto/20090311-1 cp_lto_20090311-1_0.o-cp_lto_20090311-1_1.o link
UNRESOLVED: g++.dg/lto/20090311-1 cp_lto_20090311-1_0.o-cp_lto_20090311-1_1.o execute -O2 -fwhopr
FAIL: g++.dg/lto/20091210-1 cp_lto_20091210-1_0.o-cp_lto_20091210-1_1.o link
UNRESOLVED: g++.dg/lto/20091210-1 cp_lto_20091210-1_0.o-cp_lto_20091210-1_1.o execute -O0 -fwhopr
FAIL: g++.dg/lto/20091210-1 cp_lto_20091210-1_0.o-cp_lto_20091210-1_1.o link
UNRESOLVED: g++.dg/lto/20091210-1 cp_lto_20091210-1_0.o-cp_lto_20091210-1_1.o execute -O2 -fwhopr
FAIL: g++.dg/tree-prof/partition1.C compilation, -g -fprofile-use
UNRESOLVED: g++.dg/tree-prof/partition1.C execution, -g -fprofile-use
FAIL: g++.dg/tree-prof/partition1.C compilation, -O3 -g -fprofile-use
UNRESOLVED: g++.dg/tree-prof/partition1.C execution, -O3 -g -fprofile-use
FAIL: g++.dg/tree-prof/partition2.C compilation, -O3 -g -fprofile-use
UNRESOLVED: g++.dg/tree-prof/partition2.C execution, -O3 -g -fprofile-use
=== g++ Summary for unix/-m32 ===
# of expected passes 22856
# of unexpected failures 18
# of expected failures 152
# of unresolved testcases 18
# of unsupported tests 180
Running target unix/-m64
WARNING: g++.dg/ext/label13.C compilation failed to produce executable
FAIL: g++.dg/tree-prof/partition1.C compilation, -g -fprofile-use
UNRESOLVED: g++.dg/tree-prof/partition1.C execution, -g -fprofile-use
FAIL: g++.dg/tree-prof/partition1.C compilation, -O3 -g -fprofile-use
UNRESOLVED: g++.dg/tree-prof/partition1.C execution, -O3 -g -fprofile-use
FAIL: g++.dg/tree-prof/partition2.C compilation, -O3 -g -fprofile-use
UNRESOLVED: g++.dg/tree-prof/partition2.C execution, -O3 -g -fprofile-use
=== g++ Summary for unix/-m64 ===
# of expected passes 22496
# of unexpected failures 3
# of expected failures 152
# of unresolved testcases 3
# of unsupported tests 362
=== g++ Summary ===
# of expected passes 45352
# of unexpected failures 21
# of expected failures 304
# of unresolved testcases 21
# of unsupported tests 542
/sw/src/fink.build/gcc45-4.5.2-1000/darwin_objdir/gcc/testsuite/g++/../../g++ version 4.5.2 20100908 (prerelease) (GCC)
=== gcc tests ===
Running target unix/-m32
FAIL: gcc.c-torture/execute/builtins/abs-1.c compilation, -O2 -fwhopr
UNRESOLVED: gcc.c-torture/execute/builtins/abs-1.c execution, -O2 -fwhopr
FAIL: gcc.c-torture/execute/builtins/memcpy-chk.c compilation, -O2 -fwhopr
UNRESOLVED: gcc.c-torture/execute/builtins/memcpy-chk.c execution, -O2 -fwhopr
FAIL: gcc.c-torture/execute/builtins/memmove-2.c compilation, -O2 -fwhopr
UNRESOLVED: gcc.c-torture/execute/builtins/memmove-2.c execution, -O2 -fwhopr
FAIL: gcc.c-torture/execute/builtins/memmove-chk.c compilation, -O2 -fwhopr
UNRESOLVED: gcc.c-torture/execute/builtins/memmove-chk.c execution, -O2 -fwhopr
FAIL: gcc.c-torture/execute/builtins/memmove.c compilation, -O2 -fwhopr
UNRESOLVED: gcc.c-torture/execute/builtins/memmove.c execution, -O2 -fwhopr
FAIL: gcc.c-torture/execute/builtins/memops-asm.c compilation, -O2 -fwhopr
UNRESOLVED: gcc.c-torture/execute/builtins/memops-asm.c execution, -O2 -fwhopr
FAIL: gcc.c-torture/execute/builtins/mempcpy-2.c compilation, -O2 -fwhopr
UNRESOLVED: gcc.c-torture/execute/builtins/mempcpy-2.c execution, -O2 -fwhopr
FAIL: gcc.c-torture/execute/builtins/mempcpy-chk.c compilation, -O2 -fwhopr
UNRESOLVED: gcc.c-torture/execute/builtins/mempcpy-chk.c execution, -O2 -fwhopr
FAIL: gcc.c-torture/execute/builtins/mempcpy.c compilation, -O2 -fwhopr
UNRESOLVED: gcc.c-torture/execute/builtins/mempcpy.c execution, -O2 -fwhopr
FAIL: gcc.c-torture/execute/builtins/memset-chk.c compilation, -O2 -fwhopr
UNRESOLVED: gcc.c-torture/execute/builtins/memset-chk.c execution, -O2 -fwhopr
FAIL: gcc.c-torture/execute/builtins/memset.c compilation, -O2 -fwhopr
UNRESOLVED: gcc.c-torture/execute/builtins/memset.c execution, -O2 -fwhopr
FAIL: gcc.c-torture/execute/builtins/snprintf-chk.c compilation, -O2 -fwhopr
UNRESOLVED: gcc.c-torture/execute/builtins/snprintf-chk.c execution, -O2 -fwhopr
FAIL: gcc.c-torture/execute/builtins/sprintf-chk.c compilation, -O2 -fwhopr
UNRESOLVED: gcc.c-torture/execute/builtins/sprintf-chk.c execution, -O2 -fwhopr
FAIL: gcc.c-torture/execute/builtins/stpcpy-chk.c compilation, -O2 -fwhopr
UNRESOLVED: gcc.c-torture/execute/builtins/stpcpy-chk.c execution, -O2 -fwhopr
FAIL: gcc.c-torture/execute/builtins/strcat-chk.c compilation, -O2 -fwhopr
UNRESOLVED: gcc.c-torture/execute/builtins/strcat-chk.c execution, -O2 -fwhopr
FAIL: gcc.c-torture/execute/builtins/strcmp.c compilation, -O2 -fwhopr
UNRESOLVED: gcc.c-torture/execute/builtins/strcmp.c execution, -O2 -fwhopr
FAIL: gcc.c-torture/execute/builtins/strcpy-chk.c compilation, -O2 -fwhopr
UNRESOLVED: gcc.c-torture/execute/builtins/strcpy-chk.c execution, -O2 -fwhopr
FAIL: gcc.c-torture/execute/builtins/strcpy.c compilation, -O2 -fwhopr
UNRESOLVED: gcc.c-torture/execute/builtins/strcpy.c execution, -O2 -fwhopr
FAIL: gcc.c-torture/execute/builtins/strlen-3.c compilation, -O2 -fwhopr
UNRESOLVED: gcc.c-torture/execute/builtins/strlen-3.c execution, -O2 -fwhopr
FAIL: gcc.c-torture/execute/builtins/strlen.c compilation, -O2 -fwhopr
UNRESOLVED: gcc.c-torture/execute/builtins/strlen.c execution, -O2 -fwhopr
FAIL: gcc.c-torture/execute/builtins/strncat-chk.c compilation, -O2 -fwhopr
UNRESOLVED: gcc.c-torture/execute/builtins/strncat-chk.c execution, -O2 -fwhopr
FAIL: gcc.c-torture/execute/builtins/strncat.c compilation, -O2 -fwhopr
UNRESOLVED: gcc.c-torture/execute/builtins/strncat.c execution, -O2 -fwhopr
FAIL: gcc.c-torture/execute/builtins/strncpy-chk.c compilation, -O2 -fwhopr
UNRESOLVED: gcc.c-torture/execute/builtins/strncpy-chk.c execution, -O2 -fwhopr
FAIL: gcc.c-torture/execute/builtins/strpcpy-2.c compilation, -O2 -fwhopr
UNRESOLVED: gcc.c-torture/execute/builtins/strpcpy-2.c execution, -O2 -fwhopr
FAIL: gcc.c-torture/execute/builtins/strpcpy.c compilation, -O2 -fwhopr
UNRESOLVED: gcc.c-torture/execute/builtins/strpcpy.c execution, -O2 -fwhopr
FAIL: gcc.c-torture/execute/builtins/strrchr.c compilation, -O2 -fwhopr
UNRESOLVED: gcc.c-torture/execute/builtins/strrchr.c execution, -O2 -fwhopr
FAIL: gcc.c-torture/execute/builtins/strstr-asm.c compilation, -O2 -fwhopr
UNRESOLVED: gcc.c-torture/execute/builtins/strstr-asm.c execution, -O2 -fwhopr
FAIL: gcc.c-torture/execute/builtins/vsnprintf-chk.c compilation, -O2 -fwhopr
UNRESOLVED: gcc.c-torture/execute/builtins/vsnprintf-chk.c execution, -O2 -fwhopr
FAIL: gcc.c-torture/execute/builtins/vsprintf-chk.c compilation, -O2 -fwhopr
UNRESOLVED: gcc.c-torture/execute/builtins/vsprintf-chk.c execution, -O2 -fwhopr
FAIL: gcc.dg/debug/dwarf2/aranges-fnsec-1.c scan-assembler DW_AT_ranges
FAIL: gcc.dg/framework-1.c (test for excess errors)
FAIL: gcc.dg/lto/20081111 c_lto_20081111_0.o-c_lto_20081111_1.o link
UNRESOLVED: gcc.dg/lto/20081111 c_lto_20081111_0.o-c_lto_20081111_1.o execute -O0 -fwhopr
FAIL: gcc.dg/lto/20081111 c_lto_20081111_0.o-c_lto_20081111_1.o link
UNRESOLVED: gcc.dg/lto/20081111 c_lto_20081111_0.o-c_lto_20081111_1.o execute -O2 -fwhopr
FAIL: gcc.dg/lto/20081112 c_lto_20081112_0.o-c_lto_20081112_1.o link
UNRESOLVED: gcc.dg/lto/20081112 c_lto_20081112_0.o-c_lto_20081112_1.o execute -O2 -fwhopr
FAIL: gcc.dg/lto/20081202-2 c_lto_20081202-2_0.o-c_lto_20081202-2_1.o link
UNRESOLVED: gcc.dg/lto/20081202-2 c_lto_20081202-2_0.o-c_lto_20081202-2_1.o execute -fwhopr -O3
FAIL: gcc.dg/lto/20090213 c_lto_20090213_0.o-c_lto_20090213_1.o link
UNRESOLVED: gcc.dg/lto/20090213 c_lto_20090213_0.o-c_lto_20090213_1.o execute -O2 -fwhopr
FAIL: gcc.dg/lto/20090218 c_lto_20090218_0.o-c_lto_20090218_3.o link
UNRESOLVED: gcc.dg/lto/20090218 c_lto_20090218_0.o-c_lto_20090218_3.o execute -O2 -fwhopr
FAIL: gcc.dg/lto/20091006-1 c_lto_20091006-1_0.o-c_lto_20091006-1_1.o link
UNRESOLVED: gcc.dg/lto/20091006-1 c_lto_20091006-1_0.o-c_lto_20091006-1_1.o execute -O0 -fwhopr
FAIL: gcc.dg/torture/builtin-math-7.c -O0 execution test
FAIL: gcc.dg/torture/builtin-math-7.c -O1 execution test
FAIL: gcc.dg/torture/builtin-math-7.c -O2 execution test
FAIL: gcc.dg/torture/builtin-math-7.c -O3 -fomit-frame-pointer execution test
FAIL: gcc.dg/torture/builtin-math-7.c -O3 -fomit-frame-pointer -funroll-loops execution test
FAIL: gcc.dg/torture/builtin-math-7.c -O3 -fomit-frame-pointer -funroll-all-loops -finline-functions execution test
FAIL: gcc.dg/torture/builtin-math-7.c -O3 -g execution test
FAIL: gcc.dg/torture/builtin-math-7.c -Os execution test
FAIL: gcc.dg/torture/builtin-math-7.c -O2 -flto execution test
FAIL: gcc.dg/torture/builtin-math-7.c -O2 -fwhopr execution test
=== gcc Summary for unix/-m32 ===
# of expected passes 69919
# of unexpected failures 48
# of expected failures 175
# of unresolved testcases 36
# of unsupported tests 1271
Running target unix/-m64
FAIL: gcc.dg/debug/dwarf2/aranges-fnsec-1.c scan-assembler DW_AT_ranges
FAIL: gcc.dg/framework-1.c (test for excess errors)
FAIL: gcc.dg/torture/builtin-math-7.c -O0 execution test
FAIL: gcc.dg/torture/builtin-math-7.c -O1 execution test
FAIL: gcc.dg/torture/builtin-math-7.c -O2 execution test
FAIL: gcc.dg/torture/builtin-math-7.c -O3 -fomit-frame-pointer execution test
FAIL: gcc.dg/torture/builtin-math-7.c -O3 -fomit-frame-pointer -funroll-loops execution test
FAIL: gcc.dg/torture/builtin-math-7.c -O3 -fomit-frame-pointer -funroll-all-loops -finline-functions execution test
FAIL: gcc.dg/torture/builtin-math-7.c -O3 -g execution test
FAIL: gcc.dg/torture/builtin-math-7.c -Os execution test
FAIL: gcc.dg/torture/builtin-math-7.c -O2 -flto execution test
FAIL: gcc.dg/torture/builtin-math-7.c -O2 -fwhopr execution test
=== gcc Summary for unix/-m64 ===
# of expected passes 69524
# of unexpected failures 12
# of expected failures 176
# of unsupported tests 1589
=== gcc Summary ===
# of expected passes 139443
# of unexpected failures 60
# of expected failures 351
# of unresolved testcases 36
# of unsupported tests 2860
/sw/src/fink.build/gcc45-4.5.2-1000/darwin_objdir/gcc/xgcc version 4.5.2 20100908 (prerelease) (GCC)
=== gfortran tests ===
Running target unix/-m32
FAIL: gfortran.dg/lto/20100222-1 f_lto_20100222-1_0.o-f_lto_20100222-1_1.o link
UNRESOLVED: gfortran.dg/lto/20100222-1 f_lto_20100222-1_0.o-f_lto_20100222-1_1.o execute -O2 -fwhopr
=== gfortran Summary for unix/-m32 ===
# of expected passes 34036
# of unexpected failures 1
# of expected failures 31
# of unresolved testcases 1
# of unsupported tests 142
Running target unix/-m64
=== gfortran Summary for unix/-m64 ===
# of expected passes 34181
# of expected failures 31
# of unsupported tests 76
=== gfortran Summary ===
# of expected passes 68217
# of unexpected failures 1
# of expected failures 62
# of unresolved testcases 1
# of unsupported tests 218
/sw/src/fink.build/gcc45-4.5.2-1000/darwin_objdir/gcc/testsuite/gfortran/../../gfortran version 4.5.2 20100908 (prerelease) (GCC)
=== obj-c++ tests ===
Running target unix/-m32
WARNING: obj-c++.dg/lookup-2.mm -fgnu-runtime compilation failed to produce executable
WARNING: obj-c++.dg/try-catch-2.mm -fgnu-runtime compilation failed to produce executable
WARNING: obj-c++.dg/try-catch-9.mm -fgnu-runtime compilation failed to produce executable
=== obj-c++ Summary for unix/-m32 ===
# of expected passes 924
# of expected failures 3
# of unsupported tests 13
Running target unix/-m64
WARNING: obj-c++.dg/lookup-2.mm -fgnu-runtime compilation failed to produce executable
WARNING: obj-c++.dg/try-catch-2.mm -fgnu-runtime compilation failed to produce executable
WARNING: obj-c++.dg/try-catch-9.mm -fgnu-runtime compilation failed to produce executable
WARNING: obj-c++.dg/try-catch-2.mm -fnext-runtime compilation failed to produce executable
WARNING: obj-c++.dg/try-catch-9.mm -fnext-runtime compilation failed to produce executable
=== obj-c++ Summary for unix/-m64 ===
# of expected passes 872
# of expected failures 45
# of unsupported tests 15
=== obj-c++ Summary ===
# of expected passes 1796
# of expected failures 48
# of unsupported tests 28
/sw/src/fink.build/gcc45-4.5.2-1000/darwin_objdir/gcc/testsuite/obj-c++/../../g++ version 4.5.2 20100908 (prerelease) (GCC)
=== objc tests ===
Running target unix/-m32
FAIL: objc/execute/exceptions/catchall-1.m execution, -O3 -fomit-frame-pointer -fnext-runtime
FAIL: objc/execute/exceptions/catchall-1.m execution, -O3 -g -fnext-runtime
FAIL: objc/execute/exceptions/local-variables-1.m execution, -O3 -fomit-frame-pointer -fnext-runtime
FAIL: objc/execute/exceptions/local-variables-1.m execution, -O3 -g -fnext-runtime
FAIL: objc.dg/headers.m -fnext-runtime (test for excess errors)
FAIL: objc.dg/no-extra-load.m -fnext-runtime (test for excess errors)
ERROR: objc.dg/no-extra-load.m: error executing dg-final: couldn't open "no-extra-load.s": no such file or directory
UNRESOLVED: objc.dg/no-extra-load.m: error executing dg-final: couldn't open "no-extra-load.s": no such file or directory
=== objc Summary for unix/-m32 ===
# of expected passes 3744
# of unexpected failures 6
# of expected failures 7
# of unresolved testcases 1
# of unsupported tests 25
Running target unix/-m64
FAIL: objc.dg/headers.m -fnext-runtime (test for excess errors)
FAIL: objc.dg/no-extra-load.m -fnext-runtime (test for excess errors)
ERROR: objc.dg/no-extra-load.m: error executing dg-final: couldn't open "no-extra-load.s": no such file or directory
UNRESOLVED: objc.dg/no-extra-load.m: error executing dg-final: couldn't open "no-extra-load.s": no such file or directory
=== objc Summary for unix/-m64 ===
# of expected passes 2494
# of unexpected failures 2
# of expected failures 40
# of unresolved testcases 1
# of unsupported tests 28
=== objc Summary ===
# of expected passes 6238
# of unexpected failures 8
# of expected failures 47
# of unresolved testcases 2
# of unsupported tests 53
/sw/src/fink.build/gcc45-4.5.2-1000/darwin_objdir/gcc/xgcc version 4.5.2 20100908 (prerelease) (GCC)
=== libffi tests ===
Running target unix/-m32
=== libffi Summary for unix/-m32 ===
# of expected passes 1624
# of expected failures 10
# of unsupported tests 15
Running target unix/-m64
=== libffi Summary for unix/-m64 ===
# of expected passes 1624
# of expected failures 10
# of unsupported tests 15
=== libffi Summary ===
# of expected passes 3248
# of expected failures 20
# of unsupported tests 30
=== libgomp tests ===
Running target unix/-m32
=== libgomp Summary for unix/-m32 ===
# of expected passes 2536
# of unsupported tests 2
Running target unix/-m64
=== libgomp Summary for unix/-m64 ===
# of expected passes 2536
# of unsupported tests 2
=== libgomp Summary ===
# of expected passes 5072
# of unsupported tests 4
=== libjava tests ===
Running target unix/-m32
FAIL: PR16923.c compilation
=== libjava Summary for unix/-m32 ===
# of expected passes 2572
# of unexpected failures 1
Running target unix/-m64
=== libjava Summary for unix/-m64 ===
# of expected passes 2574
=== libjava Summary ===
# of expected passes 5146
# of unexpected failures 1
=== libstdc++ tests ===
Running target unix/-m32
=== libstdc++ Summary for unix/-m32 ===
# of expected passes 6455
# of expected failures 89
# of unsupported tests 554
Running target unix/-m64
=== libstdc++ Summary for unix/-m64 ===
# of expected passes 6453
# of expected failures 89
# of unsupported tests 555
=== libstdc++ Summary ===
# of expected passes 12908
# of expected failures 178
# of unsupported tests 1109
Compiler version: 4.5.2 20100908 (prerelease) (GCC)
Platform: x86_64-apple-darwin10.5.0
configure flags: --prefix=/sw --prefix=/sw/lib/gcc4.5 --mandir=/sw/share/man --infodir=/sw/lib/gcc4.5/info --enable-languages=c,c++,fortran,objc,obj-c++,java --with-gmp=/sw --with-libiconv-prefix=/sw --with-ppl=/sw --with-cloog=/sw --with-mpc=/sw --with-system-zlib --x-includes=/usr/X11R6/include --x-libraries=/usr/X11R6/lib --program-suffix=-fsf-4.5 --enable-lto