This is the mail archive of the
gcc-testresults@gcc.gnu.org
mailing list for the GCC project.
Results for 4.6.0 20100828 (experimental) (GCC) testsuite on i686-pc-cygwin
- From: Tim Prince <n8tm at aol dot com>
- To: gcc-testresults at gcc dot gnu dot org
- Date: Wed, 01 Sep 2010 05:42:34 -0700
- Subject: Results for 4.6.0 20100828 (experimental) (GCC) testsuite on i686-pc-cygwin
LAST_UPDATED: Obtained from SVN: trunk revision 163620
Native configuration is i686-pc-cygwin
=== g++ tests ===
Running target unix
FAIL: g++.dg/abi/local1.C execution test
FAIL: g++.dg/abi/mangle40.C scan-assembler weak[^\\n]*_Z1fIU8__vectorfEvT_
FAIL: g++.dg/abi/mangle40.C scan-assembler weak[^\\n]*_ZN1AIDv4_fE1tE
FAIL: g++.dg/abi/mangle40.C scan-assembler weak[^\\n]*_ZN1AIU8__vectorfE1tE
FAIL: g++.dg/abi/thunk5.C scan-assembler weak.*ZTv
FAIL: g++.dg/ext/dllexport-MI1.C scan-assembler -export:_ZNK2D12vfEv
FAIL: g++.dg/ext/dllexport-MI1.C scan-assembler -export:_ZNK2D22vfEv
FAIL: g++.dg/ext/dllexport-MI1.C scan-assembler -export:_ZNK3MI12vfEv
FAIL: g++.dg/ext/dllexport-MI1.C scan-assembler -export:_ZThn4_NK3MI12vfEv
FAIL: g++.dg/ext/dllexport-MI1.C scan-assembler -export:_ZTv0_n12_NK2D12vfEv
FAIL: g++.dg/ext/dllexport-MI1.C scan-assembler -export:_ZTV2D1,data
FAIL: g++.dg/ext/dllexport-MI1.C scan-assembler -export:_ZN2D2C2ERKS_
FAIL: g++.dg/ext/dllexport1.C scan-assembler -export:_ZN3Bar10inline_barEi
FAIL: g++.dg/ext/dllexport1.C scan-assembler -export:_Z3fooi
FAIL: g++.dg/ext/dllexport3.C scan-assembler -export:_ZN2SaD1Ev
FAIL: g++.dg/ext/dllimport7.C C++ specific error (test for errors, line 24)
FAIL: g++.dg/ext/selectany1.C scan-assembler-dem \\nguard variable for x:
FAIL: g++.dg/init/cleanup3.C scan-assembler-not _tcf
XPASS: g++.old-deja/g++.ext/attrib5.C execution test
FAIL: g++.old-deja/g++.other/init5.C execution test
=== g++ Summary ===
# of expected passes 23706
# of unexpected failures 19
# of unexpected successes 1
# of expected failures 147
# of unsupported tests 205
/cygdrive/e/gnu/xp/gcc/testsuite/g++/../../g++ version 4.6.0 20100828
(experimental) (GCC)
=== gcc tests ===
Running target unix
FAIL: gcc.c-torture/compile/pr44197.c -O0 (test for excess errors)
FAIL: gcc.c-torture/compile/pr44197.c -O1 (test for excess errors)
FAIL: gcc.c-torture/compile/pr44197.c -O2 (test for excess errors)
FAIL: gcc.c-torture/compile/pr44197.c -O3 -fomit-frame-pointer (test
for excess errors)
FAIL: gcc.c-torture/compile/pr44197.c -O3 -g (test for excess errors)
FAIL: gcc.c-torture/compile/pr44197.c -Os (test for excess errors)
FAIL: gcc.dg/cpp/include2.c (test for excess errors)
FAIL: gcc.dg/dll-3.c scan-assembler .section[ \\t]*.drectve\\n.*-export:foo2
FAIL: gcc.dg/dll-3.c scan-assembler -export:foo1
FAIL: gcc.dg/dll-5.c scan-assembler .section[
\\t]*.drectve\\n.*-export:dllexp
FAIL: gcc.dg/graphite/run-id-1.c execution test
FAIL: gcc.dg/graphite/pr43012.c execution test
FAIL: gcc.dg/matrix/transpose-3.c execution, -fprofile-use
-fipa-matrix-reorg -fdump-ipa-matrix-reorg -O3 -fwhole-program -combine
FAIL: largefile.c -O0 -g -I. (internal compiler error)
FAIL: largefile.c -O0 -g -I. (test for excess errors)
FAIL: gcc.dg/pch/largefile.c -O0 -g assembly comparison
FAIL: largefile.c -O0 -I. (internal compiler error)
FAIL: largefile.c -O0 -I. (test for excess errors)
FAIL: gcc.dg/pch/largefile.c -O0 assembly comparison
FAIL: largefile.c -O1 -I. (internal compiler error)
FAIL: largefile.c -O1 -I. (test for excess errors)
FAIL: gcc.dg/pch/largefile.c -O1 assembly comparison
FAIL: largefile.c -O2 -I. (internal compiler error)
FAIL: largefile.c -O2 -I. (test for excess errors)
FAIL: gcc.dg/pch/largefile.c -O2 assembly comparison
FAIL: largefile.c -O3 -fomit-frame-pointer -I. (internal compiler error)
FAIL: largefile.c -O3 -fomit-frame-pointer -I. (test for excess errors)
FAIL: gcc.dg/pch/largefile.c -O3 -fomit-frame-pointer assembly comparison
FAIL: largefile.c -O3 -g -I. (internal compiler error)
FAIL: largefile.c -O3 -g -I. (test for excess errors)
FAIL: gcc.dg/pch/largefile.c -O3 -g assembly comparison
FAIL: largefile.c -Os -I. (internal compiler error)
FAIL: largefile.c -Os -I. (test for excess errors)
FAIL: gcc.dg/pch/largefile.c -Os assembly comparison
FAIL: gcc.dg/tls/thr-cse-1.c scan-assembler-not
emutls_get_address.*emutls_get_address.*
XPASS: gcc.dg/tree-ssa/20031106-3.c scan-tree-dump-times optimized
"link_error" 0
XPASS: gcc.dg/tree-ssa/20040204-1.c scan-tree-dump-times optimized
"link_error" 0
XPASS: gcc.dg/tree-ssa/fre-vce-1.c scan-tree-dump-times fre "sv.i" 2
FAIL: gcc.dg/tree-ssa/pr36881.c scan-assembler-not CSWTCH
FAIL: gcc.dg/tree-ssa/pr36881.c scan-tree-dump switchconv "need runtime
relocations"
FAIL: gcc.dg/tree-ssa/ssa-store-ccp-2.c scan-tree-dump-times optimized
"conststaticvariable" 1
FAIL: gcc.dg/tree-ssa/ssa-store-ccp-4.c scan-tree-dump-times optimized
"conststaticvariable" 1
FAIL: gcc.target/i386/pr25993.c (test for excess errors)
FAIL: gcc.target/i386/pr37843-4.c scan-assembler jmp[\\\\t ]*foo
FAIL: gcc.target/i386/pr38240.c (internal compiler error)
FAIL: gcc.target/i386/pr38240.c (test for excess errors)
FAIL: gcc.target/i386/pr40906-1.c (test for excess errors)
FAIL: gcc.target/i386/pr40906-2.c (test for excess errors)
XPASS: gcc.target/i386/push-1.c scan-assembler-not movups
FAIL: gcc.target/i386/volatile-2.c scan-assembler movl[ \\t][^,]+,
obj_0(\\\\(%rip\\\\))?
FAIL: gcc.target/i386/volatile-2.c scan-assembler movl[ \\t][^,]+,
obj_1(\\\\(%rip\\\\))?
FAIL: gcc.target/i386/volatile-2.c scan-assembler movl[ \\t][^,]+,
obj_2(\\\\(%rip\\\\))?
FAIL: gcc.target/i386/volatile-2.c scan-assembler movl[ \\t][^,]+,
obj_3(\\\\(%rip\\\\))?
FAIL: gcc.target/i386/volatile-2.c scan-assembler movl[ \\t][^,]+,
obj_4(\\\\(%rip\\\\))?
FAIL: gcc.target/i386/volatile-2.c scan-assembler movl[ \\t][^,]+,
obj_5(\\\\(%rip\\\\))?
FAIL: gcc.target/i386/volatile-2.c scan-assembler movl[
\\t]obj_5(\\\\(%rip\\\\))?,
FAIL: gcc.target/i386/volatile-2.c scan-assembler movl[ \\t][^,]+,
obj_6(\\\\(%rip\\\\))?
FAIL: gcc.target/i386/volatile-2.c scan-assembler movl[ \\t][^,]+,
obj_7(\\\\(%rip\\\\))?
FAIL: gcc.target/i386/volatile-2.c scan-assembler movl[ \\t][^,]+,
obj_8(\\\\(%rip\\\\))?
=== gcc Summary ===
# of expected passes 62399
# of unexpected failures 55
# of unexpected successes 4
# of expected failures 213
# of unsupported tests 726
/cygdrive/e/gnu/xp/gcc/xgcc version 4.6.0 20100828 (experimental) (GCC)
=== gfortran tests ===
Running target unix
FAIL: gfortran.dg/float128_1.f90 -O (test for excess errors)
FAIL: gfortran.dg/float128_1.f90 -O scan-tree-dump original "sqrtq":
dump file does not exist
FAIL: gfortran.dg/float128_1.f90 -O scan-tree-dump original "cabsq":
dump file does not exist
FAIL: gfortran.dg/float128_1.f90 -O scan-tree-dump original "cosl":
dump file does not exist
FAIL: gfortran.dg/parameter_array_init_6.f90 -O (test for errors,
line 17)
=== gfortran Summary ===
# of expected passes 35523
# of unexpected failures 5
# of expected failures 58
# of unsupported tests 317
/cygdrive/e/gnu/xp/gcc/testsuite/gfortran/../../gfortran version 4.6.0
20100828 (experimental) (GCC)
=== libstdc++ tests ===
Running target unix
FAIL: 22_locale/ctype/scan/wchar_t/1.cc execution test
FAIL: 22_locale/locale/cons/unicode.cc execution test
FAIL: 27_io/basic_ostream/inserters_arithmetic/wchar_t/4402.cc execution
test
XPASS: 28_regex/07_traits/char/isctype.cc execution test
FAIL: ext/bitmap_allocator/variadic_construct.cc execution test
FAIL: ext/codecvt/wchar_t.cc execution test
FAIL: ext/enc_filebuf/char/13189.cc execution test
FAIL: ext/enc_filebuf/wchar_t/13189.cc execution test
=== libstdc++ Summary ===
# of expected passes 6560
# of unexpected failures 7
# of unexpected successes 1
# of expected failures 57
# of unsupported tests 601
Compiler version: 4.6.0 20100828 (experimental) (GCC)
Platform: i686-pc-cygwin
configure flags: --prefix=/usr/local/gcc46 --enable-languages='c c++
fortran' --enable-threads=posix --disable-sjlj-exceptions
--enable-maintainer-mode --disable-shared --disable-mudflap
--with-dwarf2 --disable-libssp
--
Tim Prince