This is the mail archive of the
gcc-testresults@gcc.gnu.org
mailing list for the GCC project.
Results for 4.6.0 20100830 (experimental) (GCC) testsuite on spu-unknown-elf
- From: "Werner" <ken at linux dot vnet dot ibm dot com>
- To: gcc-testresults at gcc dot gnu dot org
- Date: Mon, 30 Aug 2010 12:05:02 +0200
- Subject: Results for 4.6.0 20100830 (experimental) (GCC) testsuite on spu-unknown-elf
GCC Version: 4.6.0, SVN revision: 163635
svn co -r 163635 svn://gcc.gnu.org/svn/gcc/trunk
Newlib Version: 2010-08-30 04:01 UTC
cvs -z 9 -d :pserver:anoncvs@sources.redhat.com:/cvs/src co -D '2010-08-30 04:01 UTC' newlib
Binutils Version: 2010-08-30 04:01 UTC
cvs -z 9 -d :pserver:anoncvs@sourceware.org:/cvs/src co -D '2010-08-30 04:01 UTC' binutils
GDB Version: 2010-08-30 04:01 UTC
cvs -d :pserver:anoncvs@sourceware.org:/cvs/src co -D '2010-08-30 04:01 UTC' gdb
build host info:
$ uname -s -r -m -p -i -o
Linux 2.6.18-194.8.1.el5 ppc64 ppc64 ppc64 GNU/Linux
$ gcc -v
Using built-in specs.
Target: ppc64-redhat-linux
Configured with: ../configure --prefix=/usr --mandir=/usr/share/man --infodir=/usr/share/info --enable-shared --enable-threads=posix --enable-checking=release --with-system-zlib --enable-__cxa_atexit --disable-libunwind-exceptions --enable-libgcj-multifile --enable-languages=c,c++,objc,obj-c++,java,fortran --enable-java-awt=gtk --disable-dssi --enable-plugin --with-java-home=/usr/lib/jvm/java-1.4.2-gcj-1.4.2.0/jre --enable-secureplt --with-long-double-128 --host=ppc64-redhat-linux --build=ppc64-redhat-linux --target=ppc64-redhat-linux --with-cpu=default32
Thread model: posix
gcc version 4.1.2 20080704 (Red Hat 4.1.2-48)
$ ld -v
GNU ld version 2.17.50.0.6-14.el5 20061020
############################################################
# GCC test suite results #
############################################################
Target is spu-unknown-elf
=== g++ tests ===
Running target cell-native
FAIL: g++.dg/debug/pr44182.C -gdwarf-2 -O2 (test for excess errors)
FAIL: g++.dg/debug/pr44182.C -gdwarf-2 -O3 (test for excess errors)
FAIL: g++.dg/debug/pr44182.C -gdwarf-2 -g3 -O2 (test for excess errors)
FAIL: g++.dg/debug/pr44182.C -gdwarf-2 -g3 -O3 (test for excess errors)
FAIL: g++.dg/debug/dwarf2/nested-2.C scan-assembler [^\\n\\r]*\\\\(DIE[^\\n\\r]*DW_TAG_structure_type\\\\)[\\n\\r]+[^\\n\\r]*"S\\\\\\\\0"[ \\t]+(#|//)[ \\t]+DW_AT_name[\\n\\r]+(.*)?\\\\(DIE[^\\n\\r]*DW_TAG_structure_type\\\\)[\\n\\r]+[^\\n\\r]*"T<int>\\\\\\\\0"[ \\t]+(.*)?\\\\(DIE[^\\n\\r]*DW_TAG_template_type_param\\\\)[\\n\\r]+[^\\n\\r]*[\\n\\r]+[^\\n\\r]*[\\n\\r]+[^\\n\\r]*(#|//)[ \\t]+end of children of DIE[^\\n\\r]*[\\n\\r]+[^\\n\\r]*end of children of DIE[^\\n\\r]*
FAIL: g++.dg/abi/packed1.C (test for excess errors)
FAIL: g++.dg/cpp0x/noexcept04.C execution test
FAIL: g++.dg/cpp0x/noexcept05.C scan-assembler LSDA
FAIL: g++.dg/eh/spec10.C execution test
FAIL: g++.dg/eh/spec11.C scan-assembler LSDA
FAIL: g++.dg/opt/longbranch1.C (test for excess errors)
FAIL: g++.dg/other/pr42645-1.C (test for excess errors)
FAIL: g++.dg/other/pr42685.C (test for excess errors)
FAIL: g++.old-deja/g++.jason/thunk3.C (test for excess errors)
WARNING: g++.old-deja/g++.jason/thunk3.C compilation failed to produce executable
=== g++ Summary ===
# of expected passes 22832
# of unexpected failures 14
# of expected failures 146
# of unsupported tests 289
/home/kwerner/dailybuild/spu-tc-2010-08-30/gcc-build/gcc/testsuite/g++/../../g++ version 4.6.0 20100830 (experimental) (GCC)
=== gcc tests ===
Running target cell-native
FAIL: gcc.c-torture/execute/20010209-1.c execution, -O2
FAIL: gcc.c-torture/execute/20010209-1.c execution, -O3 -fomit-frame-pointer
FAIL: gcc.c-torture/execute/20010209-1.c execution, -O3 -fomit-frame-pointer -funroll-loops
FAIL: gcc.c-torture/execute/20010209-1.c execution, -O3 -fomit-frame-pointer -funroll-all-loops -finline-functions
FAIL: gcc.c-torture/execute/20010209-1.c execution, -O3 -g
FAIL: gcc.c-torture/execute/va-arg-21.c compilation, -O1 (internal compiler error)
UNRESOLVED: gcc.c-torture/execute/va-arg-21.c execution, -O1
FAIL: gcc.c-torture/execute/va-arg-21.c compilation, -O2 (internal compiler error)
UNRESOLVED: gcc.c-torture/execute/va-arg-21.c execution, -O2
FAIL: gcc.c-torture/execute/va-arg-21.c compilation, -O3 -fomit-frame-pointer (internal compiler error)
UNRESOLVED: gcc.c-torture/execute/va-arg-21.c execution, -O3 -fomit-frame-pointer
FAIL: gcc.c-torture/execute/va-arg-21.c compilation, -O3 -fomit-frame-pointer -funroll-loops (internal compiler error)
UNRESOLVED: gcc.c-torture/execute/va-arg-21.c execution, -O3 -fomit-frame-pointer -funroll-loops
FAIL: gcc.c-torture/execute/va-arg-21.c compilation, -O3 -fomit-frame-pointer -funroll-all-loops -finline-functions (internal compiler error)
UNRESOLVED: gcc.c-torture/execute/va-arg-21.c execution, -O3 -fomit-frame-pointer -funroll-all-loops -finline-functions
FAIL: gcc.c-torture/execute/va-arg-21.c compilation, -O3 -g (internal compiler error)
UNRESOLVED: gcc.c-torture/execute/va-arg-21.c execution, -O3 -g
FAIL: gcc.c-torture/execute/va-arg-21.c compilation, -Os (internal compiler error)
UNRESOLVED: gcc.c-torture/execute/va-arg-21.c execution, -Os
FAIL: tmpdir-gcc.dg-struct-layout-1/t028 c_compat_x_tst.o-c_compat_y_tst.o link
UNRESOLVED: tmpdir-gcc.dg-struct-layout-1/t028 c_compat_x_tst.o-c_compat_y_tst.o execute
FAIL: gcc.dg/const-uniq-1.c scan-tree-dump-times gimple "LC0" 2
FAIL: gcc.dg/errno-1.c scan-assembler do_not_optimize_away
FAIL: gcc.dg/ftrapv-1.c (test for excess errors)
WARNING: gcc.dg/ftrapv-1.c compilation failed to produce executable
FAIL: gcc.dg/ftrapv-2.c (test for excess errors)
WARNING: gcc.dg/ftrapv-2.c compilation failed to produce executable
FAIL: gcc.dg/march.c (test for errors, line )
FAIL: gcc.dg/march.c (test for excess errors)
FAIL: gcc.dg/mtune.c (test for errors, line )
FAIL: gcc.dg/mtune.c (test for excess errors)
FAIL: gcc.dg/pr30286.c (test for excess errors)
WARNING: gcc.dg/pr30286.c compilation failed to produce executable
FAIL: gcc.dg/pr38364.c (test for excess errors)
WARNING: gcc.dg/pr38364.c compilation failed to produce executable
FAIL: gcc.dg/pr42629.c (test for excess errors)
FAIL: gcc.dg/pr42685.c (test for excess errors)
FAIL: gcc.dg/pr42715.c (test for excess errors)
FAIL: gcc.dg/pr43670.c (test for excess errors)
FAIL: gcc.dg/pr44290-1.c (internal compiler error)
FAIL: gcc.dg/pr44290-1.c (test for excess errors)
FAIL: gcc.dg/pr44290-2.c (internal compiler error)
FAIL: gcc.dg/pr44290-2.c (test for excess errors)
FAIL: gcc.dg/pr45055.c (test for excess errors)
FAIL: gcc.dg/pr45259.c (test for excess errors)
FAIL: gcc.dg/sms-2.c scan-rtl-dump-times sms "SMS succeeded" 1
FAIL: gcc.dg/sms-3.c scan-rtl-dump-times sms "SMS succeeded" 1
FAIL: gcc.dg/sms-5.c scan-rtl-dump-times sms "SMS succeeded" 1
FAIL: gcc.dg/sms-6.c scan-rtl-dump-times sms "SMS succeeded" 1
FAIL: gcc.dg/sms-7.c scan-rtl-dump-times sms "SMS succeeded" 1
FAIL: gcc.dg/tls/thr-cse-1.c scan-assembler-not emutls_get_address.*emutls_get_address.*
FAIL: gcc.dg/torture/builtin-cproj-1.c -O0 (test for excess errors)
FAIL: gcc.dg/torture/builtin-cproj-1.c -O1 (test for excess errors)
FAIL: gcc.dg/torture/builtin-cproj-1.c -O2 (test for excess errors)
FAIL: gcc.dg/torture/builtin-cproj-1.c -O3 -fomit-frame-pointer (test for excess errors)
FAIL: gcc.dg/torture/builtin-cproj-1.c -O3 -fomit-frame-pointer -funroll-loops (test for excess errors)
FAIL: gcc.dg/torture/builtin-cproj-1.c -O3 -fomit-frame-pointer -funroll-all-loops -finline-functions (test for excess errors)
FAIL: gcc.dg/torture/builtin-cproj-1.c -O3 -g (test for excess errors)
FAIL: gcc.dg/torture/builtin-cproj-1.c -Os (test for excess errors)
XPASS: gcc.dg/tree-ssa/20031106-3.c scan-tree-dump-times optimized "link_error" 0
XPASS: gcc.dg/tree-ssa/20040204-1.c scan-tree-dump-times optimized "link_error" 0
XPASS: gcc.dg/tree-ssa/fre-vce-1.c scan-tree-dump-times fre "sv.i" 2
FAIL: gcc.dg/tree-ssa/loadpre6.c scan-tree-dump-times pre "Insertions: 2" 1
FAIL: gcc.dg/tree-ssa/loop-11.c scan-tree-dump-times optimized "if " 0
FAIL: gcc.dg/tree-ssa/loop-36.c scan-tree-dump-not dce2 "c.array"
FAIL: gcc.dg/tree-ssa/loop-37.c (test for excess errors)
FAIL: gcc.dg/tree-ssa/loop-37.c scan-tree-dump-not optimized "my_array"
FAIL: gcc.dg/tree-ssa/pr21829.c scan-tree-dump-not optimized "if \\("
FAIL: gcc.dg/vect/costmodel/spu/costmodel-vect-33.c scan-tree-dump-times vect "vectorization not profitable" 0
FAIL: gcc.dg/vect/costmodel/spu/costmodel-vect-33.c scan-tree-dump-times vect "vectorized 1 loops" 1
FAIL: gcc.dg/vect/vect-100.c execution test
FAIL: gcc.dg/vect/no-vfa-vect-101.c execution test
=== gcc Summary ===
# of expected passes 56456
# of unexpected failures 57
# of unexpected successes 3
# of expected failures 190
# of unresolved testcases 8
# of unsupported tests 789
/home/kwerner/dailybuild/spu-tc-2010-08-30/gcc-build/gcc/xgcc version 4.6.0 20100830 (experimental) (GCC)
=== gfortran tests ===
Running target cell-native
FAIL: gfortran.dg/alloc_comp_assign_2.f90 -O2 execution test
FAIL: gfortran.dg/alloc_comp_basics_1.f90 -O2 execution test
FAIL: gfortran.dg/alloc_comp_basics_1.f90 -O3 -fomit-frame-pointer execution test
FAIL: gfortran.dg/alloc_comp_basics_1.f90 -O3 -fomit-frame-pointer -funroll-all-loops -finline-functions execution test
FAIL: gfortran.dg/alloc_comp_basics_1.f90 -O3 -g execution test
FAIL: gfortran.dg/array_1.f90 -O1 execution test
FAIL: gfortran.dg/array_1.f90 -O2 execution test
FAIL: gfortran.dg/array_1.f90 -Os execution test
FAIL: gfortran.dg/array_alloc_3.f90 -O1 execution test
FAIL: gfortran.dg/array_alloc_3.f90 -O2 execution test
FAIL: gfortran.dg/array_alloc_3.f90 -O3 -fomit-frame-pointer execution test
FAIL: gfortran.dg/array_alloc_3.f90 -O3 -fomit-frame-pointer -funroll-all-loops -finline-functions execution test
FAIL: gfortran.dg/array_alloc_3.f90 -O3 -g execution test
FAIL: gfortran.dg/array_alloc_3.f90 -Os execution test
FAIL: gfortran.dg/array_constructor_9.f90 -O3 -fomit-frame-pointer execution test
FAIL: gfortran.dg/array_constructor_9.f90 -O3 -fomit-frame-pointer -funroll-loops execution test
FAIL: gfortran.dg/array_constructor_9.f90 -O3 -fomit-frame-pointer -funroll-all-loops -finline-functions execution test
FAIL: gfortran.dg/array_constructor_9.f90 -O3 -g execution test
FAIL: gfortran.dg/auto_array_1.f90 -O1 execution test
FAIL: gfortran.dg/auto_array_1.f90 -O2 execution test
FAIL: gfortran.dg/auto_array_1.f90 -O3 -fomit-frame-pointer execution test
FAIL: gfortran.dg/auto_array_1.f90 -O3 -fomit-frame-pointer -funroll-all-loops -finline-functions execution test
FAIL: gfortran.dg/auto_array_1.f90 -O3 -g execution test
FAIL: gfortran.dg/bessel_6.f90 -O0 execution test
FAIL: gfortran.dg/bessel_6.f90 -O1 execution test
FAIL: gfortran.dg/bessel_6.f90 -O2 execution test
FAIL: gfortran.dg/bessel_6.f90 -O3 -fomit-frame-pointer execution test
FAIL: gfortran.dg/bessel_6.f90 -O3 -fomit-frame-pointer -funroll-loops execution test
FAIL: gfortran.dg/bessel_6.f90 -O3 -fomit-frame-pointer -funroll-all-loops -finline-functions execution test
FAIL: gfortran.dg/bessel_6.f90 -O3 -g execution test
FAIL: gfortran.dg/bessel_6.f90 -Os execution test
FAIL: gfortran.dg/bessel_7.f90 -O0 execution test
FAIL: gfortran.dg/bessel_7.f90 -O1 execution test
FAIL: gfortran.dg/bessel_7.f90 -O2 execution test
FAIL: gfortran.dg/bessel_7.f90 -O3 -fomit-frame-pointer execution test
FAIL: gfortran.dg/bessel_7.f90 -O3 -fomit-frame-pointer -funroll-loops execution test
FAIL: gfortran.dg/bessel_7.f90 -O3 -fomit-frame-pointer -funroll-all-loops -finline-functions execution test
FAIL: gfortran.dg/bessel_7.f90 -O3 -g execution test
FAIL: gfortran.dg/bessel_7.f90 -Os execution test
FAIL: gfortran.dg/complex_intrinsic_5.f90 -O0 execution test
FAIL: gfortran.dg/complex_intrinsic_5.f90 -O1 execution test
FAIL: gfortran.dg/complex_intrinsic_5.f90 -O2 execution test
FAIL: gfortran.dg/complex_intrinsic_5.f90 -O3 -fomit-frame-pointer execution test
FAIL: gfortran.dg/complex_intrinsic_5.f90 -O3 -fomit-frame-pointer -funroll-loops execution test
FAIL: gfortran.dg/complex_intrinsic_5.f90 -O3 -fomit-frame-pointer -funroll-all-loops -finline-functions execution test
FAIL: gfortran.dg/complex_intrinsic_5.f90 -O3 -g execution test
FAIL: gfortran.dg/complex_intrinsic_5.f90 -Os execution test
FAIL: gfortran.dg/dependency_23.f90 -O2 execution test
FAIL: gfortran.dg/dependency_23.f90 -O3 -fomit-frame-pointer execution test
FAIL: gfortran.dg/dependency_23.f90 -O3 -fomit-frame-pointer -funroll-loops execution test
FAIL: gfortran.dg/dependency_23.f90 -O3 -fomit-frame-pointer -funroll-all-loops -finline-functions execution test
FAIL: gfortran.dg/dependency_23.f90 -O3 -g execution test
FAIL: gfortran.dg/erf_2.F90 -O0 execution test
FAIL: gfortran.dg/maxlocval_3.f90 -O1 execution test
FAIL: gfortran.dg/maxlocval_3.f90 -O2 execution test
FAIL: gfortran.dg/maxlocval_3.f90 -O3 -fomit-frame-pointer execution test
FAIL: gfortran.dg/maxlocval_3.f90 -O3 -fomit-frame-pointer -funroll-all-loops -finline-functions execution test
FAIL: gfortran.dg/maxlocval_3.f90 -O3 -g execution test
FAIL: gfortran.dg/maxlocval_3.f90 -Os execution test
FAIL: gfortran.dg/minlocval_2.f90 -O1 execution test
FAIL: gfortran.dg/minlocval_2.f90 -O2 execution test
FAIL: gfortran.dg/minlocval_2.f90 -O3 -fomit-frame-pointer execution test
FAIL: gfortran.dg/minlocval_2.f90 -O3 -fomit-frame-pointer -funroll-all-loops -finline-functions execution test
FAIL: gfortran.dg/minlocval_2.f90 -O3 -g execution test
FAIL: gfortran.dg/minlocval_2.f90 -Os execution test
FAIL: gfortran.dg/pointer_assign_4.f90 -O1 execution test
FAIL: gfortran.dg/pointer_assign_4.f90 -O2 execution test
FAIL: gfortran.dg/pointer_assign_4.f90 -O3 -fomit-frame-pointer execution test
FAIL: gfortran.dg/pointer_assign_4.f90 -O3 -fomit-frame-pointer -funroll-loops execution test
FAIL: gfortran.dg/pointer_assign_4.f90 -O3 -fomit-frame-pointer -funroll-all-loops -finline-functions execution test
FAIL: gfortran.dg/pointer_assign_4.f90 -O3 -g execution test
FAIL: gfortran.dg/sum_init_expr.f03 -O execution test
FAIL: gfortran.dg/vector_subscript_1.f90 -O1 execution test
FAIL: gfortran.dg/vector_subscript_1.f90 -O2 execution test
FAIL: gfortran.dg/vector_subscript_1.f90 -O3 -fomit-frame-pointer execution test
FAIL: gfortran.dg/vector_subscript_1.f90 -O3 -fomit-frame-pointer -funroll-all-loops -finline-functions execution test
FAIL: gfortran.dg/vector_subscript_1.f90 -O3 -g execution test
FAIL: gfortran.dg/vector_subscript_2.f90 -O2 execution test
FAIL: gfortran.dg/vector_subscript_2.f90 -O3 -fomit-frame-pointer execution test
FAIL: gfortran.dg/vector_subscript_2.f90 -O3 -fomit-frame-pointer -funroll-all-loops -finline-functions execution test
FAIL: gfortran.dg/vector_subscript_2.f90 -O3 -g execution test
FAIL: gfortran.fortran-torture/execute/forall_3.f90 execution, -O1
FAIL: gfortran.fortran-torture/execute/forall_4.f90 execution, -O1
FAIL: gfortran.fortran-torture/execute/forall_4.f90 execution, -O2
FAIL: gfortran.fortran-torture/execute/forall_4.f90 execution, -O2 -fomit-frame-pointer -finline-functions
FAIL: gfortran.fortran-torture/execute/forall_4.f90 execution, -O2 -fomit-frame-pointer -finline-functions -funroll-loops
FAIL: gfortran.fortran-torture/execute/forall_4.f90 execution, -O2 -fbounds-check
FAIL: gfortran.fortran-torture/execute/forall_4.f90 execution, -O3 -g
FAIL: gfortran.fortran-torture/execute/forall_4.f90 execution, -O2 -ftree-vectorize
FAIL: gfortran.fortran-torture/execute/forall_7.f90 execution, -O2 -fomit-frame-pointer -finline-functions -funroll-loops
FAIL: gfortran.fortran-torture/execute/in-pack.f90 execution, -O1
FAIL: gfortran.fortran-torture/execute/in-pack.f90 execution, -O2
FAIL: gfortran.fortran-torture/execute/in-pack.f90 execution, -O2 -fomit-frame-pointer -finline-functions
FAIL: gfortran.fortran-torture/execute/in-pack.f90 execution, -O2 -fomit-frame-pointer -finline-functions -funroll-loops
FAIL: gfortran.fortran-torture/execute/in-pack.f90 execution, -O2 -fbounds-check
FAIL: gfortran.fortran-torture/execute/in-pack.f90 execution, -O3 -g
FAIL: gfortran.fortran-torture/execute/in-pack.f90 execution, -O2 -ftree-vectorize
FAIL: gfortran.fortran-torture/execute/scalarize2.f90 execution, -O1
FAIL: gfortran.fortran-torture/execute/scalarize2.f90 execution, -O2
FAIL: gfortran.fortran-torture/execute/scalarize2.f90 execution, -O2 -fomit-frame-pointer -finline-functions
FAIL: gfortran.fortran-torture/execute/scalarize2.f90 execution, -O2 -fbounds-check
FAIL: gfortran.fortran-torture/execute/scalarize2.f90 execution, -O3 -g
FAIL: gfortran.fortran-torture/execute/scalarize2.f90 execution, -O2 -ftree-vectorize
FAIL: gfortran.fortran-torture/execute/where_7.f90 execution, -O1
FAIL: gfortran.fortran-torture/execute/where_7.f90 execution, -O2
FAIL: gfortran.fortran-torture/execute/where_7.f90 execution, -O2 -fomit-frame-pointer -finline-functions
FAIL: gfortran.fortran-torture/execute/where_7.f90 execution, -O2 -fomit-frame-pointer -finline-functions -funroll-loops
FAIL: gfortran.fortran-torture/execute/where_7.f90 execution, -O2 -fbounds-check
FAIL: gfortran.fortran-torture/execute/where_7.f90 execution, -O3 -g
FAIL: gfortran.fortran-torture/execute/where_7.f90 execution, -O2 -ftree-vectorize
=== gfortran Summary ===
# of expected passes 34473
# of unexpected failures 110
# of expected failures 76
# of unsupported tests 469
/home/kwerner/dailybuild/spu-tc-2010-08-30/gcc-build/gcc/testsuite/gfortran/../../gfortran version 4.6.0 20100830 (experimental) (GCC)
Compiler version: 4.6.0 20100830 (experimental) (GCC)
Platform: spu-unknown-elf
configure flags: --target=spu --disable-nls --enable-languages=c,c++,fortran --with-newlib --with-headers --enable-version-specific-runtime-libs --prefix=/home/kwerner/dailybuild/spu-tc-2010-08-30/spu-toolchain
############################################################
# Binutils test suite results #
############################################################
Target is spu-unknown-elf
Host is powerpc64-unknown-linux-gnu
=== binutils tests ===
Running target unix
WARNING: Assuming target board is the local machine (which is probably wrong).
=== binutils Summary ===
# of expected passes 71
# of unsupported tests 5
Host is powerpc64-unknown-linux-gnu
=== gas tests ===
Running target unix
WARNING: Assuming target board is the local machine (which is probably wrong).
=== gas Summary ===
# of expected passes 115
Host is powerpc64-unknown-linux-gnu
=== ld tests ===
Running target unix
WARNING: Assuming target board is the local machine (which is probably wrong).
FAIL: ld-elf/orphan-region
=== ld Summary ===
# of expected passes 173
# of unexpected failures 1
# of expected failures 8
# of untested testcases 1
# of unsupported tests 3
Platform: spu-unknown-elf
configure flags: --target=spu --prefix=/home/kwerner/dailybuild/spu-tc-2010-08-30/spu-toolchain
############################################################
# GDB test suite results #
############################################################
Native configuration is powerpc64-unknown-linux-gnu
=== gdb tests ===
Running target cell-native
FAIL: gdb.base/frame-args.exp: frame 1 with print frame-arguments set to scalars
FAIL: gdb.base/interrupt.exp: call function when asleep (wrong output)
FAIL: gdb.base/interrupt.exp: Send Control-C, second time
FAIL: gdb.base/interrupt.exp: signal SIGINT (the program is no longer running)
FAIL: gdb.base/interrupt.exp: send end of file
FAIL: gdb.base/label.exp: continue to 'here'
FAIL: gdb.base/longjmp.exp: next over longjmp(1)
FAIL: gdb.base/longjmp.exp: next over call_longjmp (2)
FAIL: gdb.base/longjmp.exp: next over patt3
FAIL: gdb.base/macscp.exp: info macro FROM_COMMANDLINE
FAIL: gdb.base/printcmds.exp: reject p 0x1.1
FAIL: gdb.base/watch-read.exp: read watchpoint triggers when value doesn't change, trapping reads and writes
FAIL: gdb.base/watch-read.exp: only read watchpoint triggers when value doesn't change
FAIL: gdb.base/watch-vfork.exp: Watchpoint triggers after vfork (sw) (timeout)
FAIL: gdb.cp/abstract-origin.exp: p problem
FAIL: gdb.cp/cpexprs.exp: list base::overload(void)
FAIL: gdb.cp/cpexprs.exp: setting breakpoint at base::overload(void)
FAIL: gdb.cp/cpexprs.exp: continue to base::overload(void) (the program exited)
FAIL: gdb.cp/namespace.exp: whatis C::cOtherFileType
FAIL: gdb.cp/namespace.exp: whatis ::C::cOtherFileType
FAIL: gdb.cp/namespace.exp: whatis C::cOtherFileVar
FAIL: gdb.cp/namespace.exp: whatis ::C::cOtherFileVar
FAIL: gdb.cp/namespace.exp: print C::cOtherFileVar
FAIL: gdb.cp/namespace.exp: print ::C::cOtherFileVar
FAIL: gdb.cp/temargs.exp: continue to breakpoint: continue to fourth breakpoint for temargs
FAIL: gdb.dwarf2/dw2-ranges.exp: info line main
FAIL: gdb.dwarf2/dw2-ranges.exp: info line func
FAIL: gdb.dwarf2/dw2-ranges.exp: info line main2
FAIL: gdb.dwarf2/dw2-ranges.exp: info line func2
FAIL: gdb.java/jv-print.exp: reject p 0x1.1
FAIL: gdb.mi/mi-var-cmd.exp: in-and-out-of-scope: in scope now
FAIL: gdb.modula2/unbounded-array.exp: print unbounded array contents
FAIL: gdb.objc/objcdecode.exp: continue after break on multiply defined symbol (GDB internal error)
FAIL: gdb.objc/print.exp: reject p 0x1.1
FAIL: gdb.opt/inline-bt.exp: continue to bar (1)
FAIL: gdb.opt/inline-bt.exp: continue to bar (2)
FAIL: gdb.opt/inline-bt.exp: continue to bar (3)
FAIL: gdb.opt/inline-cmds.exp: continue to bar (1)
FAIL: gdb.opt/inline-cmds.exp: continue to bar (2)
FAIL: gdb.opt/inline-cmds.exp: continue to marker
FAIL: gdb.opt/inline-cmds.exp: step into finish marker
FAIL: gdb.opt/inline-cmds.exp: enter inlined_fn from noinline
FAIL: gdb.opt/inline-cmds.exp: backtrace at inlined_fn from noinline
FAIL: gdb.opt/inline-cmds.exp: inlined_fn from noinline inlined
FAIL: gdb.opt/inline-cmds.exp: up to noinline
FAIL: gdb.opt/inline-cmds.exp: noinline from outer_inline1 not inlined
FAIL: gdb.opt/inline-cmds.exp: up to outer_inline1
FAIL: gdb.opt/inline-cmds.exp: outer_inline1 inlined
FAIL: gdb.opt/inline-cmds.exp: up to outer_inline2
FAIL: gdb.opt/inline-cmds.exp: outer_inline2 inlined
FAIL: gdb.opt/inline-cmds.exp: up from outer_inline2
FAIL: gdb.opt/inline-cmds.exp: main not inlined
FAIL: gdb.opt/inline-locals.exp: continue to bar (1)
FAIL: gdb.opt/inline-locals.exp: continue to bar (2)
FAIL: gdb.opt/inline-locals.exp: continue to bar (3)
FAIL: gdb.pascal/print.exp: reject p 0x1.1
FAIL: gdb.threads/local-watch-wrong-thread.exp: set local watchpoint on *myp
FAIL: gdb.threads/local-watch-wrong-thread.exp: local watchpoint triggers (timeout)
ERROR: Delete all breakpoints in delete_breakpoints (timeout)
UNRESOLVED: gdb.threads/local-watch-wrong-thread.exp: set local watchpoint on *myp, with false conditional (timeout)
FAIL: gdb.threads/local-watch-wrong-thread.exp: breakpoint on the other thread (timeout)
FAIL: gdb.threads/local-watch-wrong-thread.exp: the other thread stopped on breakpoint (timeout)
FAIL: gdb.threads/local-watch-wrong-thread.exp: delete 5 (timeout)
FAIL: gdb.threads/local-watch-wrong-thread.exp: local watchpoint is still in breakpoint list (timeout)
FAIL: gdb.threads/local-watch-wrong-thread.exp: let local watchpoint trigger (timeout)
FAIL: gdb.threads/local-watch-wrong-thread.exp: local watchpoint still triggers (timeout)
FAIL: gdb.threads/local-watch-wrong-thread.exp: let thread_function0 return (timeout)
FAIL: gdb.threads/local-watch-wrong-thread.exp: breakpoint on thread_function0's caller (timeout)
FAIL: gdb.threads/local-watch-wrong-thread.exp: local watchpoint automatically deleted (timeout)
FAIL: gdb.threads/watchthreads.exp: watch args[1]
FAIL: gdb.threads/watchthreads.exp: threaded watch loop
FAIL: gdb.threads/watchthreads.exp: first watchpoint on args[1] hit
FAIL: gdb.threads/watchthreads.exp: watchpoint on args[0] hit in thread
FAIL: gdb.threads/watchthreads.exp: watchpoint on args[1] hit in thread
FAIL: gdb.threads/watchthreads.exp: combination of threaded watchpoints = 30
FAIL: gdb.trace/tfile.exp: print constglob on trace file
=== gdb Summary ===
# of expected passes 15438
# of unexpected failures 74
# of expected failures 67
# of known failures 68
# of unresolved testcases 1
# of untested testcases 16
# of unsupported tests 64
/home/kwerner/dailybuild/spu-tc-2010-08-30/gdb-build/gdb/testsuite/../../gdb/gdb version 7.2.50.20100830-cvs -nw -nx
Platform: powerpc64-unknown-linux-gnu
configure flags: --enable-targets=spu --with-expat --disable-nls --disable-install-libbfd --prefix=/home/kwerner/dailybuild/spu-tc-2010-08-30/spu-toolchain