This is the mail archive of the gcc-testresults@gcc.gnu.org mailing list for the GCC project.


Index Nav: [Date Index] [Subject Index] [Author Index] [Thread Index]
Message Nav: [Date Prev] [Date Next] [Thread Prev] [Thread Next]
Other format: [Raw text]

Results for 4.5.1 (GCC) testsuite on sparc-sun-solaris2.8


Built with:
native as (107357-02)
native ld (109147-34)
gmp 5.0.1
mpfr 2.4.2p2
mpc 0.8.1

Bootstrap compiler:
Reading specs from /usr/tgcware/gcc-3.4.6/lib/gcc/sparc-sun-solaris2.8/3.4.6/specs
Configured with: ../gcc-3.4.6/configure --prefix=/usr/tgcware/gcc-3.4.6 --with-local-prefix=/usr/tgcware/gcc-3.4.6 --disable-nls --enable-shared --enable-languages=c,c++,f77,objc,ada
Thread model: posix
gcc version 3.4.6

LAST_UPDATED: Obtained from SVN: tags/gcc_4_5_1_release revision 162774

		=== acats tests ===

		=== acats Summary ===
# of expected passes		2321
# of unexpected failures	0
Native configuration is sparc-sun-solaris2.8

		=== g++ tests ===


Running target unix
FAIL: g++.dg/warn/miss-format-1.C  (test for errors, line 25)
FAIL: g++.dg/warn/miss-format-1.C (test for excess errors)

		=== g++ Summary for unix ===

# of expected passes		21823
# of unexpected failures	2
# of expected failures		153
# of unsupported tests		306

Running target unix/-m64
FAIL: g++.dg/warn/miss-format-1.C  (test for errors, line 25)
FAIL: g++.dg/warn/miss-format-1.C (test for excess errors)

		=== g++ Summary for unix/-m64 ===

# of expected passes		21784
# of unexpected failures	2
# of expected failures		153
# of unsupported tests		307

		=== g++ Summary ===

# of expected passes		43607
# of unexpected failures	4
# of expected failures		306
# of unsupported tests		613
/export/home/tgc/buildpkg/gcc45/src/all_native/gcc/testsuite/g++/../../g++  version 4.5.1 (GCC) 

		=== gcc tests ===


Running target unix
FAIL: gcc.c-torture/compile/limits-exprparen.c  -O0  (test for excess errors)
FAIL: gcc.c-torture/compile/limits-exprparen.c  -O1  (test for excess errors)
FAIL: gcc.c-torture/compile/limits-exprparen.c  -O2  (test for excess errors)
FAIL: gcc.c-torture/compile/limits-exprparen.c  -O3 -fomit-frame-pointer  (test for excess errors)
FAIL: gcc.c-torture/compile/limits-exprparen.c  -O3 -g  (test for excess errors)
FAIL: gcc.c-torture/compile/limits-exprparen.c  -Os  (test for excess errors)
FAIL: gcc.c-torture/compile/limits-exprparen.c  -O2 -flto  (test for excess errors)
FAIL: gcc.c-torture/compile/limits-exprparen.c  -O2 -fwhopr  (test for excess errors)
WARNING: program timed out.
FAIL: gcc.c-torture/compile/limits-externalid.c  -O3 -g  (test for excess errors)
WARNING: program timed out.
FAIL: gcc.c-torture/compile/limits-externalid.c  -O2 -flto  (test for excess errors)
WARNING: program timed out.
FAIL: gcc.c-torture/compile/limits-externalid.c  -O2 -fwhopr  (test for excess errors)
WARNING: program timed out.
FAIL: gcc.c-torture/compile/limits-fnargs.c  -O2  (test for excess errors)
WARNING: program timed out.
FAIL: gcc.c-torture/compile/limits-fnargs.c  -O3 -fomit-frame-pointer  (test for excess errors)
WARNING: program timed out.
FAIL: gcc.c-torture/compile/limits-fnargs.c  -O3 -g  (test for excess errors)
WARNING: program timed out.
FAIL: gcc.c-torture/compile/limits-fnargs.c  -O2 -flto  (test for excess errors)
WARNING: program timed out.
FAIL: gcc.c-torture/compile/limits-fnargs.c  -O2 -fwhopr  (test for excess errors)
WARNING: program timed out.
FAIL: gcc.c-torture/compile/limits-fndefn.c  -O3 -g  (test for excess errors)
FAIL: gcc.c-torture/execute/pr38819.c execution,  -O2 
FAIL: gcc.c-torture/execute/pr38819.c execution,  -O3 -fomit-frame-pointer 
FAIL: gcc.c-torture/execute/pr38819.c execution,  -O3 -fomit-frame-pointer -funroll-loops 
FAIL: gcc.c-torture/execute/pr38819.c execution,  -O3 -fomit-frame-pointer -funroll-all-loops -finline-functions 
FAIL: gcc.c-torture/execute/pr38819.c execution,  -O3 -g 
FAIL: gcc.c-torture/execute/pr38819.c execution,  -O2 -flto 
FAIL: gcc.c-torture/execute/pr38819.c execution,  -O2 -fwhopr 
WARNING: program timed out.
FAIL: gcc.dg/pr28796-2.c execution test
WARNING: program timed out.
FAIL: gcc.dg/pr43058.c (test for excess errors)
FAIL: gcc.dg/lto/20081201-2 c_lto_20081201-2_0.o-c_lto_20081201-2_1.o execute -O3 -fwhopr
FAIL: gcc.dg/vect/pr43430-1.c scan-tree-dump-times vect "vectorized 1 loops" 1
FAIL: gcc.dg/vect/slp-multitypes-2.c execution test

		=== gcc Summary for unix ===

# of expected passes		64264
# of unexpected failures	29
# of expected failures		193
# of unsupported tests		954

Running target unix/-m64
FAIL: gcc.c-torture/compile/limits-exprparen.c  -O0  (test for excess errors)
FAIL: gcc.c-torture/compile/limits-exprparen.c  -O1  (test for excess errors)
FAIL: gcc.c-torture/compile/limits-exprparen.c  -O2  (test for excess errors)
FAIL: gcc.c-torture/compile/limits-exprparen.c  -O3 -fomit-frame-pointer  (test for excess errors)
FAIL: gcc.c-torture/compile/limits-exprparen.c  -O3 -g  (test for excess errors)
FAIL: gcc.c-torture/compile/limits-exprparen.c  -Os  (test for excess errors)
FAIL: gcc.c-torture/compile/limits-exprparen.c  -O2 -flto  (test for excess errors)
FAIL: gcc.c-torture/compile/limits-exprparen.c  -O2 -fwhopr  (test for excess errors)
WARNING: program timed out.
FAIL: gcc.c-torture/compile/limits-externalid.c  -O3 -g  (test for excess errors)
WARNING: program timed out.
FAIL: gcc.c-torture/compile/limits-externalid.c  -O2 -flto  (test for excess errors)
WARNING: program timed out.
FAIL: gcc.c-torture/compile/limits-externalid.c  -O2 -fwhopr  (test for excess errors)
WARNING: program timed out.
FAIL: gcc.c-torture/compile/limits-fnargs.c  -O2  (test for excess errors)
WARNING: program timed out.
FAIL: gcc.c-torture/compile/limits-fnargs.c  -O3 -fomit-frame-pointer  (test for excess errors)
WARNING: program timed out.
FAIL: gcc.c-torture/compile/limits-fnargs.c  -O3 -g  (test for excess errors)
WARNING: program timed out.
FAIL: gcc.c-torture/compile/limits-fnargs.c  -O2 -flto  (test for excess errors)
WARNING: program timed out.
FAIL: gcc.c-torture/compile/limits-fnargs.c  -O2 -fwhopr  (test for excess errors)
WARNING: program timed out.
FAIL: gcc.c-torture/compile/limits-fndefn.c  -O3 -g  (test for excess errors)
FAIL: gcc.c-torture/execute/pr44942.c execution,  -O0 
FAIL: gcc.c-torture/execute/pr44942.c execution,  -O1 
FAIL: gcc.c-torture/execute/pr44942.c execution,  -O2 
FAIL: gcc.c-torture/execute/pr44942.c execution,  -O3 -fomit-frame-pointer 
FAIL: gcc.c-torture/execute/pr44942.c execution,  -O3 -g 
FAIL: gcc.c-torture/execute/pr44942.c execution,  -Os 
FAIL: gcc.c-torture/execute/pr44942.c execution,  -O2 -flto 
FAIL: gcc.c-torture/execute/pr44942.c execution,  -O2 -fwhopr 
FAIL: gcc.dg/cpp/trad/include.c (internal compiler error)
FAIL: gcc.dg/cpp/trad/include.c (test for excess errors)
FAIL: gcc.dg/builtins-1.c (internal compiler error)
FAIL: gcc.dg/builtins-1.c (test for excess errors)
ERROR: gcc.dg/builtins-1.c: error executing dg-final: couldn't open "builtins-1.s": no such file or directory
UNRESOLVED: gcc.dg/builtins-1.c: error executing dg-final: couldn't open "builtins-1.s": no such file or directory
WARNING: program timed out.
FAIL: gcc.dg/pr28796-2.c execution test
WARNING: program timed out.
FAIL: gcc.dg/pr43058.c (test for excess errors)
FAIL: gcc.dg/lto/20081201-2 c_lto_20081201-2_0.o-c_lto_20081201-2_1.o execute -O3 -fwhopr
FAIL: gcc.dg/vect/pr43430-1.c scan-tree-dump-times vect "vectorized 1 loops" 1

		=== gcc Summary for unix/-m64 ===

# of expected passes		64252
# of unexpected failures	33
# of expected failures		189
# of unresolved testcases	1
# of unsupported tests		959

		=== gcc Summary ===

# of expected passes		128516
# of unexpected failures	62
# of expected failures		382
# of unresolved testcases	1
# of unsupported tests		1913
/export/home/tgc/buildpkg/gcc45/src/all_native/gcc/xgcc  version 4.5.1 (GCC) 

		=== gfortran tests ===


Running target unix
WARNING: program timed out.
FAIL: gfortran.dg/array_constructor_33.f90  -O  (test for excess errors)

		=== gfortran Summary for unix ===

# of expected passes		33640
# of unexpected failures	1
# of expected failures		23
# of unsupported tests		323

Running target unix/-m64
WARNING: program timed out.
FAIL: gfortran.dg/array_constructor_33.f90  -O  (test for excess errors)

		=== gfortran Summary for unix/-m64 ===

# of expected passes		33791
# of unexpected failures	1
# of expected failures		23
# of unsupported tests		250

		=== gfortran Summary ===

# of expected passes		67431
# of unexpected failures	2
# of expected failures		46
# of unsupported tests		573
/export/home/tgc/buildpkg/gcc45/src/all_native/gcc/testsuite/gfortran/../../gfortran  version 4.5.1 (GCC) 

		=== gnat tests ===


Running target unix

		=== gnat Summary for unix ===

# of expected passes		757
# of expected failures		7
# of unsupported tests		3

Running target unix/-m64

		=== gnat Summary for unix/-m64 ===

# of expected passes		757
# of expected failures		7
# of unsupported tests		3

		=== gnat Summary ===

# of expected passes		1514
# of expected failures		14
# of unsupported tests		6
		=== obj-c++ tests ===


Running target unix
WARNING: obj-c++.dg/lookup-2.mm -fgnu-runtime compilation failed to produce executable
WARNING: obj-c++.dg/try-catch-2.mm -fgnu-runtime compilation failed to produce executable
WARNING: obj-c++.dg/try-catch-9.mm -fgnu-runtime compilation failed to produce executable

		=== obj-c++ Summary for unix ===

# of expected passes		440
# of expected failures		3
# of unsupported tests		14

Running target unix/-m64
WARNING: obj-c++.dg/lookup-2.mm -fgnu-runtime compilation failed to produce executable
WARNING: obj-c++.dg/try-catch-2.mm -fgnu-runtime compilation failed to produce executable
WARNING: obj-c++.dg/try-catch-9.mm -fgnu-runtime compilation failed to produce executable

		=== obj-c++ Summary for unix/-m64 ===

# of expected passes		432
# of expected failures		11
# of unsupported tests		14

		=== obj-c++ Summary ===

# of expected passes		872
# of expected failures		14
# of unsupported tests		28
/export/home/tgc/buildpkg/gcc45/src/all_native/gcc/testsuite/obj-c++/../../g++  version 4.5.1 (GCC) 

		=== objc tests ===


Running target unix

		=== objc Summary for unix ===

# of expected passes		1874
# of expected failures		15
# of unsupported tests		20

Running target unix/-m64

		=== objc Summary for unix/-m64 ===

# of expected passes		1874
# of expected failures		15
# of unsupported tests		20

		=== objc Summary ===

# of expected passes		3748
# of expected failures		30
# of unsupported tests		40
/export/home/tgc/buildpkg/gcc45/src/all_native/gcc/xgcc  version 4.5.1 (GCC) 

		=== libffi tests ===


Running target unix

		=== libffi Summary for unix ===

# of expected passes		1624
# of expected failures		10
# of unsupported tests		15

Running target unix/-m64

		=== libffi Summary for unix/-m64 ===

# of expected passes		1624
# of expected failures		10
# of unsupported tests		15

		=== libffi Summary ===

# of expected passes		3248
# of expected failures		20
# of unsupported tests		30
		=== libgomp tests ===


Running target unix

		=== libgomp Summary for unix ===

# of expected passes		2476
# of unsupported tests		9

Running target unix/-m64

		=== libgomp Summary for unix/-m64 ===

# of expected passes		2476
# of unsupported tests		9

		=== libgomp Summary ===

# of expected passes		4952
# of unsupported tests		18
		=== libjava tests ===


Running target unix
WARNING: program timed out.
FAIL: getstacktrace run
WARNING: program timed out.
FAIL: getallthreads run
FAIL: InvokeInterface execution - source compiled test
FAIL: InvokeInterface -O3 execution - source compiled test
WARNING: program timed out.
FAIL: PR18699 -findirect-dispatch execution - source compiled test
WARNING: program timed out.
FAIL: PR18699 -O3 execution - source compiled test
WARNING: program timed out.
FAIL: PR18699 -O3 -findirect-dispatch execution - source compiled test
WARNING: program timed out.
FAIL: PR27908 execution - source compiled test
WARNING: program timed out.
FAIL: PR27908 -findirect-dispatch execution - source compiled test
WARNING: program timed out.
FAIL: PR27908 -O3 execution - source compiled test
WARNING: program timed out.
FAIL: PR27908 -O3 -findirect-dispatch execution - source compiled test

		=== libjava Summary for unix ===

# of expected passes		2554
# of unexpected failures	11
# of untested testcases		11

Running target unix/-m64
FAIL: PR16923 run
WARNING: program timed out.
FAIL: getstacktrace run
WARNING: program timed out.
FAIL: getallthreads run
FAIL: InvokeInterface execution - source compiled test
FAIL: InvokeInterface -O3 execution - source compiled test
WARNING: program timed out.
FAIL: PR18699 execution - source compiled test
WARNING: program timed out.
FAIL: PR18699 -findirect-dispatch execution - source compiled test
WARNING: program timed out.
FAIL: PR18699 -O3 execution - source compiled test
WARNING: program timed out.
FAIL: PR18699 -O3 -findirect-dispatch execution - source compiled test
WARNING: program timed out.
FAIL: PR27908 execution - source compiled test
WARNING: program timed out.
FAIL: PR27908 -findirect-dispatch execution - source compiled test
WARNING: program timed out.
FAIL: PR27908 -O3 execution - source compiled test
WARNING: program timed out.
FAIL: PR27908 -O3 -findirect-dispatch execution - source compiled test

		=== libjava Summary for unix/-m64 ===

# of expected passes		2551
# of unexpected failures	13
# of untested testcases		13

		=== libjava Summary ===

# of expected passes		5105
# of unexpected failures	24
# of untested testcases		24
		=== libstdc++ tests ===


Running target unix
WARNING: program timed out.
FAIL: 23_containers/vector/bool/modifiers/insert/31370.cc execution test
FAIL: ext/enc_filebuf/char/13598.cc execution test

		=== libstdc++ Summary for unix ===

# of expected passes		6331
# of unexpected failures	2
# of expected failures		90
# of unsupported tests		622

Running target unix/-m64
FAIL: ext/enc_filebuf/char/13598.cc execution test

		=== libstdc++ Summary for unix/-m64 ===

# of expected passes		6332
# of unexpected failures	1
# of expected failures		90
# of unsupported tests		622

		=== libstdc++ Summary ===

# of expected passes		12663
# of unexpected failures	3
# of expected failures		180
# of unsupported tests		1244

Compiler version: 4.5.1 (GCC) 
Platform: sparc-sun-solaris2.8
configure flags: --prefix=/usr/tgcware/gcc45 --with-local-prefix=/usr/tgcware/gcc45 --with-gmp=/opt/csw --with-mpfr=/opt/csw --with-mpc=/opt/csw --disable-nls --enable-shared --without-gnu-ld --with-ld=/usr/ccs/bin/ld --enable-languages=c,ada,c++,fortran,java,objc,obj-c++ --without-gnu-as --with-as=/usr/ccs/bin/as --with-x --with-java-awt=xlib --with-system-zlib


Index Nav: [Date Index] [Subject Index] [Author Index] [Thread Index]
Message Nav: [Date Prev] [Date Next] [Thread Prev] [Thread Next]