This is the mail archive of the
gcc-testresults@gcc.gnu.org
mailing list for the GCC project.
Results for 4.5.1 (Blastwave.org Inc. Mon Aug 23 11:16:32 GMT 2010) testsuite on i386-pc-solaris2.10
- From: Dennis Clarke <dclarke at blastwave dot org>
- To: gcc-testresults at gcc dot gnu dot org
- Date: Wed, 25 Aug 2010 12:29:43 -0400 (EDT)
- Subject: Results for 4.5.1 (Blastwave.org Inc. Mon Aug 23 11:16:32 GMT 2010) testsuite on i386-pc-solaris2.10
- Reply-to: dclarke at blastwave dot org
$ uname -a
SunOS orcus 5.10 Generic_142901-14 i86pc i386 i86pc
$ cat /etc/release
Solaris 10 10/09 s10x_u8wos_08a X86
Copyright 2009 Sun Microsystems, Inc. All Rights Reserved.
Use is subject to license terms.
Assembled 16 September 2009
$ psrinfo -pv
The physical processor has 2 virtual processors (0 1)
x86 (chipid 0x0 AuthenticAMD family 15 model 65 step 3 clock 2593 MHz)
Dual-Core AMD Opteron(tm) Processor 2218 HE
The physical processor has 2 virtual processors (2 3)
x86 (chipid 0x1 AuthenticAMD family 15 model 65 step 3 clock 2593 MHz)
Dual-Core AMD Opteron(tm) Processor 2218 HE
$ which ld
/usr/ccs/bin/ld
$ ld -V
ld: Software Generation Utilities - Solaris Link Editors: 5.10-1.497
$ /opt/csw/bin/gas --version
GNU assembler (GNU Binutils) 2.20.1.20100303
Copyright 2009 Free Software Foundation, Inc.
This program is free software; you may redistribute it under the terms of
the GNU General Public License version 3 or later.
This program has absolutely no warranty.
This assembler was configured for a target of `i386-pc-solaris2.10'.
$ ../gcc-4.5.1/contrib/test_summary
cat <<'EOF' |
LAST_UPDATED: Obtained from SVN: tags/gcc_4_5_1_release revision 162774
Native configuration is i386-pc-solaris2.10
=== g++ tests ===
Running target unix
FAIL: g++.dg/ext/visibility/fvisibility-inlines-hidden-2.C scan-not-hidden
FAIL: g++.dg/ext/visibility/fvisibility-inlines-hidden-3.C scan-not-hidden
FAIL: g++.dg/ext/visibility/fvisibility-inlines-hidden-3.C scan-not-hidden
FAIL: g++.dg/ext/visibility/fvisibility-override1.C scan-not-hidden
FAIL: g++.dg/ext/visibility/fvisibility-override2.C scan-not-hidden
FAIL: g++.dg/ext/visibility/guard1.C scan-not-hidden
FAIL: g++.dg/ext/visibility/ms-compat-1.C scan-not-hidden
FAIL: g++.dg/ext/visibility/ms-compat-1.C scan-not-hidden
FAIL: g++.dg/ext/visibility/ms-compat-1.C scan-not-hidden
FAIL: g++.dg/ext/visibility/namespace1.C scan-not-hidden
FAIL: g++.dg/ext/visibility/new1.C scan-not-hidden
FAIL: g++.dg/ext/visibility/template1.C scan-not-hidden
FAIL: g++.dg/ext/visibility/template1.C scan-not-hidden
FAIL: g++.dg/ext/visibility/template2.C scan-not-hidden
FAIL: g++.dg/ext/visibility/template2.C scan-not-hidden
FAIL: g++.dg/ext/visibility/template3.C scan-not-hidden
FAIL: g++.dg/ext/visibility/template3.C scan-not-hidden
FAIL: g++.dg/ext/visibility/template4.C scan-not-hidden
FAIL: g++.dg/ext/visibility/template4.C scan-not-hidden
FAIL: g++.dg/ext/visibility/template4.C scan-not-hidden
FAIL: g++.dg/ext/visibility/template4.C scan-not-hidden
FAIL: g++.dg/ext/visibility/template6.C scan-not-hidden
FAIL: g++.dg/ext/visibility/typeinfo1.C scan-not-hidden
FAIL: g++.dg/ext/visibility/typeinfo1.C scan-not-hidden
FAIL: g++.dg/ext/visibility/typeinfo2.C scan-not-hidden
FAIL: g++.dg/ext/visibility/typeinfo3.C scan-not-hidden
FAIL: g++.dg/ext/visibility/typeinfo3.C scan-not-hidden
FAIL: g++.dg/ext/visibility/warn3.C scan-not-hidden
FAIL: g++.old-deja/g++.mike/visibility-1.C scan-not-hidden
=== g++ Summary ===
# of expected passes 22877
# of unexpected failures 29
# of expected failures 152
# of unsupported tests 163
/opt/csw/src/gcc-4.5.1-002/gcc/testsuite/g++/../../g++ version 4.5.1
(Blastwave.org Inc. Mon Aug 23 11:16:32 GMT 2010)
=== gcc tests ===
Running target unix
FAIL: gcc.c-torture/compile/limits-exprparen.c -O0 (test for excess errors)
FAIL: gcc.c-torture/compile/limits-exprparen.c -O1 (test for excess errors)
FAIL: gcc.c-torture/compile/limits-exprparen.c -O2 (test for excess errors)
FAIL: gcc.c-torture/compile/limits-exprparen.c -O3 -fomit-frame-pointer
(test for excess errors)
FAIL: gcc.c-torture/compile/limits-exprparen.c -O3 -g (test for excess
errors)
FAIL: gcc.c-torture/compile/limits-exprparen.c -Os (test for excess errors)
FAIL: gcc.c-torture/compile/limits-exprparen.c -O2 -flto (test for
excess errors)
FAIL: gcc.c-torture/compile/limits-exprparen.c -O2 -fwhopr (test for
excess errors)
FAIL: gcc.dg/visibility-d.c scan-not-hidden
FAIL: gcc.dg/visibility-d.c scan-not-hidden
FAIL: gcc.dg/visibility-d.c scan-not-hidden
FAIL: gcc.dg/visibility-d.c scan-not-hidden
FAIL: gcc.dg/visibility-d.c scan-not-hidden
FAIL: gcc.dg/visibility-d.c scan-not-hidden
FAIL: gcc.dg/visibility-d.c scan-not-hidden
FAIL: gcc.dg/visibility-d.c scan-not-hidden
FAIL: gcc.dg/visibility-d.c scan-not-hidden
FAIL: gcc.dg/visibility-d.c scan-not-hidden
FAIL: gcc.dg/visibility-d.c scan-not-hidden
FAIL: gcc.dg/visibility-d.c scan-not-hidden
FAIL: gcc.dg/visibility-d.c scan-not-hidden
FAIL: gcc.dg/visibility-d.c scan-not-hidden
FAIL: gcc.dg/visibility-d.c scan-not-hidden
FAIL: gcc.dg/visibility-d.c scan-not-hidden
FAIL: gcc.dg/visibility-d.c scan-not-hidden
FAIL: gcc.dg/visibility-d.c scan-not-hidden
FAIL: gcc.dg/visibility-d.c scan-not-hidden
FAIL: gcc.dg/visibility-d.c scan-not-hidden
FAIL: gcc.dg/visibility-d.c scan-not-hidden
FAIL: gcc.dg/visibility-d.c scan-not-hidden
FAIL: gcc.dg/visibility-d.c scan-not-hidden
FAIL: gcc.dg/visibility-d.c scan-not-hidden
FAIL: gcc.dg/visibility-d.c scan-not-hidden
FAIL: gcc.dg/visibility-d.c scan-not-hidden
FAIL: gcc.dg/visibility-d.c scan-not-hidden
FAIL: gcc.dg/visibility-d.c scan-not-hidden
FAIL: gcc.dg/visibility-d.c scan-not-hidden
FAIL: gcc.dg/visibility-d.c scan-not-hidden
FAIL: gcc.target/i386/abi-2.c scan-assembler-times ymm0 1
FAIL: gcc.target/i386/pr22076.c scan-assembler-times movq 3
FAIL: gcc.target/i386/pr22076.c scan-assembler-not movl
=== gcc Summary ===
# of expected passes 70925
# of unexpected failures 41
# of expected failures 166
# of unsupported tests 699
/opt/csw/src/gcc-4.5.1-002/gcc/xgcc version 4.5.1 (Blastwave.org Inc. Mon
Aug 23 11:16:32 GMT 2010)
=== gfortran tests ===
Running target unix
=== gfortran Summary ===
# of expected passes 34040
# of expected failures 20
# of unsupported tests 153
/opt/csw/src/gcc-4.5.1-002/gcc/testsuite/gfortran/../../gfortran version
4.5.1 (Blastwave.org Inc. Mon Aug 23 11:16:32 GMT 2010)
=== objc tests ===
Running target unix
=== objc Summary ===
# of expected passes 1882
# of expected failures 7
# of unsupported tests 20
/opt/csw/src/gcc-4.5.1-002/gcc/xgcc version 4.5.1 (Blastwave.org Inc. Mon
Aug 23 11:16:32 GMT 2010)
=== libgomp tests ===
Running target unix
=== libgomp Summary ===
# of expected passes 2490
# of unsupported tests 2
=== libstdc++ tests ===
Running target unix
=== libstdc++ Summary ===
# of expected passes 6534
# of expected failures 92
# of unsupported tests 518
Compiler version: 4.5.1 (Blastwave.org Inc. Mon Aug 23 11:16:32 GMT 2010)
Platform: i386-pc-solaris2.10
configure flags: --host=i386-pc-solaris2.10 --build=i386-pc-solaris2.10
--with-gnu-as --with-as=/opt/csw/bin/gas --without-gnu-ld
--with-ld=/usr/ccs/bin/ld --with-cpu-32=i386 --with-cpu-64=opteron
--with-arch-32=i386 --with-arch-64=opteron --enable-stage1-languages=c
--enable-nls --with-libiconv-prefix=/opt/csw --enable-threads=posix
--prefix=/opt/csw/gcc4 --with-local-prefix=/opt/csw --enable-shared
--enable-multilib --with-pkgversion='Blastwave.org Inc. Mon Aug 23
11:16:32 GMT 2010' --with-bugurl=http://www.blastwave.org/support
--enable-languages=c,c++,objc,fortran --enable-bootstrap
EOF
--
Dennis Clarke
dclarke@opensolaris.ca <- Email related to the open source Solaris
dclarke@blastwave.org <- Email related to open source for Solaris