This is the mail archive of the
gcc-testresults@gcc.gnu.org
mailing list for the GCC project.
Results for 4.4.4 (GCC) testsuite on hppa64-hp-hpux11.00
- From: John David Anglin <dave at hiauly2 dot hia dot nrc dot ca>
- To: dave at hiauly2 dot hia dot nrc dot ca, gcc-testresults at gcc dot gnu dot org
- Date: Sat, 21 Aug 2010 21:51:53 -0400 (EDT)
- Subject: Results for 4.4.4 (GCC) testsuite on hppa64-hp-hpux11.00
Native configuration is hppa64-hp-hpux11.00
=== g++ tests ===
Running target unix
FAIL: g++.dg/debug/dwarf2/pubnames-1.C scan-assembler-times "main".*external name 1
FAIL: g++.dg/debug/dwarf2/typedef1.C scan-assembler-times DW_AT_name: "foo<1u>" 1
FAIL: g++.dg/debug/dwarf2/typedef1.C scan-assembler-times DW_AT_name: "typedef foo<1u>::type type" 1
WARNING: program timed out.
FAIL: g++.dg/eh/cleanup1.C (test for excess errors)
WARNING: program timed out.
FAIL: g++.dg/torture/pr31863.C -O2 (test for excess errors)
WARNING: program timed out.
FAIL: g++.dg/torture/pr31863.C -O3 -fomit-frame-pointer (test for excess errors)
WARNING: program timed out.
FAIL: g++.dg/torture/pr31863.C -O3 -g (test for excess errors)
=== g++ Summary ===
# of expected passes 18635
# of unexpected failures 7
# of expected failures 159
# of unsupported tests 208
/home/gnu/gcc/objdir/gcc/testsuite/g++/../../g++ version 4.4.4 (GCC)
=== gcc tests ===
Running target unix
WARNING: program timed out.
FAIL: gcc.c-torture/compile/limits-fndefn.c -O1 (test for excess errors)
WARNING: program timed out.
FAIL: gcc.c-torture/compile/limits-fndefn.c -O2 (test for excess errors)
WARNING: program timed out.
FAIL: gcc.c-torture/compile/limits-fndefn.c -O3 -fomit-frame-pointer (test for excess errors)
WARNING: program timed out.
FAIL: gcc.c-torture/compile/limits-fndefn.c -O3 -g (test for excess errors)
WARNING: program timed out.
FAIL: gcc.c-torture/compile/limits-fndefn.c -Os (test for excess errors)
WARNING: program timed out.
FAIL: gcc.c-torture/compile/limits-structnest.c -O2 (test for excess errors)
WARNING: program timed out.
FAIL: gcc.c-torture/compile/limits-structnest.c -O3 -fomit-frame-pointer (test for excess errors)
WARNING: program timed out.
FAIL: gcc.c-torture/compile/limits-structnest.c -O3 -g (test for excess errors)
WARNING: program timed out.
FAIL: gcc.c-torture/compile/limits-structnest.c -Os (test for excess errors)
FAIL: gcc.dg/debug/dwarf2/inline2.c scan-assembler-times \\(DIE \\(.*?\\) DW_TAG_inlined_subroutine 6
FAIL: gcc.dg/debug/dwarf2/inline2.c scan-assembler-times \\(DIE \\(.*?\\) DW_TAG_lexical_block 6
WARNING: program timed out.
FAIL: gcc.dg/20020425-1.c (test for excess errors)
WARNING: program timed out.
FAIL: gcc.dg/c99-intconst-1.c (test for excess errors)
XPASS: gcc.dg/funcorder.c scan-assembler-not link_error,%r
FAIL: gcc.dg/pr43643.c (test for excess errors)
WARNING: gcc.dg/pr43643.c compilation failed to produce executable
FAIL: gcc.dg/torture/pr41555.c -O0 (test for excess errors)
WARNING: gcc.dg/torture/pr41555.c -O0 compilation failed to produce executable
FAIL: gcc.dg/torture/pr41555.c -O1 (test for excess errors)
WARNING: gcc.dg/torture/pr41555.c -O1 compilation failed to produce executable
FAIL: gcc.dg/torture/pr41555.c -O2 (test for excess errors)
WARNING: gcc.dg/torture/pr41555.c -O2 compilation failed to produce executable
FAIL: gcc.dg/torture/pr41555.c -O3 -fomit-frame-pointer (test for excess errors)
WARNING: gcc.dg/torture/pr41555.c -O3 -fomit-frame-pointer compilation failed to produce executable
FAIL: gcc.dg/torture/pr41555.c -O3 -fomit-frame-pointer -funroll-loops (test for excess errors)
WARNING: gcc.dg/torture/pr41555.c -O3 -fomit-frame-pointer -funroll-loops compilation failed to produce executable
FAIL: gcc.dg/torture/pr41555.c -O3 -fomit-frame-pointer -funroll-all-loops -finline-functions (test for excess errors)
WARNING: gcc.dg/torture/pr41555.c -O3 -fomit-frame-pointer -funroll-all-loops -finline-functions compilation failed to produce executable
FAIL: gcc.dg/torture/pr41555.c -O3 -g (test for excess errors)
WARNING: gcc.dg/torture/pr41555.c -O3 -g compilation failed to produce executable
FAIL: gcc.dg/torture/pr41555.c -Os (test for excess errors)
WARNING: gcc.dg/torture/pr41555.c -Os compilation failed to produce executable
=== gcc Summary ===
# of expected passes 49299
# of unexpected failures 22
# of unexpected successes 1
# of expected failures 117
# of unsupported tests 618
/home/gnu/gcc/objdir/gcc/xgcc version 4.4.4 (GCC)
=== gfortran tests ===
Running target unix
FAIL: gfortran.dg/nint_2.f90 -O0 execution test
=== gfortran Summary ===
# of expected passes 29192
# of unexpected failures 1
# of expected failures 10
# of unsupported tests 269
/home/gnu/gcc/objdir/gcc/testsuite/gfortran/../../gfortran version 4.4.4 (GCC)
=== obj-c++ tests ===
Running target unix
XPASS: obj-c++.dg/comp-types-10.mm (test for excess errors)
WARNING: obj-c++.dg/lookup-2.mm compilation failed to produce executable
WARNING: obj-c++.dg/try-catch-2.mm compilation failed to produce executable
WARNING: obj-c++.dg/try-catch-9.mm compilation failed to produce executable
=== obj-c++ Summary ===
# of expected passes 425
# of unexpected successes 1
# of expected failures 20
# of unsupported tests 13
/home/gnu/gcc/objdir/gcc/testsuite/obj-c++/../../g++ version 4.4.4 (GCC)
=== objc tests ===
Running target unix
=== objc Summary ===
# of expected passes 1864
# of expected failures 15
# of unsupported tests 25
/home/gnu/gcc/objdir/gcc/xgcc version 4.4.4 (GCC)
=== libgomp tests ===
Running target unix
=== libgomp Summary ===
# of expected passes 2440
# of unsupported tests 9
=== libstdc++ tests ===
Running target unix
WARNING: program timed out.
FAIL: ext/pb_ds/regression/tree_data_map_rand.cc (test for excess errors)
WARNING: ext/pb_ds/regression/tree_data_map_rand.cc compilation failed to produce executable
WARNING: program timed out.
FAIL: ext/pb_ds/regression/tree_no_data_map_rand.cc (test for excess errors)
WARNING: ext/pb_ds/regression/tree_no_data_map_rand.cc compilation failed to produce executable
=== libstdc++ Summary ===
# of expected passes 4567
# of unexpected failures 2
# of expected failures 70
# of unsupported tests 392
Compiler version: 4.4.4 (GCC)
Platform: hppa64-hp-hpux11.00
configure flags:Test Run By dave on Tue Aug 10 01:58:17 2010