This is the mail archive of the gcc-testresults@gcc.gnu.org mailing list for the GCC project.


Index Nav: [Date Index] [Subject Index] [Author Index] [Thread Index]
Message Nav: [Date Prev] [Date Next] [Thread Prev] [Thread Next]
Other format: [Raw text]

Results for 4.4.5 20100816 (prerelease) (Debian 4.4.4-9) testsuite on x86_64-pc-kfreebsd-gnu


LAST_UPDATED: Obtained from SVN: tags/gcc_4_4_4_release revision 158895

Target: x86_64-kfreebsd-gnu
gcc version 4.4.5 20100816 (prerelease) (Debian 4.4.4-9) 
Native configuration is x86_64-pc-kfreebsd-gnu

		=== g++ tests ===


Running target unix

		=== g++ Summary for unix ===

# of expected passes		19934
# of expected failures		157
# of unsupported tests		261

Running target unix/-fstack-protector

		=== g++ Summary for unix/-fstack-protector ===

# of expected passes		19934
# of expected failures		157
# of unsupported tests		261

Running target unix/-m32

		=== g++ Summary for unix/-m32 ===

# of expected passes		20239
# of expected failures		157
# of unsupported tests		115

		=== g++ Summary ===

# of expected passes		60107
# of expected failures		471
# of unsupported tests		637
/build/buildd-gcc-4.4_4.4.4-9-kfreebsd-amd64-krwaqE/gcc-4.4-4.4.4/build/gcc/testsuite/g++/../../g++  version 4.4.5 20100816 (prerelease) (Debian 4.4.4-9) 

		=== gcc tests ===


Running target unix
FAIL: largefile.c -O0 -g -I. (test for excess errors)
FAIL: gcc.dg/pch/largefile.c -O0 -g assembly comparison
FAIL: largefile.c  -O0  -I. (test for excess errors)
FAIL: gcc.dg/pch/largefile.c  -O0  assembly comparison
FAIL: largefile.c  -O1  -I. (test for excess errors)
FAIL: gcc.dg/pch/largefile.c  -O1  assembly comparison
FAIL: largefile.c  -O2  -I. (test for excess errors)
FAIL: gcc.dg/pch/largefile.c  -O2  assembly comparison
FAIL: largefile.c  -O3 -fomit-frame-pointer  -I. (test for excess errors)
FAIL: gcc.dg/pch/largefile.c  -O3 -fomit-frame-pointer  assembly comparison
FAIL: largefile.c  -O3 -g  -I. (test for excess errors)
FAIL: gcc.dg/pch/largefile.c  -O3 -g  assembly comparison
FAIL: largefile.c  -Os  -I. (test for excess errors)
FAIL: gcc.dg/pch/largefile.c  -Os  assembly comparison
FAIL: gcc.dg/tree-prof/bb-reorg.c compilation,  -fprofile-use -D_PROFILE_USE
UNRESOLVED: gcc.dg/tree-prof/bb-reorg.c execution,    -fprofile-use -D_PROFILE_USE
FAIL: gcc.dg/tree-prof/pr34999.c compilation,  -fprofile-use -D_PROFILE_USE
UNRESOLVED: gcc.dg/tree-prof/pr34999.c execution,    -fprofile-use -D_PROFILE_USE

		=== gcc Summary for unix ===

# of expected passes		56954
# of unexpected failures	16
# of expected failures		192
# of unresolved testcases	2
# of unsupported tests		804

Running target unix/-fstack-protector
WARNING: program timed out.
FAIL: gcc.c-torture/compile/limits-blockid.c  -O0  (test for excess errors)
FAIL: largefile.c -O0 -g -I. (test for excess errors)
FAIL: gcc.dg/pch/largefile.c -O0 -g assembly comparison
FAIL: largefile.c  -O0  -I. (test for excess errors)
FAIL: gcc.dg/pch/largefile.c  -O0  assembly comparison
FAIL: largefile.c  -O1  -I. (test for excess errors)
FAIL: gcc.dg/pch/largefile.c  -O1  assembly comparison
FAIL: largefile.c  -O2  -I. (test for excess errors)
FAIL: gcc.dg/pch/largefile.c  -O2  assembly comparison
FAIL: largefile.c  -O3 -fomit-frame-pointer  -I. (test for excess errors)
FAIL: gcc.dg/pch/largefile.c  -O3 -fomit-frame-pointer  assembly comparison
FAIL: largefile.c  -O3 -g  -I. (test for excess errors)
FAIL: gcc.dg/pch/largefile.c  -O3 -g  assembly comparison
FAIL: largefile.c  -Os  -I. (test for excess errors)
FAIL: gcc.dg/pch/largefile.c  -Os  assembly comparison
FAIL: gcc.dg/tree-prof/bb-reorg.c compilation,  -fprofile-use -D_PROFILE_USE
UNRESOLVED: gcc.dg/tree-prof/bb-reorg.c execution,    -fprofile-use -D_PROFILE_USE
FAIL: gcc.dg/tree-prof/pr34999.c compilation,  -fprofile-use -D_PROFILE_USE
UNRESOLVED: gcc.dg/tree-prof/pr34999.c execution,    -fprofile-use -D_PROFILE_USE

		=== gcc Summary for unix/-fstack-protector ===

# of expected passes		56953
# of unexpected failures	17
# of expected failures		192
# of unresolved testcases	2
# of unsupported tests		804

Running target unix/-m32
FAIL: largefile.c -O0 -g -I. (test for excess errors)
FAIL: gcc.dg/pch/largefile.c -O0 -g assembly comparison
FAIL: largefile.c  -O0  -I. (test for excess errors)
FAIL: gcc.dg/pch/largefile.c  -O0  assembly comparison
FAIL: largefile.c  -O1  -I. (test for excess errors)
FAIL: gcc.dg/pch/largefile.c  -O1  assembly comparison
FAIL: largefile.c  -O2  -I. (test for excess errors)
FAIL: gcc.dg/pch/largefile.c  -O2  assembly comparison
FAIL: largefile.c  -O3 -fomit-frame-pointer  -I. (test for excess errors)
FAIL: gcc.dg/pch/largefile.c  -O3 -fomit-frame-pointer  assembly comparison
FAIL: largefile.c  -O3 -g  -I. (test for excess errors)
FAIL: gcc.dg/pch/largefile.c  -O3 -g  assembly comparison
FAIL: largefile.c  -Os  -I. (test for excess errors)
FAIL: gcc.dg/pch/largefile.c  -Os  assembly comparison
FAIL: gcc.misc-tests/linkage.c link

		=== gcc Summary for unix/-m32 ===

# of expected passes		57288
# of unexpected failures	15
# of expected failures		193
# of unsupported tests		526

		=== gcc Summary ===

# of expected passes		171195
# of unexpected failures	48
# of expected failures		577
# of unresolved testcases	4
# of unsupported tests		2134
/build/buildd-gcc-4.4_4.4.4-9-kfreebsd-amd64-krwaqE/gcc-4.4-4.4.4/build/gcc/xgcc  version 4.4.5 20100816 (prerelease) (Debian 4.4.4-9) 

		=== gfortran tests ===


Running target unix
FAIL: gfortran.dg/allocatable_function_1.f90  -O0  scan-tree-dump-times original "free" 10
FAIL: gfortran.dg/allocatable_function_1.f90  -O1  scan-tree-dump-times original "free" 10
FAIL: gfortran.dg/allocatable_function_1.f90  -O2  scan-tree-dump-times original "free" 10
FAIL: gfortran.dg/allocatable_function_1.f90  -O3 -fomit-frame-pointer  scan-tree-dump-times original "free" 10
FAIL: gfortran.dg/allocatable_function_1.f90  -O3 -fomit-frame-pointer -funroll-loops  scan-tree-dump-times original "free" 10
FAIL: gfortran.dg/allocatable_function_1.f90  -O3 -fomit-frame-pointer -funroll-all-loops -finline-functions  scan-tree-dump-times original "free" 10
FAIL: gfortran.dg/allocatable_function_1.f90  -O3 -g  scan-tree-dump-times original "free" 10
FAIL: gfortran.dg/allocatable_function_1.f90  -Os  scan-tree-dump-times original "free" 10

		=== gfortran Summary for unix ===

# of expected passes		30414
# of unexpected failures	8
# of expected failures		13
# of unsupported tests		44

Running target unix/-fstack-protector
FAIL: gfortran.dg/allocatable_function_1.f90  -O0  scan-tree-dump-times original "free" 10
FAIL: gfortran.dg/allocatable_function_1.f90  -O1  scan-tree-dump-times original "free" 10
FAIL: gfortran.dg/allocatable_function_1.f90  -O2  scan-tree-dump-times original "free" 10
FAIL: gfortran.dg/allocatable_function_1.f90  -O3 -fomit-frame-pointer  scan-tree-dump-times original "free" 10
FAIL: gfortran.dg/allocatable_function_1.f90  -O3 -fomit-frame-pointer -funroll-loops  scan-tree-dump-times original "free" 10
FAIL: gfortran.dg/allocatable_function_1.f90  -O3 -fomit-frame-pointer -funroll-all-loops -finline-functions  scan-tree-dump-times original "free" 10
FAIL: gfortran.dg/allocatable_function_1.f90  -O3 -g  scan-tree-dump-times original "free" 10
FAIL: gfortran.dg/allocatable_function_1.f90  -Os  scan-tree-dump-times original "free" 10

		=== gfortran Summary for unix/-fstack-protector ===

# of expected passes		30414
# of unexpected failures	8
# of expected failures		13
# of unsupported tests		44

Running target unix/-m32
FAIL: gfortran.dg/allocatable_function_1.f90  -O0  scan-tree-dump-times original "free" 10
FAIL: gfortran.dg/allocatable_function_1.f90  -O1  scan-tree-dump-times original "free" 10
FAIL: gfortran.dg/allocatable_function_1.f90  -O2  scan-tree-dump-times original "free" 10
FAIL: gfortran.dg/allocatable_function_1.f90  -O3 -fomit-frame-pointer  scan-tree-dump-times original "free" 10
FAIL: gfortran.dg/allocatable_function_1.f90  -O3 -fomit-frame-pointer -funroll-loops  scan-tree-dump-times original "free" 10
FAIL: gfortran.dg/allocatable_function_1.f90  -O3 -fomit-frame-pointer -funroll-all-loops -finline-functions  scan-tree-dump-times original "free" 10
FAIL: gfortran.dg/allocatable_function_1.f90  -O3 -g  scan-tree-dump-times original "free" 10
FAIL: gfortran.dg/allocatable_function_1.f90  -Os  scan-tree-dump-times original "free" 10

		=== gfortran Summary for unix/-m32 ===

# of expected passes		30285
# of unexpected failures	8
# of expected failures		13
# of unsupported tests		105

		=== gfortran Summary ===

# of expected passes		91113
# of unexpected failures	24
# of expected failures		39
# of unsupported tests		193
/build/buildd-gcc-4.4_4.4.4-9-kfreebsd-amd64-krwaqE/gcc-4.4-4.4.4/build/gcc/testsuite/gfortran/../../gfortran  version 4.4.5 20100816 (prerelease) (Debian 4.4.4-9) 

		=== obj-c++ tests ===


Running target unix
XPASS: obj-c++.dg/comp-types-10.mm (test for excess errors)
UNRESOLVED: obj-c++.dg/lookup-2.mm compilation failed to produce executable
UNRESOLVED: obj-c++.dg/try-catch-2.mm compilation failed to produce executable
UNRESOLVED: obj-c++.dg/try-catch-9.mm compilation failed to produce executable

		=== obj-c++ Summary for unix ===

# of expected passes		425
# of unexpected successes	1
# of expected failures		20
# of unresolved testcases	3
# of unsupported tests		13

Running target unix/-fstack-protector
XPASS: obj-c++.dg/comp-types-10.mm (test for excess errors)
UNRESOLVED: obj-c++.dg/lookup-2.mm compilation failed to produce executable
UNRESOLVED: obj-c++.dg/try-catch-2.mm compilation failed to produce executable
UNRESOLVED: obj-c++.dg/try-catch-9.mm compilation failed to produce executable

		=== obj-c++ Summary for unix/-fstack-protector ===

# of expected passes		425
# of unexpected successes	1
# of expected failures		20
# of unresolved testcases	3
# of unsupported tests		13

Running target unix/-m32
XPASS: obj-c++.dg/comp-types-10.mm (test for excess errors)
UNRESOLVED: obj-c++.dg/lookup-2.mm compilation failed to produce executable
UNRESOLVED: obj-c++.dg/try-catch-2.mm compilation failed to produce executable
UNRESOLVED: obj-c++.dg/try-catch-9.mm compilation failed to produce executable

		=== obj-c++ Summary for unix/-m32 ===

# of expected passes		436
# of unexpected successes	1
# of expected failures		9
# of unresolved testcases	3
# of unsupported tests		13

		=== obj-c++ Summary ===

# of expected passes		1286
# of unexpected successes	3
# of expected failures		49
# of unresolved testcases	9
# of unsupported tests		39
/build/buildd-gcc-4.4_4.4.4-9-kfreebsd-amd64-krwaqE/gcc-4.4-4.4.4/build/gcc/testsuite/obj-c++/../../g++  version 4.4.5 20100816 (prerelease) (Debian 4.4.4-9) 

		=== objc tests ===


Running target unix
FAIL: objc/execute/forward-1.m execution,  -O0 -fgnu-runtime
FAIL: objc/execute/forward-1.m execution,  -O1 -fgnu-runtime
FAIL: objc/execute/forward-1.m execution,  -O2 -fgnu-runtime
FAIL: objc/execute/forward-1.m execution,  -O3 -fomit-frame-pointer -fgnu-runtime
FAIL: objc/execute/forward-1.m execution,  -O3 -fomit-frame-pointer -funroll-loops -fgnu-runtime
FAIL: objc/execute/forward-1.m execution,  -O3 -fomit-frame-pointer -funroll-all-loops -finline-functions -fgnu-runtime
FAIL: objc/execute/forward-1.m execution,  -O3 -g -fgnu-runtime
FAIL: objc/execute/forward-1.m execution,  -Os -fgnu-runtime

		=== objc Summary for unix ===

# of expected passes		1866
# of unexpected failures	8
# of expected failures		7
# of unsupported tests		24

Running target unix/-fstack-protector
FAIL: objc/execute/forward-1.m execution,  -O0 -fgnu-runtime
FAIL: objc/execute/forward-1.m execution,  -O1 -fgnu-runtime
FAIL: objc/execute/forward-1.m execution,  -O2 -fgnu-runtime
FAIL: objc/execute/forward-1.m execution,  -O3 -fomit-frame-pointer -fgnu-runtime
FAIL: objc/execute/forward-1.m execution,  -O3 -fomit-frame-pointer -funroll-loops -fgnu-runtime
FAIL: objc/execute/forward-1.m execution,  -O3 -fomit-frame-pointer -funroll-all-loops -finline-functions -fgnu-runtime
FAIL: objc/execute/forward-1.m execution,  -O3 -g -fgnu-runtime
FAIL: objc/execute/forward-1.m execution,  -Os -fgnu-runtime

		=== objc Summary for unix/-fstack-protector ===

# of expected passes		1866
# of unexpected failures	8
# of expected failures		7
# of unsupported tests		24

Running target unix/-m32

		=== objc Summary for unix/-m32 ===

# of expected passes		1874
# of expected failures		7
# of unsupported tests		24

		=== objc Summary ===

# of expected passes		5606
# of unexpected failures	16
# of expected failures		21
# of unsupported tests		72
/build/buildd-gcc-4.4_4.4.4-9-kfreebsd-amd64-krwaqE/gcc-4.4-4.4.4/build/gcc/xgcc  version 4.4.5 20100816 (prerelease) (Debian 4.4.4-9) 

		=== libgomp tests ===


Running target unix
FAIL: libgomp.c/lock-1.c execution test
FAIL: libgomp.c/lock-2.c execution test

		=== libgomp Summary for unix ===

# of expected passes		2470
# of unexpected failures	2
# of unsupported tests		2

Running target unix/-fstack-protector
FAIL: libgomp.c/lib-1.c execution test
FAIL: libgomp.c/lock-1.c execution test
FAIL: libgomp.c/lock-2.c execution test

		=== libgomp Summary for unix/-fstack-protector ===

# of expected passes		2469
# of unexpected failures	3
# of unsupported tests		2

Running target unix/-m32
FAIL: libgomp.c/lock-1.c execution test

		=== libgomp Summary for unix/-m32 ===

# of expected passes		2471
# of unexpected failures	1
# of unsupported tests		2

		=== libgomp Summary ===

# of expected passes		7410
# of unexpected failures	6
# of unsupported tests		6
		=== libmudflap tests ===


Running target unix
FAIL: libmudflap.c++/pass41-frag.cxx execution test
FAIL: libmudflap.c++/pass41-frag.cxx (-static) execution test
FAIL: libmudflap.c++/pass41-frag.cxx ( -O) execution test
FAIL: libmudflap.c++/pass41-frag.cxx (-O2) execution test
FAIL: libmudflap.c++/pass41-frag.cxx (-O3) execution test

		=== libmudflap Summary for unix ===

# of expected passes		1889
# of unexpected failures	5

Running target unix/-fstack-protector
FAIL: libmudflap.c++/pass41-frag.cxx execution test
FAIL: libmudflap.c++/pass41-frag.cxx (-static) execution test
FAIL: libmudflap.c++/pass41-frag.cxx ( -O) execution test
FAIL: libmudflap.c++/pass41-frag.cxx (-O2) execution test
FAIL: libmudflap.c++/pass41-frag.cxx (-O3) execution test

		=== libmudflap Summary for unix/-fstack-protector ===

# of expected passes		1889
# of unexpected failures	5

Running target unix/-m32
FAIL: libmudflap.c++/pass41-frag.cxx execution test
FAIL: libmudflap.c++/pass41-frag.cxx (-static) execution test
FAIL: libmudflap.c++/pass41-frag.cxx ( -O) execution test
FAIL: libmudflap.c++/pass41-frag.cxx (-O2) execution test
FAIL: libmudflap.c++/pass41-frag.cxx (-O3) execution test

		=== libmudflap Summary for unix/-m32 ===

# of expected passes		1889
# of unexpected failures	5

		=== libmudflap Summary ===

# of expected passes		5667
# of unexpected failures	15
		=== libstdc++ tests ===


Running target unix
XPASS: 22_locale/ctype/is/char/2.cc execution test
FAIL: 22_locale/locale/cons/12438.cc execution test
FAIL: 22_locale/time_get/get_date/wchar_t/4.cc execution test
FAIL: 26_numerics/headers/cmath/c99_classification_macros_c.cc (test for excess errors)

		=== libstdc++ Summary for unix ===

# of expected passes		6309
# of unexpected failures	3
# of unexpected successes	1
# of expected failures		79
# of unsupported tests		116

Running target unix/-fstack-protector
XPASS: 22_locale/ctype/is/char/2.cc execution test
FAIL: 22_locale/locale/cons/12438.cc execution test
FAIL: 22_locale/time_get/get_date/wchar_t/4.cc execution test
FAIL: 26_numerics/headers/cmath/c99_classification_macros_c.cc (test for excess errors)

		=== libstdc++ Summary for unix/-fstack-protector ===

# of expected passes		6309
# of unexpected failures	3
# of unexpected successes	1
# of expected failures		79
# of unsupported tests		116

Running target unix/-m32
XPASS: 22_locale/ctype/is/char/2.cc execution test
FAIL: 22_locale/time_get/get_date/wchar_t/4.cc execution test
FAIL: 26_numerics/headers/cmath/c99_classification_macros_c.cc (test for excess errors)

		=== libstdc++ Summary for unix/-m32 ===

# of expected passes		6310
# of unexpected failures	2
# of unexpected successes	1
# of expected failures		79
# of unsupported tests		116

		=== libstdc++ Summary ===

# of expected passes		18928
# of unexpected failures	8
# of unexpected successes	3
# of expected failures		237
# of unsupported tests		348

		=== libstdc++ Summary ===


Compiler version: 4.4.5 20100816 (prerelease) (Debian 4.4.4-9) 
Platform: x86_64-pc-kfreebsd-gnu
configure flags: -v --with-pkgversion='Debian 4.4.4-9' --with-bugurl=file:///usr/share/doc/gcc-4.4/README.Bugs --enable-languages=c,c++,fortran,objc,obj-c++ --prefix=/usr --program-suffix=-4.4 --enable-shared --enable-multiarch --enable-linker-build-id --with-system-zlib --libexecdir=/usr/lib --without-included-gettext --enable-threads=posix --with-gxx-include-dir=/usr/include/c++/4.4 --libdir=/usr/lib --enable-nls --enable-clocale=gnu --enable-libstdcxx-debug --enable-objc-gc --with-arch-32=i586 --with-tune=generic --enable-checking=release --build=x86_64-kfreebsd-gnu --host=x86_64-kfreebsd-gnu --target=x86_64-kfreebsd-gnu
BOOT_CFLAGS=


Build Dependencies:
Desired=Unknown/Install/Remove/Purge/Hold
| Status=Not/Inst/Conf-files/Unpacked/halF-conf/Half-inst/trig-aWait/Trig-pend
|/ Err?=(none)/Reinst-required (Status,Err: uppercase=bad)
||/ Name                                                 Version                Description
+++-====================================================-======================-======================================================================
ii  binutils                                             2.20.1-13              The GNU assembler, linker and binary utilities
ii  g++-4.4                                              4.4.4-8                The GNU C++ compiler
pi  g++-4.4-multilib                                     4.4.4-8                The GNU C++ compiler (multilib files)
pi  g++-multilib                                         4:4.4.4-2              The GNU C++ compiler (multilib files)
ii  libc0.1                                              2.11.2-2               Embedded GNU C Library: Shared libraries
pi  libcloog-ppl-dev                                     0.15.9-2               the Chunky Loop Generator (development files)
pi  libgmp3-dev                                          2:4.3.2+dfsg-1         Multiprecision arithmetic library developers tools
pi  libmpfr-dev                                          3.0.0-2                multiple precision floating-point computation developers tools
pi  libppl0.10-dev                                       0.10.2-7               Parma Polyhedra Library (development)


svn-updates:
  updates from the 4.4 branch upto 20100816 (r163287).

gcc-textdomain:
  Set gettext's domain and textdomain to the versioned package name.

gcc-driver-extra-langs:
  Add options and specs for languages that are not built from a source
  (but built from separate sources).

gcc-hash-style-both:
  Link using --hash-style=both (alpha, amd64, armel, ia64, i386, powerpc, ppc64, s390, sparc)

gcc-build-id:
  Add configure check if linker supports --build-id

libstdc++-pic:
  Build and install libstdc++_pic.a library.

libstdc++-doclink:
  adjust hrefs to point to the local documentation

libstdc++-man-3cxx:
  Install libstdc++ man pages with suffix .3cxx instead of .3

libjava-stacktrace:
  libgcj: Lookup source file name and line number in separated
  debug files found in /usr/lib/debug

libjava-subdir:
  - Set the libjava sublibdir to /usr/lib/gcj-4.4
  - Set the default libgcj database dir to /var/lib/gcj-4.4

libjava-jnipath:
  - Add /usr/lib/jni to java.library.path.
  - When running the i386 binaries on amd64, look in
  - /usr/lib32/gcj-x.y and /usr/lib32/jni instead.

libjava-sjlj:
  Don't try to use _Unwind_Backtrace on SJLJ targets.
  See bug #387875, #388505, GCC PR 29206.

libjava-atomic-builtins-eabi:
  libjava: Use atomic builtins For Linux ARM/EABI.

libjava-disable-plugin:
  Don't build the gcjwebplugin, even when configured with --enable-plugin

alpha-no-ev4-directive:
  never emit .ev4 directive.

boehm-gc-getnprocs:
  boehm-gc/pthread_support.c (GC_get_nprocs): Use sysconf as fallback.

note-gnu-stack:
  Add .note.GNU-stack sections for gcc's crt files, libffi and boehm-gc
  Taken from FC.

pr25509:
  Backport of PR c/25509, new option -Wno-unused-result

pr38333:
  Backported patch for PR ada/38333

pr39429:
  Proposed patch for PR target/39429, an ARM wrong-code error.

rev146451:
  Fix a typo in the arm back-end.

gcc-cloog-dl:
  Link against -ldl instead of -lcloog -lppl. Exit with an error when using
  the Graphite loop transformation infrastructure without having the
  libcloog-ppl0 package installed. Packages using these optimizations
  should build-depend on libcloog-ppl0.

gcc-unwind-debug-hook:
  Install a hook _Unwind_DebugHook, called during unwinding. Intended as
  a hook for a debugger to intercept exceptions. CFA is the CFA of the
  target frame.  HANDLER is the PC to which control will be transferred.

libgomp-omp_h-multilib:
  Fix up omp.h for multilibs.

sparc-force-cpu:
  On sparc default to v9a (ultrasparc) in 32bit mode

gcc-stack_chk_fail-check:
  Fix __stack_chk_fail check for cross builds configured --with-headers

pr40521-revert-workaround:
  Revert the dwarf2cfi_asm workaround, obsoleted by PR debug/40521.

pr41848:
  Fix PR objc/41848 - workaround ObjC and -fsection-anchors.

gcc-arm-thumb2-sched:
  [arm] enable scheduling for Thumb-2, fix PR target/42031.

arm-boehm-gc-locks:
  Fix boehm-gc build on ARM --with-mode=thumb

gcj-use-atomic-builtins:
  gcj: add option -fuse-atomic-builtins

sh4_atomic_update:
  Update atomic builtins for sh4

sh4-scheduling:
  sh4 scheduling fix

libstdc++-arm-wno-abi:
  Temporary work around:
  On arm-linux-gnueabi run the libstdc++v3 testsuite with -Wno-abi

pr42748:
  Fix PR c++/42748, do not warn about changes to mangling of va_list
  in system headers.

pr43323:
  Fix PR middle-end/43323 wrong-code for bitfields

gold-and-ld:
  Enable both gold and ld in a single toolchain.
  New option -fuse-ld=ld.bfd, -fuse-ld=gold.

pr42321:
  PR target/42321, backport from the trunk

mips-fix-loongson2f-nop:
  On mips, pass -mfix-loongson2f-nop to as, if -mno-fix-loongson2f-nop
  is not passed.

libstdc++-test-installed:
  Add support to run the libstdc++-v3 testsuite using the
  installed shared libraries.

libsupc++-vmi_class_type_info:
  Update libsupc++/vmi_class_type_info.cc from the 4.5 branch.

gcc-m68k-support-for-tls-backport:
  M68K TLS support, backport from the 4.5 branch.

pr44626:
  Proposed backport to fix PR target/44626

arm-thumb2-speedup-division:
  ARM: speed up division on Thumb-2 (backport from the trunk)

gcc-arm-implicit-it:
  Pass -mimplicit-it=thumb if -mthumb to as on ARM.

pr40816:
  Fix PR java/40816, taken from the gcc-4_5-branch

gnat-snapshot-build-fix:
  Let gnat-4.4 build with gnat snapshots from the trunk (20100803)

gcc-java-align-data:
  java: Align data in .rodata.jutf8.* sections, taken from the trunk.

pr39491:
  Proposed patch for PR libstdc++/39491.

deb-protoize:
  build protoize/unprotoize binaries

pr40133:
  Do link tests to check for the atomic builtins

pr40134:
  Backport of PR target/40134 from the trunk

kbsd-gnu:
  GNU/k*BSD support

kbsd-gnu-ada:

gcc-ice-hack:
  Retry the build on an ice, save the calling options and preprocessed
  source when the ice is reproducible.

gcc-ice-apport:
  Report an ICE to apport (if apport is available
  and the environment variable GCC_NOAPPORT is not set)

libjava-disable-static:
  Disable building the static libjava.

libjava-fixed-symlinks:
  Remove unneed '..' elements from symlinks in JAVA_HOME

ada-arm-eabi:
  Add preliminary Ada support for ARM/EABI to gcc-4.4 (sjlj only).

ada-mips:
  Improve support for mips.

arm-unbreak-eabi-armv4t:
  Fix armv4t build on ARM

gcc-multiarch:
  Add multiarch support to GCC.
  
  Convert the multilib option to a target triplet,
  add multiarch include directories and libraries path:
  	/usr/local/include/<arch>-linux-gnu
  	/usr/include/<arch>-linux-gnu
  	/usr/lib/<arch>-linux-gnu
  to the system paths.

libjava-nobiarch-check:
  For biarch builds, disable the testsuite for the non-default architecture
  for runtime libraries, which are not built by default (libjava).

config-ml:
  disable some biarch libraries for biarch builds

gcc-multilib64dir:
  Use lib instead of lib64 as multilibdir on amd64 and ppc64.

Counting all warnings,
there are 0 warnings in stage3 of this bootstrap.

Number of warnings per file:

Number of warning types:


Index Nav: [Date Index] [Subject Index] [Author Index] [Thread Index]
Message Nav: [Date Prev] [Date Next] [Thread Prev] [Thread Next]