This is the mail archive of the gcc-testresults@gcc.gnu.org mailing list for the GCC project.


Index Nav: [Date Index] [Subject Index] [Author Index] [Thread Index]
Message Nav: [Date Prev] [Date Next] [Thread Prev] [Thread Next]
Other format: [Raw text]

Results for 4.6.0 20100813 (experimental) [trunk revision 163230] (GCC) gcc testsuite on avr-unknown-none


Debian 5 on x86_64
cross tool versions:
GNU assembler (GNU Binutils) 2.20.51.20090926
GNU gdb 6.4
GNU ld (GNU Binutils) 2.20.51.20090926

GNU Make 3.81
expect version 5.43.0
host gcc version: gcc (GCC) 4.6.0 20100812 (experimental) [trunk revision 163206]
LAST_UPDATED: Fri Aug 13 22:13:42 UTC 2010 (revision 163230)

Target is avr-unknown-none
Host   is x86_64-unknown-linux-gnu

		=== gcc tests ===


Running target avrtest-m128-sim
FAIL: gcc.c-torture/compile/pr43191.c  -O0  (test for excess errors)
FAIL: gcc.c-torture/compile/pr43191.c  -O1  (test for excess errors)
FAIL: gcc.c-torture/compile/pr43191.c  -O2  (test for excess errors)
FAIL: gcc.c-torture/compile/pr43191.c  -O3 -fomit-frame-pointer  (test for excess errors)
FAIL: gcc.c-torture/compile/pr43191.c  -O3 -g  (test for excess errors)
FAIL: gcc.c-torture/compile/pr43191.c  -Os  (test for excess errors)
FAIL: gcc.c-torture/compile/pr43191.c  -O2 -flto  (test for excess errors)
FAIL: gcc.c-torture/compile/pr43191.c  -O2 -fwhopr  (test for excess errors)
FAIL: gcc.c-torture/execute/pr45262.c execution,  -O0 
FAIL: gcc.c-torture/execute/pr45262.c execution,  -O1 
FAIL: gcc.c-torture/execute/pr45262.c execution,  -O2 
FAIL: gcc.c-torture/execute/pr45262.c execution,  -O3 -fomit-frame-pointer 
FAIL: gcc.c-torture/execute/pr45262.c execution,  -O3 -g 
FAIL: gcc.c-torture/execute/pr45262.c execution,  -Os 
FAIL: gcc.c-torture/execute/pr45262.c execution,  -O2 -flto 
FAIL: gcc.c-torture/execute/pr45262.c execution,  -O2 -fwhopr 
FAIL: gcc.dg/compat/struct-by-value-16 c_compat_x_tst.o-c_compat_y_tst.o link
UNRESOLVED: gcc.dg/compat/struct-by-value-16 c_compat_x_tst.o-c_compat_y_tst.o execute "-Os -mno-interrupts  -mcall-prologues","-Os -mno-interrupts  -mcall-prologues"
FAIL: gcc.dg/compat/struct-by-value-17 c_compat_x_tst.o-c_compat_y_tst.o link
UNRESOLVED: gcc.dg/compat/struct-by-value-17 c_compat_x_tst.o-c_compat_y_tst.o execute "-Os -mno-interrupts  -mcall-prologues","-Os -mno-interrupts  -mcall-prologues"
FAIL: gcc.dg/compat/struct-by-value-18 c_compat_x_tst.o-c_compat_y_tst.o link
UNRESOLVED: gcc.dg/compat/struct-by-value-18 c_compat_x_tst.o-c_compat_y_tst.o execute "-Os -mno-interrupts  -mcall-prologues","-Os -mno-interrupts  -mcall-prologues"
FAIL: gcc.dg/cpp/warn-multichar-2.c  (test for warnings, line )
FAIL: gcc.dg/cpp/warn-multichar-2.c  (test for errors, line 4)
FAIL: gcc.dg/cpp/warn-multichar-2.c (test for excess errors)
FAIL: gcc.dg/cpp/warn-multichar.c  (test for warnings, line 4)
FAIL: gcc.dg/cpp/warn-multichar.c (test for excess errors)
FAIL: gcc.dg/debug/20000503-1.c -gdwarf-2 -g1 (internal compiler error)
FAIL: gcc.dg/debug/20000503-1.c -gdwarf-2 -g1 (test for excess errors)
FAIL: gcc.dg/debug/20000503-1.c -gdwarf-2 -g1 -O (internal compiler error)
FAIL: gcc.dg/debug/20000503-1.c -gdwarf-2 -g1 -O (test for excess errors)
FAIL: gcc.dg/debug/20000503-1.c -gdwarf-2 -g1 -O3 (internal compiler error)
FAIL: gcc.dg/debug/20000503-1.c -gdwarf-2 -g1 -O3 (test for excess errors)
FAIL: gcc.dg/debug/20000503-1.c -gdwarf-2 (internal compiler error)
FAIL: gcc.dg/debug/20000503-1.c -gdwarf-2 (test for excess errors)
FAIL: gcc.dg/debug/20000503-1.c -gdwarf-2 -O (internal compiler error)
FAIL: gcc.dg/debug/20000503-1.c -gdwarf-2 -O (test for excess errors)
FAIL: gcc.dg/debug/20000503-1.c -gdwarf-2 -O3 (internal compiler error)
FAIL: gcc.dg/debug/20000503-1.c -gdwarf-2 -O3 (test for excess errors)
FAIL: gcc.dg/debug/20000503-1.c -gdwarf-2 -g3 (internal compiler error)
FAIL: gcc.dg/debug/20000503-1.c -gdwarf-2 -g3 (test for excess errors)
FAIL: gcc.dg/debug/20000503-1.c -gdwarf-2 -g3 -O (internal compiler error)
FAIL: gcc.dg/debug/20000503-1.c -gdwarf-2 -g3 -O (test for excess errors)
FAIL: gcc.dg/debug/20000503-1.c -gdwarf-2 -g3 -O3 (internal compiler error)
FAIL: gcc.dg/debug/20000503-1.c -gdwarf-2 -g3 -O3 (test for excess errors)
FAIL: gcc.dg/debug/20010207-1.c -gdwarf-2 -g1 (internal compiler error)
FAIL: gcc.dg/debug/20010207-1.c -gdwarf-2 -g1 (test for excess errors)
FAIL: gcc.dg/debug/20010207-1.c -gdwarf-2 -g1 -O (internal compiler error)
FAIL: gcc.dg/debug/20010207-1.c -gdwarf-2 -g1 -O (test for excess errors)
FAIL: gcc.dg/debug/20010207-1.c -gdwarf-2 -g1 -O3 (internal compiler error)
FAIL: gcc.dg/debug/20010207-1.c -gdwarf-2 -g1 -O3 (test for excess errors)
FAIL: gcc.dg/debug/20010207-1.c -gdwarf-2 (internal compiler error)
FAIL: gcc.dg/debug/20010207-1.c -gdwarf-2 (test for excess errors)
FAIL: gcc.dg/debug/20010207-1.c -gdwarf-2 -O (internal compiler error)
FAIL: gcc.dg/debug/20010207-1.c -gdwarf-2 -O (test for excess errors)
FAIL: gcc.dg/debug/20010207-1.c -gdwarf-2 -O3 (internal compiler error)
FAIL: gcc.dg/debug/20010207-1.c -gdwarf-2 -O3 (test for excess errors)
FAIL: gcc.dg/debug/20010207-1.c -gdwarf-2 -g3 (internal compiler error)
FAIL: gcc.dg/debug/20010207-1.c -gdwarf-2 -g3 (test for excess errors)
FAIL: gcc.dg/debug/20010207-1.c -gdwarf-2 -g3 -O (internal compiler error)
FAIL: gcc.dg/debug/20010207-1.c -gdwarf-2 -g3 -O (test for excess errors)
FAIL: gcc.dg/debug/20010207-1.c -gdwarf-2 -g3 -O3 (internal compiler error)
FAIL: gcc.dg/debug/20010207-1.c -gdwarf-2 -g3 -O3 (test for excess errors)
FAIL: gcc.dg/debug/20011223-1.c -gdwarf-2 -g1 (internal compiler error)
FAIL: gcc.dg/debug/20011223-1.c -gdwarf-2 -g1 (test for excess errors)
FAIL: gcc.dg/debug/20011223-1.c -gdwarf-2 -g1 -O (internal compiler error)
FAIL: gcc.dg/debug/20011223-1.c -gdwarf-2 -g1 -O (test for excess errors)
FAIL: gcc.dg/debug/20011223-1.c -gdwarf-2 -g1 -O3 (internal compiler error)
FAIL: gcc.dg/debug/20011223-1.c -gdwarf-2 -g1 -O3 (test for excess errors)
FAIL: gcc.dg/debug/20011223-1.c -gdwarf-2 (internal compiler error)
FAIL: gcc.dg/debug/20011223-1.c -gdwarf-2 (test for excess errors)
FAIL: gcc.dg/debug/20011223-1.c -gdwarf-2 -O (internal compiler error)
FAIL: gcc.dg/debug/20011223-1.c -gdwarf-2 -O (test for excess errors)
FAIL: gcc.dg/debug/20011223-1.c -gdwarf-2 -O3 (internal compiler error)
FAIL: gcc.dg/debug/20011223-1.c -gdwarf-2 -O3 (test for excess errors)
FAIL: gcc.dg/debug/20011223-1.c -gdwarf-2 -g3 (internal compiler error)
FAIL: gcc.dg/debug/20011223-1.c -gdwarf-2 -g3 (test for excess errors)
FAIL: gcc.dg/debug/20011223-1.c -gdwarf-2 -g3 -O (internal compiler error)
FAIL: gcc.dg/debug/20011223-1.c -gdwarf-2 -g3 -O (test for excess errors)
FAIL: gcc.dg/debug/20011223-1.c -gdwarf-2 -g3 -O3 (internal compiler error)
FAIL: gcc.dg/debug/20011223-1.c -gdwarf-2 -g3 -O3 (test for excess errors)
FAIL: gcc.dg/debug/20020104-2.c -gdwarf-2 -g1 (internal compiler error)
FAIL: gcc.dg/debug/20020104-2.c -gdwarf-2 -g1 (test for excess errors)
FAIL: gcc.dg/debug/20020104-2.c -gdwarf-2 -g1 -O (internal compiler error)
FAIL: gcc.dg/debug/20020104-2.c -gdwarf-2 -g1 -O (test for excess errors)
FAIL: gcc.dg/debug/20020104-2.c -gdwarf-2 -g1 -O3 (internal compiler error)
FAIL: gcc.dg/debug/20020104-2.c -gdwarf-2 -g1 -O3 (test for excess errors)
FAIL: gcc.dg/debug/20020104-2.c -gdwarf-2 (internal compiler error)
FAIL: gcc.dg/debug/20020104-2.c -gdwarf-2 (test for excess errors)
FAIL: gcc.dg/debug/20020104-2.c -gdwarf-2 -O (internal compiler error)
FAIL: gcc.dg/debug/20020104-2.c -gdwarf-2 -O (test for excess errors)
FAIL: gcc.dg/debug/20020104-2.c -gdwarf-2 -O3 (internal compiler error)
FAIL: gcc.dg/debug/20020104-2.c -gdwarf-2 -O3 (test for excess errors)
FAIL: gcc.dg/debug/20020104-2.c -gdwarf-2 -g3 (internal compiler error)
FAIL: gcc.dg/debug/20020104-2.c -gdwarf-2 -g3 (test for excess errors)
FAIL: gcc.dg/debug/20020104-2.c -gdwarf-2 -g3 -O (internal compiler error)
FAIL: gcc.dg/debug/20020104-2.c -gdwarf-2 -g3 -O (test for excess errors)
FAIL: gcc.dg/debug/20020104-2.c -gdwarf-2 -g3 -O3 (internal compiler error)
FAIL: gcc.dg/debug/20020104-2.c -gdwarf-2 -g3 -O3 (test for excess errors)
FAIL: gcc.dg/debug/20020220-1.c -gdwarf-2 -g1 (internal compiler error)
FAIL: gcc.dg/debug/20020220-1.c -gdwarf-2 -g1 (test for excess errors)
UNRESOLVED: gcc.dg/debug/20020220-1.c -gdwarf-2 -g1 compilation failed to produce executable
FAIL: gcc.dg/debug/20020220-1.c -gdwarf-2 -g1 -O (internal compiler error)
FAIL: gcc.dg/debug/20020220-1.c -gdwarf-2 -g1 -O (test for excess errors)
UNRESOLVED: gcc.dg/debug/20020220-1.c -gdwarf-2 -g1 -O compilation failed to produce executable
FAIL: gcc.dg/debug/20020220-1.c -gdwarf-2 -g1 -O3 (internal compiler error)
FAIL: gcc.dg/debug/20020220-1.c -gdwarf-2 -g1 -O3 (test for excess errors)
UNRESOLVED: gcc.dg/debug/20020220-1.c -gdwarf-2 -g1 -O3 compilation failed to produce executable
FAIL: gcc.dg/debug/20020220-1.c -gdwarf-2 (internal compiler error)
FAIL: gcc.dg/debug/20020220-1.c -gdwarf-2 (test for excess errors)
UNRESOLVED: gcc.dg/debug/20020220-1.c -gdwarf-2 compilation failed to produce executable
FAIL: gcc.dg/debug/20020220-1.c -gdwarf-2 -O (internal compiler error)
FAIL: gcc.dg/debug/20020220-1.c -gdwarf-2 -O (test for excess errors)
UNRESOLVED: gcc.dg/debug/20020220-1.c -gdwarf-2 -O compilation failed to produce executable
FAIL: gcc.dg/debug/20020220-1.c -gdwarf-2 -O3 (internal compiler error)
FAIL: gcc.dg/debug/20020220-1.c -gdwarf-2 -O3 (test for excess errors)
UNRESOLVED: gcc.dg/debug/20020220-1.c -gdwarf-2 -O3 compilation failed to produce executable
FAIL: gcc.dg/debug/20020220-1.c -gdwarf-2 -g3 (internal compiler error)
FAIL: gcc.dg/debug/20020220-1.c -gdwarf-2 -g3 (test for excess errors)
UNRESOLVED: gcc.dg/debug/20020220-1.c -gdwarf-2 -g3 compilation failed to produce executable
FAIL: gcc.dg/debug/20020220-1.c -gdwarf-2 -g3 -O (internal compiler error)
FAIL: gcc.dg/debug/20020220-1.c -gdwarf-2 -g3 -O (test for excess errors)
UNRESOLVED: gcc.dg/debug/20020220-1.c -gdwarf-2 -g3 -O compilation failed to produce executable
FAIL: gcc.dg/debug/20020220-1.c -gdwarf-2 -g3 -O3 (internal compiler error)
FAIL: gcc.dg/debug/20020220-1.c -gdwarf-2 -g3 -O3 (test for excess errors)
UNRESOLVED: gcc.dg/debug/20020220-1.c -gdwarf-2 -g3 -O3 compilation failed to produce executable
FAIL: gcc.dg/debug/20020224-1.c -gdwarf-2 -g1 (internal compiler error)
FAIL: gcc.dg/debug/20020224-1.c -gdwarf-2 -g1 (test for excess errors)
FAIL: gcc.dg/debug/20020224-1.c -gdwarf-2 -g1 -O (internal compiler error)
FAIL: gcc.dg/debug/20020224-1.c -gdwarf-2 -g1 -O (test for excess errors)
FAIL: gcc.dg/debug/20020224-1.c -gdwarf-2 -g1 -O3 (internal compiler error)
FAIL: gcc.dg/debug/20020224-1.c -gdwarf-2 -g1 -O3 (test for excess errors)
FAIL: gcc.dg/debug/20020224-1.c -gdwarf-2 (internal compiler error)
FAIL: gcc.dg/debug/20020224-1.c -gdwarf-2 (test for excess errors)
FAIL: gcc.dg/debug/20020224-1.c -gdwarf-2 -O (internal compiler error)
FAIL: gcc.dg/debug/20020224-1.c -gdwarf-2 -O (test for excess errors)
FAIL: gcc.dg/debug/20020224-1.c -gdwarf-2 -O3 (internal compiler error)
FAIL: gcc.dg/debug/20020224-1.c -gdwarf-2 -O3 (test for excess errors)
FAIL: gcc.dg/debug/20020224-1.c -gdwarf-2 -g3 (internal compiler error)
FAIL: gcc.dg/debug/20020224-1.c -gdwarf-2 -g3 (test for excess errors)
FAIL: gcc.dg/debug/20020224-1.c -gdwarf-2 -g3 -O (internal compiler error)
FAIL: gcc.dg/debug/20020224-1.c -gdwarf-2 -g3 -O (test for excess errors)
FAIL: gcc.dg/debug/20020224-1.c -gdwarf-2 -g3 -O3 (internal compiler error)
FAIL: gcc.dg/debug/20020224-1.c -gdwarf-2 -g3 -O3 (test for excess errors)
FAIL: gcc.dg/debug/20020327-1.c -gdwarf-2 -g1 (internal compiler error)
FAIL: gcc.dg/debug/20020327-1.c -gdwarf-2 -g1 (test for excess errors)
FAIL: gcc.dg/debug/20020327-1.c -gdwarf-2 -g1 -O (internal compiler error)
FAIL: gcc.dg/debug/20020327-1.c -gdwarf-2 -g1 -O (test for excess errors)
FAIL: gcc.dg/debug/20020327-1.c -gdwarf-2 -g1 -O3 (internal compiler error)
FAIL: gcc.dg/debug/20020327-1.c -gdwarf-2 -g1 -O3 (test for excess errors)
FAIL: gcc.dg/debug/20020327-1.c -gdwarf-2 (internal compiler error)
FAIL: gcc.dg/debug/20020327-1.c -gdwarf-2 (test for excess errors)
FAIL: gcc.dg/debug/20020327-1.c -gdwarf-2 -O (internal compiler error)
FAIL: gcc.dg/debug/20020327-1.c -gdwarf-2 -O (test for excess errors)
FAIL: gcc.dg/debug/20020327-1.c -gdwarf-2 -O3 (internal compiler error)
FAIL: gcc.dg/debug/20020327-1.c -gdwarf-2 -O3 (test for excess errors)
FAIL: gcc.dg/debug/20020327-1.c -gdwarf-2 -g3 (internal compiler error)
FAIL: gcc.dg/debug/20020327-1.c -gdwarf-2 -g3 (test for excess errors)
FAIL: gcc.dg/debug/20020327-1.c -gdwarf-2 -g3 -O (internal compiler error)
FAIL: gcc.dg/debug/20020327-1.c -gdwarf-2 -g3 -O (test for excess errors)
FAIL: gcc.dg/debug/20020327-1.c -gdwarf-2 -g3 -O3 (internal compiler error)
FAIL: gcc.dg/debug/20020327-1.c -gdwarf-2 -g3 -O3 (test for excess errors)
FAIL: gcc.dg/debug/20030605-1.c -gdwarf-2 -g1 (internal compiler error)
FAIL: gcc.dg/debug/20030605-1.c -gdwarf-2 -g1 (test for excess errors)
FAIL: gcc.dg/debug/20030605-1.c -gdwarf-2 -g1 -O (internal compiler error)
FAIL: gcc.dg/debug/20030605-1.c -gdwarf-2 -g1 -O (test for excess errors)
FAIL: gcc.dg/debug/20030605-1.c -gdwarf-2 -g1 -O3 (internal compiler error)
FAIL: gcc.dg/debug/20030605-1.c -gdwarf-2 -g1 -O3 (test for excess errors)
FAIL: gcc.dg/debug/20030605-1.c -gdwarf-2 (internal compiler error)
FAIL: gcc.dg/debug/20030605-1.c -gdwarf-2 (test for excess errors)
FAIL: gcc.dg/debug/20030605-1.c -gdwarf-2 -O (internal compiler error)
FAIL: gcc.dg/debug/20030605-1.c -gdwarf-2 -O (test for excess errors)
FAIL: gcc.dg/debug/20030605-1.c -gdwarf-2 -O3 (internal compiler error)
FAIL: gcc.dg/debug/20030605-1.c -gdwarf-2 -O3 (test for excess errors)
FAIL: gcc.dg/debug/20030605-1.c -gdwarf-2 -g3 (internal compiler error)
FAIL: gcc.dg/debug/20030605-1.c -gdwarf-2 -g3 (test for excess errors)
FAIL: gcc.dg/debug/20030605-1.c -gdwarf-2 -g3 -O (internal compiler error)
FAIL: gcc.dg/debug/20030605-1.c -gdwarf-2 -g3 -O (test for excess errors)
FAIL: gcc.dg/debug/20030605-1.c -gdwarf-2 -g3 -O3 (internal compiler error)
FAIL: gcc.dg/debug/20030605-1.c -gdwarf-2 -g3 -O3 (test for excess errors)
FAIL: gcc.dg/debug/20031231-1.c -gdwarf-2 -g1 (internal compiler error)
FAIL: gcc.dg/debug/20031231-1.c -gdwarf-2 -g1 (test for excess errors)
FAIL: gcc.dg/debug/20031231-1.c -gdwarf-2 -g1 -O (internal compiler error)
FAIL: gcc.dg/debug/20031231-1.c -gdwarf-2 -g1 -O (test for excess errors)
FAIL: gcc.dg/debug/20031231-1.c -gdwarf-2 -g1 -O3 (internal compiler error)
FAIL: gcc.dg/debug/20031231-1.c -gdwarf-2 -g1 -O3 (test for excess errors)
FAIL: gcc.dg/debug/20031231-1.c -gdwarf-2 (internal compiler error)
FAIL: gcc.dg/debug/20031231-1.c -gdwarf-2 (test for excess errors)
FAIL: gcc.dg/debug/20031231-1.c -gdwarf-2 -O (internal compiler error)
FAIL: gcc.dg/debug/20031231-1.c -gdwarf-2 -O (test for excess errors)
FAIL: gcc.dg/debug/20031231-1.c -gdwarf-2 -O3 (internal compiler error)
FAIL: gcc.dg/debug/20031231-1.c -gdwarf-2 -O3 (test for excess errors)
FAIL: gcc.dg/debug/20031231-1.c -gdwarf-2 -g3 (internal compiler error)
FAIL: gcc.dg/debug/20031231-1.c -gdwarf-2 -g3 (test for excess errors)
FAIL: gcc.dg/debug/20031231-1.c -gdwarf-2 -g3 -O (internal compiler error)
FAIL: gcc.dg/debug/20031231-1.c -gdwarf-2 -g3 -O (test for excess errors)
FAIL: gcc.dg/debug/20031231-1.c -gdwarf-2 -g3 -O3 (internal compiler error)
FAIL: gcc.dg/debug/20031231-1.c -gdwarf-2 -g3 -O3 (test for excess errors)
FAIL: gcc.dg/debug/20041023-1.c -gdwarf-2 -g1 (internal compiler error)
FAIL: gcc.dg/debug/20041023-1.c -gdwarf-2 -g1 (test for excess errors)
FAIL: gcc.dg/debug/20041023-1.c -gdwarf-2 -g1 -O (internal compiler error)
FAIL: gcc.dg/debug/20041023-1.c -gdwarf-2 -g1 -O (test for excess errors)
FAIL: gcc.dg/debug/20041023-1.c -gdwarf-2 -g1 -O3 (internal compiler error)
FAIL: gcc.dg/debug/20041023-1.c -gdwarf-2 -g1 -O3 (test for excess errors)
FAIL: gcc.dg/debug/20041023-1.c -gdwarf-2 (internal compiler error)
FAIL: gcc.dg/debug/20041023-1.c -gdwarf-2 (test for excess errors)
FAIL: gcc.dg/debug/20041023-1.c -gdwarf-2 -O (internal compiler error)
FAIL: gcc.dg/debug/20041023-1.c -gdwarf-2 -O (test for excess errors)
FAIL: gcc.dg/debug/20041023-1.c -gdwarf-2 -O3 (internal compiler error)
FAIL: gcc.dg/debug/20041023-1.c -gdwarf-2 -O3 (test for excess errors)
FAIL: gcc.dg/debug/20041023-1.c -gdwarf-2 -g3 (internal compiler error)
FAIL: gcc.dg/debug/20041023-1.c -gdwarf-2 -g3 (test for excess errors)
FAIL: gcc.dg/debug/20041023-1.c -gdwarf-2 -g3 -O (internal compiler error)
FAIL: gcc.dg/debug/20041023-1.c -gdwarf-2 -g3 -O (test for excess errors)
FAIL: gcc.dg/debug/20041023-1.c -gdwarf-2 -g3 -O3 (internal compiler error)
FAIL: gcc.dg/debug/20041023-1.c -gdwarf-2 -g3 -O3 (test for excess errors)
FAIL: gcc.dg/debug/20041219-1.c -gdwarf-2 -g1 (internal compiler error)
FAIL: gcc.dg/debug/20041219-1.c -gdwarf-2 -g1 (test for excess errors)
FAIL: gcc.dg/debug/20041219-1.c -gdwarf-2 -g1 -O (internal compiler error)
FAIL: gcc.dg/debug/20041219-1.c -gdwarf-2 -g1 -O (test for excess errors)
FAIL: gcc.dg/debug/20041219-1.c -gdwarf-2 -g1 -O3 (internal compiler error)
FAIL: gcc.dg/debug/20041219-1.c -gdwarf-2 -g1 -O3 (test for excess errors)
FAIL: gcc.dg/debug/20041219-1.c -gdwarf-2 (internal compiler error)
FAIL: gcc.dg/debug/20041219-1.c -gdwarf-2 (test for excess errors)
FAIL: gcc.dg/debug/20041219-1.c -gdwarf-2 -O (internal compiler error)
FAIL: gcc.dg/debug/20041219-1.c -gdwarf-2 -O (test for excess errors)
FAIL: gcc.dg/debug/20041219-1.c -gdwarf-2 -O3 (internal compiler error)
FAIL: gcc.dg/debug/20041219-1.c -gdwarf-2 -O3 (test for excess errors)
FAIL: gcc.dg/debug/20041219-1.c -gdwarf-2 -g3 (internal compiler error)
FAIL: gcc.dg/debug/20041219-1.c -gdwarf-2 -g3 (test for excess errors)
FAIL: gcc.dg/debug/20041219-1.c -gdwarf-2 -g3 -O (internal compiler error)
FAIL: gcc.dg/debug/20041219-1.c -gdwarf-2 -g3 -O (test for excess errors)
FAIL: gcc.dg/debug/20041219-1.c -gdwarf-2 -g3 -O3 (internal compiler error)
FAIL: gcc.dg/debug/20041219-1.c -gdwarf-2 -g3 -O3 (test for excess errors)
FAIL: gcc.dg/debug/20050907-1.c -gdwarf-2 -g1 (internal compiler error)
FAIL: gcc.dg/debug/20050907-1.c -gdwarf-2 -g1 (test for excess errors)
FAIL: gcc.dg/debug/20050907-1.c -gdwarf-2 -g1 -O (internal compiler error)
FAIL: gcc.dg/debug/20050907-1.c -gdwarf-2 -g1 -O (test for excess errors)
FAIL: gcc.dg/debug/20050907-1.c -gdwarf-2 -g1 -O3 (internal compiler error)
FAIL: gcc.dg/debug/20050907-1.c -gdwarf-2 -g1 -O3 (test for excess errors)
FAIL: gcc.dg/debug/20050907-1.c -gdwarf-2 (internal compiler error)
FAIL: gcc.dg/debug/20050907-1.c -gdwarf-2 (test for excess errors)
FAIL: gcc.dg/debug/20050907-1.c -gdwarf-2 -O (internal compiler error)
FAIL: gcc.dg/debug/20050907-1.c -gdwarf-2 -O (test for excess errors)
FAIL: gcc.dg/debug/20050907-1.c -gdwarf-2 -O3 (internal compiler error)
FAIL: gcc.dg/debug/20050907-1.c -gdwarf-2 -O3 (test for excess errors)
FAIL: gcc.dg/debug/20050907-1.c -gdwarf-2 -g3 (internal compiler error)
FAIL: gcc.dg/debug/20050907-1.c -gdwarf-2 -g3 (test for excess errors)
FAIL: gcc.dg/debug/20050907-1.c -gdwarf-2 -g3 -O (internal compiler error)
FAIL: gcc.dg/debug/20050907-1.c -gdwarf-2 -g3 -O (test for excess errors)
FAIL: gcc.dg/debug/20050907-1.c -gdwarf-2 -g3 -O3 (internal compiler error)
FAIL: gcc.dg/debug/20050907-1.c -gdwarf-2 -g3 -O3 (test for excess errors)
FAIL: gcc.dg/debug/const-1.c -gdwarf-2 -g1 (internal compiler error)
FAIL: gcc.dg/debug/const-1.c -gdwarf-2 -g1 (test for excess errors)
FAIL: gcc.dg/debug/const-1.c -gdwarf-2 -g1 -O (internal compiler error)
FAIL: gcc.dg/debug/const-1.c -gdwarf-2 -g1 -O (test for excess errors)
FAIL: gcc.dg/debug/const-1.c -gdwarf-2 -g1 -O3 (internal compiler error)
FAIL: gcc.dg/debug/const-1.c -gdwarf-2 -g1 -O3 (test for excess errors)
FAIL: gcc.dg/debug/const-1.c -gdwarf-2 (internal compiler error)
FAIL: gcc.dg/debug/const-1.c -gdwarf-2 (test for excess errors)
FAIL: gcc.dg/debug/const-1.c -gdwarf-2 -O (internal compiler error)
FAIL: gcc.dg/debug/const-1.c -gdwarf-2 -O (test for excess errors)
FAIL: gcc.dg/debug/const-1.c -gdwarf-2 -O3 (internal compiler error)
FAIL: gcc.dg/debug/const-1.c -gdwarf-2 -O3 (test for excess errors)
FAIL: gcc.dg/debug/const-1.c -gdwarf-2 -g3 (internal compiler error)
FAIL: gcc.dg/debug/const-1.c -gdwarf-2 -g3 (test for excess errors)
FAIL: gcc.dg/debug/const-1.c -gdwarf-2 -g3 -O (internal compiler error)
FAIL: gcc.dg/debug/const-1.c -gdwarf-2 -g3 -O (test for excess errors)
FAIL: gcc.dg/debug/const-1.c -gdwarf-2 -g3 -O3 (internal compiler error)
FAIL: gcc.dg/debug/const-1.c -gdwarf-2 -g3 -O3 (test for excess errors)
FAIL: gcc.dg/debug/const-2.c -gdwarf-2 -g1 (internal compiler error)
FAIL: gcc.dg/debug/const-2.c -gdwarf-2 -g1 (test for excess errors)
FAIL: gcc.dg/debug/const-2.c -gdwarf-2 -g1 -O (internal compiler error)
FAIL: gcc.dg/debug/const-2.c -gdwarf-2 -g1 -O (test for excess errors)
FAIL: gcc.dg/debug/const-2.c -gdwarf-2 -g1 -O3 (internal compiler error)
FAIL: gcc.dg/debug/const-2.c -gdwarf-2 -g1 -O3 (test for excess errors)
FAIL: gcc.dg/debug/const-2.c -gdwarf-2 (internal compiler error)
FAIL: gcc.dg/debug/const-2.c -gdwarf-2 (test for excess errors)
FAIL: gcc.dg/debug/const-2.c -gdwarf-2 -O (internal compiler error)
FAIL: gcc.dg/debug/const-2.c -gdwarf-2 -O (test for excess errors)
FAIL: gcc.dg/debug/const-2.c -gdwarf-2 -O3 (internal compiler error)
FAIL: gcc.dg/debug/const-2.c -gdwarf-2 -O3 (test for excess errors)
FAIL: gcc.dg/debug/const-2.c -gdwarf-2 -g3 (internal compiler error)
FAIL: gcc.dg/debug/const-2.c -gdwarf-2 -g3 (test for excess errors)
FAIL: gcc.dg/debug/const-2.c -gdwarf-2 -g3 -O (internal compiler error)
FAIL: gcc.dg/debug/const-2.c -gdwarf-2 -g3 -O (test for excess errors)
FAIL: gcc.dg/debug/const-2.c -gdwarf-2 -g3 -O3 (internal compiler error)
FAIL: gcc.dg/debug/const-2.c -gdwarf-2 -g3 -O3 (test for excess errors)
FAIL: gcc.dg/debug/const-3.c -gdwarf-2 -g1 (internal compiler error)
FAIL: gcc.dg/debug/const-3.c -gdwarf-2 -g1 (test for excess errors)
ERROR: gcc.dg/debug/const-3.c: error executing dg-final: couldn't open "const-3.s": no such file or directory
UNRESOLVED: gcc.dg/debug/const-3.c: error executing dg-final: couldn't open "const-3.s": no such file or directory
FAIL: gcc.dg/debug/const-3.c -gdwarf-2 -g1 -O (internal compiler error)
FAIL: gcc.dg/debug/const-3.c -gdwarf-2 -g1 -O (test for excess errors)
ERROR: gcc.dg/debug/const-3.c: error executing dg-final: couldn't open "const-3.s": no such file or directory
UNRESOLVED: gcc.dg/debug/const-3.c: error executing dg-final: couldn't open "const-3.s": no such file or directory
FAIL: gcc.dg/debug/const-3.c -gdwarf-2 -g1 -O3 (internal compiler error)
FAIL: gcc.dg/debug/const-3.c -gdwarf-2 -g1 -O3 (test for excess errors)
ERROR: gcc.dg/debug/const-3.c: error executing dg-final: couldn't open "const-3.s": no such file or directory
UNRESOLVED: gcc.dg/debug/const-3.c: error executing dg-final: couldn't open "const-3.s": no such file or directory
FAIL: gcc.dg/debug/const-3.c -gdwarf-2 (internal compiler error)
FAIL: gcc.dg/debug/const-3.c -gdwarf-2 (test for excess errors)
ERROR: gcc.dg/debug/const-3.c: error executing dg-final: couldn't open "const-3.s": no such file or directory
UNRESOLVED: gcc.dg/debug/const-3.c: error executing dg-final: couldn't open "const-3.s": no such file or directory
FAIL: gcc.dg/debug/const-3.c -gdwarf-2 -O (internal compiler error)
FAIL: gcc.dg/debug/const-3.c -gdwarf-2 -O (test for excess errors)
ERROR: gcc.dg/debug/const-3.c: error executing dg-final: couldn't open "const-3.s": no such file or directory
UNRESOLVED: gcc.dg/debug/const-3.c: error executing dg-final: couldn't open "const-3.s": no such file or directory
FAIL: gcc.dg/debug/const-3.c -gdwarf-2 -O3 (internal compiler error)
FAIL: gcc.dg/debug/const-3.c -gdwarf-2 -O3 (test for excess errors)
ERROR: gcc.dg/debug/const-3.c: error executing dg-final: couldn't open "const-3.s": no such file or directory
UNRESOLVED: gcc.dg/debug/const-3.c: error executing dg-final: couldn't open "const-3.s": no such file or directory
FAIL: gcc.dg/debug/const-3.c -gdwarf-2 -g3 (internal compiler error)
FAIL: gcc.dg/debug/const-3.c -gdwarf-2 -g3 (test for excess errors)
ERROR: gcc.dg/debug/const-3.c: error executing dg-final: couldn't open "const-3.s": no such file or directory
UNRESOLVED: gcc.dg/debug/const-3.c: error executing dg-final: couldn't open "const-3.s": no such file or directory
FAIL: gcc.dg/debug/const-3.c -gdwarf-2 -g3 -O (internal compiler error)
FAIL: gcc.dg/debug/const-3.c -gdwarf-2 -g3 -O (test for excess errors)
ERROR: gcc.dg/debug/const-3.c: error executing dg-final: couldn't open "const-3.s": no such file or directory
UNRESOLVED: gcc.dg/debug/const-3.c: error executing dg-final: couldn't open "const-3.s": no such file or directory
FAIL: gcc.dg/debug/const-3.c -gdwarf-2 -g3 -O3 (internal compiler error)
FAIL: gcc.dg/debug/const-3.c -gdwarf-2 -g3 -O3 (test for excess errors)
ERROR: gcc.dg/debug/const-3.c: error executing dg-final: couldn't open "const-3.s": no such file or directory
UNRESOLVED: gcc.dg/debug/const-3.c: error executing dg-final: couldn't open "const-3.s": no such file or directory
FAIL: gcc.dg/debug/crash1.c -gdwarf-2 -g1 (internal compiler error)
FAIL: gcc.dg/debug/crash1.c -gdwarf-2 -g1 (test for excess errors)
FAIL: gcc.dg/debug/crash1.c -gdwarf-2 -g1 -O (internal compiler error)
FAIL: gcc.dg/debug/crash1.c -gdwarf-2 -g1 -O (test for excess errors)
FAIL: gcc.dg/debug/crash1.c -gdwarf-2 -g1 -O3 (internal compiler error)
FAIL: gcc.dg/debug/crash1.c -gdwarf-2 -g1 -O3 (test for excess errors)
FAIL: gcc.dg/debug/crash1.c -gdwarf-2 (internal compiler error)
FAIL: gcc.dg/debug/crash1.c -gdwarf-2 (test for excess errors)
FAIL: gcc.dg/debug/crash1.c -gdwarf-2 -O (internal compiler error)
FAIL: gcc.dg/debug/crash1.c -gdwarf-2 -O (test for excess errors)
FAIL: gcc.dg/debug/crash1.c -gdwarf-2 -O3 (internal compiler error)
FAIL: gcc.dg/debug/crash1.c -gdwarf-2 -O3 (test for excess errors)
FAIL: gcc.dg/debug/crash1.c -gdwarf-2 -g3 (internal compiler error)
FAIL: gcc.dg/debug/crash1.c -gdwarf-2 -g3 (test for excess errors)
FAIL: gcc.dg/debug/crash1.c -gdwarf-2 -g3 -O (internal compiler error)
FAIL: gcc.dg/debug/crash1.c -gdwarf-2 -g3 -O (test for excess errors)
FAIL: gcc.dg/debug/crash1.c -gdwarf-2 -g3 -O3 (internal compiler error)
FAIL: gcc.dg/debug/crash1.c -gdwarf-2 -g3 -O3 (test for excess errors)
FAIL: gcc.dg/debug/debug-1.c -gdwarf-2 (internal compiler error)
FAIL: gcc.dg/debug/debug-1.c -gdwarf-2 (test for excess errors)
ERROR: gcc.dg/debug/debug-1.c: error executing dg-final: couldn't open "debug-1.s": no such file or directory
UNRESOLVED: gcc.dg/debug/debug-1.c: error executing dg-final: couldn't open "debug-1.s": no such file or directory
FAIL: gcc.dg/debug/debug-1.c -gdwarf-2 -O (internal compiler error)
FAIL: gcc.dg/debug/debug-1.c -gdwarf-2 -O (test for excess errors)
ERROR: gcc.dg/debug/debug-1.c: error executing dg-final: couldn't open "debug-1.s": no such file or directory
UNRESOLVED: gcc.dg/debug/debug-1.c: error executing dg-final: couldn't open "debug-1.s": no such file or directory
FAIL: gcc.dg/debug/debug-1.c -gdwarf-2 -O3 (internal compiler error)
FAIL: gcc.dg/debug/debug-1.c -gdwarf-2 -O3 (test for excess errors)
ERROR: gcc.dg/debug/debug-1.c: error executing dg-final: couldn't open "debug-1.s": no such file or directory
UNRESOLVED: gcc.dg/debug/debug-1.c: error executing dg-final: couldn't open "debug-1.s": no such file or directory
FAIL: gcc.dg/debug/debug-1.c -gdwarf-2 -g3 (internal compiler error)
FAIL: gcc.dg/debug/debug-1.c -gdwarf-2 -g3 (test for excess errors)
ERROR: gcc.dg/debug/debug-1.c: error executing dg-final: couldn't open "debug-1.s": no such file or directory
UNRESOLVED: gcc.dg/debug/debug-1.c: error executing dg-final: couldn't open "debug-1.s": no such file or directory
FAIL: gcc.dg/debug/debug-1.c -gdwarf-2 -g3 -O (internal compiler error)
FAIL: gcc.dg/debug/debug-1.c -gdwarf-2 -g3 -O (test for excess errors)
ERROR: gcc.dg/debug/debug-1.c: error executing dg-final: couldn't open "debug-1.s": no such file or directory
UNRESOLVED: gcc.dg/debug/debug-1.c: error executing dg-final: couldn't open "debug-1.s": no such file or directory
FAIL: gcc.dg/debug/debug-1.c -gdwarf-2 -g3 -O3 (internal compiler error)
FAIL: gcc.dg/debug/debug-1.c -gdwarf-2 -g3 -O3 (test for excess errors)
ERROR: gcc.dg/debug/debug-1.c: error executing dg-final: couldn't open "debug-1.s": no such file or directory
UNRESOLVED: gcc.dg/debug/debug-1.c: error executing dg-final: couldn't open "debug-1.s": no such file or directory
FAIL: gcc.dg/debug/debug-2.c -gdwarf-2 (internal compiler error)
FAIL: gcc.dg/debug/debug-2.c -gdwarf-2 (test for excess errors)
ERROR: gcc.dg/debug/debug-2.c: error executing dg-final: couldn't open "debug-2.s": no such file or directory
UNRESOLVED: gcc.dg/debug/debug-2.c: error executing dg-final: couldn't open "debug-2.s": no such file or directory
FAIL: gcc.dg/debug/debug-2.c -gdwarf-2 -O (internal compiler error)
FAIL: gcc.dg/debug/debug-2.c -gdwarf-2 -O (test for excess errors)
ERROR: gcc.dg/debug/debug-2.c: error executing dg-final: couldn't open "debug-2.s": no such file or directory
UNRESOLVED: gcc.dg/debug/debug-2.c: error executing dg-final: couldn't open "debug-2.s": no such file or directory
FAIL: gcc.dg/debug/debug-2.c -gdwarf-2 -O3 (internal compiler error)
FAIL: gcc.dg/debug/debug-2.c -gdwarf-2 -O3 (test for excess errors)
ERROR: gcc.dg/debug/debug-2.c: error executing dg-final: couldn't open "debug-2.s": no such file or directory
UNRESOLVED: gcc.dg/debug/debug-2.c: error executing dg-final: couldn't open "debug-2.s": no such file or directory
FAIL: gcc.dg/debug/debug-2.c -gdwarf-2 -g3 (internal compiler error)
FAIL: gcc.dg/debug/debug-2.c -gdwarf-2 -g3 (test for excess errors)
ERROR: gcc.dg/debug/debug-2.c: error executing dg-final: couldn't open "debug-2.s": no such file or directory
UNRESOLVED: gcc.dg/debug/debug-2.c: error executing dg-final: couldn't open "debug-2.s": no such file or directory
FAIL: gcc.dg/debug/debug-2.c -gdwarf-2 -g3 -O (internal compiler error)
FAIL: gcc.dg/debug/debug-2.c -gdwarf-2 -g3 -O (test for excess errors)
ERROR: gcc.dg/debug/debug-2.c: error executing dg-final: couldn't open "debug-2.s": no such file or directory
UNRESOLVED: gcc.dg/debug/debug-2.c: error executing dg-final: couldn't open "debug-2.s": no such file or directory
FAIL: gcc.dg/debug/debug-2.c -gdwarf-2 -g3 -O3 (internal compiler error)
FAIL: gcc.dg/debug/debug-2.c -gdwarf-2 -g3 -O3 (test for excess errors)
ERROR: gcc.dg/debug/debug-2.c: error executing dg-final: couldn't open "debug-2.s": no such file or directory
UNRESOLVED: gcc.dg/debug/debug-2.c: error executing dg-final: couldn't open "debug-2.s": no such file or directory
FAIL: gcc.dg/debug/debug-4.c -gdwarf-2 -g1 (internal compiler error)
FAIL: gcc.dg/debug/debug-4.c -gdwarf-2 -g1 (test for excess errors)
FAIL: gcc.dg/debug/debug-4.c -gdwarf-2 -g1 -O (internal compiler error)
FAIL: gcc.dg/debug/debug-4.c -gdwarf-2 -g1 -O (test for excess errors)
FAIL: gcc.dg/debug/debug-4.c -gdwarf-2 -g1 -O3 (internal compiler error)
FAIL: gcc.dg/debug/debug-4.c -gdwarf-2 -g1 -O3 (test for excess errors)
FAIL: gcc.dg/debug/debug-4.c -gdwarf-2 (internal compiler error)
FAIL: gcc.dg/debug/debug-4.c -gdwarf-2 (test for excess errors)
FAIL: gcc.dg/debug/debug-4.c -gdwarf-2 -O (internal compiler error)
FAIL: gcc.dg/debug/debug-4.c -gdwarf-2 -O (test for excess errors)
FAIL: gcc.dg/debug/debug-4.c -gdwarf-2 -O3 (internal compiler error)
FAIL: gcc.dg/debug/debug-4.c -gdwarf-2 -O3 (test for excess errors)
FAIL: gcc.dg/debug/debug-4.c -gdwarf-2 -g3 (internal compiler error)
FAIL: gcc.dg/debug/debug-4.c -gdwarf-2 -g3 (test for excess errors)
FAIL: gcc.dg/debug/debug-4.c -gdwarf-2 -g3 -O (internal compiler error)
FAIL: gcc.dg/debug/debug-4.c -gdwarf-2 -g3 -O (test for excess errors)
FAIL: gcc.dg/debug/debug-4.c -gdwarf-2 -g3 -O3 (internal compiler error)
FAIL: gcc.dg/debug/debug-4.c -gdwarf-2 -g3 -O3 (test for excess errors)
FAIL: gcc.dg/debug/debug-6.c -gdwarf-2 (internal compiler error)
FAIL: gcc.dg/debug/debug-6.c -gdwarf-2 (test for excess errors)
ERROR: gcc.dg/debug/debug-6.c: error executing dg-final: couldn't open "debug-6.s": no such file or directory
UNRESOLVED: gcc.dg/debug/debug-6.c: error executing dg-final: couldn't open "debug-6.s": no such file or directory
FAIL: gcc.dg/debug/debug-6.c -gdwarf-2 -O (internal compiler error)
FAIL: gcc.dg/debug/debug-6.c -gdwarf-2 -O (test for excess errors)
ERROR: gcc.dg/debug/debug-6.c: error executing dg-final: couldn't open "debug-6.s": no such file or directory
UNRESOLVED: gcc.dg/debug/debug-6.c: error executing dg-final: couldn't open "debug-6.s": no such file or directory
FAIL: gcc.dg/debug/debug-6.c -gdwarf-2 -O3 (internal compiler error)
FAIL: gcc.dg/debug/debug-6.c -gdwarf-2 -O3 (test for excess errors)
ERROR: gcc.dg/debug/debug-6.c: error executing dg-final: couldn't open "debug-6.s": no such file or directory
UNRESOLVED: gcc.dg/debug/debug-6.c: error executing dg-final: couldn't open "debug-6.s": no such file or directory
FAIL: gcc.dg/debug/debug-6.c -gdwarf-2 -g3 (internal compiler error)
FAIL: gcc.dg/debug/debug-6.c -gdwarf-2 -g3 (test for excess errors)
ERROR: gcc.dg/debug/debug-6.c: error executing dg-final: couldn't open "debug-6.s": no such file or directory
UNRESOLVED: gcc.dg/debug/debug-6.c: error executing dg-final: couldn't open "debug-6.s": no such file or directory
FAIL: gcc.dg/debug/debug-6.c -gdwarf-2 -g3 -O (internal compiler error)
FAIL: gcc.dg/debug/debug-6.c -gdwarf-2 -g3 -O (test for excess errors)
ERROR: gcc.dg/debug/debug-6.c: error executing dg-final: couldn't open "debug-6.s": no such file or directory
UNRESOLVED: gcc.dg/debug/debug-6.c: error executing dg-final: couldn't open "debug-6.s": no such file or directory
FAIL: gcc.dg/debug/debug-6.c -gdwarf-2 -g3 -O3 (internal compiler error)
FAIL: gcc.dg/debug/debug-6.c -gdwarf-2 -g3 -O3 (test for excess errors)
ERROR: gcc.dg/debug/debug-6.c: error executing dg-final: couldn't open "debug-6.s": no such file or directory
UNRESOLVED: gcc.dg/debug/debug-6.c: error executing dg-final: couldn't open "debug-6.s": no such file or directory
FAIL: gcc.dg/debug/debug-7.c -gdwarf-2 -g1 (internal compiler error)
FAIL: gcc.dg/debug/debug-7.c -gdwarf-2 -g1 (test for excess errors)
FAIL: gcc.dg/debug/debug-7.c -gdwarf-2 -g1 -O (internal compiler error)
FAIL: gcc.dg/debug/debug-7.c -gdwarf-2 -g1 -O (test for excess errors)
FAIL: gcc.dg/debug/debug-7.c -gdwarf-2 -g1 -O3 (internal compiler error)
FAIL: gcc.dg/debug/debug-7.c -gdwarf-2 -g1 -O3 (test for excess errors)
FAIL: gcc.dg/debug/debug-7.c -gdwarf-2 (internal compiler error)
FAIL: gcc.dg/debug/debug-7.c -gdwarf-2 (test for excess errors)
FAIL: gcc.dg/debug/debug-7.c -gdwarf-2 -O (internal compiler error)
FAIL: gcc.dg/debug/debug-7.c -gdwarf-2 -O (test for excess errors)
FAIL: gcc.dg/debug/debug-7.c -gdwarf-2 -O3 (internal compiler error)
FAIL: gcc.dg/debug/debug-7.c -gdwarf-2 -O3 (test for excess errors)
FAIL: gcc.dg/debug/debug-7.c -gdwarf-2 -g3 (internal compiler error)
FAIL: gcc.dg/debug/debug-7.c -gdwarf-2 -g3 (test for excess errors)
FAIL: gcc.dg/debug/debug-7.c -gdwarf-2 -g3 -O (internal compiler error)
FAIL: gcc.dg/debug/debug-7.c -gdwarf-2 -g3 -O (test for excess errors)
FAIL: gcc.dg/debug/debug-7.c -gdwarf-2 -g3 -O3 (internal compiler error)
FAIL: gcc.dg/debug/debug-7.c -gdwarf-2 -g3 -O3 (test for excess errors)
FAIL: gcc.dg/debug/dwarf2-1.c -gdwarf-2 -g1 (internal compiler error)
FAIL: gcc.dg/debug/dwarf2-1.c -gdwarf-2 -g1 (test for excess errors)
FAIL: gcc.dg/debug/dwarf2-1.c -gdwarf-2 -g1 -O (internal compiler error)
FAIL: gcc.dg/debug/dwarf2-1.c -gdwarf-2 -g1 -O (test for excess errors)
FAIL: gcc.dg/debug/dwarf2-1.c -gdwarf-2 -g1 -O3 (internal compiler error)
FAIL: gcc.dg/debug/dwarf2-1.c -gdwarf-2 -g1 -O3 (test for excess errors)
FAIL: gcc.dg/debug/dwarf2-1.c -gdwarf-2 (internal compiler error)
FAIL: gcc.dg/debug/dwarf2-1.c -gdwarf-2 (test for excess errors)
FAIL: gcc.dg/debug/dwarf2-1.c -gdwarf-2 -O (internal compiler error)
FAIL: gcc.dg/debug/dwarf2-1.c -gdwarf-2 -O (test for excess errors)
FAIL: gcc.dg/debug/dwarf2-1.c -gdwarf-2 -O3 (internal compiler error)
FAIL: gcc.dg/debug/dwarf2-1.c -gdwarf-2 -O3 (test for excess errors)
FAIL: gcc.dg/debug/dwarf2-1.c -gdwarf-2 -g3 (internal compiler error)
FAIL: gcc.dg/debug/dwarf2-1.c -gdwarf-2 -g3 (test for excess errors)
FAIL: gcc.dg/debug/dwarf2-1.c -gdwarf-2 -g3 -O (internal compiler error)
FAIL: gcc.dg/debug/dwarf2-1.c -gdwarf-2 -g3 -O (test for excess errors)
FAIL: gcc.dg/debug/dwarf2-1.c -gdwarf-2 -g3 -O3 (internal compiler error)
FAIL: gcc.dg/debug/dwarf2-1.c -gdwarf-2 -g3 -O3 (test for excess errors)
FAIL: gcc.dg/debug/dwarf2-2.c -gdwarf-2 -g1 (internal compiler error)
FAIL: gcc.dg/debug/dwarf2-2.c -gdwarf-2 -g1 (test for excess errors)
FAIL: gcc.dg/debug/dwarf2-2.c -gdwarf-2 -g1 -O (internal compiler error)
FAIL: gcc.dg/debug/dwarf2-2.c -gdwarf-2 -g1 -O (test for excess errors)
FAIL: gcc.dg/debug/dwarf2-2.c -gdwarf-2 -g1 -O3 (internal compiler error)
FAIL: gcc.dg/debug/dwarf2-2.c -gdwarf-2 -g1 -O3 (test for excess errors)
FAIL: gcc.dg/debug/dwarf2-2.c -gdwarf-2 (internal compiler error)
FAIL: gcc.dg/debug/dwarf2-2.c -gdwarf-2 (test for excess errors)
FAIL: gcc.dg/debug/dwarf2-2.c -gdwarf-2 -O (internal compiler error)
FAIL: gcc.dg/debug/dwarf2-2.c -gdwarf-2 -O (test for excess errors)
FAIL: gcc.dg/debug/dwarf2-2.c -gdwarf-2 -O3 (internal compiler error)
FAIL: gcc.dg/debug/dwarf2-2.c -gdwarf-2 -O3 (test for excess errors)
FAIL: gcc.dg/debug/dwarf2-2.c -gdwarf-2 -g3 (internal compiler error)
FAIL: gcc.dg/debug/dwarf2-2.c -gdwarf-2 -g3 (test for excess errors)
FAIL: gcc.dg/debug/dwarf2-2.c -gdwarf-2 -g3 -O (internal compiler error)
FAIL: gcc.dg/debug/dwarf2-2.c -gdwarf-2 -g3 -O (test for excess errors)
FAIL: gcc.dg/debug/dwarf2-2.c -gdwarf-2 -g3 -O3 (internal compiler error)
FAIL: gcc.dg/debug/dwarf2-2.c -gdwarf-2 -g3 -O3 (test for excess errors)
FAIL: gcc.dg/debug/dwarf2-3.c -gdwarf-2 -g1 (internal compiler error)
FAIL: gcc.dg/debug/dwarf2-3.c -gdwarf-2 -g1 (test for excess errors)
FAIL: gcc.dg/debug/dwarf2-3.c -gdwarf-2 -g1 -O (internal compiler error)
FAIL: gcc.dg/debug/dwarf2-3.c -gdwarf-2 -g1 -O (test for excess errors)
FAIL: gcc.dg/debug/dwarf2-3.c -gdwarf-2 -g1 -O3 (internal compiler error)
FAIL: gcc.dg/debug/dwarf2-3.c -gdwarf-2 -g1 -O3 (test for excess errors)
FAIL: gcc.dg/debug/dwarf2-3.c -gdwarf-2 (internal compiler error)
FAIL: gcc.dg/debug/dwarf2-3.c -gdwarf-2 (test for excess errors)
FAIL: gcc.dg/debug/dwarf2-3.c -gdwarf-2 -O (internal compiler error)
FAIL: gcc.dg/debug/dwarf2-3.c -gdwarf-2 -O (test for excess errors)
FAIL: gcc.dg/debug/dwarf2-3.c -gdwarf-2 -O3 (internal compiler error)
FAIL: gcc.dg/debug/dwarf2-3.c -gdwarf-2 -O3 (test for excess errors)
FAIL: gcc.dg/debug/dwarf2-3.c -gdwarf-2 -g3 (internal compiler error)
FAIL: gcc.dg/debug/dwarf2-3.c -gdwarf-2 -g3 (test for excess errors)
FAIL: gcc.dg/debug/dwarf2-3.c -gdwarf-2 -g3 -O (internal compiler error)
FAIL: gcc.dg/debug/dwarf2-3.c -gdwarf-2 -g3 -O (test for excess errors)
FAIL: gcc.dg/debug/dwarf2-3.c -gdwarf-2 -g3 -O3 (internal compiler error)
FAIL: gcc.dg/debug/dwarf2-3.c -gdwarf-2 -g3 -O3 (test for excess errors)
FAIL: gcc.dg/debug/enum-1.c -gdwarf-2 (internal compiler error)
FAIL: gcc.dg/debug/enum-1.c -gdwarf-2 (test for excess errors)
ERROR: gcc.dg/debug/enum-1.c: error executing dg-final: couldn't open "enum-1.s": no such file or directory
UNRESOLVED: gcc.dg/debug/enum-1.c: error executing dg-final: couldn't open "enum-1.s": no such file or directory
FAIL: gcc.dg/debug/enum-1.c -gdwarf-2 -O (internal compiler error)
FAIL: gcc.dg/debug/enum-1.c -gdwarf-2 -O (test for excess errors)
ERROR: gcc.dg/debug/enum-1.c: error executing dg-final: couldn't open "enum-1.s": no such file or directory
UNRESOLVED: gcc.dg/debug/enum-1.c: error executing dg-final: couldn't open "enum-1.s": no such file or directory
FAIL: gcc.dg/debug/enum-1.c -gdwarf-2 -O3 (internal compiler error)
FAIL: gcc.dg/debug/enum-1.c -gdwarf-2 -O3 (test for excess errors)
ERROR: gcc.dg/debug/enum-1.c: error executing dg-final: couldn't open "enum-1.s": no such file or directory
UNRESOLVED: gcc.dg/debug/enum-1.c: error executing dg-final: couldn't open "enum-1.s": no such file or directory
FAIL: gcc.dg/debug/enum-1.c -gdwarf-2 -g3 (internal compiler error)
FAIL: gcc.dg/debug/enum-1.c -gdwarf-2 -g3 (test for excess errors)
ERROR: gcc.dg/debug/enum-1.c: error executing dg-final: couldn't open "enum-1.s": no such file or directory
UNRESOLVED: gcc.dg/debug/enum-1.c: error executing dg-final: couldn't open "enum-1.s": no such file or directory
FAIL: gcc.dg/debug/enum-1.c -gdwarf-2 -g3 -O (internal compiler error)
FAIL: gcc.dg/debug/enum-1.c -gdwarf-2 -g3 -O (test for excess errors)
ERROR: gcc.dg/debug/enum-1.c: error executing dg-final: couldn't open "enum-1.s": no such file or directory
UNRESOLVED: gcc.dg/debug/enum-1.c: error executing dg-final: couldn't open "enum-1.s": no such file or directory
FAIL: gcc.dg/debug/enum-1.c -gdwarf-2 -g3 -O3 (internal compiler error)
FAIL: gcc.dg/debug/enum-1.c -gdwarf-2 -g3 -O3 (test for excess errors)
ERROR: gcc.dg/debug/enum-1.c: error executing dg-final: couldn't open "enum-1.s": no such file or directory
UNRESOLVED: gcc.dg/debug/enum-1.c: error executing dg-final: couldn't open "enum-1.s": no such file or directory
FAIL: gcc.dg/debug/pr16676.c -gdwarf-2 -g1 (internal compiler error)
FAIL: gcc.dg/debug/pr16676.c -gdwarf-2 -g1 (test for excess errors)
FAIL: gcc.dg/debug/pr16676.c -gdwarf-2 -g1 -O (internal compiler error)
FAIL: gcc.dg/debug/pr16676.c -gdwarf-2 -g1 -O (test for excess errors)
FAIL: gcc.dg/debug/pr16676.c -gdwarf-2 -g1 -O3 (internal compiler error)
FAIL: gcc.dg/debug/pr16676.c -gdwarf-2 -g1 -O3 (test for excess errors)
FAIL: gcc.dg/debug/pr16676.c -gdwarf-2 (internal compiler error)
FAIL: gcc.dg/debug/pr16676.c -gdwarf-2 (test for excess errors)
FAIL: gcc.dg/debug/pr16676.c -gdwarf-2 -O (internal compiler error)
FAIL: gcc.dg/debug/pr16676.c -gdwarf-2 -O (test for excess errors)
FAIL: gcc.dg/debug/pr16676.c -gdwarf-2 -O3 (internal compiler error)
FAIL: gcc.dg/debug/pr16676.c -gdwarf-2 -O3 (test for excess errors)
FAIL: gcc.dg/debug/pr16676.c -gdwarf-2 -g3 (internal compiler error)
FAIL: gcc.dg/debug/pr16676.c -gdwarf-2 -g3 (test for excess errors)
FAIL: gcc.dg/debug/pr16676.c -gdwarf-2 -g3 -O (internal compiler error)
FAIL: gcc.dg/debug/pr16676.c -gdwarf-2 -g3 -O (test for excess errors)
FAIL: gcc.dg/debug/pr16676.c -gdwarf-2 -g3 -O3 (internal compiler error)
FAIL: gcc.dg/debug/pr16676.c -gdwarf-2 -g3 -O3 (test for excess errors)
FAIL: gcc.dg/debug/pr26881.c -gdwarf-2 -g1 (internal compiler error)
FAIL: gcc.dg/debug/pr26881.c -gdwarf-2 -g1 (test for excess errors)
FAIL: gcc.dg/debug/pr26881.c -gdwarf-2 -g1 -O (internal compiler error)
FAIL: gcc.dg/debug/pr26881.c -gdwarf-2 -g1 -O (test for excess errors)
FAIL: gcc.dg/debug/pr26881.c -gdwarf-2 -g1 -O3 (internal compiler error)
FAIL: gcc.dg/debug/pr26881.c -gdwarf-2 -g1 -O3 (test for excess errors)
FAIL: gcc.dg/debug/pr26881.c -gdwarf-2 (internal compiler error)
FAIL: gcc.dg/debug/pr26881.c -gdwarf-2 (test for excess errors)
FAIL: gcc.dg/debug/pr26881.c -gdwarf-2 -O (internal compiler error)
FAIL: gcc.dg/debug/pr26881.c -gdwarf-2 -O (test for excess errors)
FAIL: gcc.dg/debug/pr26881.c -gdwarf-2 -O3 (internal compiler error)
FAIL: gcc.dg/debug/pr26881.c -gdwarf-2 -O3 (test for excess errors)
FAIL: gcc.dg/debug/pr26881.c -gdwarf-2 -g3 (internal compiler error)
FAIL: gcc.dg/debug/pr26881.c -gdwarf-2 -g3 (test for excess errors)
FAIL: gcc.dg/debug/pr26881.c -gdwarf-2 -g3 -O (internal compiler error)
FAIL: gcc.dg/debug/pr26881.c -gdwarf-2 -g3 -O (test for excess errors)
FAIL: gcc.dg/debug/pr26881.c -gdwarf-2 -g3 -O3 (internal compiler error)
FAIL: gcc.dg/debug/pr26881.c -gdwarf-2 -g3 -O3 (test for excess errors)
FAIL: gcc.dg/debug/pr29558.c -gdwarf-2 -g1 (internal compiler error)
FAIL: gcc.dg/debug/pr29558.c -gdwarf-2 -g1 (test for excess errors)
FAIL: gcc.dg/debug/pr29558.c -gdwarf-2 -g1 -O (internal compiler error)
FAIL: gcc.dg/debug/pr29558.c -gdwarf-2 -g1 -O (test for excess errors)
FAIL: gcc.dg/debug/pr29558.c -gdwarf-2 -g1 -O3 (internal compiler error)
FAIL: gcc.dg/debug/pr29558.c -gdwarf-2 -g1 -O3 (test for excess errors)
FAIL: gcc.dg/debug/pr29558.c -gdwarf-2 (internal compiler error)
FAIL: gcc.dg/debug/pr29558.c -gdwarf-2 (test for excess errors)
FAIL: gcc.dg/debug/pr29558.c -gdwarf-2 -O (internal compiler error)
FAIL: gcc.dg/debug/pr29558.c -gdwarf-2 -O (test for excess errors)
FAIL: gcc.dg/debug/pr29558.c -gdwarf-2 -O3 (internal compiler error)
FAIL: gcc.dg/debug/pr29558.c -gdwarf-2 -O3 (test for excess errors)
FAIL: gcc.dg/debug/pr29558.c -gdwarf-2 -g3 (internal compiler error)
FAIL: gcc.dg/debug/pr29558.c -gdwarf-2 -g3 (test for excess errors)
FAIL: gcc.dg/debug/pr29558.c -gdwarf-2 -g3 -O (internal compiler error)
FAIL: gcc.dg/debug/pr29558.c -gdwarf-2 -g3 -O (test for excess errors)
FAIL: gcc.dg/debug/pr29558.c -gdwarf-2 -g3 -O3 (internal compiler error)
FAIL: gcc.dg/debug/pr29558.c -gdwarf-2 -g3 -O3 (test for excess errors)
FAIL: gcc.dg/debug/pr29609-1.c -gdwarf-2 -g1 (internal compiler error)
FAIL: gcc.dg/debug/pr29609-1.c -gdwarf-2 -g1 (test for excess errors)
UNRESOLVED: gcc.dg/debug/pr29609-1.c -gdwarf-2 -g1 compilation failed to produce executable
FAIL: gcc.dg/debug/pr29609-1.c -gdwarf-2 -g1 -O (internal compiler error)
FAIL: gcc.dg/debug/pr29609-1.c -gdwarf-2 -g1 -O (test for excess errors)
UNRESOLVED: gcc.dg/debug/pr29609-1.c -gdwarf-2 -g1 -O compilation failed to produce executable
FAIL: gcc.dg/debug/pr29609-1.c -gdwarf-2 -g1 -O3 (internal compiler error)
FAIL: gcc.dg/debug/pr29609-1.c -gdwarf-2 -g1 -O3 (test for excess errors)
UNRESOLVED: gcc.dg/debug/pr29609-1.c -gdwarf-2 -g1 -O3 compilation failed to produce executable
FAIL: gcc.dg/debug/pr29609-1.c -gdwarf-2 (internal compiler error)
FAIL: gcc.dg/debug/pr29609-1.c -gdwarf-2 (test for excess errors)
UNRESOLVED: gcc.dg/debug/pr29609-1.c -gdwarf-2 compilation failed to produce executable
FAIL: gcc.dg/debug/pr29609-1.c -gdwarf-2 -O (internal compiler error)
FAIL: gcc.dg/debug/pr29609-1.c -gdwarf-2 -O (test for excess errors)
UNRESOLVED: gcc.dg/debug/pr29609-1.c -gdwarf-2 -O compilation failed to produce executable
FAIL: gcc.dg/debug/pr29609-1.c -gdwarf-2 -O3 (internal compiler error)
FAIL: gcc.dg/debug/pr29609-1.c -gdwarf-2 -O3 (test for excess errors)
UNRESOLVED: gcc.dg/debug/pr29609-1.c -gdwarf-2 -O3 compilation failed to produce executable
FAIL: gcc.dg/debug/pr29609-1.c -gdwarf-2 -g3 (internal compiler error)
FAIL: gcc.dg/debug/pr29609-1.c -gdwarf-2 -g3 (test for excess errors)
UNRESOLVED: gcc.dg/debug/pr29609-1.c -gdwarf-2 -g3 compilation failed to produce executable
FAIL: gcc.dg/debug/pr29609-1.c -gdwarf-2 -g3 -O (internal compiler error)
FAIL: gcc.dg/debug/pr29609-1.c -gdwarf-2 -g3 -O (test for excess errors)
UNRESOLVED: gcc.dg/debug/pr29609-1.c -gdwarf-2 -g3 -O compilation failed to produce executable
FAIL: gcc.dg/debug/pr29609-1.c -gdwarf-2 -g3 -O3 (internal compiler error)
FAIL: gcc.dg/debug/pr29609-1.c -gdwarf-2 -g3 -O3 (test for excess errors)
UNRESOLVED: gcc.dg/debug/pr29609-1.c -gdwarf-2 -g3 -O3 compilation failed to produce executable
FAIL: gcc.dg/debug/pr29609-2.c -gdwarf-2 -g1 (internal compiler error)
FAIL: gcc.dg/debug/pr29609-2.c -gdwarf-2 -g1 (test for excess errors)
UNRESOLVED: gcc.dg/debug/pr29609-2.c -gdwarf-2 -g1 compilation failed to produce executable
FAIL: gcc.dg/debug/pr29609-2.c -gdwarf-2 -g1 -O (internal compiler error)
FAIL: gcc.dg/debug/pr29609-2.c -gdwarf-2 -g1 -O (test for excess errors)
UNRESOLVED: gcc.dg/debug/pr29609-2.c -gdwarf-2 -g1 -O compilation failed to produce executable
FAIL: gcc.dg/debug/pr29609-2.c -gdwarf-2 -g1 -O3 (internal compiler error)
FAIL: gcc.dg/debug/pr29609-2.c -gdwarf-2 -g1 -O3 (test for excess errors)
UNRESOLVED: gcc.dg/debug/pr29609-2.c -gdwarf-2 -g1 -O3 compilation failed to produce executable
FAIL: gcc.dg/debug/pr29609-2.c -gdwarf-2 (internal compiler error)
FAIL: gcc.dg/debug/pr29609-2.c -gdwarf-2 (test for excess errors)
UNRESOLVED: gcc.dg/debug/pr29609-2.c -gdwarf-2 compilation failed to produce executable
FAIL: gcc.dg/debug/pr29609-2.c -gdwarf-2 -O (internal compiler error)
FAIL: gcc.dg/debug/pr29609-2.c -gdwarf-2 -O (test for excess errors)
UNRESOLVED: gcc.dg/debug/pr29609-2.c -gdwarf-2 -O compilation failed to produce executable
FAIL: gcc.dg/debug/pr29609-2.c -gdwarf-2 -O3 (internal compiler error)
FAIL: gcc.dg/debug/pr29609-2.c -gdwarf-2 -O3 (test for excess errors)
UNRESOLVED: gcc.dg/debug/pr29609-2.c -gdwarf-2 -O3 compilation failed to produce executable
FAIL: gcc.dg/debug/pr29609-2.c -gdwarf-2 -g3 (internal compiler error)
FAIL: gcc.dg/debug/pr29609-2.c -gdwarf-2 -g3 (test for excess errors)
UNRESOLVED: gcc.dg/debug/pr29609-2.c -gdwarf-2 -g3 compilation failed to produce executable
FAIL: gcc.dg/debug/pr29609-2.c -gdwarf-2 -g3 -O (internal compiler error)
FAIL: gcc.dg/debug/pr29609-2.c -gdwarf-2 -g3 -O (test for excess errors)
UNRESOLVED: gcc.dg/debug/pr29609-2.c -gdwarf-2 -g3 -O compilation failed to produce executable
FAIL: gcc.dg/debug/pr29609-2.c -gdwarf-2 -g3 -O3 (internal compiler error)
FAIL: gcc.dg/debug/pr29609-2.c -gdwarf-2 -g3 -O3 (test for excess errors)
UNRESOLVED: gcc.dg/debug/pr29609-2.c -gdwarf-2 -g3 -O3 compilation failed to produce executable
FAIL: gcc.dg/debug/pr32610.c -gdwarf-2 -g1 (internal compiler error)
FAIL: gcc.dg/debug/pr32610.c -gdwarf-2 -g1 (test for excess errors)
FAIL: gcc.dg/debug/pr32610.c -gdwarf-2 -g1 -O (internal compiler error)
FAIL: gcc.dg/debug/pr32610.c -gdwarf-2 -g1 -O (test for excess errors)
FAIL: gcc.dg/debug/pr32610.c -gdwarf-2 -g1 -O3 (internal compiler error)
FAIL: gcc.dg/debug/pr32610.c -gdwarf-2 -g1 -O3 (test for excess errors)
FAIL: gcc.dg/debug/pr32610.c -gdwarf-2 (internal compiler error)
FAIL: gcc.dg/debug/pr32610.c -gdwarf-2 (test for excess errors)
FAIL: gcc.dg/debug/pr32610.c -gdwarf-2 -O (internal compiler error)
FAIL: gcc.dg/debug/pr32610.c -gdwarf-2 -O (test for excess errors)
FAIL: gcc.dg/debug/pr32610.c -gdwarf-2 -O3 (internal compiler error)
FAIL: gcc.dg/debug/pr32610.c -gdwarf-2 -O3 (test for excess errors)
FAIL: gcc.dg/debug/pr32610.c -gdwarf-2 -g3 (internal compiler error)
FAIL: gcc.dg/debug/pr32610.c -gdwarf-2 -g3 (test for excess errors)
FAIL: gcc.dg/debug/pr32610.c -gdwarf-2 -g3 -O (internal compiler error)
FAIL: gcc.dg/debug/pr32610.c -gdwarf-2 -g3 -O (test for excess errors)
FAIL: gcc.dg/debug/pr32610.c -gdwarf-2 -g3 -O3 (internal compiler error)
FAIL: gcc.dg/debug/pr32610.c -gdwarf-2 -g3 -O3 (test for excess errors)
FAIL: gcc.dg/debug/pr33316.c -gdwarf-2 -g1 (internal compiler error)
FAIL: gcc.dg/debug/pr33316.c -gdwarf-2 -g1 (test for excess errors)
FAIL: gcc.dg/debug/pr33316.c -gdwarf-2 -g1 -O (internal compiler error)
FAIL: gcc.dg/debug/pr33316.c -gdwarf-2 -g1 -O (test for excess errors)
FAIL: gcc.dg/debug/pr33316.c -gdwarf-2 -g1 -O3 (internal compiler error)
FAIL: gcc.dg/debug/pr33316.c -gdwarf-2 -g1 -O3 (test for excess errors)
FAIL: gcc.dg/debug/pr33316.c -gdwarf-2 (internal compiler error)
FAIL: gcc.dg/debug/pr33316.c -gdwarf-2 (test for excess errors)
FAIL: gcc.dg/debug/pr33316.c -gdwarf-2 -O (internal compiler error)
FAIL: gcc.dg/debug/pr33316.c -gdwarf-2 -O (test for excess errors)
FAIL: gcc.dg/debug/pr33316.c -gdwarf-2 -O3 (internal compiler error)
FAIL: gcc.dg/debug/pr33316.c -gdwarf-2 -O3 (test for excess errors)
FAIL: gcc.dg/debug/pr33316.c -gdwarf-2 -g3 (internal compiler error)
FAIL: gcc.dg/debug/pr33316.c -gdwarf-2 -g3 (test for excess errors)
FAIL: gcc.dg/debug/pr33316.c -gdwarf-2 -g3 -O (internal compiler error)
FAIL: gcc.dg/debug/pr33316.c -gdwarf-2 -g3 -O (test for excess errors)
FAIL: gcc.dg/debug/pr33316.c -gdwarf-2 -g3 -O3 (internal compiler error)
FAIL: gcc.dg/debug/pr33316.c -gdwarf-2 -g3 -O3 (test for excess errors)
FAIL: gcc.dg/debug/pr36690-1.c -gdwarf-2 -g1 (internal compiler error)
FAIL: gcc.dg/debug/pr36690-1.c -gdwarf-2 -g1 (test for excess errors)
UNRESOLVED: gcc.dg/debug/pr36690-1.c -gdwarf-2 -g1 compilation failed to produce executable
FAIL: gcc.dg/debug/pr36690-1.c -gdwarf-2 -g1 -O (internal compiler error)
FAIL: gcc.dg/debug/pr36690-1.c -gdwarf-2 -g1 -O (test for excess errors)
UNRESOLVED: gcc.dg/debug/pr36690-1.c -gdwarf-2 -g1 -O compilation failed to produce executable
FAIL: gcc.dg/debug/pr36690-1.c -gdwarf-2 -g1 -O3 (internal compiler error)
FAIL: gcc.dg/debug/pr36690-1.c -gdwarf-2 -g1 -O3 (test for excess errors)
UNRESOLVED: gcc.dg/debug/pr36690-1.c -gdwarf-2 -g1 -O3 compilation failed to produce executable
FAIL: gcc.dg/debug/pr36690-1.c -gdwarf-2 (internal compiler error)
FAIL: gcc.dg/debug/pr36690-1.c -gdwarf-2 (test for excess errors)
UNRESOLVED: gcc.dg/debug/pr36690-1.c -gdwarf-2 compilation failed to produce executable
FAIL: gcc.dg/debug/pr36690-1.c -gdwarf-2 -O (internal compiler error)
FAIL: gcc.dg/debug/pr36690-1.c -gdwarf-2 -O (test for excess errors)
UNRESOLVED: gcc.dg/debug/pr36690-1.c -gdwarf-2 -O compilation failed to produce executable
FAIL: gcc.dg/debug/pr36690-1.c -gdwarf-2 -O3 (internal compiler error)
FAIL: gcc.dg/debug/pr36690-1.c -gdwarf-2 -O3 (test for excess errors)
UNRESOLVED: gcc.dg/debug/pr36690-1.c -gdwarf-2 -O3 compilation failed to produce executable
FAIL: gcc.dg/debug/pr36690-1.c -gdwarf-2 -g3 (internal compiler error)
FAIL: gcc.dg/debug/pr36690-1.c -gdwarf-2 -g3 (test for excess errors)
UNRESOLVED: gcc.dg/debug/pr36690-1.c -gdwarf-2 -g3 compilation failed to produce executable
FAIL: gcc.dg/debug/pr36690-1.c -gdwarf-2 -g3 -O (internal compiler error)
FAIL: gcc.dg/debug/pr36690-1.c -gdwarf-2 -g3 -O (test for excess errors)
UNRESOLVED: gcc.dg/debug/pr36690-1.c -gdwarf-2 -g3 -O compilation failed to produce executable
FAIL: gcc.dg/debug/pr36690-1.c -gdwarf-2 -g3 -O3 (internal compiler error)
FAIL: gcc.dg/debug/pr36690-1.c -gdwarf-2 -g3 -O3 (test for excess errors)
UNRESOLVED: gcc.dg/debug/pr36690-1.c -gdwarf-2 -g3 -O3 compilation failed to produce executable
FAIL: gcc.dg/debug/pr36690-2.c -gdwarf-2 -g1 (internal compiler error)
FAIL: gcc.dg/debug/pr36690-2.c -gdwarf-2 -g1 (test for excess errors)
UNRESOLVED: gcc.dg/debug/pr36690-2.c -gdwarf-2 -g1 compilation failed to produce executable
FAIL: gcc.dg/debug/pr36690-2.c -gdwarf-2 -g1 -O (internal compiler error)
FAIL: gcc.dg/debug/pr36690-2.c -gdwarf-2 -g1 -O (test for excess errors)
UNRESOLVED: gcc.dg/debug/pr36690-2.c -gdwarf-2 -g1 -O compilation failed to produce executable
FAIL: gcc.dg/debug/pr36690-2.c -gdwarf-2 -g1 -O3 (internal compiler error)
FAIL: gcc.dg/debug/pr36690-2.c -gdwarf-2 -g1 -O3 (test for excess errors)
UNRESOLVED: gcc.dg/debug/pr36690-2.c -gdwarf-2 -g1 -O3 compilation failed to produce executable
FAIL: gcc.dg/debug/pr36690-2.c -gdwarf-2 (internal compiler error)
FAIL: gcc.dg/debug/pr36690-2.c -gdwarf-2 (test for excess errors)
UNRESOLVED: gcc.dg/debug/pr36690-2.c -gdwarf-2 compilation failed to produce executable
FAIL: gcc.dg/debug/pr36690-2.c -gdwarf-2 -O (internal compiler error)
FAIL: gcc.dg/debug/pr36690-2.c -gdwarf-2 -O (test for excess errors)
UNRESOLVED: gcc.dg/debug/pr36690-2.c -gdwarf-2 -O compilation failed to produce executable
FAIL: gcc.dg/debug/pr36690-2.c -gdwarf-2 -O3 (internal compiler error)
FAIL: gcc.dg/debug/pr36690-2.c -gdwarf-2 -O3 (test for excess errors)
UNRESOLVED: gcc.dg/debug/pr36690-2.c -gdwarf-2 -O3 compilation failed to produce executable
FAIL: gcc.dg/debug/pr36690-2.c -gdwarf-2 -g3 (internal compiler error)
FAIL: gcc.dg/debug/pr36690-2.c -gdwarf-2 -g3 (test for excess errors)
UNRESOLVED: gcc.dg/debug/pr36690-2.c -gdwarf-2 -g3 compilation failed to produce executable
FAIL: gcc.dg/debug/pr36690-2.c -gdwarf-2 -g3 -O (internal compiler error)
FAIL: gcc.dg/debug/pr36690-2.c -gdwarf-2 -g3 -O (test for excess errors)
UNRESOLVED: gcc.dg/debug/pr36690-2.c -gdwarf-2 -g3 -O compilation failed to produce executable
FAIL: gcc.dg/debug/pr36690-2.c -gdwarf-2 -g3 -O3 (internal compiler error)
FAIL: gcc.dg/debug/pr36690-2.c -gdwarf-2 -g3 -O3 (test for excess errors)
UNRESOLVED: gcc.dg/debug/pr36690-2.c -gdwarf-2 -g3 -O3 compilation failed to produce executable
FAIL: gcc.dg/debug/pr36690-3.c -gdwarf-2 -g1 (internal compiler error)
FAIL: gcc.dg/debug/pr36690-3.c -gdwarf-2 -g1 (test for excess errors)
UNRESOLVED: gcc.dg/debug/pr36690-3.c -gdwarf-2 -g1 compilation failed to produce executable
FAIL: gcc.dg/debug/pr36690-3.c -gdwarf-2 -g1 -O (internal compiler error)
FAIL: gcc.dg/debug/pr36690-3.c -gdwarf-2 -g1 -O (test for excess errors)
UNRESOLVED: gcc.dg/debug/pr36690-3.c -gdwarf-2 -g1 -O compilation failed to produce executable
FAIL: gcc.dg/debug/pr36690-3.c -gdwarf-2 -g1 -O3 (internal compiler error)
FAIL: gcc.dg/debug/pr36690-3.c -gdwarf-2 -g1 -O3 (test for excess errors)
UNRESOLVED: gcc.dg/debug/pr36690-3.c -gdwarf-2 -g1 -O3 compilation failed to produce executable
FAIL: gcc.dg/debug/pr36690-3.c -gdwarf-2 (internal compiler error)
FAIL: gcc.dg/debug/pr36690-3.c -gdwarf-2 (test for excess errors)
UNRESOLVED: gcc.dg/debug/pr36690-3.c -gdwarf-2 compilation failed to produce executable
FAIL: gcc.dg/debug/pr36690-3.c -gdwarf-2 -O (internal compiler error)
FAIL: gcc.dg/debug/pr36690-3.c -gdwarf-2 -O (test for excess errors)
UNRESOLVED: gcc.dg/debug/pr36690-3.c -gdwarf-2 -O compilation failed to produce executable
FAIL: gcc.dg/debug/pr36690-3.c -gdwarf-2 -O3 (internal compiler error)
FAIL: gcc.dg/debug/pr36690-3.c -gdwarf-2 -O3 (test for excess errors)
UNRESOLVED: gcc.dg/debug/pr36690-3.c -gdwarf-2 -O3 compilation failed to produce executable
FAIL: gcc.dg/debug/pr36690-3.c -gdwarf-2 -g3 (internal compiler error)
FAIL: gcc.dg/debug/pr36690-3.c -gdwarf-2 -g3 (test for excess errors)
UNRESOLVED: gcc.dg/debug/pr36690-3.c -gdwarf-2 -g3 compilation failed to produce executable
FAIL: gcc.dg/debug/pr36690-3.c -gdwarf-2 -g3 -O (internal compiler error)
FAIL: gcc.dg/debug/pr36690-3.c -gdwarf-2 -g3 -O (test for excess errors)
UNRESOLVED: gcc.dg/debug/pr36690-3.c -gdwarf-2 -g3 -O compilation failed to produce executable
FAIL: gcc.dg/debug/pr36690-3.c -gdwarf-2 -g3 -O3 (internal compiler error)
FAIL: gcc.dg/debug/pr36690-3.c -gdwarf-2 -g3 -O3 (test for excess errors)
UNRESOLVED: gcc.dg/debug/pr36690-3.c -gdwarf-2 -g3 -O3 compilation failed to produce executable
FAIL: gcc.dg/debug/pr37616.c -gdwarf-2 -g1 (internal compiler error)
FAIL: gcc.dg/debug/pr37616.c -gdwarf-2 -g1 (test for excess errors)
UNRESOLVED: gcc.dg/debug/pr37616.c -gdwarf-2 -g1 compilation failed to produce executable
FAIL: gcc.dg/debug/pr37616.c -gdwarf-2 -g1 -O (internal compiler error)
FAIL: gcc.dg/debug/pr37616.c -gdwarf-2 -g1 -O (test for excess errors)
UNRESOLVED: gcc.dg/debug/pr37616.c -gdwarf-2 -g1 -O compilation failed to produce executable
FAIL: gcc.dg/debug/pr37616.c -gdwarf-2 -g1 -O3 (internal compiler error)
FAIL: gcc.dg/debug/pr37616.c -gdwarf-2 -g1 -O3 (test for excess errors)
UNRESOLVED: gcc.dg/debug/pr37616.c -gdwarf-2 -g1 -O3 compilation failed to produce executable
FAIL: gcc.dg/debug/pr37616.c -gdwarf-2 (internal compiler error)
FAIL: gcc.dg/debug/pr37616.c -gdwarf-2 (test for excess errors)
UNRESOLVED: gcc.dg/debug/pr37616.c -gdwarf-2 compilation failed to produce executable
FAIL: gcc.dg/debug/pr37616.c -gdwarf-2 -O (internal compiler error)
FAIL: gcc.dg/debug/pr37616.c -gdwarf-2 -O (test for excess errors)
UNRESOLVED: gcc.dg/debug/pr37616.c -gdwarf-2 -O compilation failed to produce executable
FAIL: gcc.dg/debug/pr37616.c -gdwarf-2 -O3 (internal compiler error)
FAIL: gcc.dg/debug/pr37616.c -gdwarf-2 -O3 (test for excess errors)
UNRESOLVED: gcc.dg/debug/pr37616.c -gdwarf-2 -O3 compilation failed to produce executable
FAIL: gcc.dg/debug/pr37616.c -gdwarf-2 -g3 (internal compiler error)
FAIL: gcc.dg/debug/pr37616.c -gdwarf-2 -g3 (test for excess errors)
UNRESOLVED: gcc.dg/debug/pr37616.c -gdwarf-2 -g3 compilation failed to produce executable
FAIL: gcc.dg/debug/pr37616.c -gdwarf-2 -g3 -O (internal compiler error)
FAIL: gcc.dg/debug/pr37616.c -gdwarf-2 -g3 -O (test for excess errors)
UNRESOLVED: gcc.dg/debug/pr37616.c -gdwarf-2 -g3 -O compilation failed to produce executable
FAIL: gcc.dg/debug/pr37616.c -gdwarf-2 -g3 -O3 (internal compiler error)
FAIL: gcc.dg/debug/pr37616.c -gdwarf-2 -g3 -O3 (test for excess errors)
UNRESOLVED: gcc.dg/debug/pr37616.c -gdwarf-2 -g3 -O3 compilation failed to produce executable
FAIL: gcc.dg/debug/pr39412.c -gdwarf-2 -g1 (internal compiler error)
FAIL: gcc.dg/debug/pr39412.c -gdwarf-2 -g1 (test for excess errors)
FAIL: gcc.dg/debug/pr39412.c -gdwarf-2 -g1 -O (internal compiler error)
FAIL: gcc.dg/debug/pr39412.c -gdwarf-2 -g1 -O (test for excess errors)
FAIL: gcc.dg/debug/pr39412.c -gdwarf-2 -g1 -O3 (internal compiler error)
FAIL: gcc.dg/debug/pr39412.c -gdwarf-2 -g1 -O3 (test for excess errors)
FAIL: gcc.dg/debug/pr39412.c -gdwarf-2 (internal compiler error)
FAIL: gcc.dg/debug/pr39412.c -gdwarf-2 (test for excess errors)
FAIL: gcc.dg/debug/pr39412.c -gdwarf-2 -O (internal compiler error)
FAIL: gcc.dg/debug/pr39412.c -gdwarf-2 -O (test for excess errors)
FAIL: gcc.dg/debug/pr39412.c -gdwarf-2 -O3 (internal compiler error)
FAIL: gcc.dg/debug/pr39412.c -gdwarf-2 -O3 (test for excess errors)
FAIL: gcc.dg/debug/pr39412.c -gdwarf-2 -g3 (internal compiler error)
FAIL: gcc.dg/debug/pr39412.c -gdwarf-2 -g3 (test for excess errors)
FAIL: gcc.dg/debug/pr39412.c -gdwarf-2 -g3 -O (internal compiler error)
FAIL: gcc.dg/debug/pr39412.c -gdwarf-2 -g3 -O (test for excess errors)
FAIL: gcc.dg/debug/pr39412.c -gdwarf-2 -g3 -O3 (internal compiler error)
FAIL: gcc.dg/debug/pr39412.c -gdwarf-2 -g3 -O3 (test for excess errors)
FAIL: gcc.dg/debug/pr41264-1.c -gdwarf-2 -g1 (internal compiler error)
FAIL: gcc.dg/debug/pr41264-1.c -gdwarf-2 -g1 (test for excess errors)
FAIL: gcc.dg/debug/pr41264-1.c -gdwarf-2 -g1 -O (internal compiler error)
FAIL: gcc.dg/debug/pr41264-1.c -gdwarf-2 -g1 -O (test for excess errors)
FAIL: gcc.dg/debug/pr41264-1.c -gdwarf-2 -g1 -O3 (internal compiler error)
FAIL: gcc.dg/debug/pr41264-1.c -gdwarf-2 -g1 -O3 (test for excess errors)
FAIL: gcc.dg/debug/pr41264-1.c -gdwarf-2 (internal compiler error)
FAIL: gcc.dg/debug/pr41264-1.c -gdwarf-2 (test for excess errors)
FAIL: gcc.dg/debug/pr41264-1.c -gdwarf-2 -O (internal compiler error)
FAIL: gcc.dg/debug/pr41264-1.c -gdwarf-2 -O (test for excess errors)
FAIL: gcc.dg/debug/pr41264-1.c -gdwarf-2 -O3 (internal compiler error)
FAIL: gcc.dg/debug/pr41264-1.c -gdwarf-2 -O3 (test for excess errors)
FAIL: gcc.dg/debug/pr41264-1.c -gdwarf-2 -g3 (internal compiler error)
FAIL: gcc.dg/debug/pr41264-1.c -gdwarf-2 -g3 (test for excess errors)
FAIL: gcc.dg/debug/pr41264-1.c -gdwarf-2 -g3 -O (internal compiler error)
FAIL: gcc.dg/debug/pr41264-1.c -gdwarf-2 -g3 -O (test for excess errors)
FAIL: gcc.dg/debug/pr41264-1.c -gdwarf-2 -g3 -O3 (internal compiler error)
FAIL: gcc.dg/debug/pr41264-1.c -gdwarf-2 -g3 -O3 (test for excess errors)
FAIL: gcc.dg/debug/pr41343-1.c -gdwarf-2 -g1 (internal compiler error)
FAIL: gcc.dg/debug/pr41343-1.c -gdwarf-2 -g1 (test for excess errors)
FAIL: gcc.dg/debug/pr41343-1.c -gdwarf-2 -g1 -O (internal compiler error)
FAIL: gcc.dg/debug/pr41343-1.c -gdwarf-2 -g1 -O (test for excess errors)
FAIL: gcc.dg/debug/pr41343-1.c -gdwarf-2 -g1 -O3 (internal compiler error)
FAIL: gcc.dg/debug/pr41343-1.c -gdwarf-2 -g1 -O3 (test for excess errors)
FAIL: gcc.dg/debug/pr41343-1.c -gdwarf-2 (internal compiler error)
FAIL: gcc.dg/debug/pr41343-1.c -gdwarf-2 (test for excess errors)
FAIL: gcc.dg/debug/pr41343-1.c -gdwarf-2 -O (internal compiler error)
FAIL: gcc.dg/debug/pr41343-1.c -gdwarf-2 -O (test for excess errors)
FAIL: gcc.dg/debug/pr41343-1.c -gdwarf-2 -O3 (internal compiler error)
FAIL: gcc.dg/debug/pr41343-1.c -gdwarf-2 -O3 (test for excess errors)
FAIL: gcc.dg/debug/pr41343-1.c -gdwarf-2 -g3 (internal compiler error)
FAIL: gcc.dg/debug/pr41343-1.c -gdwarf-2 -g3 (test for excess errors)
FAIL: gcc.dg/debug/pr41343-1.c -gdwarf-2 -g3 -O (internal compiler error)
FAIL: gcc.dg/debug/pr41343-1.c -gdwarf-2 -g3 -O (test for excess errors)
FAIL: gcc.dg/debug/pr41343-1.c -gdwarf-2 -g3 -O3 (internal compiler error)
FAIL: gcc.dg/debug/pr41343-1.c -gdwarf-2 -g3 -O3 (test for excess errors)
FAIL: gcc.dg/debug/pr41717.c -gdwarf-2 -g1 (internal compiler error)
FAIL: gcc.dg/debug/pr41717.c -gdwarf-2 -g1 (test for excess errors)
FAIL: gcc.dg/debug/pr41717.c -gdwarf-2 -g1 -O (internal compiler error)
FAIL: gcc.dg/debug/pr41717.c -gdwarf-2 -g1 -O (test for excess errors)
FAIL: gcc.dg/debug/pr41717.c -gdwarf-2 -g1 -O3 (internal compiler error)
FAIL: gcc.dg/debug/pr41717.c -gdwarf-2 -g1 -O3 (test for excess errors)
FAIL: gcc.dg/debug/pr41717.c -gdwarf-2 (internal compiler error)
FAIL: gcc.dg/debug/pr41717.c -gdwarf-2 (test for excess errors)
FAIL: gcc.dg/debug/pr41717.c -gdwarf-2 -O (internal compiler error)
FAIL: gcc.dg/debug/pr41717.c -gdwarf-2 -O (test for excess errors)
FAIL: gcc.dg/debug/pr41717.c -gdwarf-2 -O3 (internal compiler error)
FAIL: gcc.dg/debug/pr41717.c -gdwarf-2 -O3 (test for excess errors)
FAIL: gcc.dg/debug/pr41717.c -gdwarf-2 -g3 (internal compiler error)
FAIL: gcc.dg/debug/pr41717.c -gdwarf-2 -g3 (test for excess errors)
FAIL: gcc.dg/debug/pr41717.c -gdwarf-2 -g3 -O (internal compiler error)
FAIL: gcc.dg/debug/pr41717.c -gdwarf-2 -g3 -O (test for excess errors)
FAIL: gcc.dg/debug/pr41717.c -gdwarf-2 -g3 -O3 (internal compiler error)
FAIL: gcc.dg/debug/pr41717.c -gdwarf-2 -g3 -O3 (test for excess errors)
FAIL: gcc.dg/debug/pr41893-1.c -gdwarf-2 -g1 (internal compiler error)
FAIL: gcc.dg/debug/pr41893-1.c -gdwarf-2 -g1 (test for excess errors)
FAIL: gcc.dg/debug/pr41893-1.c -gdwarf-2 -g1 -O (internal compiler error)
FAIL: gcc.dg/debug/pr41893-1.c -gdwarf-2 -g1 -O (test for excess errors)
FAIL: gcc.dg/debug/pr41893-1.c -gdwarf-2 -g1 -O3 (internal compiler error)
FAIL: gcc.dg/debug/pr41893-1.c -gdwarf-2 -g1 -O3 (test for excess errors)
FAIL: gcc.dg/debug/pr41893-1.c -gdwarf-2 (internal compiler error)
FAIL: gcc.dg/debug/pr41893-1.c -gdwarf-2 (test for excess errors)
FAIL: gcc.dg/debug/pr41893-1.c -gdwarf-2 -O (internal compiler error)
FAIL: gcc.dg/debug/pr41893-1.c -gdwarf-2 -O (test for excess errors)
FAIL: gcc.dg/debug/pr41893-1.c -gdwarf-2 -O3 (internal compiler error)
FAIL: gcc.dg/debug/pr41893-1.c -gdwarf-2 -O3 (test for excess errors)
FAIL: gcc.dg/debug/pr41893-1.c -gdwarf-2 -g3 (internal compiler error)
FAIL: gcc.dg/debug/pr41893-1.c -gdwarf-2 -g3 (test for excess errors)
FAIL: gcc.dg/debug/pr41893-1.c -gdwarf-2 -g3 -O (internal compiler error)
FAIL: gcc.dg/debug/pr41893-1.c -gdwarf-2 -g3 -O (test for excess errors)
FAIL: gcc.dg/debug/pr41893-1.c -gdwarf-2 -g3 -O3 (internal compiler error)
FAIL: gcc.dg/debug/pr41893-1.c -gdwarf-2 -g3 -O3 (test for excess errors)
FAIL: gcc.dg/debug/pr41893-2.c -gdwarf-2 -g1 (internal compiler error)
FAIL: gcc.dg/debug/pr41893-2.c -gdwarf-2 -g1 (test for excess errors)
FAIL: gcc.dg/debug/pr41893-2.c -gdwarf-2 -g1 -O (internal compiler error)
FAIL: gcc.dg/debug/pr41893-2.c -gdwarf-2 -g1 -O (test for excess errors)
FAIL: gcc.dg/debug/pr41893-2.c -gdwarf-2 -g1 -O3 (internal compiler error)
FAIL: gcc.dg/debug/pr41893-2.c -gdwarf-2 -g1 -O3 (test for excess errors)
FAIL: gcc.dg/debug/pr41893-2.c -gdwarf-2 (internal compiler error)
FAIL: gcc.dg/debug/pr41893-2.c -gdwarf-2 (test for excess errors)
FAIL: gcc.dg/debug/pr41893-2.c -gdwarf-2 -O (internal compiler error)
FAIL: gcc.dg/debug/pr41893-2.c -gdwarf-2 -O (test for excess errors)
FAIL: gcc.dg/debug/pr41893-2.c -gdwarf-2 -O3 (internal compiler error)
FAIL: gcc.dg/debug/pr41893-2.c -gdwarf-2 -O3 (test for excess errors)
FAIL: gcc.dg/debug/pr41893-2.c -gdwarf-2 -g3 (internal compiler error)
FAIL: gcc.dg/debug/pr41893-2.c -gdwarf-2 -g3 (test for excess errors)
FAIL: gcc.dg/debug/pr41893-2.c -gdwarf-2 -g3 -O (internal compiler error)
FAIL: gcc.dg/debug/pr41893-2.c -gdwarf-2 -g3 -O (test for excess errors)
FAIL: gcc.dg/debug/pr41893-2.c -gdwarf-2 -g3 -O3 (internal compiler error)
FAIL: gcc.dg/debug/pr41893-2.c -gdwarf-2 -g3 -O3 (test for excess errors)
FAIL: gcc.dg/debug/pr42244.c -gdwarf-2 -g1 (internal compiler error)
FAIL: gcc.dg/debug/pr42244.c -gdwarf-2 -g1 (test for excess errors)
FAIL: gcc.dg/debug/pr42244.c -gdwarf-2 -g1 -O (internal compiler error)
FAIL: gcc.dg/debug/pr42244.c -gdwarf-2 -g1 -O (test for excess errors)
FAIL: gcc.dg/debug/pr42244.c -gdwarf-2 -g1 -O3 (internal compiler error)
FAIL: gcc.dg/debug/pr42244.c -gdwarf-2 -g1 -O3 (test for excess errors)
FAIL: gcc.dg/debug/pr42244.c -gdwarf-2 (internal compiler error)
FAIL: gcc.dg/debug/pr42244.c -gdwarf-2 (test for excess errors)
FAIL: gcc.dg/debug/pr42244.c -gdwarf-2 -O (internal compiler error)
FAIL: gcc.dg/debug/pr42244.c -gdwarf-2 -O (test for excess errors)
FAIL: gcc.dg/debug/pr42244.c -gdwarf-2 -O3 (internal compiler error)
FAIL: gcc.dg/debug/pr42244.c -gdwarf-2 -O3 (test for excess errors)
FAIL: gcc.dg/debug/pr42244.c -gdwarf-2 -g3 (internal compiler error)
FAIL: gcc.dg/debug/pr42244.c -gdwarf-2 -g3 (test for excess errors)
FAIL: gcc.dg/debug/pr42244.c -gdwarf-2 -g3 -O (internal compiler error)
FAIL: gcc.dg/debug/pr42244.c -gdwarf-2 -g3 -O (test for excess errors)
FAIL: gcc.dg/debug/pr42244.c -gdwarf-2 -g3 -O3 (internal compiler error)
FAIL: gcc.dg/debug/pr42244.c -gdwarf-2 -g3 -O3 (test for excess errors)
FAIL: gcc.dg/debug/pr42767.c -gdwarf-2 -g1 (internal compiler error)
FAIL: gcc.dg/debug/pr42767.c -gdwarf-2 -g1 (test for excess errors)
FAIL: gcc.dg/debug/pr42767.c -gdwarf-2 -g1 -O (internal compiler error)
FAIL: gcc.dg/debug/pr42767.c -gdwarf-2 -g1 -O (test for excess errors)
FAIL: gcc.dg/debug/pr42767.c -gdwarf-2 -g1 -O3 (internal compiler error)
FAIL: gcc.dg/debug/pr42767.c -gdwarf-2 -g1 -O3 (test for excess errors)
FAIL: gcc.dg/debug/pr42767.c -gdwarf-2 (internal compiler error)
FAIL: gcc.dg/debug/pr42767.c -gdwarf-2 (test for excess errors)
FAIL: gcc.dg/debug/pr42767.c -gdwarf-2 -O (internal compiler error)
FAIL: gcc.dg/debug/pr42767.c -gdwarf-2 -O (test for excess errors)
FAIL: gcc.dg/debug/pr42767.c -gdwarf-2 -O3 (internal compiler error)
FAIL: gcc.dg/debug/pr42767.c -gdwarf-2 -O3 (test for excess errors)
FAIL: gcc.dg/debug/pr42767.c -gdwarf-2 -g3 (internal compiler error)
FAIL: gcc.dg/debug/pr42767.c -gdwarf-2 -g3 (test for excess errors)
FAIL: gcc.dg/debug/pr42767.c -gdwarf-2 -g3 -O (internal compiler error)
FAIL: gcc.dg/debug/pr42767.c -gdwarf-2 -g3 -O (test for excess errors)
FAIL: gcc.dg/debug/pr42767.c -gdwarf-2 -g3 -O3 (internal compiler error)
FAIL: gcc.dg/debug/pr42767.c -gdwarf-2 -g3 -O3 (test for excess errors)
FAIL: gcc.dg/debug/pr43972.c -gdwarf-2 -g1 (internal compiler error)
FAIL: gcc.dg/debug/pr43972.c -gdwarf-2 -g1 (test for excess errors)
FAIL: gcc.dg/debug/pr43972.c -gdwarf-2 -g1 -O (internal compiler error)
FAIL: gcc.dg/debug/pr43972.c -gdwarf-2 -g1 -O (test for excess errors)
FAIL: gcc.dg/debug/pr43972.c -gdwarf-2 -g1 -O3 (internal compiler error)
FAIL: gcc.dg/debug/pr43972.c -gdwarf-2 -g1 -O3 (test for excess errors)
FAIL: gcc.dg/debug/pr43972.c -gdwarf-2 (internal compiler error)
FAIL: gcc.dg/debug/pr43972.c -gdwarf-2 (test for excess errors)
FAIL: gcc.dg/debug/pr43972.c -gdwarf-2 -O (internal compiler error)
FAIL: gcc.dg/debug/pr43972.c -gdwarf-2 -O (test for excess errors)
FAIL: gcc.dg/debug/pr43972.c -gdwarf-2 -O3 (internal compiler error)
FAIL: gcc.dg/debug/pr43972.c -gdwarf-2 -O3 (test for excess errors)
FAIL: gcc.dg/debug/pr43972.c -gdwarf-2 -g3 (internal compiler error)
FAIL: gcc.dg/debug/pr43972.c -gdwarf-2 -g3 (test for excess errors)
FAIL: gcc.dg/debug/pr43972.c -gdwarf-2 -g3 -O (internal compiler error)
FAIL: gcc.dg/debug/pr43972.c -gdwarf-2 -g3 -O (test for excess errors)
FAIL: gcc.dg/debug/pr43972.c -gdwarf-2 -g3 -O3 (internal compiler error)
FAIL: gcc.dg/debug/pr43972.c -gdwarf-2 -g3 -O3 (test for excess errors)
FAIL: gcc.dg/debug/redecl-1.c -gdwarf-2 -g1 (internal compiler error)
FAIL: gcc.dg/debug/redecl-1.c -gdwarf-2 -g1 (test for excess errors)
FAIL: gcc.dg/debug/redecl-1.c -gdwarf-2 -g1 -O (internal compiler error)
FAIL: gcc.dg/debug/redecl-1.c -gdwarf-2 -g1 -O (test for excess errors)
FAIL: gcc.dg/debug/redecl-1.c -gdwarf-2 -g1 -O3 (internal compiler error)
FAIL: gcc.dg/debug/redecl-1.c -gdwarf-2 -g1 -O3 (test for excess errors)
FAIL: gcc.dg/debug/redecl-1.c -gdwarf-2 (internal compiler error)
FAIL: gcc.dg/debug/redecl-1.c -gdwarf-2 (test for excess errors)
FAIL: gcc.dg/debug/redecl-1.c -gdwarf-2 -O (internal compiler error)
FAIL: gcc.dg/debug/redecl-1.c -gdwarf-2 -O (test for excess errors)
FAIL: gcc.dg/debug/redecl-1.c -gdwarf-2 -O3 (internal compiler error)
FAIL: gcc.dg/debug/redecl-1.c -gdwarf-2 -O3 (test for excess errors)
FAIL: gcc.dg/debug/redecl-1.c -gdwarf-2 -g3 (internal compiler error)
FAIL: gcc.dg/debug/redecl-1.c -gdwarf-2 -g3 (test for excess errors)
FAIL: gcc.dg/debug/redecl-1.c -gdwarf-2 -g3 -O (internal compiler error)
FAIL: gcc.dg/debug/redecl-1.c -gdwarf-2 -g3 -O (test for excess errors)
FAIL: gcc.dg/debug/redecl-1.c -gdwarf-2 -g3 -O3 (internal compiler error)
FAIL: gcc.dg/debug/redecl-1.c -gdwarf-2 -g3 -O3 (test for excess errors)
FAIL: gcc.dg/debug/redecl-2.c -gdwarf-2 -g1 (internal compiler error)
FAIL: gcc.dg/debug/redecl-2.c -gdwarf-2 -g1 (test for excess errors)
FAIL: gcc.dg/debug/redecl-2.c -gdwarf-2 -g1 -O (internal compiler error)
FAIL: gcc.dg/debug/redecl-2.c -gdwarf-2 -g1 -O (test for excess errors)
FAIL: gcc.dg/debug/redecl-2.c -gdwarf-2 -g1 -O3 (internal compiler error)
FAIL: gcc.dg/debug/redecl-2.c -gdwarf-2 -g1 -O3 (test for excess errors)
FAIL: gcc.dg/debug/redecl-2.c -gdwarf-2 (internal compiler error)
FAIL: gcc.dg/debug/redecl-2.c -gdwarf-2 (test for excess errors)
FAIL: gcc.dg/debug/redecl-2.c -gdwarf-2 -O (internal compiler error)
FAIL: gcc.dg/debug/redecl-2.c -gdwarf-2 -O (test for excess errors)
FAIL: gcc.dg/debug/redecl-2.c -gdwarf-2 -O3 (internal compiler error)
FAIL: gcc.dg/debug/redecl-2.c -gdwarf-2 -O3 (test for excess errors)
FAIL: gcc.dg/debug/redecl-2.c -gdwarf-2 -g3 (internal compiler error)
FAIL: gcc.dg/debug/redecl-2.c -gdwarf-2 -g3 (test for excess errors)
FAIL: gcc.dg/debug/redecl-2.c -gdwarf-2 -g3 -O (internal compiler error)
FAIL: gcc.dg/debug/redecl-2.c -gdwarf-2 -g3 -O (test for excess errors)
FAIL: gcc.dg/debug/redecl-2.c -gdwarf-2 -g3 -O3 (internal compiler error)
FAIL: gcc.dg/debug/redecl-2.c -gdwarf-2 -g3 -O3 (test for excess errors)
FAIL: gcc.dg/debug/redecl-3.c -gdwarf-2 -g1 (internal compiler error)
FAIL: gcc.dg/debug/redecl-3.c -gdwarf-2 -g1 (test for excess errors)
FAIL: gcc.dg/debug/redecl-3.c -gdwarf-2 -g1 -O (internal compiler error)
FAIL: gcc.dg/debug/redecl-3.c -gdwarf-2 -g1 -O (test for excess errors)
FAIL: gcc.dg/debug/redecl-3.c -gdwarf-2 -g1 -O3 (internal compiler error)
FAIL: gcc.dg/debug/redecl-3.c -gdwarf-2 -g1 -O3 (test for excess errors)
FAIL: gcc.dg/debug/redecl-3.c -gdwarf-2 (internal compiler error)
FAIL: gcc.dg/debug/redecl-3.c -gdwarf-2 (test for excess errors)
FAIL: gcc.dg/debug/redecl-3.c -gdwarf-2 -O (internal compiler error)
FAIL: gcc.dg/debug/redecl-3.c -gdwarf-2 -O (test for excess errors)
FAIL: gcc.dg/debug/redecl-3.c -gdwarf-2 -O3 (internal compiler error)
FAIL: gcc.dg/debug/redecl-3.c -gdwarf-2 -O3 (test for excess errors)
FAIL: gcc.dg/debug/redecl-3.c -gdwarf-2 -g3 (internal compiler error)
FAIL: gcc.dg/debug/redecl-3.c -gdwarf-2 -g3 (test for excess errors)
FAIL: gcc.dg/debug/redecl-3.c -gdwarf-2 -g3 -O (internal compiler error)
FAIL: gcc.dg/debug/redecl-3.c -gdwarf-2 -g3 -O (test for excess errors)
FAIL: gcc.dg/debug/redecl-3.c -gdwarf-2 -g3 -O3 (internal compiler error)
FAIL: gcc.dg/debug/redecl-3.c -gdwarf-2 -g3 -O3 (test for excess errors)
FAIL: gcc.dg/debug/redecl-4.c -gdwarf-2 -g1 (internal compiler error)
FAIL: gcc.dg/debug/redecl-4.c -gdwarf-2 -g1 (test for excess errors)
FAIL: gcc.dg/debug/redecl-4.c -gdwarf-2 -g1 -O (internal compiler error)
FAIL: gcc.dg/debug/redecl-4.c -gdwarf-2 -g1 -O (test for excess errors)
FAIL: gcc.dg/debug/redecl-4.c -gdwarf-2 -g1 -O3 (internal compiler error)
FAIL: gcc.dg/debug/redecl-4.c -gdwarf-2 -g1 -O3 (test for excess errors)
FAIL: gcc.dg/debug/redecl-4.c -gdwarf-2 (internal compiler error)
FAIL: gcc.dg/debug/redecl-4.c -gdwarf-2 (test for excess errors)
FAIL: gcc.dg/debug/redecl-4.c -gdwarf-2 -O (internal compiler error)
FAIL: gcc.dg/debug/redecl-4.c -gdwarf-2 -O (test for excess errors)
FAIL: gcc.dg/debug/redecl-4.c -gdwarf-2 -O3 (internal compiler error)
FAIL: gcc.dg/debug/redecl-4.c -gdwarf-2 -O3 (test for excess errors)
FAIL: gcc.dg/debug/redecl-4.c -gdwarf-2 -g3 (internal compiler error)
FAIL: gcc.dg/debug/redecl-4.c -gdwarf-2 -g3 (test for excess errors)
FAIL: gcc.dg/debug/redecl-4.c -gdwarf-2 -g3 -O (internal compiler error)
FAIL: gcc.dg/debug/redecl-4.c -gdwarf-2 -g3 -O (test for excess errors)
FAIL: gcc.dg/debug/redecl-4.c -gdwarf-2 -g3 -O3 (internal compiler error)
FAIL: gcc.dg/debug/redecl-4.c -gdwarf-2 -g3 -O3 (test for excess errors)
FAIL: gcc.dg/debug/redecl-5.c -gdwarf-2 -g1 (internal compiler error)
FAIL: gcc.dg/debug/redecl-5.c -gdwarf-2 -g1 (test for excess errors)
FAIL: gcc.dg/debug/redecl-5.c -gdwarf-2 -g1 -O (internal compiler error)
FAIL: gcc.dg/debug/redecl-5.c -gdwarf-2 -g1 -O (test for excess errors)
FAIL: gcc.dg/debug/redecl-5.c -gdwarf-2 -g1 -O3 (internal compiler error)
FAIL: gcc.dg/debug/redecl-5.c -gdwarf-2 -g1 -O3 (test for excess errors)
FAIL: gcc.dg/debug/redecl-5.c -gdwarf-2 (internal compiler error)
FAIL: gcc.dg/debug/redecl-5.c -gdwarf-2 (test for excess errors)
FAIL: gcc.dg/debug/redecl-5.c -gdwarf-2 -O (internal compiler error)
FAIL: gcc.dg/debug/redecl-5.c -gdwarf-2 -O (test for excess errors)
FAIL: gcc.dg/debug/redecl-5.c -gdwarf-2 -O3 (internal compiler error)
FAIL: gcc.dg/debug/redecl-5.c -gdwarf-2 -O3 (test for excess errors)
FAIL: gcc.dg/debug/redecl-5.c -gdwarf-2 -g3 (internal compiler error)
FAIL: gcc.dg/debug/redecl-5.c -gdwarf-2 -g3 (test for excess errors)
FAIL: gcc.dg/debug/redecl-5.c -gdwarf-2 -g3 -O (internal compiler error)
FAIL: gcc.dg/debug/redecl-5.c -gdwarf-2 -g3 -O (test for excess errors)
FAIL: gcc.dg/debug/redecl-5.c -gdwarf-2 -g3 -O3 (internal compiler error)
FAIL: gcc.dg/debug/redecl-5.c -gdwarf-2 -g3 -O3 (test for excess errors)
FAIL: gcc.dg/debug/tls-1.c -gdwarf-2 -g1 (internal compiler error)
FAIL: gcc.dg/debug/tls-1.c -gdwarf-2 -g1 (test for excess errors)
FAIL: gcc.dg/debug/tls-1.c -gdwarf-2 -g1 -O (internal compiler error)
FAIL: gcc.dg/debug/tls-1.c -gdwarf-2 -g1 -O (test for excess errors)
FAIL: gcc.dg/debug/tls-1.c -gdwarf-2 -g1 -O3 (internal compiler error)
FAIL: gcc.dg/debug/tls-1.c -gdwarf-2 -g1 -O3 (test for excess errors)
FAIL: gcc.dg/debug/tls-1.c -gdwarf-2 (internal compiler error)
FAIL: gcc.dg/debug/tls-1.c -gdwarf-2 (test for excess errors)
FAIL: gcc.dg/debug/tls-1.c -gdwarf-2 -O (internal compiler error)
FAIL: gcc.dg/debug/tls-1.c -gdwarf-2 -O (test for excess errors)
FAIL: gcc.dg/debug/tls-1.c -gdwarf-2 -O3 (internal compiler error)
FAIL: gcc.dg/debug/tls-1.c -gdwarf-2 -O3 (test for excess errors)
FAIL: gcc.dg/debug/tls-1.c -gdwarf-2 -g3 (internal compiler error)
FAIL: gcc.dg/debug/tls-1.c -gdwarf-2 -g3 (test for excess errors)
FAIL: gcc.dg/debug/tls-1.c -gdwarf-2 -g3 -O (internal compiler error)
FAIL: gcc.dg/debug/tls-1.c -gdwarf-2 -g3 -O (test for excess errors)
FAIL: gcc.dg/debug/tls-1.c -gdwarf-2 -g3 -O3 (internal compiler error)
FAIL: gcc.dg/debug/tls-1.c -gdwarf-2 -g3 -O3 (test for excess errors)
FAIL: gcc.dg/debug/trivial.c -gdwarf-2 -g1 (internal compiler error)
FAIL: gcc.dg/debug/trivial.c -gdwarf-2 -g1 (test for excess errors)
UNRESOLVED: gcc.dg/debug/trivial.c -gdwarf-2 -g1 compilation failed to produce executable
FAIL: gcc.dg/debug/trivial.c -gdwarf-2 -g1 -O (internal compiler error)
FAIL: gcc.dg/debug/trivial.c -gdwarf-2 -g1 -O (test for excess errors)
UNRESOLVED: gcc.dg/debug/trivial.c -gdwarf-2 -g1 -O compilation failed to produce executable
FAIL: gcc.dg/debug/trivial.c -gdwarf-2 -g1 -O3 (internal compiler error)
FAIL: gcc.dg/debug/trivial.c -gdwarf-2 -g1 -O3 (test for excess errors)
UNRESOLVED: gcc.dg/debug/trivial.c -gdwarf-2 -g1 -O3 compilation failed to produce executable
FAIL: gcc.dg/debug/trivial.c -gdwarf-2 (internal compiler error)
FAIL: gcc.dg/debug/trivial.c -gdwarf-2 (test for excess errors)
UNRESOLVED: gcc.dg/debug/trivial.c -gdwarf-2 compilation failed to produce executable
FAIL: gcc.dg/debug/trivial.c -gdwarf-2 -O (internal compiler error)
FAIL: gcc.dg/debug/trivial.c -gdwarf-2 -O (test for excess errors)
UNRESOLVED: gcc.dg/debug/trivial.c -gdwarf-2 -O compilation failed to produce executable
FAIL: gcc.dg/debug/trivial.c -gdwarf-2 -O3 (internal compiler error)
FAIL: gcc.dg/debug/trivial.c -gdwarf-2 -O3 (test for excess errors)
UNRESOLVED: gcc.dg/debug/trivial.c -gdwarf-2 -O3 compilation failed to produce executable
FAIL: gcc.dg/debug/trivial.c -gdwarf-2 -g3 (internal compiler error)
FAIL: gcc.dg/debug/trivial.c -gdwarf-2 -g3 (test for excess errors)
UNRESOLVED: gcc.dg/debug/trivial.c -gdwarf-2 -g3 compilation failed to produce executable
FAIL: gcc.dg/debug/trivial.c -gdwarf-2 -g3 -O (internal compiler error)
FAIL: gcc.dg/debug/trivial.c -gdwarf-2 -g3 -O (test for excess errors)
UNRESOLVED: gcc.dg/debug/trivial.c -gdwarf-2 -g3 -O compilation failed to produce executable
FAIL: gcc.dg/debug/trivial.c -gdwarf-2 -g3 -O3 (internal compiler error)
FAIL: gcc.dg/debug/trivial.c -gdwarf-2 -g3 -O3 (test for excess errors)
UNRESOLVED: gcc.dg/debug/trivial.c -gdwarf-2 -g3 -O3 compilation failed to produce executable
FAIL: gcc.dg/debug/vta-1.c -gdwarf-2 -g1 (internal compiler error)
FAIL: gcc.dg/debug/vta-1.c -gdwarf-2 -g1 (test for excess errors)
FAIL: gcc.dg/debug/vta-1.c -gdwarf-2 -g1 -O (internal compiler error)
FAIL: gcc.dg/debug/vta-1.c -gdwarf-2 -g1 -O (test for excess errors)
FAIL: gcc.dg/debug/vta-1.c -gdwarf-2 -g1 -O3 (internal compiler error)
FAIL: gcc.dg/debug/vta-1.c -gdwarf-2 -g1 -O3 (test for excess errors)
FAIL: gcc.dg/debug/vta-1.c -gdwarf-2 (internal compiler error)
FAIL: gcc.dg/debug/vta-1.c -gdwarf-2 (test for excess errors)
FAIL: gcc.dg/debug/vta-1.c -gdwarf-2 -O (internal compiler error)
FAIL: gcc.dg/debug/vta-1.c -gdwarf-2 -O (test for excess errors)
FAIL: gcc.dg/debug/vta-1.c -gdwarf-2 -O3 (internal compiler error)
FAIL: gcc.dg/debug/vta-1.c -gdwarf-2 -O3 (test for excess errors)
FAIL: gcc.dg/debug/vta-1.c -gdwarf-2 -g3 (internal compiler error)
FAIL: gcc.dg/debug/vta-1.c -gdwarf-2 -g3 (test for excess errors)
FAIL: gcc.dg/debug/vta-1.c -gdwarf-2 -g3 -O (internal compiler error)
FAIL: gcc.dg/debug/vta-1.c -gdwarf-2 -g3 -O (test for excess errors)
FAIL: gcc.dg/debug/vta-1.c -gdwarf-2 -g3 -O3 (internal compiler error)
FAIL: gcc.dg/debug/vta-1.c -gdwarf-2 -g3 -O3 (test for excess errors)
FAIL: gcc.dg/debug/vta-2.c -gdwarf-2 -g1 (internal compiler error)
FAIL: gcc.dg/debug/vta-2.c -gdwarf-2 -g1 (test for excess errors)
FAIL: gcc.dg/debug/vta-2.c -gdwarf-2 -g1 -O (internal compiler error)
FAIL: gcc.dg/debug/vta-2.c -gdwarf-2 -g1 -O (test for excess errors)
FAIL: gcc.dg/debug/vta-2.c -gdwarf-2 -g1 -O3 (internal compiler error)
FAIL: gcc.dg/debug/vta-2.c -gdwarf-2 -g1 -O3 (test for excess errors)
FAIL: gcc.dg/debug/vta-2.c -gdwarf-2 (internal compiler error)
FAIL: gcc.dg/debug/vta-2.c -gdwarf-2 (test for excess errors)
FAIL: gcc.dg/debug/vta-2.c -gdwarf-2 -O (internal compiler error)
FAIL: gcc.dg/debug/vta-2.c -gdwarf-2 -O (test for excess errors)
FAIL: gcc.dg/debug/vta-2.c -gdwarf-2 -O3 (internal compiler error)
FAIL: gcc.dg/debug/vta-2.c -gdwarf-2 -O3 (test for excess errors)
FAIL: gcc.dg/debug/vta-2.c -gdwarf-2 -g3 (internal compiler error)
FAIL: gcc.dg/debug/vta-2.c -gdwarf-2 -g3 (test for excess errors)
FAIL: gcc.dg/debug/vta-2.c -gdwarf-2 -g3 -O (internal compiler error)
FAIL: gcc.dg/debug/vta-2.c -gdwarf-2 -g3 -O (test for excess errors)
FAIL: gcc.dg/debug/vta-2.c -gdwarf-2 -g3 -O3 (internal compiler error)
FAIL: gcc.dg/debug/vta-2.c -gdwarf-2 -g3 -O3 (test for excess errors)
FAIL: gcc.dg/debug/vta-3.c -gdwarf-2 -g1 (internal compiler error)
FAIL: gcc.dg/debug/vta-3.c -gdwarf-2 -g1 (test for excess errors)
FAIL: gcc.dg/debug/vta-3.c -gdwarf-2 -g1 -O (internal compiler error)
FAIL: gcc.dg/debug/vta-3.c -gdwarf-2 -g1 -O (test for excess errors)
FAIL: gcc.dg/debug/vta-3.c -gdwarf-2 -g1 -O3 (internal compiler error)
FAIL: gcc.dg/debug/vta-3.c -gdwarf-2 -g1 -O3 (test for excess errors)
FAIL: gcc.dg/debug/vta-3.c -gdwarf-2 (internal compiler error)
FAIL: gcc.dg/debug/vta-3.c -gdwarf-2 (test for excess errors)
FAIL: gcc.dg/debug/vta-3.c -gdwarf-2 -O (internal compiler error)
FAIL: gcc.dg/debug/vta-3.c -gdwarf-2 -O (test for excess errors)
FAIL: gcc.dg/debug/vta-3.c -gdwarf-2 -O3 (internal compiler error)
FAIL: gcc.dg/debug/vta-3.c -gdwarf-2 -O3 (test for excess errors)
FAIL: gcc.dg/debug/vta-3.c -gdwarf-2 -g3 (internal compiler error)
FAIL: gcc.dg/debug/vta-3.c -gdwarf-2 -g3 (test for excess errors)
FAIL: gcc.dg/debug/vta-3.c -gdwarf-2 -g3 -O (internal compiler error)
FAIL: gcc.dg/debug/vta-3.c -gdwarf-2 -g3 -O (test for excess errors)
FAIL: gcc.dg/debug/vta-3.c -gdwarf-2 -g3 -O3 (internal compiler error)
FAIL: gcc.dg/debug/vta-3.c -gdwarf-2 -g3 -O3 (test for excess errors)
FAIL: c-c++-common/dwarf2/pr43190.c (internal compiler error)
FAIL: c-c++-common/dwarf2/pr43190.c (test for excess errors)
ERROR: c-c++-common/dwarf2/pr43190.c: error executing dg-final: couldn't open "pr43190.s": no such file or directory
UNRESOLVED: c-c++-common/dwarf2/pr43190.c: error executing dg-final: couldn't open "pr43190.s": no such file or directory
FAIL: c-c++-common/dwarf2/vla1.c (internal compiler error)
FAIL: c-c++-common/dwarf2/vla1.c (test for excess errors)
ERROR: c-c++-common/dwarf2/vla1.c: error executing dg-final: couldn't open "vla1.s": no such file or directory
UNRESOLVED: c-c++-common/dwarf2/vla1.c: error executing dg-final: couldn't open "vla1.s": no such file or directory
FAIL: gcc.dg/debug/dwarf2/aranges-fnsec-1.c (internal compiler error)
FAIL: gcc.dg/debug/dwarf2/aranges-fnsec-1.c (test for excess errors)
ERROR: gcc.dg/debug/dwarf2/aranges-fnsec-1.c: error executing dg-final: couldn't open "aranges-fnsec-1.s": no such file or directory
UNRESOLVED: gcc.dg/debug/dwarf2/aranges-fnsec-1.c: error executing dg-final: couldn't open "aranges-fnsec-1.s": no such file or directory
FAIL: gcc.dg/debug/dwarf2/c99-typedef1.c (internal compiler error)
FAIL: gcc.dg/debug/dwarf2/c99-typedef1.c (test for excess errors)
FAIL: gcc.dg/debug/dwarf2/dwarf-char1.c (internal compiler error)
FAIL: gcc.dg/debug/dwarf2/dwarf-char1.c (test for excess errors)
ERROR: gcc.dg/debug/dwarf2/dwarf-char1.c: error executing dg-final: couldn't open "dwarf-char1.s": no such file or directory
UNRESOLVED: gcc.dg/debug/dwarf2/dwarf-char1.c: error executing dg-final: couldn't open "dwarf-char1.s": no such file or directory
FAIL: gcc.dg/debug/dwarf2/dwarf-char2.c (internal compiler error)
FAIL: gcc.dg/debug/dwarf2/dwarf-char2.c (test for excess errors)
ERROR: gcc.dg/debug/dwarf2/dwarf-char2.c: error executing dg-final: couldn't open "dwarf-char2.s": no such file or directory
UNRESOLVED: gcc.dg/debug/dwarf2/dwarf-char2.c: error executing dg-final: couldn't open "dwarf-char2.s": no such file or directory
FAIL: gcc.dg/debug/dwarf2/dwarf-char3.c (internal compiler error)
FAIL: gcc.dg/debug/dwarf2/dwarf-char3.c (test for excess errors)
ERROR: gcc.dg/debug/dwarf2/dwarf-char3.c: error executing dg-final: couldn't open "dwarf-char3.s": no such file or directory
UNRESOLVED: gcc.dg/debug/dwarf2/dwarf-char3.c: error executing dg-final: couldn't open "dwarf-char3.s": no such file or directory
FAIL: gcc.dg/debug/dwarf2/dwarf-die1.c (internal compiler error)
FAIL: gcc.dg/debug/dwarf2/dwarf-die1.c (test for excess errors)
ERROR: gcc.dg/debug/dwarf2/dwarf-die1.c: error executing dg-final: couldn't open "dwarf-die1.s": no such file or directory
UNRESOLVED: gcc.dg/debug/dwarf2/dwarf-die1.c: error executing dg-final: couldn't open "dwarf-die1.s": no such file or directory
FAIL: gcc.dg/debug/dwarf2/dwarf-die2.c (internal compiler error)
FAIL: gcc.dg/debug/dwarf2/dwarf-die2.c (test for excess errors)
ERROR: gcc.dg/debug/dwarf2/dwarf-die2.c: error executing dg-final: couldn't open "dwarf-die2.s": no such file or directory
UNRESOLVED: gcc.dg/debug/dwarf2/dwarf-die2.c: error executing dg-final: couldn't open "dwarf-die2.s": no such file or directory
FAIL: gcc.dg/debug/dwarf2/dwarf-die3.c (internal compiler error)
FAIL: gcc.dg/debug/dwarf2/dwarf-die3.c (test for excess errors)
ERROR: gcc.dg/debug/dwarf2/dwarf-die3.c: error executing dg-final: couldn't open "dwarf-die3.s": no such file or directory
UNRESOLVED: gcc.dg/debug/dwarf2/dwarf-die3.c: error executing dg-final: couldn't open "dwarf-die3.s": no such file or directory
FAIL: gcc.dg/debug/dwarf2/dwarf-die5.c (internal compiler error)
FAIL: gcc.dg/debug/dwarf2/dwarf-die5.c (test for excess errors)
ERROR: gcc.dg/debug/dwarf2/dwarf-die5.c: error executing dg-final: couldn't open "dwarf-die5.s": no such file or directory
UNRESOLVED: gcc.dg/debug/dwarf2/dwarf-die5.c: error executing dg-final: couldn't open "dwarf-die5.s": no such file or directory
FAIL: gcc.dg/debug/dwarf2/dwarf-die6.c (internal compiler error)
FAIL: gcc.dg/debug/dwarf2/dwarf-die6.c (test for excess errors)
ERROR: gcc.dg/debug/dwarf2/dwarf-die6.c: error executing dg-final: couldn't open "dwarf-die6.s": no such file or directory
UNRESOLVED: gcc.dg/debug/dwarf2/dwarf-die6.c: error executing dg-final: couldn't open "dwarf-die6.s": no such file or directory
FAIL: gcc.dg/debug/dwarf2/dwarf-die7.c (internal compiler error)
FAIL: gcc.dg/debug/dwarf2/dwarf-die7.c (test for excess errors)
ERROR: gcc.dg/debug/dwarf2/dwarf-die7.c: error executing dg-final: couldn't open "dwarf-die7.s": no such file or directory
UNRESOLVED: gcc.dg/debug/dwarf2/dwarf-die7.c: error executing dg-final: couldn't open "dwarf-die7.s": no such file or directory
FAIL: gcc.dg/debug/dwarf2/dwarf-file1.c (internal compiler error)
FAIL: gcc.dg/debug/dwarf2/dwarf-file1.c (test for excess errors)
ERROR: gcc.dg/debug/dwarf2/dwarf-file1.c: error executing dg-final: couldn't open "dwarf-file1.s": no such file or directory
UNRESOLVED: gcc.dg/debug/dwarf2/dwarf-file1.c: error executing dg-final: couldn't open "dwarf-file1.s": no such file or directory
FAIL: gcc.dg/debug/dwarf2/dwarf-float.c (internal compiler error)
FAIL: gcc.dg/debug/dwarf2/dwarf-float.c (test for excess errors)
ERROR: gcc.dg/debug/dwarf2/dwarf-float.c: error executing dg-final: couldn't open "dwarf-float.s": no such file or directory
UNRESOLVED: gcc.dg/debug/dwarf2/dwarf-float.c: error executing dg-final: couldn't open "dwarf-float.s": no such file or directory
FAIL: gcc.dg/debug/dwarf2/dwarf-uninit.c (internal compiler error)
FAIL: gcc.dg/debug/dwarf2/dwarf-uninit.c (test for excess errors)
ERROR: gcc.dg/debug/dwarf2/dwarf-uninit.c: error executing dg-final: couldn't open "dwarf-uninit.s": no such file or directory
UNRESOLVED: gcc.dg/debug/dwarf2/dwarf-uninit.c: error executing dg-final: couldn't open "dwarf-uninit.s": no such file or directory
FAIL: gcc.dg/debug/dwarf2/dwarf2-macro.c (internal compiler error)
FAIL: gcc.dg/debug/dwarf2/dwarf2-macro.c (test for excess errors)
ERROR: gcc.dg/debug/dwarf2/dwarf2-macro.c: error executing dg-final: couldn't open "dwarf2-macro.s": no such file or directory
UNRESOLVED: gcc.dg/debug/dwarf2/dwarf2-macro.c: error executing dg-final: couldn't open "dwarf2-macro.s": no such file or directory
FAIL: gcc.dg/debug/dwarf2/fesd-any.c (internal compiler error)
FAIL: gcc.dg/debug/dwarf2/fesd-any.c (test for excess errors)
ERROR: gcc.dg/debug/dwarf2/fesd-any.c: error executing dg-final: couldn't open "fesd-any.s": no such file or directory
UNRESOLVED: gcc.dg/debug/dwarf2/fesd-any.c: error executing dg-final: couldn't open "fesd-any.s": no such file or directory
FAIL: gcc.dg/debug/dwarf2/fesd-baseonly.c (internal compiler error)
FAIL: gcc.dg/debug/dwarf2/fesd-baseonly.c (test for excess errors)
ERROR: gcc.dg/debug/dwarf2/fesd-baseonly.c: error executing dg-final: couldn't open "fesd-baseonly.s": no such file or directory
UNRESOLVED: gcc.dg/debug/dwarf2/fesd-baseonly.c: error executing dg-final: couldn't open "fesd-baseonly.s": no such file or directory
FAIL: gcc.dg/debug/dwarf2/fesd-none.c (internal compiler error)
FAIL: gcc.dg/debug/dwarf2/fesd-none.c (test for excess errors)
ERROR: gcc.dg/debug/dwarf2/fesd-none.c: error executing dg-final: couldn't open "fesd-none.s": no such file or directory
UNRESOLVED: gcc.dg/debug/dwarf2/fesd-none.c: error executing dg-final: couldn't open "fesd-none.s": no such file or directory
FAIL: gcc.dg/debug/dwarf2/fesd-reduced.c (internal compiler error)
FAIL: gcc.dg/debug/dwarf2/fesd-reduced.c (test for excess errors)
ERROR: gcc.dg/debug/dwarf2/fesd-reduced.c: error executing dg-final: couldn't open "fesd-reduced.s": no such file or directory
UNRESOLVED: gcc.dg/debug/dwarf2/fesd-reduced.c: error executing dg-final: couldn't open "fesd-reduced.s": no such file or directory
FAIL: gcc.dg/debug/dwarf2/fesd-sys.c (internal compiler error)
FAIL: gcc.dg/debug/dwarf2/fesd-sys.c (test for excess errors)
ERROR: gcc.dg/debug/dwarf2/fesd-sys.c: error executing dg-final: couldn't open "fesd-sys.s": no such file or directory
UNRESOLVED: gcc.dg/debug/dwarf2/fesd-sys.c: error executing dg-final: couldn't open "fesd-sys.s": no such file or directory
FAIL: gcc.dg/debug/dwarf2/global-used-types.c scan-assembler-times DIE \\\\(0x.*?\\\\) DW_TAG_enumeration_type 1
FAIL: gcc.dg/debug/dwarf2/global-used-types.c scan-assembler-times DIE \\\\(0x.*?\\\\) DW_TAG_enumerator 2
FAIL: gcc.dg/debug/dwarf2/global-used-types.c scan-assembler-times ascii "a.0"[\\t ]+.*?DW_AT_name 1
FAIL: gcc.dg/debug/dwarf2/global-used-types.c scan-assembler-times ascii "b.0"[\\t ]+.*?DW_AT_name 1
FAIL: gcc.dg/debug/dwarf2/inline1.c (internal compiler error)
FAIL: gcc.dg/debug/dwarf2/inline1.c (test for excess errors)
ERROR: gcc.dg/debug/dwarf2/inline1.c: error executing dg-final: couldn't open "inline1.s": no such file or directory
UNRESOLVED: gcc.dg/debug/dwarf2/inline1.c: error executing dg-final: couldn't open "inline1.s": no such file or directory
FAIL: gcc.dg/debug/dwarf2/inline2.c scan-assembler-times \\\\(DIE \\\\(.*?\\\\) DW_TAG_inlined_subroutine 6
FAIL: gcc.dg/debug/dwarf2/inline2.c scan-assembler-times \\\\(DIE \\\\(.*?\\\\) DW_TAG_lexical_block 6
FAIL: gcc.dg/debug/dwarf2/inline2.c scan-assembler-times (?:byte|data1)[^\\n]*0x3[^\\n]* DW_AT_inline 3
FAIL: gcc.dg/debug/dwarf2/inline3.c scan-assembler-times  DW_AT_const_value 1
FAIL: gcc.dg/debug/dwarf2/ipa-cp1.c (internal compiler error)
FAIL: gcc.dg/debug/dwarf2/ipa-cp1.c (test for excess errors)
ERROR: gcc.dg/debug/dwarf2/ipa-cp1.c: error executing dg-final: couldn't open "ipa-cp1.s": no such file or directory
UNRESOLVED: gcc.dg/debug/dwarf2/ipa-cp1.c: error executing dg-final: couldn't open "ipa-cp1.s": no such file or directory
FAIL: gcc.dg/debug/dwarf2/pr29609-1.c (internal compiler error)
FAIL: gcc.dg/debug/dwarf2/pr29609-1.c (test for excess errors)
ERROR: gcc.dg/debug/dwarf2/pr29609-1.c: error executing dg-final: couldn't open "pr29609-1.s": no such file or directory
UNRESOLVED: gcc.dg/debug/dwarf2/pr29609-1.c: error executing dg-final: couldn't open "pr29609-1.s": no such file or directory
FAIL: gcc.dg/debug/dwarf2/pr29609-2.c (internal compiler error)
FAIL: gcc.dg/debug/dwarf2/pr29609-2.c (test for excess errors)
ERROR: gcc.dg/debug/dwarf2/pr29609-2.c: error executing dg-final: couldn't open "pr29609-2.s": no such file or directory
UNRESOLVED: gcc.dg/debug/dwarf2/pr29609-2.c: error executing dg-final: couldn't open "pr29609-2.s": no such file or directory
FAIL: gcc.dg/debug/dwarf2/pr31230.c (internal compiler error)
FAIL: gcc.dg/debug/dwarf2/pr31230.c (test for excess errors)
ERROR: gcc.dg/debug/dwarf2/pr31230.c: error executing dg-final: couldn't open "pr31230.s": no such file or directory
UNRESOLVED: gcc.dg/debug/dwarf2/pr31230.c: error executing dg-final: couldn't open "pr31230.s": no such file or directory
FAIL: gcc.dg/debug/dwarf2/pr36690-1.c (internal compiler error)
FAIL: gcc.dg/debug/dwarf2/pr36690-1.c (test for excess errors)
ERROR: gcc.dg/debug/dwarf2/pr36690-1.c: error executing dg-final: couldn't open "pr36690-1.s": no such file or directory
UNRESOLVED: gcc.dg/debug/dwarf2/pr36690-1.c: error executing dg-final: couldn't open "pr36690-1.s": no such file or directory
FAIL: gcc.dg/debug/dwarf2/pr36690-2.c (internal compiler error)
FAIL: gcc.dg/debug/dwarf2/pr36690-2.c (test for excess errors)
ERROR: gcc.dg/debug/dwarf2/pr36690-2.c: error executing dg-final: couldn't open "pr36690-2.s": no such file or directory
UNRESOLVED: gcc.dg/debug/dwarf2/pr36690-2.c: error executing dg-final: couldn't open "pr36690-2.s": no such file or directory
FAIL: gcc.dg/debug/dwarf2/pr36690-3.c (internal compiler error)
FAIL: gcc.dg/debug/dwarf2/pr36690-3.c (test for excess errors)
ERROR: gcc.dg/debug/dwarf2/pr36690-3.c: error executing dg-final: couldn't open "pr36690-3.s": no such file or directory
UNRESOLVED: gcc.dg/debug/dwarf2/pr36690-3.c: error executing dg-final: couldn't open "pr36690-3.s": no such file or directory
FAIL: gcc.dg/debug/dwarf2/pr37616.c (internal compiler error)
FAIL: gcc.dg/debug/dwarf2/pr37616.c (test for excess errors)
ERROR: gcc.dg/debug/dwarf2/pr37616.c: error executing dg-final: couldn't open "pr37616.s": no such file or directory
UNRESOLVED: gcc.dg/debug/dwarf2/pr37616.c: error executing dg-final: couldn't open "pr37616.s": no such file or directory
FAIL: gcc.dg/debug/dwarf2/pr37726.c scan-assembler-times "parm[^\\n]*"[^\\n]*DW_AT_name 2
FAIL: gcc.dg/debug/dwarf2/pr37726.c scan-assembler-times "var[^\\n]*"[^\\n]*DW_AT_name 2
FAIL: gcc.dg/debug/dwarf2/pr41445-1.c scan-assembler DW_TAG_variable[^\\\\r\\\\n]*[\\\\r\\\\n]+[^\\\\r\\\\n]*"varh[^\\\\r\\\\n]*DW_AT_name([^\\\\r\\\\n]*[\\\\r\\\\n]+[^\\\\r\\\\n]*DW_AT_)*[^\\\\r\\\\n]*[\\\\r\\\\n]+[^\\\\r\\\\n]*[^0-9a-fA-FxX](0x)?8[^0-9a-fA-FxX][^\\\\r\\\\n]*DW_AT_decl_line
FAIL: gcc.dg/debug/dwarf2/pr41445-1.c scan-assembler DW_TAG_variable[^\\\\r\\\\n]*[\\\\r\\\\n]+[^\\\\r\\\\n]*"vari[^\\\\r\\\\n]*DW_AT_name([^\\\\r\\\\n]*[\\\\r\\\\n]+[^\\\\r\\\\n]*DW_AT_)*[^\\\\r\\\\n]*[\\\\r\\\\n]+[^\\\\r\\\\n]*[^0-9a-fA-FxX](0xc|12)[^0-9a-fA-FxX][^\\\\r\\\\n]*DW_AT_decl_line
FAIL: gcc.dg/debug/dwarf2/pr41445-1.c scan-assembler DW_TAG_variable[^\\\\r\\\\n]*[\\\\r\\\\n]+[^\\\\r\\\\n]*"varj[^\\\\r\\\\n]*DW_AT_name([^\\\\r\\\\n]*[\\\\r\\\\n]+[^\\\\r\\\\n]*DW_AT_)*[^\\\\r\\\\n]*[\\\\r\\\\n]+[^\\\\r\\\\n]*[^0-9a-fA-FxX](0xd|13)[^0-9a-fA-FxX][^\\\\r\\\\n]*DW_AT_decl_line
FAIL: gcc.dg/debug/dwarf2/pr41445-2.c scan-assembler DW_TAG_variable[^\\\\r\\\\n]*[\\\\r\\\\n]+[^\\\\r\\\\n]*"varh[^\\\\r\\\\n]*DW_AT_name([^\\\\r\\\\n]*[\\\\r\\\\n]+[^\\\\r\\\\n]*DW_AT_)*[^\\\\r\\\\n]*[\\\\r\\\\n]+[^\\\\r\\\\n]*[^0-9a-fA-FxX](0x)?8[^0-9a-fA-FxX][^\\\\r\\\\n]*DW_AT_decl_line
FAIL: gcc.dg/debug/dwarf2/pr41445-2.c scan-assembler DW_TAG_variable[^\\\\r\\\\n]*[\\\\r\\\\n]+[^\\\\r\\\\n]*"vari[^\\\\r\\\\n]*DW_AT_name([^\\\\r\\\\n]*[\\\\r\\\\n]+[^\\\\r\\\\n]*DW_AT_)*[^\\\\r\\\\n]*[\\\\r\\\\n]+[^\\\\r\\\\n]*[^0-9a-fA-FxX](0xc|12)[^0-9a-fA-FxX][^\\\\r\\\\n]*DW_AT_decl_line
FAIL: gcc.dg/debug/dwarf2/pr41445-2.c scan-assembler DW_TAG_variable[^\\\\r\\\\n]*[\\\\r\\\\n]+[^\\\\r\\\\n]*"varj[^\\\\r\\\\n]*DW_AT_name([^\\\\r\\\\n]*[\\\\r\\\\n]+[^\\\\r\\\\n]*DW_AT_)*[^\\\\r\\\\n]*[\\\\r\\\\n]+[^\\\\r\\\\n]*[^0-9a-fA-FxX](0xd|13)[^0-9a-fA-FxX][^\\\\r\\\\n]*DW_AT_decl_line
FAIL: gcc.dg/debug/dwarf2/pr41445-3.c scan-assembler DW_TAG_variable[^\\\\r\\\\n]*[\\\\r\\\\n]+[^\\\\r\\\\n]*"varh[^\\\\r\\\\n]*DW_AT_name([^\\\\r\\\\n]*[\\\\r\\\\n]+[^\\\\r\\\\n]*DW_AT_)*[^\\\\r\\\\n]*[\\\\r\\\\n]+[^\\\\r\\\\n]*[^0-9a-fA-FxX](0x)?8[^0-9a-fA-FxX][^\\\\r\\\\n]*DW_AT_decl_line
FAIL: gcc.dg/debug/dwarf2/pr41445-3.c scan-assembler DW_TAG_variable[^\\\\r\\\\n]*[\\\\r\\\\n]+[^\\\\r\\\\n]*"vari[^\\\\r\\\\n]*DW_AT_name([^\\\\r\\\\n]*[\\\\r\\\\n]+[^\\\\r\\\\n]*DW_AT_)*[^\\\\r\\\\n]*[\\\\r\\\\n]+[^\\\\r\\\\n]*[^0-9a-fA-FxX](0xc|12)[^0-9a-fA-FxX][^\\\\r\\\\n]*DW_AT_decl_line
FAIL: gcc.dg/debug/dwarf2/pr41445-3.c scan-assembler DW_TAG_variable[^\\\\r\\\\n]*[\\\\r\\\\n]+[^\\\\r\\\\n]*"varj[^\\\\r\\\\n]*DW_AT_name([^\\\\r\\\\n]*[\\\\r\\\\n]+[^\\\\r\\\\n]*DW_AT_)*[^\\\\r\\\\n]*[\\\\r\\\\n]+[^\\\\r\\\\n]*[^0-9a-fA-FxX](0xd|13)[^0-9a-fA-FxX][^\\\\r\\\\n]*DW_AT_decl_line
FAIL: gcc.dg/debug/dwarf2/pr41445-4.c scan-assembler DW_TAG_variable[^\\\\r\\\\n]*[\\\\r\\\\n]+[^\\\\r\\\\n]*"varh[^\\\\r\\\\n]*DW_AT_name([^\\\\r\\\\n]*[\\\\r\\\\n]+[^\\\\r\\\\n]*DW_AT_)*[^\\\\r\\\\n]*[\\\\r\\\\n]+[^\\\\r\\\\n]*[^0-9a-fA-FxX](0x)?8[^0-9a-fA-FxX][^\\\\r\\\\n]*DW_AT_decl_line
FAIL: gcc.dg/debug/dwarf2/pr41445-4.c scan-assembler DW_TAG_variable[^\\\\r\\\\n]*[\\\\r\\\\n]+[^\\\\r\\\\n]*"vari[^\\\\r\\\\n]*DW_AT_name([^\\\\r\\\\n]*[\\\\r\\\\n]+[^\\\\r\\\\n]*DW_AT_)*[^\\\\r\\\\n]*[\\\\r\\\\n]+[^\\\\r\\\\n]*[^0-9a-fA-FxX](0xc|12)[^0-9a-fA-FxX][^\\\\r\\\\n]*DW_AT_decl_line
FAIL: gcc.dg/debug/dwarf2/pr41445-4.c scan-assembler DW_TAG_variable[^\\\\r\\\\n]*[\\\\r\\\\n]+[^\\\\r\\\\n]*"varj[^\\\\r\\\\n]*DW_AT_name([^\\\\r\\\\n]*[\\\\r\\\\n]+[^\\\\r\\\\n]*DW_AT_)*[^\\\\r\\\\n]*[\\\\r\\\\n]+[^\\\\r\\\\n]*[^0-9a-fA-FxX](0xd|13)[^0-9a-fA-FxX][^\\\\r\\\\n]*DW_AT_decl_line
FAIL: gcc.dg/debug/dwarf2/pr41445-5.c scan-assembler DW_TAG_variable[^\\\\r\\\\n]*[\\\\r\\\\n]+[^\\\\r\\\\n]*"vari[^\\\\r\\\\n]*DW_AT_name([^\\\\r\\\\n]*[\\\\r\\\\n]+[^\\\\r\\\\n]*DW_AT_)*[^\\\\r\\\\n]*[\\\\r\\\\n]+[^\\\\r\\\\n]*[^0-9a-fA-FxX](0x)?7[^0-9a-fA-FxX][^\\\\r\\\\n]*DW_AT_decl_line
FAIL: gcc.dg/debug/dwarf2/pr41445-5.c scan-assembler DW_TAG_variable[^\\\\r\\\\n]*[\\\\r\\\\n]+[^\\\\r\\\\n]*"varj[^\\\\r\\\\n]*DW_AT_name([^\\\\r\\\\n]*[\\\\r\\\\n]+[^\\\\r\\\\n]*DW_AT_)*[^\\\\r\\\\n]*[\\\\r\\\\n]+[^\\\\r\\\\n]*[^0-9a-fA-FxX](0xa|10)[^0-9a-fA-FxX][^\\\\r\\\\n]*DW_AT_decl_line
FAIL: gcc.dg/debug/dwarf2/pr41445-6.c scan-assembler DW_TAG_variable[^\\\\r\\\\n]*[\\\\r\\\\n]+[^\\\\r\\\\n]*"vari[^\\\\r\\\\n]*DW_AT_name([^\\\\r\\\\n]*[\\\\r\\\\n]+[^\\\\r\\\\n]*DW_AT_)*[^\\\\r\\\\n]*[\\\\r\\\\n]+[^\\\\r\\\\n]*[^0-9a-fA-FxX](0x)?7[^0-9a-fA-FxX][^\\\\r\\\\n]*DW_AT_decl_line
FAIL: gcc.dg/debug/dwarf2/pr41445-6.c scan-assembler DW_TAG_variable[^\\\\r\\\\n]*[\\\\r\\\\n]+[^\\\\r\\\\n]*"varj[^\\\\r\\\\n]*DW_AT_name([^\\\\r\\\\n]*[\\\\r\\\\n]+[^\\\\r\\\\n]*DW_AT_)*[^\\\\r\\\\n]*[\\\\r\\\\n]+[^\\\\r\\\\n]*[^0-9a-fA-FxX](0xa|10)[^0-9a-fA-FxX][^\\\\r\\\\n]*DW_AT_decl_line
FAIL: gcc.dg/debug/dwarf2/short-circuit.c (internal compiler error)
FAIL: gcc.dg/debug/dwarf2/short-circuit.c (test for excess errors)
ERROR: gcc.dg/debug/dwarf2/short-circuit.c: error executing dg-final: couldn't open "short-circuit.s": no such file or directory
UNRESOLVED: gcc.dg/debug/dwarf2/short-circuit.c: error executing dg-final: couldn't open "short-circuit.s": no such file or directory
FAIL: gcc.dg/debug/dwarf2/static1.c (internal compiler error)
FAIL: gcc.dg/debug/dwarf2/static1.c (test for excess errors)
ERROR: gcc.dg/debug/dwarf2/static1.c: error executing dg-final: couldn't open "static1.s": no such file or directory
UNRESOLVED: gcc.dg/debug/dwarf2/static1.c: error executing dg-final: couldn't open "static1.s": no such file or directory
FAIL: gcc.dg/debug/dwarf2/struct-loc1.c scan-assembler DW_TAG_structure_type[^\\\\r\\\\n]*[\\\\r\\\\n]+[^\\\\r\\\\n]*"foo[^\\\\r\\\\n]*DW_AT_name([^\\\\r\\\\n]*[\\\\r\\\\n]+[^\\\\r\\\\n]*DW_AT_)*[^\\\\r\\\\n]*[\\\\r\\\\n]+[^\\\\r\\\\n]*[^0-9a-fA-FxX](0x)?6[^0-9a-fA-FxX][^\\\\r\\\\n]*DW_AT_decl_line
FAIL: gcc.dg/debug/dwarf2/var1.c (internal compiler error)
FAIL: gcc.dg/debug/dwarf2/var1.c (test for excess errors)
ERROR: gcc.dg/debug/dwarf2/var1.c: error executing dg-final: couldn't open "var1.s": no such file or directory
UNRESOLVED: gcc.dg/debug/dwarf2/var1.c: error executing dg-final: couldn't open "var1.s": no such file or directory
FAIL: gcc.dg/debug/dwarf2/var2.c (internal compiler error)
FAIL: gcc.dg/debug/dwarf2/var2.c (test for excess errors)
ERROR: gcc.dg/debug/dwarf2/var2.c: error executing dg-final: couldn't open "var2.s": no such file or directory
UNRESOLVED: gcc.dg/debug/dwarf2/var2.c: error executing dg-final: couldn't open "var2.s": no such file or directory
XPASS: gcc.dg/Wtype-limits-Wextra.c (test for excess errors)
XPASS: gcc.dg/builtin-return-1.c execution test
FAIL: gcc.dg/c99-stdint-1.c (test for excess errors)
FAIL: gcc.dg/c99-stdint-5.c (test for excess errors)
FAIL: gcc.dg/c99-stdint-6.c (test for excess errors)
FAIL: gcc.dg/c99-stdint-7.c (test for excess errors)
FAIL: gcc.dg/large-size-array-2.c (internal compiler error)
FAIL: gcc.dg/large-size-array-2.c  (test for errors, line 6)
FAIL: gcc.dg/large-size-array-2.c (test for excess errors)
FAIL: gcc.dg/large-size-array-4.c (internal compiler error)
FAIL: gcc.dg/large-size-array-4.c  (test for errors, line 6)
FAIL: gcc.dg/large-size-array-4.c (test for excess errors)
XPASS: gcc.dg/memcpy-1.c scan-tree-dump-times optimized "nasty_local\\." 0
FAIL: gcc.dg/pr41963.c (test for excess errors)
UNRESOLVED: gcc.dg/pr41963.c compilation failed to produce executable
FAIL: gcc.dg/pr42629.c (test for excess errors)
FAIL: gcc.dg/pr43300.c (internal compiler error)
FAIL: gcc.dg/pr43300.c (test for excess errors)
FAIL: gcc.dg/pr43402.c (test for excess errors)
FAIL: gcc.dg/pr44023.c (test for excess errors)
FAIL: gcc.dg/pr44024.c scan-tree-dump-not original "foo"
FAIL: gcc.dg/pr44674.c (test for excess errors)
FAIL: gcc.dg/pr45055.c (test for excess errors)
FAIL: gcc.dg/uninit-pred-7_a.c bogus warning (test for bogus messages, line 26)
FAIL: gcc.dg/uninit-pred-8_a.c bogus warning (test for bogus messages, line 26)
FAIL: gcc.dg/var-expand2.c execution test
FAIL: c-c++-common/pr44832.c  -Wc++-compat  (test for excess errors)
FAIL: gcc.dg/ipa/ipa-pta-14.c scan-ipa-dump pta "foo.result = { NULL a[^ ]* a[^ ]* c[^ ]* }"
FAIL: gcc.dg/lto/20090210 c_lto_20090210_0.o-c_lto_20090210_1.o link, -O0 -fwhopr
UNRESOLVED: gcc.dg/lto/20090210 c_lto_20090210_0.o-c_lto_20090210_1.o execute -O0 -fwhopr
FAIL: gcc.dg/lto/20090210 c_lto_20090210_0.o-c_lto_20090210_1.o link, -O2 -fwhopr
UNRESOLVED: gcc.dg/lto/20090210 c_lto_20090210_0.o-c_lto_20090210_1.o execute -O2 -fwhopr
FAIL: gcc.dg/lto/20090210 c_lto_20090210_0.o-c_lto_20090210_1.o link, -O0 -flto
UNRESOLVED: gcc.dg/lto/20090210 c_lto_20090210_0.o-c_lto_20090210_1.o execute -O0 -flto
FAIL: gcc.dg/lto/20090210 c_lto_20090210_0.o-c_lto_20090210_1.o link, -O2 -flto
UNRESOLVED: gcc.dg/lto/20090210 c_lto_20090210_0.o-c_lto_20090210_1.o execute -O2 -flto
FAIL: gcc.dg/lto/20090218-2 c_lto_20090218-2_1.o assemble, -O0 -fwhopr
FAIL: gcc.dg/lto/20090218-2 c_lto_20090218-2_1.o assemble, -O2 -fwhopr
FAIL: gcc.dg/lto/20090218-2 c_lto_20090218-2_1.o assemble, -O0 -flto
FAIL: gcc.dg/lto/20090218-2 c_lto_20090218-2_1.o assemble, -O2 -flto
FAIL: gcc.dg/lto/20091013-1 c_lto_20091013-1_1.o assemble, -fPIC -r -nostdlib -flto
FAIL: gcc.dg/lto/20091013-1 c_lto_20091013-1_2.o assemble, -fPIC -r -nostdlib -flto
FAIL: gcc.dg/lto/20091013-1 c_lto_20091013-1_1.o assemble, -fPIC -r -nostdlib -O2 -flto
FAIL: gcc.dg/lto/20091013-1 c_lto_20091013-1_2.o assemble, -fPIC -r -nostdlib -O2 -flto
FAIL: gcc.dg/torture/builtin-math-7.c  -O0  (test for excess errors)
UNRESOLVED: gcc.dg/torture/builtin-math-7.c  -O0  compilation failed to produce executable
FAIL: gcc.dg/torture/builtin-math-7.c  -O1  (test for excess errors)
UNRESOLVED: gcc.dg/torture/builtin-math-7.c  -O1  compilation failed to produce executable
FAIL: gcc.dg/torture/builtin-math-7.c  -O2  (test for excess errors)
UNRESOLVED: gcc.dg/torture/builtin-math-7.c  -O2  compilation failed to produce executable
FAIL: gcc.dg/torture/builtin-math-7.c  -O3 -fomit-frame-pointer  (test for excess errors)
UNRESOLVED: gcc.dg/torture/builtin-math-7.c  -O3 -fomit-frame-pointer  compilation failed to produce executable
FAIL: gcc.dg/torture/builtin-math-7.c  -O3 -fomit-frame-pointer -funroll-loops  (test for excess errors)
UNRESOLVED: gcc.dg/torture/builtin-math-7.c  -O3 -fomit-frame-pointer -funroll-loops  compilation failed to produce executable
FAIL: gcc.dg/torture/builtin-math-7.c  -O3 -fomit-frame-pointer -funroll-all-loops -finline-functions  (test for excess errors)
UNRESOLVED: gcc.dg/torture/builtin-math-7.c  -O3 -fomit-frame-pointer -funroll-all-loops -finline-functions  compilation failed to produce executable
FAIL: gcc.dg/torture/builtin-math-7.c  -O3 -g  (test for excess errors)
UNRESOLVED: gcc.dg/torture/builtin-math-7.c  -O3 -g  compilation failed to produce executable
FAIL: gcc.dg/torture/builtin-math-7.c  -Os  (test for excess errors)
UNRESOLVED: gcc.dg/torture/builtin-math-7.c  -Os  compilation failed to produce executable
FAIL: gcc.dg/torture/builtin-math-7.c  -O2 -flto  (test for excess errors)
UNRESOLVED: gcc.dg/torture/builtin-math-7.c  -O2 -flto  compilation failed to produce executable
FAIL: gcc.dg/torture/builtin-math-7.c  -O2 -fwhopr  (test for excess errors)
UNRESOLVED: gcc.dg/torture/builtin-math-7.c  -O2 -fwhopr  compilation failed to produce executable
FAIL: gcc.dg/torture/pr43165.c  -O0  (test for excess errors)
FAIL: gcc.dg/torture/pr43165.c  -O1  (test for excess errors)
FAIL: gcc.dg/torture/pr43165.c  -O2  (test for excess errors)
FAIL: gcc.dg/torture/pr43165.c  -O3 -fomit-frame-pointer  (test for excess errors)
FAIL: gcc.dg/torture/pr43165.c  -O3 -fomit-frame-pointer -funroll-loops  (test for excess errors)
FAIL: gcc.dg/torture/pr43165.c  -O3 -fomit-frame-pointer -funroll-all-loops -finline-functions  (test for excess errors)
FAIL: gcc.dg/torture/pr43165.c  -O3 -g  (test for excess errors)
FAIL: gcc.dg/torture/pr43165.c  -Os  (test for excess errors)
FAIL: gcc.dg/torture/pr43165.c  -O2 -flto  (test for excess errors)
FAIL: gcc.dg/torture/pr43165.c  -O2 -fwhopr  (test for excess errors)
XPASS: gcc.dg/tree-ssa/20031106-3.c scan-tree-dump-times optimized "link_error" 0
XPASS: gcc.dg/tree-ssa/20040204-1.c scan-tree-dump-times optimized "link_error" 0
XPASS: gcc.dg/tree-ssa/fre-vce-1.c scan-tree-dump-times fre "sv.i" 2
FAIL: gcc.dg/tree-ssa/pr42585.c scan-tree-dump-times optimized "struct _fat_ptr _ans" 0
FAIL: gcc.dg/tree-ssa/pr42585.c scan-tree-dump-times optimized "struct _fat_ptr _T2" 0
FAIL: gcc.dg/tree-ssa/pr45144.c (test for excess errors)
FAIL: gcc.dg/tree-ssa/pr45144.c scan-tree-dump optimized "x = a;": dump file does not exist
FAIL: gcc.dg/tree-ssa/ssa-ccp-23.c scan-tree-dump ccp1 "MEM\\[\\(int \\*\\)&a \\+ 4B\\]"
FAIL: gcc.dg/tree-ssa/ssa-ccp-33.c (test for excess errors)
FAIL: gcc.dg/tree-ssa/unreachable.c scan-tree-dump-not optimized "bad_boy"
FAIL: gcc.dg/tree-ssa/vrp51.c scan-assembler-not bug.

		=== gcc Summary ===

# of expected passes		60635
# of unexpected failures	1151
# of unexpected successes	6
# of expected failures		119
# of unresolved testcases	157
# of untested testcases		11
# of unsupported tests		2300
/home/mstein/sim/trunk/avr/build/gcc/xgcc  version 4.6.0 20100813 (experimental) [trunk revision 163230] (GCC) 


Compiler version: 4.6.0 20100813 (experimental) [trunk revision 163230] (GCC) gcc 
Platform: avr-unknown-none
configure flags: --target=avr --prefix=/home/mstein/cross-local/avr --enable-languages=c --disable-nls --disable-build-warnings --with-sysroot=/home/mstein/cross-local/avr --with-build-sysroot=/home/mstein/cross-local/avr --with-ld=/home/mstein/cross-local/avr/usr/bin/ld --with-as=/home/mstein/cross-local/avr/usr/bin/as --disable-libssp --with-mpfr=/opt/cfarm/mpfr-2.4.1 --with-gmp=/opt/cfarm/gmp-4.2.4 --with-libelf=/opt/cfarm/libelf-0.8.12 --with-mpc=/opt/cfarm/mpc-0.8


Index Nav: [Date Index] [Subject Index] [Author Index] [Thread Index]
Message Nav: [Date Prev] [Date Next] [Thread Prev] [Thread Next]