This is the mail archive of the gcc-testresults@gcc.gnu.org mailing list for the GCC project.


Index Nav: [Date Index] [Subject Index] [Author Index] [Thread Index]
Message Nav: [Date Prev] [Date Next] [Thread Prev] [Thread Next]
Other format: [Raw text]

Results for 4.5.1 (Blastwave.org Inc. Mon Aug 9 07:10:45 GMT 2010) testsuite on i386-pc-solaris2.8


[thor] uname -a
SunOS thor 5.8 Generic_127722-03 i86pc i386 i86pc
[thor] cat /etc/release
                       Solaris 8 2/02 s28x_u7wos_08a INTEL
           Copyright 2002 Sun Microsystems, Inc.  All Rights Reserved.
                           Assembled 18 December 2001
[thor]
[thor] which ld
/usr/ccs/bin/ld
[thor]
[thor] ld -V
ld: Software Generation Utilities - Solaris Link Editors: 5.8-1.302
ld: fatal: no files on input command line
[thor]
[thor] which gas
/opt/csw/bin/gas
[thor]
[thor] gas --version
GNU assembler (GNU Binutils) 2.20.1.20100303
Copyright 2009 Free Software Foundation, Inc.
This program is free software; you may redistribute it under the terms of
the GNU General Public License version 3 or later.
This program has absolutely no warranty.
This assembler was configured for a target of `i386-pc-solaris2.8'.
[thor]
[thor] ../gcc-4.5.1/contrib/test_summary
cat <<'EOF' |
LAST_UPDATED: Obtained from SVN: tags/gcc_4_5_1_release revision 162774

                === acats tests ===

                === acats Summary ===
# of expected passes            2321
# of unexpected failures        0
Native configuration is i386-pc-solaris2.8

                === g++ tests ===


Running target unix
FAIL: g++.dg/warn/miss-format-1.C  (test for errors, line 25)
FAIL: g++.dg/warn/miss-format-1.C printf attribute warning (test for
warnings, line 17)
FAIL: g++.dg/warn/miss-format-1.C printf attribute warning 2 (test for
warnings, line 42)
FAIL: g++.dg/warn/miss-format-1.C (test for excess errors)
FAIL: g++.dg/torture/pr44900.C  -O0  execution test
FAIL: g++.dg/torture/pr44900.C  -O1  execution test
FAIL: g++.dg/torture/pr44900.C  -O2  execution test
FAIL: g++.dg/torture/pr44900.C  -O3 -fomit-frame-pointer  execution test
FAIL: g++.dg/torture/pr44900.C  -O3 -g  execution test
FAIL: g++.dg/torture/pr44900.C  -Os  execution test
FAIL: g++.dg/torture/pr44900.C  -O2 -flto  execution test
FAIL: g++.dg/torture/pr44900.C  -O2 -fwhopr  execution test
FAIL: g++.old-deja/g++.bugs/900511_01.C (internal compiler error)
FAIL: g++.old-deja/g++.bugs/900511_01.C (test for excess errors)
WARNING: g++.old-deja/g++.bugs/900511_01.C compilation failed to produce
executable
FAIL: g++.old-deja/g++.mike/p991.C (internal compiler error)
FAIL: g++.old-deja/g++.mike/p991.C (test for excess errors)

                === g++ Summary ===

# of expected passes            22637
# of unexpected failures        16
# of expected failures          153
# of unsupported tests          245
/opt/csw/src/gcc-4.5.1-001/gcc/testsuite/g++/../../g++  version 4.5.1
(Blastwave.org Inc. Mon Aug  9 07:10:45 GMT 2010)

                === gcc tests ===


Running target unix
FAIL: gcc.c-torture/compile/20060826-1.c  -O0  (internal compiler error)
FAIL: gcc.c-torture/compile/20060826-1.c  -O0  (test for excess errors)
FAIL: gcc.c-torture/compile/limits-exprparen.c  -O0  (test for excess errors)
FAIL: gcc.c-torture/compile/limits-exprparen.c  -O1  (test for excess errors)
FAIL: gcc.c-torture/compile/limits-exprparen.c  -O2  (test for excess errors)
FAIL: gcc.c-torture/compile/limits-exprparen.c  -O3 -fomit-frame-pointer 
(test for excess errors)
FAIL: gcc.c-torture/compile/limits-exprparen.c  -O3 -g  (test for excess
errors)
FAIL: gcc.c-torture/compile/limits-exprparen.c  -Os  (test for excess errors)
FAIL: gcc.c-torture/compile/limits-exprparen.c  -O2 -flto  (test for
excess errors)
FAIL: gcc.c-torture/compile/limits-exprparen.c  -O2 -fwhopr  (test for
excess errors)
WARNING: program timed out.
FAIL: gcc.dg/pr43058.c (test for excess errors)
FAIL: gcc.dg/torture/pr39241.c  -O0  (internal compiler error)
FAIL: gcc.dg/torture/pr39241.c  -O0  (test for excess errors)
FAIL: gcc.target/i386/abi-2.c scan-assembler-times ymm0 1
FAIL: gcc.target/i386/pr22076.c scan-assembler-times movq 3
FAIL: gcc.target/i386/pr22076.c scan-assembler-not movl

                === gcc Summary ===

# of expected passes            69935
# of unexpected failures        16
# of expected failures          165
# of unsupported tests          938
/opt/csw/src/gcc-4.5.1-001/gcc/xgcc  version 4.5.1 (Blastwave.org Inc. Mon
Aug  9 07:10:45 GMT 2010)

                === gfortran tests ===


Running target unix

                === gfortran Summary ===

# of expected passes            33184
# of expected failures          20
# of unsupported tests          297
/opt/csw/src/gcc-4.5.1-001/gcc/testsuite/gfortran/../../gfortran  version
4.5.1 (Blastwave.org Inc. Mon Aug  9 07:10:45 GMT 2010)

                === gnat tests ===


Running target unix

                === gnat Summary ===

# of expected passes            756
# of expected failures          7
# of unsupported tests          3
                === objc tests ===


Running target unix

                === objc Summary ===

# of expected passes            1912
# of expected failures          7
# of unsupported tests          20
/opt/csw/src/gcc-4.5.1-001/gcc/xgcc  version 4.5.1 (Blastwave.org Inc. Mon
Aug  9 07:10:45 GMT 2010)

                === libgomp tests ===


Running target unix

                === libgomp Summary ===

# of expected passes            2490
# of unsupported tests          2
                === libstdc++ tests ===


Running target unix
FAIL: 26_numerics/complex/complex_value.cc (test for excess errors)
WARNING: 26_numerics/complex/complex_value.cc compilation failed to
produce executable
FAIL: 27_io/basic_istream/extractors_arithmetic/char/12.cc execution test
FAIL: 27_io/basic_istream/extractors_arithmetic/wchar_t/12.cc execution test
FAIL: ext/profile/all.cc (test for excess errors)

                === libstdc++ Summary ===

# of expected passes            6314
# of unexpected failures        4
# of expected failures          88
# of unsupported tests          630

Compiler version: 4.5.1 (Blastwave.org Inc. Mon Aug 9 07:10:45 GMT 2010)
Platform: i386-pc-solaris2.8
configure flags: --host=i386-pc-solaris2.8 --build=i386-pc-solaris2.8
--with-gnu-as --with-as=/opt/csw/bin/gas --without-gnu-ld
--with-ld=/usr/ccs/bin/ld --with-cpu=i386 --enable-stage1-languages=c
--enable-nls --enable-threads=posix --prefix=/opt/csw/gcc4
--with-local-prefix=/opt/csw --enable-shared --enable-multilib
--with-pkgversion='Blastwave.org Inc. Mon Aug  9 07:10:45 GMT 2010'
--with-bugurl=http://www.blastwave.org/support
--enable-languages=c,c++,objc,fortran,ada --enable-bootstrap
EOF

-- 
Dennis Clarke
dclarke@opensolaris.ca  <- Email related to the open source Solaris
dclarke@blastwave.org   <- Email related to open source for Solaris



Index Nav: [Date Index] [Subject Index] [Author Index] [Thread Index]
Message Nav: [Date Prev] [Date Next] [Thread Prev] [Thread Next]