This is the mail archive of the gcc-testresults@gcc.gnu.org mailing list for the GCC project.


Index Nav: [Date Index] [Subject Index] [Author Index] [Thread Index]
Message Nav: [Date Prev] [Date Next] [Thread Prev] [Thread Next]
Other format: [Raw text]

Results for 4.5.1 (Blastwave.org Inc. Mon Aug 9 07:10:45 GMT 2010) testsuite on sparc-sun-solaris2.8


[ra] uname -a
SunOS ra 5.8 Generic_127721-03 sun4u sparc SUNW,Sun-Fire-V210
[ra] cat /etc/release
                       Solaris 8 2/04 s28s_hw4wos_05a SPARC
           Copyright 2004 Sun Microsystems, Inc.  All Rights Reserved.
                            Assembled 08 January 2004
[ra]
[ra] ld -V
ld: Software Generation Utilities - Solaris Link Editors: 5.8-1.302
ld: fatal: no files on input command line
[ra]
[ra] gas -V
GNU assembler version 2.20.1 (sparc-sun-solaris2.8) using BFD version (GNU
Binutils) 2.20.1.20100303
^C
[ra]
[ra] gas --version
GNU assembler (GNU Binutils) 2.20.1.20100303
Copyright 2009 Free Software Foundation, Inc.
This program is free software; you may redistribute it under the terms of
the GNU General Public License version 3 or later.
This program has absolutely no warranty.
This assembler was configured for a target of `sparc-sun-solaris2.8'.
[ra]
[ra] ../gcc-4.5.1/contrib/test_summary
cat <<'EOF' |
LAST_UPDATED: Obtained from SVN: tags/gcc_4_5_1_release revision 162774

                === acats tests ===

                === acats Summary ===
# of expected passes            2321
# of unexpected failures        0
Native configuration is sparc-sun-solaris2.8

                === g++ tests ===


Running target unix
FAIL: g++.dg/warn/miss-format-1.C  (test for errors, line 25)
FAIL: g++.dg/warn/miss-format-1.C (test for excess errors)
FAIL: g++.dg/lto/20090303 cp_lto_20090303_0.o-cp_lto_20090303_0.o execute
-fwhopr

                === g++ Summary ===

# of expected passes            21884
# of unexpected failures        3
# of expected failures          153
# of unsupported tests          306
/opt/csw/src/gcc-4.5.1-001/gcc/testsuite/g++/../../g++  version 4.5.1
(Blastwave.org Inc. Mon Aug  9 07:10:45 GMT 2010)

                === gcc tests ===


Running target unix
FAIL: gcc.c-torture/compile/limits-exprparen.c  -O0  (test for excess errors)
FAIL: gcc.c-torture/compile/limits-exprparen.c  -O1  (test for excess errors)
FAIL: gcc.c-torture/compile/limits-exprparen.c  -O2  (test for excess errors)
FAIL: gcc.c-torture/compile/limits-exprparen.c  -O3 -fomit-frame-pointer 
(test for excess errors)
FAIL: gcc.c-torture/compile/limits-exprparen.c  -O3 -g  (test for excess
errors)
FAIL: gcc.c-torture/compile/limits-exprparen.c  -Os  (test for excess errors)
FAIL: gcc.c-torture/compile/limits-exprparen.c  -O2 -flto  (test for
excess errors)
FAIL: gcc.c-torture/compile/limits-exprparen.c  -O2 -fwhopr  (test for
excess errors)
WARNING: program timed out.
FAIL: gcc.dg/pr28796-2.c execution test
FAIL: gcc.dg/lto/20090210 c_lto_20090210_0.o-c_lto_20090210_1.o execute
-O0 -fwhopr
FAIL: gcc.dg/lto/20090210 c_lto_20090210_0.o-c_lto_20090210_1.o execute
-O2 -fwhopr
FAIL: gcc.dg/lto/20090210 c_lto_20090210_0.o-c_lto_20090210_1.o execute
-O0 -flto
FAIL: gcc.dg/lto/20090210 c_lto_20090210_0.o-c_lto_20090210_1.o execute
-O2 -flto
FAIL: gcc.dg/vect/pr43430-1.c scan-tree-dump-times vect "vectorized 1
loops" 1
FAIL: gcc.dg/vect/slp-multitypes-2.c execution test

                === gcc Summary ===

# of expected passes            64307
# of unexpected failures        15
# of expected failures          193
# of unsupported tests          948
/opt/csw/src/gcc-4.5.1-001/gcc/xgcc  version 4.5.1 (Blastwave.org Inc. Mon
Aug  9 07:10:45 GMT 2010)

                === gfortran tests ===


Running target unix
FAIL: gfortran.fortran-torture/execute/forall_7.f90 execution,  -O2
-fomit-frame-pointer -finline-functions -funroll-loops

                === gfortran Summary ===

# of expected passes            33656
# of unexpected failures        1
# of expected failures          23
# of unsupported tests          307
/opt/csw/src/gcc-4.5.1-001/gcc/testsuite/gfortran/../../gfortran  version
4.5.1 (Blastwave.org Inc. Mon Aug  9 07:10:45 GMT 2010)

                === gnat tests ===


Running target unix

                === gnat Summary ===

# of expected passes            757
# of expected failures          7
# of unsupported tests          3
                === objc tests ===


Running target unix

                === objc Summary ===

# of expected passes            1904
# of expected failures          15
# of unsupported tests          20
/opt/csw/src/gcc-4.5.1-001/gcc/xgcc  version 4.5.1 (Blastwave.org Inc. Mon
Aug  9 07:10:45 GMT 2010)

                === libgomp tests ===


Running target unix

                === libgomp Summary ===

# of expected passes            2476
# of unsupported tests          9
                === libstdc++ tests ===


Running target unix

                === libstdc++ Summary ===

# of expected passes            6298
# of expected failures          90
# of unsupported tests          640

Compiler version: 4.5.1 (Blastwave.org Inc. Mon Aug 9 07:10:45 GMT 2010)
Platform: sparc-sun-solaris2.8
configure flags: --host=sparc-sun-solaris2.8 --build=sparc-sun-solaris2.8
--with-gnu-as --with-as=/opt/csw/bin/gas --without-gnu-ld
--with-ld=/usr/ccs/bin/ld --with-cpu=v7 --enable-stage1-languages=c
--enable-nls --enable-threads=posix --prefix=/opt/csw/gcc4
--with-local-prefix=/opt/csw --enable-shared --enable-multilib
--with-pkgversion='Blastwave.org Inc. Mon Aug  9 07:10:45 GMT 2010'
--with-bugurl=http://www.blastwave.org/support
--enable-languages=c,c++,objc,fortran,ada --enable-bootstrap
EOF


-- 
Dennis Clarke
dclarke@opensolaris.ca  <- Email related to the open source Solaris
dclarke@blastwave.org   <- Email related to open source for Solaris



Index Nav: [Date Index] [Subject Index] [Author Index] [Thread Index]
Message Nav: [Date Prev] [Date Next] [Thread Prev] [Thread Next]