This is the mail archive of the gcc-testresults@gcc.gnu.org mailing list for the GCC project.


Index Nav: [Date Index] [Subject Index] [Author Index] [Thread Index]
Message Nav: [Date Prev] [Date Next] [Thread Prev] [Thread Next]
Other format: [Raw text]

Results for 4.6.0 20100810 (experimental) [trunk revision 163054] (GCC) testsuite on i686-pc-linux-gnu


LAST_UPDATED: Tue Aug 10 11:25:18 UTC 2010 (revision 163054)

Native configuration is i686-pc-linux-gnu

		=== g++ tests ===


Running target unix
FAIL: g++.dg/guality/redeclaration1.C  -O2 -flto  line 16 i == 24
FAIL: g++.dg/guality/redeclaration1.C  -O2 -fwhopr  line 16 i == 24
FAIL: g++.dg/lto/20081109 cp_lto_20081109_0.o-cp_lto_20081109_1.o execute -O2 -fwhopr

		=== g++ Summary ===

# of expected passes		24774
# of unexpected failures	3
# of expected failures		149
# of unsupported tests		127
/export/gnu/import/svn/gcc-test/bld/gcc/testsuite/g++/../../g++  version 4.6.0 20100810 (experimental) [trunk revision 163054] (GCC) 

		=== gcc tests ===


Running target unix
FAIL: gcc.c-torture/compile/limits-exprparen.c  -O0  (internal compiler error)
FAIL: gcc.c-torture/compile/limits-exprparen.c  -O0  (test for excess errors)
FAIL: gcc.c-torture/compile/limits-exprparen.c  -O1  (internal compiler error)
FAIL: gcc.c-torture/compile/limits-exprparen.c  -O1  (test for excess errors)
FAIL: gcc.c-torture/compile/limits-exprparen.c  -O2  (internal compiler error)
FAIL: gcc.c-torture/compile/limits-exprparen.c  -O2  (test for excess errors)
FAIL: gcc.c-torture/compile/limits-exprparen.c  -O3 -fomit-frame-pointer  (internal compiler error)
FAIL: gcc.c-torture/compile/limits-exprparen.c  -O3 -fomit-frame-pointer  (test for excess errors)
FAIL: gcc.c-torture/compile/limits-exprparen.c  -O3 -g  (internal compiler error)
FAIL: gcc.c-torture/compile/limits-exprparen.c  -O3 -g  (test for excess errors)
FAIL: gcc.c-torture/compile/limits-exprparen.c  -Os  (internal compiler error)
FAIL: gcc.c-torture/compile/limits-exprparen.c  -Os  (test for excess errors)
FAIL: gcc.c-torture/compile/limits-exprparen.c  -O2 -flto  (internal compiler error)
FAIL: gcc.c-torture/compile/limits-exprparen.c  -O2 -flto  (test for excess errors)
FAIL: gcc.c-torture/compile/limits-exprparen.c  -O2 -fwhopr  (internal compiler error)
FAIL: gcc.c-torture/compile/limits-exprparen.c  -O2 -fwhopr  (test for excess errors)
XPASS: gcc.dg/guality/example.c  -O0  execution test
XPASS: gcc.dg/guality/example.c  -O1  execution test
XPASS: gcc.dg/guality/example.c  -O2  execution test
XPASS: gcc.dg/guality/example.c  -Os  execution test
XPASS: gcc.dg/guality/example.c  -O2 -flto  execution test
XPASS: gcc.dg/guality/example.c  -O2 -fwhopr  execution test
XPASS: gcc.dg/guality/guality.c  -O0  execution test
XPASS: gcc.dg/guality/guality.c  -O1  execution test
XPASS: gcc.dg/guality/guality.c  -O2  execution test
XPASS: gcc.dg/guality/guality.c  -O3 -fomit-frame-pointer  execution test
XPASS: gcc.dg/guality/guality.c  -O3 -g  execution test
XPASS: gcc.dg/guality/guality.c  -Os  execution test
XPASS: gcc.dg/guality/guality.c  -O2 -flto  execution test
XPASS: gcc.dg/guality/guality.c  -O2 -fwhopr  execution test
FAIL: gcc.dg/guality/inline-params.c  -O1  execution test
XPASS: gcc.dg/guality/pr41353-1.c  -O0  line 28 j == 28 + 37
XPASS: gcc.dg/guality/pr41353-1.c  -O1  line 28 j == 28 + 37
XPASS: gcc.dg/guality/pr41353-1.c  -O2  line 28 j == 28 + 37
XPASS: gcc.dg/guality/pr41353-1.c  -O3 -fomit-frame-pointer  line 28 j == 28 + 37
XPASS: gcc.dg/guality/pr41353-1.c  -O3 -g  line 28 j == 28 + 37
XPASS: gcc.dg/guality/pr41353-1.c  -Os  line 28 j == 28 + 37
FAIL: gcc.dg/guality/pr41353-1.c  -O2 -flto  line 28 i == 37
FAIL: gcc.dg/guality/pr41353-1.c  -O2 -flto  line 28 i1 == 2 * 37
FAIL: gcc.dg/guality/pr41353-1.c  -O2 -flto  line 28 i2 == 3 * 37
FAIL: gcc.dg/guality/pr41353-1.c  -O2 -fwhopr  line 28 i == 37
FAIL: gcc.dg/guality/pr41353-1.c  -O2 -fwhopr  line 28 i1 == 2 * 37
FAIL: gcc.dg/guality/pr41353-1.c  -O2 -fwhopr  line 28 i2 == 3 * 37
XPASS: gcc.dg/guality/pr41447-1.c  -O0  execution test
XPASS: gcc.dg/guality/pr41447-1.c  -O1  execution test
XPASS: gcc.dg/guality/pr41447-1.c  -O2  execution test
XPASS: gcc.dg/guality/pr41447-1.c  -O3 -g  execution test
XPASS: gcc.dg/guality/pr41447-1.c  -Os  execution test
XPASS: gcc.dg/guality/pr41447-1.c  -O2 -flto  execution test
XPASS: gcc.dg/guality/pr41447-1.c  -O2 -fwhopr  execution test
XPASS: gcc.dg/guality/pr41616-1.c  -O0  execution test
XPASS: gcc.dg/guality/pr41616-1.c  -O1  execution test
XPASS: gcc.dg/guality/pr41616-1.c  -O2  execution test
XPASS: gcc.dg/guality/pr41616-1.c  -O3 -fomit-frame-pointer  execution test
XPASS: gcc.dg/guality/pr41616-1.c  -O3 -g  execution test
XPASS: gcc.dg/guality/pr41616-1.c  -Os  execution test
XPASS: gcc.dg/guality/pr41616-1.c  -O2 -flto  execution test
XPASS: gcc.dg/guality/pr41616-1.c  -O2 -fwhopr  execution test
FAIL: gcc.dg/guality/sra-1.c  -O2 -flto  line 20 a.i == 4
FAIL: gcc.dg/guality/sra-1.c  -O2 -flto  line 20 a.j == 14
FAIL: gcc.dg/guality/sra-1.c  -O2 -flto  line 31 a[0] == 4
FAIL: gcc.dg/guality/sra-1.c  -O2 -flto  line 31 a[1] == 14
FAIL: gcc.dg/guality/sra-1.c  -O2 -flto  line 42 a.i == 4
FAIL: gcc.dg/guality/sra-1.c  -O2 -flto  line 42 a.j == 14
FAIL: gcc.dg/guality/sra-1.c  -O2 -fwhopr  line 20 a.i == 4
FAIL: gcc.dg/guality/sra-1.c  -O2 -fwhopr  line 20 a.j == 14
FAIL: gcc.dg/guality/sra-1.c  -O2 -fwhopr  line 31 a[0] == 4
FAIL: gcc.dg/guality/sra-1.c  -O2 -fwhopr  line 31 a[1] == 14
FAIL: gcc.dg/guality/sra-1.c  -O2 -fwhopr  line 42 a.i == 4
FAIL: gcc.dg/guality/sra-1.c  -O2 -fwhopr  line 42 a.j == 14
FAIL: gcc.dg/guality/vla-1.c  -O2 -flto  line 17 sizeof (a) == 6
FAIL: gcc.dg/guality/vla-1.c  -O2 -flto  line 24 sizeof (a) == 17 * sizeof (short)
FAIL: gcc.dg/guality/vla-1.c  -O2 -fwhopr  line 17 sizeof (a) == 6
FAIL: gcc.dg/guality/vla-1.c  -O2 -fwhopr  line 24 sizeof (a) == 17 * sizeof (short)
XPASS: gcc.dg/tree-ssa/20031106-3.c scan-tree-dump-times optimized "link_error" 0
XPASS: gcc.dg/tree-ssa/20040204-1.c scan-tree-dump-times optimized "link_error" 0
XPASS: gcc.dg/tree-ssa/fre-vce-1.c scan-tree-dump-times fre "sv.i" 2

		=== gcc Summary ===

# of expected passes		74887
# of unexpected failures	39
# of unexpected successes	38
# of expected failures		219
# of unsupported tests		687
/export/gnu/import/svn/gcc-test/bld/gcc/xgcc  version 4.6.0 20100810 (experimental) [trunk revision 163054] (GCC) 

		=== gfortran tests ===


Running target unix

		=== gfortran Summary ===

# of expected passes		35484
# of expected failures		49
# of unsupported tests		121
/export/gnu/import/svn/gcc-test/bld/gcc/testsuite/gfortran/../../gfortran  version 4.6.0 20100810 (experimental) [trunk revision 163054] (GCC) 

		=== objc tests ===


Running target unix

		=== objc Summary ===

# of expected passes		2007
# of expected failures		7
# of unsupported tests		20
/export/gnu/import/svn/gcc-test/bld/gcc/xgcc  version 4.6.0 20100810 (experimental) [trunk revision 163054] (GCC) 

		=== libffi tests ===


Running target unix

		=== libffi Summary ===

# of expected passes		1624
# of expected failures		10
# of unsupported tests		15
		=== libgomp tests ===


Running target unix
FAIL: libgomp.graphite/force-parallel-1.c execution test

		=== libgomp Summary ===

# of expected passes		2539
# of unexpected failures	1
		=== libjava tests ===


Running target unix

		=== libjava Summary ===

# of expected passes		2574
		=== libmudflap tests ===


Running target unix
FAIL: libmudflap.c/pass49-frag.c execution test
FAIL: libmudflap.c/pass49-frag.c output pattern test
FAIL: libmudflap.c/pass49-frag.c execution test
FAIL: libmudflap.c/pass49-frag.c output pattern test
FAIL: libmudflap.c/pass49-frag.c (-O2) execution test
FAIL: libmudflap.c/pass49-frag.c (-O2) output pattern test
FAIL: libmudflap.c/pass49-frag.c (-O2) execution test
FAIL: libmudflap.c/pass49-frag.c (-O2) output pattern test
FAIL: libmudflap.c/pass49-frag.c (-O3) execution test
FAIL: libmudflap.c/pass49-frag.c (-O3) output pattern test
FAIL: libmudflap.c/pass49-frag.c (-O3) execution test
FAIL: libmudflap.c/pass49-frag.c (-O3) output pattern test
FAIL: libmudflap.c++/pass41-frag.cxx (test for excess errors)
FAIL: libmudflap.c++/pass41-frag.cxx execution test
FAIL: libmudflap.c++/pass41-frag.cxx (-O2) (test for excess errors)
FAIL: libmudflap.c++/pass41-frag.cxx (-O2) execution test
FAIL: libmudflap.c++/pass41-frag.cxx (-O3) (test for excess errors)
FAIL: libmudflap.c++/pass41-frag.cxx (-O3) execution test

		=== libmudflap Summary ===

# of expected passes		1409
# of unexpected failures	18
		=== libstdc++ tests ===


Running target unix

		=== libstdc++ Summary ===

# of expected passes		7908
# of expected failures		62
# of unsupported tests		11

Compiler version: 4.6.0 20100810 (experimental) [trunk revision 163054] (GCC) 
Platform: i686-pc-linux-gnu
configure flags: --with-cpu=atom --enable-clocale=gnu --with-system-zlib --enable-shared --with-demangler-in-ld i686-linux -with-plugin-ld=ld.gold --enable-gold --with-fpmath=sse


Index Nav: [Date Index] [Subject Index] [Author Index] [Thread Index]
Message Nav: [Date Prev] [Date Next] [Thread Prev] [Thread Next]