This is the mail archive of the gcc-testresults@gcc.gnu.org mailing list for the GCC project.


Index Nav: [Date Index] [Subject Index] [Author Index] [Thread Index]
Message Nav: [Date Prev] [Date Next] [Thread Prev] [Thread Next]
Other format: [Raw text]

Results for 4.6.0 20100808 (experimental) (GCC) testsuite on powerpc-apple-darwin9.8.0


This build run by an automatic regression tester.
See <http://gcc.gnu.org/regtest/HEAD/> for more information.

Date: 2010-08-08T06:39:24Z
Revision: 162992
URL: svn://gcc.gnu.org/svn/gcc/trunk
Status: regress-17
Prev-Endtime: 2010-08-08T06:37:05Z

Native configuration is powerpc-apple-darwin9.8.0

		=== g++ tests ===


Running target unix
FAIL: g++.dg/debug/dwarf2/nested-2.C scan-assembler [^\\n\\r]*\\\\(DIE[^\\n\\r]*DW_TAG_structure_type\\\\)[\\n\\r]+[^\\n\\r]*"S\\\\\\\\0"[ \\t]+(#|//)[ \\t]+DW_AT_name[\\n\\r]+(.*)?\\\\(DIE[^\\n\\r]*DW_TAG_structure_type\\\\)[\\n\\r]+[^\\n\\r]*"T<int>\\\\\\\\0"[ \\t]+(.*)?\\\\(DIE[^\\n\\r]*DW_TAG_template_type_param\\\\)[\\n\\r]+[^\\n\\r]*[\\n\\r]+[^\\n\\r]*[\\n\\r]+[^\\n\\r]*(#|//)[ \\t]+end of children of DIE[^\\n\\r]*[\\n\\r]+[^\\n\\r]*end of children of DIE[^\\n\\r]*
FAIL: g++.dg/eh/simd-3.C execution test
FAIL: g++.dg/eh/simd-4.C execution test
FAIL: g++.dg/ext/alignof2.C execution test
WARNING: g++.dg/ext/label13.C compilation failed to produce executable
FAIL: g++.dg/ext/visibility/anon6.C scan-assembler 1BIiE1cE

		=== g++ Summary ===

# of expected passes		22721
# of unexpected failures	5
# of expected failures		148
# of unsupported tests		207
/Users/regress/tbox/native/build/gcc/testsuite/g++/../../g++  version 4.6.0 20100808 (experimental) (GCC) 

		=== gcc tests ===


Running target unix
FAIL: gcc.c-torture/compile/pr44707.c  -O1  (test for excess errors)
FAIL: gcc.c-torture/compile/pr44707.c  -O2  (test for excess errors)
FAIL: gcc.c-torture/compile/pr44707.c  -O3 -fomit-frame-pointer  (test for excess errors)
FAIL: gcc.c-torture/compile/pr44707.c  -O3 -g  (test for excess errors)
FAIL: gcc.c-torture/compile/pr44707.c  -Os  (test for excess errors)
FAIL: gcc.dg/debug/dwarf2/aranges-fnsec-1.c scan-assembler DW_AT_ranges
FAIL: gcc.dg/and-1.c scan-assembler-not nand
FAIL: gcc.dg/pr42461.c (test for excess errors)
FAIL: gcc.dg/sms-2.c scan-rtl-dump-times sms "SMS succeeded" 1
FAIL: gcc.dg/sms-3.c scan-rtl-dump-times sms "SMS succeeded" 1
FAIL: gcc.dg/sms-4.c scan-rtl-dump-times sms "SMS succeeded" 1
FAIL: gcc.dg/sms-5.c scan-rtl-dump-times sms "SMS succeeded" 1
FAIL: gcc.dg/sms-6.c scan-rtl-dump-times sms "SMS succeeded" 3
FAIL: gcc.dg/sms-7.c scan-rtl-dump-times sms "SMS succeeded" 3
FAIL: gcc.dg/sms-8.c scan-rtl-dump-times sms "SMS succeeded" 1
FAIL: gcc.dg/struct-by-value-1.c (internal compiler error)
FAIL: gcc.dg/struct-by-value-1.c (test for excess errors)
WARNING: gcc.dg/struct-by-value-1.c compilation failed to produce executable
XPASS: gcc.dg/tree-ssa/20031106-3.c scan-tree-dump-times optimized "link_error" 0
XPASS: gcc.dg/tree-ssa/fre-vce-1.c scan-tree-dump-times fre "sv.i" 2
FAIL: gcc.dg/tree-ssa/vrp47.c scan-tree-dump-times vrp1 "[xy][^ ]* !=" 0
FAIL: gcc.dg/tree-ssa/vrp47.c scan-tree-dump-times dom1 "x[^ ]* & y" 1
FAIL: gcc.dg/vect/section-anchors-pr27770.c (test for excess errors)
FAIL: gcc.dg/vect/section-anchors-vect-69.c (test for excess errors)
FAIL: gcc.dg/vect/section-anchors-vect-69.c scan-tree-dump-times vect "Alignment of access forced using peeling" 4
FAIL: gcc.dg/vect/aligned-section-anchors-nest-1.c (test for excess errors)
FAIL: gcc.dg/vect/aligned-section-anchors-nest-1.c scan-ipa-dump-times increase_alignment "Increasing alignment of decl" 3: dump file does not exist
FAIL: gcc.target/powerpc/asm-es-2.c scan-assembler asm1 3,4
FAIL: gcc.target/powerpc/asm-es-2.c scan-assembler asm2u 16\\\\(3\\\\)
FAIL: gcc.target/powerpc/asm-es-2.c scan-assembler asm3 0\\\\(3\\\\)
FAIL: gcc.target/powerpc/asm-es-2.c scan-assembler asm4 400\\\\(3\\\\)
FAIL: gcc.target/powerpc/ppc-vector-memcpy.c scan-assembler lvx
FAIL: gcc.target/powerpc/ppc64-double-1.c scan-assembler-not stfd

		=== gcc Summary ===

# of expected passes		57904
# of unexpected failures	30
# of unexpected successes	2
# of expected failures		176
# of unsupported tests		799
/Users/regress/tbox/native/build/gcc/xgcc  version 4.6.0 20100808 (experimental) (GCC) 

		=== gfortran tests ===


Running target unix
FAIL: gfortran.dg/large_real_kind_3.F90  -O0  execution test
FAIL: gfortran.fortran-torture/execute/where_2.f90 execution,  -O3 -g 

		=== gfortran Summary ===

# of expected passes		35147
# of unexpected failures	2
# of expected failures		70
# of unsupported tests		154
/Users/regress/tbox/native/build/gcc/testsuite/gfortran/../../gfortran  version 4.6.0 20100808 (experimental) (GCC) 

		=== objc tests ===


Running target unix
FAIL: objc/execute/forward-1.m execution,  -O0 -fgnu-runtime
FAIL: objc/execute/forward-1.m execution,  -O1 -fgnu-runtime
FAIL: objc/execute/forward-1.m execution,  -O2 -fgnu-runtime
FAIL: objc/execute/forward-1.m execution,  -O3 -fomit-frame-pointer -fgnu-runtime
FAIL: objc/execute/forward-1.m execution,  -O3 -fomit-frame-pointer -funroll-loops -fgnu-runtime
FAIL: objc/execute/forward-1.m execution,  -O3 -fomit-frame-pointer -funroll-all-loops -finline-functions -fgnu-runtime
FAIL: objc/execute/forward-1.m execution,  -O3 -g -fgnu-runtime
FAIL: objc/execute/forward-1.m execution,  -Os -fgnu-runtime
FAIL: objc.dg/headers.m -fnext-runtime (test for excess errors)
FAIL: objc.dg/no-extra-load.m -fnext-runtime (test for excess errors)
ERROR: objc.dg/no-extra-load.m: error executing dg-final: couldn't open "no-extra-load.s": no such file or directory
UNRESOLVED: objc.dg/no-extra-load.m: error executing dg-final: couldn't open "no-extra-load.s": no such file or directory
FAIL: objc.dg-struct-layout-encoding-1/t001_main.m execution test
FAIL: objc.dg-struct-layout-encoding-1/t005_main.m execution test
FAIL: objc.dg-struct-layout-encoding-1/t009_main.m execution test
FAIL: objc.dg-struct-layout-encoding-1/t010_main.m execution test
FAIL: objc.dg-struct-layout-encoding-1/t013_main.m execution test
FAIL: objc.dg-struct-layout-encoding-1/t014_main.m execution test
FAIL: objc.dg-struct-layout-encoding-1/t016_main.m execution test
FAIL: objc.dg-struct-layout-encoding-1/t017_main.m execution test
FAIL: objc.dg-struct-layout-encoding-1/t018_main.m execution test
FAIL: objc.dg-struct-layout-encoding-1/t019_main.m execution test
FAIL: objc.dg-struct-layout-encoding-1/t020_main.m execution test
FAIL: objc.dg-struct-layout-encoding-1/t021_main.m execution test
FAIL: objc.dg-struct-layout-encoding-1/t023_main.m execution test
FAIL: objc.dg-struct-layout-encoding-1/t024_main.m execution test

		=== objc Summary ===

# of expected passes		3905
# of unexpected failures	24
# of expected failures		17
# of unresolved testcases	1
# of unsupported tests		25
/Users/regress/tbox/native/build/gcc/xgcc  version 4.6.0 20100808 (experimental) (GCC) 

		=== libffi tests ===


Running target unix
FAIL: libffi.call/cls_double_va.c -O0 -W -Wall output pattern test, is -0.0
FAIL: libffi.call/cls_longdouble_va.c -O0 -W -Wall output pattern test, is -0.0
FAIL: libffi.call/nested_struct5.c -O0 -W -Wall execution test
FAIL: libffi.call/cls_double_va.c -O2 output pattern test, is -0.0
FAIL: libffi.call/cls_longdouble_va.c -O2 output pattern test, is -0.0
FAIL: libffi.call/nested_struct5.c -O2 execution test
FAIL: libffi.call/cls_double_va.c -O3 output pattern test, is -0.0
FAIL: libffi.call/cls_longdouble_va.c -O3 output pattern test, is -0.0
FAIL: libffi.call/nested_struct5.c -O3 execution test
FAIL: libffi.call/cls_double_va.c -Os output pattern test, is -0.0
FAIL: libffi.call/cls_longdouble_va.c -Os output pattern test, is -0.0
FAIL: libffi.call/nested_struct5.c -Os execution test
FAIL: libffi.call/cls_double_va.c -O2 -fomit-frame-pointer output pattern test, is -0.0
FAIL: libffi.call/cls_longdouble_va.c -O2 -fomit-frame-pointer output pattern test, is -0.0
FAIL: libffi.call/nested_struct5.c -O2 -fomit-frame-pointer execution test

		=== libffi Summary ===

# of expected passes		1604
# of unexpected failures	15
# of expected failures		10
# of unsupported tests		15
		=== libgomp tests ===


Running target unix

		=== libgomp Summary ===

# of expected passes		2490
# of unsupported tests		2
		=== libjava tests ===


Running target unix
FAIL: Thread_Sleep_2 output - source compiled test
FAIL: Thread_Sleep_2 -O3 output - source compiled test
FAIL: Thread_Sleep_2 -O3 -findirect-dispatch output - source compiled test
WARNING: program timed out.
FAIL: Throw_3 -O3 -findirect-dispatch execution - source compiled test

		=== libjava Summary ===

# of expected passes		2569
# of unexpected failures	4
# of untested testcases		1
		=== libstdc++ tests ===


Running target unix
XPASS: 21_strings/basic_string/element_access/char/21674.cc execution test
XPASS: 21_strings/basic_string/element_access/wchar_t/21674.cc execution test
FAIL: ext/mt_allocator/deallocate_global_thread-1.cc execution test
FAIL: ext/mt_allocator/deallocate_global_thread-3.cc execution test

		=== libstdc++ Summary ===

# of expected passes		6660
# of unexpected failures	2
# of unexpected successes	2
# of expected failures		55
# of unsupported tests		546

		=== libstdc++ Summary ===


Compiler version: 4.6.0 20100808 (experimental) (GCC) 
Platform: powerpc-apple-darwin9.8.0
configure flags: --prefix=/Users/regress/tbox/objs --target=powerpc-apple-darwin9.8.0


Index Nav: [Date Index] [Subject Index] [Author Index] [Thread Index]
Message Nav: [Date Prev] [Date Next] [Thread Prev] [Thread Next]