This is the mail archive of the
gcc-testresults@gcc.gnu.org
mailing list for the GCC project.
Results for 4.6.0 20100805 (experimental) [trunk revision 162914] (GCC) testsuite on i686-apple-darwin9
- From: dave at hiauly1 dot hia dot nrc dot ca (John David Anglin)
- To: dave at hiauly1 dot hia dot nrc dot ca, gcc-testresults at gcc dot gnu dot org
- Date: Thu, 5 Aug 2010 19:08:18 -0400 (EDT)
- Subject: Results for 4.6.0 20100805 (experimental) [trunk revision 162914] (GCC) testsuite on i686-apple-darwin9
LAST_UPDATED: Thu Aug 5 14:06:06 UTC 2010 (revision 162914)
=== acats tests ===
=== acats Summary ===
# of expected passes 2321
# of unexpected failures 0
Native configuration is i686-apple-darwin9
=== g++ tests ===
Running target unix
WARNING: Could not compile g++.dg/compat/struct-layout-1 generator
WARNING: g++.dg/ext/label13.C compilation failed to produce executable
FAIL: g++.dg/ext/visibility/anon6.C scan-assembler 1BIiE1cE
UNRESOLVED: attribute_plugin.c compilation, -I. -I/Users/dave/gnu/gcc/gcc/gcc/testsuite -I/Users/dave/gnu/gcc/gcc/gcc/testsuite/../../gcc -I/Users/dave/gnu/gcc/objdir/gcc/testsuite/g++/../../../gcc -I/Users/dave/gnu/gcc/gcc/gcc/testsuite/../../include -I/Users/dave/gnu/gcc/gcc/gcc/testsuite/../../libcpp/include -I/opt/gnu/gcc/gcc-4.6.0/include -I/Users/dave/gnu/gcc/objdir/gcc/testsuite/g++/../../../intl -DIN_GCC -fPIC -shared -undefined dynamic_lookup
UNRESOLVED: pragma_plugin.c compilation, -I. -I/Users/dave/gnu/gcc/gcc/gcc/testsuite -I/Users/dave/gnu/gcc/gcc/gcc/testsuite/../../gcc -I/Users/dave/gnu/gcc/objdir/gcc/testsuite/g++/../../../gcc -I/Users/dave/gnu/gcc/gcc/gcc/testsuite/../../include -I/Users/dave/gnu/gcc/gcc/gcc/testsuite/../../libcpp/include -I/opt/gnu/gcc/gcc-4.6.0/include -I/Users/dave/gnu/gcc/objdir/gcc/testsuite/g++/../../../intl -DIN_GCC -fPIC -shared -undefined dynamic_lookup
UNRESOLVED: selfassign.c compilation, -I. -I/Users/dave/gnu/gcc/gcc/gcc/testsuite -I/Users/dave/gnu/gcc/gcc/gcc/testsuite/../../gcc -I/Users/dave/gnu/gcc/objdir/gcc/testsuite/g++/../../../gcc -I/Users/dave/gnu/gcc/gcc/gcc/testsuite/../../include -I/Users/dave/gnu/gcc/gcc/gcc/testsuite/../../libcpp/include -I/opt/gnu/gcc/gcc-4.6.0/include -I/Users/dave/gnu/gcc/objdir/gcc/testsuite/g++/../../../intl -O -DIN_GCC -fPIC -shared -undefined dynamic_lookup
UNRESOLVED: dumb_plugin.c compilation, -I. -I/Users/dave/gnu/gcc/gcc/gcc/testsuite -I/Users/dave/gnu/gcc/gcc/gcc/testsuite/../../gcc -I/Users/dave/gnu/gcc/objdir/gcc/testsuite/g++/../../../gcc -I/Users/dave/gnu/gcc/gcc/gcc/testsuite/../../include -I/Users/dave/gnu/gcc/gcc/gcc/testsuite/../../libcpp/include -I/opt/gnu/gcc/gcc-4.6.0/include -I/Users/dave/gnu/gcc/objdir/gcc/testsuite/g++/../../../intl -DIN_GCC -fPIC -shared -undefined dynamic_lookup
UNRESOLVED: header_plugin.c compilation, -I. -I/Users/dave/gnu/gcc/gcc/gcc/testsuite -I/Users/dave/gnu/gcc/gcc/gcc/testsuite/../../gcc -I/Users/dave/gnu/gcc/objdir/gcc/testsuite/g++/../../../gcc -I/Users/dave/gnu/gcc/gcc/gcc/testsuite/../../include -I/Users/dave/gnu/gcc/gcc/gcc/testsuite/../../libcpp/include -I/opt/gnu/gcc/gcc-4.6.0/include -I/Users/dave/gnu/gcc/objdir/gcc/testsuite/g++/../../../intl -DIN_GCC -fPIC -shared -undefined dynamic_lookup
FAIL: g++.dg/torture/stackalign/eh-alloca-1.C -O3 -g execution test
FAIL: g++.dg/torture/stackalign/eh-vararg-1.C -O3 -g execution test
FAIL: g++.dg/torture/stackalign/eh-vararg-2.C -O3 -g execution test
FAIL: g++.dg/torture/stackalign/throw-1.C -O3 -g execution test
FAIL: g++.dg/torture/stackalign/eh-alloca-1.C -O3 -g execution test
FAIL: g++.dg/torture/stackalign/eh-vararg-1.C -O3 -g execution test
FAIL: g++.dg/torture/stackalign/eh-vararg-2.C -O3 -g execution test
FAIL: g++.dg/torture/stackalign/throw-1.C -O3 -g execution test
=== g++ Summary ===
# of expected passes 23136
# of unexpected failures 9
# of expected failures 148
# of unresolved testcases 5
# of unsupported tests 171
/Users/dave/gnu/gcc/objdir/gcc/testsuite/g++/../../g++ version 4.6.0 20100805 (experimental) [trunk revision 162914] (GCC)
=== gcc tests ===
Running target unix
WARNING: Could not compile gcc.dg/compat/struct-layout-1 generator
FAIL: gcc.dg/debug/dwarf2/aranges-fnsec-1.c scan-assembler DW_AT_ranges
UNRESOLVED: selfassign.c compilation, -I. -I/Users/dave/gnu/gcc/gcc/gcc/testsuite -I/Users/dave/gnu/gcc/gcc/gcc/testsuite/../../gcc -I/Users/dave/gnu/gcc/objdir/gcc/testsuite/gcc/../../../gcc -I/Users/dave/gnu/gcc/gcc/gcc/testsuite/../../include -I/Users/dave/gnu/gcc/gcc/gcc/testsuite/../../libcpp/include -I/opt/gnu/gcc/gcc-4.6.0/include -I/Users/dave/gnu/gcc/objdir/gcc/testsuite/gcc/../../../intl -O -DIN_GCC -fPIC -shared -undefined dynamic_lookup
UNRESOLVED: ggcplug.c compilation, -I. -I/Users/dave/gnu/gcc/gcc/gcc/testsuite -I/Users/dave/gnu/gcc/gcc/gcc/testsuite/../../gcc -I/Users/dave/gnu/gcc/objdir/gcc/testsuite/gcc/../../../gcc -I/Users/dave/gnu/gcc/gcc/gcc/testsuite/../../include -I/Users/dave/gnu/gcc/gcc/gcc/testsuite/../../libcpp/include -I/opt/gnu/gcc/gcc-4.6.0/include -I/Users/dave/gnu/gcc/objdir/gcc/testsuite/gcc/../../../intl -O -DIN_GCC -fPIC -shared -undefined dynamic_lookup
UNRESOLVED: one_time_plugin.c compilation, -I. -I/Users/dave/gnu/gcc/gcc/gcc/testsuite -I/Users/dave/gnu/gcc/gcc/gcc/testsuite/../../gcc -I/Users/dave/gnu/gcc/objdir/gcc/testsuite/gcc/../../../gcc -I/Users/dave/gnu/gcc/gcc/gcc/testsuite/../../include -I/Users/dave/gnu/gcc/gcc/gcc/testsuite/../../libcpp/include -I/opt/gnu/gcc/gcc-4.6.0/include -I/Users/dave/gnu/gcc/objdir/gcc/testsuite/gcc/../../../intl -DIN_GCC -fPIC -shared -undefined dynamic_lookup
UNRESOLVED: start_unit_plugin.c compilation, -I. -I/Users/dave/gnu/gcc/gcc/gcc/testsuite -I/Users/dave/gnu/gcc/gcc/gcc/testsuite/../../gcc -I/Users/dave/gnu/gcc/objdir/gcc/testsuite/gcc/../../../gcc -I/Users/dave/gnu/gcc/gcc/gcc/testsuite/../../include -I/Users/dave/gnu/gcc/gcc/gcc/testsuite/../../libcpp/include -I/opt/gnu/gcc/gcc-4.6.0/include -I/Users/dave/gnu/gcc/objdir/gcc/testsuite/gcc/../../../intl -DIN_GCC -fPIC -shared -undefined dynamic_lookup
UNRESOLVED: finish_unit_plugin.c compilation, -I. -I/Users/dave/gnu/gcc/gcc/gcc/testsuite -I/Users/dave/gnu/gcc/gcc/gcc/testsuite/../../gcc -I/Users/dave/gnu/gcc/objdir/gcc/testsuite/gcc/../../../gcc -I/Users/dave/gnu/gcc/gcc/gcc/testsuite/../../include -I/Users/dave/gnu/gcc/gcc/gcc/testsuite/../../libcpp/include -I/opt/gnu/gcc/gcc-4.6.0/include -I/Users/dave/gnu/gcc/objdir/gcc/testsuite/gcc/../../../intl -DIN_GCC -fPIC -shared -undefined dynamic_lookup
XPASS: gcc.dg/tree-ssa/20031106-3.c scan-tree-dump-times optimized "link_error" 0
XPASS: gcc.dg/tree-ssa/20040204-1.c scan-tree-dump-times optimized "link_error" 0
XPASS: gcc.dg/tree-ssa/fre-vce-1.c scan-tree-dump-times fre "sv.i" 2
=== gcc Summary ===
# of expected passes 60463
# of unexpected failures 1
# of unexpected successes 3
# of expected failures 192
# of unresolved testcases 5
# of unsupported tests 1208
/Users/dave/gnu/gcc/objdir/gcc/xgcc version 4.6.0 20100805 (experimental) [trunk revision 162914] (GCC)
=== gfortran tests ===
Running target unix
=== gfortran Summary ===
# of expected passes 35205
# of expected failures 46
# of unsupported tests 130
/Users/dave/gnu/gcc/objdir/gcc/testsuite/gfortran/../../gfortran version 4.6.0 20100805 (experimental) [trunk revision 162914] (GCC)
=== gnat tests ===
Running target unix
=== gnat Summary ===
# of expected passes 815
# of expected failures 10
# of unsupported tests 4
=== obj-c++ tests ===
Running target unix
WARNING: obj-c++.dg/lookup-2.mm -fgnu-runtime compilation failed to produce executable
WARNING: obj-c++.dg/try-catch-2.mm -fgnu-runtime compilation failed to produce executable
WARNING: obj-c++.dg/try-catch-9.mm -fgnu-runtime compilation failed to produce executable
=== obj-c++ Summary ===
# of expected passes 1112
# of expected failures 3
# of unsupported tests 15
/Users/dave/gnu/gcc/objdir/gcc/testsuite/obj-c++/../../g++ version 4.6.0 20100805 (experimental) [trunk revision 162914] (GCC)
=== objc tests ===
Running target unix
FAIL: objc.dg/headers.m -fnext-runtime (test for excess errors)
FAIL: objc.dg/no-extra-load.m -fnext-runtime (test for excess errors)
ERROR: objc.dg/no-extra-load.m: error executing dg-final: couldn't open "no-extra-load.s": no such file or directory
UNRESOLVED: objc.dg/no-extra-load.m: error executing dg-final: couldn't open "no-extra-load.s": no such file or directory
WARNING: Could not compile objc.dg/gnu-encoding/struct-layout-encoding-1 generator
=== objc Summary ===
# of expected passes 3878
# of unexpected failures 2
# of unresolved testcases 1
# of unsupported tests 26
/Users/dave/gnu/gcc/objdir/gcc/xgcc version 4.6.0 20100805 (experimental) [trunk revision 162914] (GCC)
=== libffi tests ===
Running target unix
=== libffi Summary ===
# of expected passes 1624
# of expected failures 10
# of unsupported tests 15
=== libgomp tests ===
Running target unix
=== libgomp Summary ===
# of expected passes 2490
# of unsupported tests 2
=== libjava tests ===
Running target unix
=== libjava Summary ===
# of expected passes 2574
=== libstdc++ tests ===
Running target unix
XPASS: 21_strings/basic_string/element_access/char/21674.cc execution test
XPASS: 21_strings/basic_string/element_access/wchar_t/21674.cc execution test
FAIL: ext/mt_allocator/deallocate_global_thread-1.cc execution test
FAIL: ext/mt_allocator/deallocate_global_thread-3.cc execution test
=== libstdc++ Summary ===
# of expected passes 6661
# of unexpected failures 2
# of unexpected successes 2
# of expected failures 55
# of unsupported tests 546
Compiler version: 4.6.0 20100805 (experimental) [trunk revision 162914] (GCC)
Platform: i686-apple-darwin9
configure flags: --build=i686-apple-darwin9 --host=i686-apple-darwin9 --target=i686-apple-darwin9 --with-tune=generic --prefix=/opt/gnu/gcc/gcc-4.6.0 --with-gmp=/opt/gnu/gcc/gcc-4.6.0 --enable-debug=no --disable-nls --enable-languages=c,c++,objc,fortran,obj-c++,java,ada --enable-threads=posix --enable-__cxa_atexit --enable-java-gc=boehm