This is the mail archive of the
gcc-testresults@gcc.gnu.org
mailing list for the GCC project.
ACATS results for 4.5.1-RC-20100722 on powerpc-rtems4.11
- From: Michael Gurlitz <michael dot gurlitz at gmail dot com>
- To: gcc-testresults at gcc dot gnu dot org
- Date: Wed, 4 Aug 2010 08:45:15 -0400
- Subject: ACATS results for 4.5.1-RC-20100722 on powerpc-rtems4.11
=== acats configuration ===
target gcc is powerpc-rtems4.11-gcc
Using built-in specs. COLLECT_GCC=powerpc-rtems4.11-gcc
COLLECT_LTO_WRAPPER=/export/home/rtems-4.11/bin/../libexec/gcc/powerpc-rtems4.11/4.5.1/lto-wrapper
Target: powerpc-rtems4.11 Configured with:
../gcc-4.5.1-RC-20100722/configure --enable-threads=rtems
--with-gnu-as --with-gnu-ld --enable-multilib --enable-newlib-mb
--enable-newlib-iconv --verbose --with-newlib --disable-nls
--with-system-zlib --enable-version-specific-runtime-libs
--enable-languages=c,ada
CFLAGS_FOR_TARGET=-B/opt/rtems-4.11/powerpc-rtems4.11/beatnik/lib/
--prefix=/opt/rtems-4.11 --target=powerpc-rtems4.11 : (reconfigured)
../gcc-4.5.1-RC-20100722/configure --enable-threads=rtems
--with-gnu-as --with-gnu-ld --enable-multilib --enable-newlib-mb
--enable-newlib-iconv --verbose --with-newlib --disable-nls
--with-system-zlib --enable-version-specific-runtime-libs
--enable-languages=c,ada
CFLAGS_FOR_TARGET=-B/opt/rtems-4.11/powerpc-rtems4.11/beatnik/lib/
--prefix=/opt/rtems-4.11 --target=powerpc-rtems4.11 Thread model:
rtems gcc version 4.5.1 20100722 (prerelease) (GCC)
host=i386-pc-solaris2.10
target=powerpc-rtems4.11
gnatmake is /opt/rtems-4.11/bin/gnatmake
=== acats support ===
Generating support files... done.
Compiling support files... done.
=== acats tests ===
FAIL: c34003a
FAIL: c380004
FAIL: c431001
FAIL: c460007
FAIL: c46032a
FAIL: c52103x
FAIL: c52104x
FAIL: c52104y
FAIL: c67003f
FAIL: c761011
FAIL: c83024e
FAIL: c87b35c
FAIL: c974013
FAIL: ca1011a
FAIL: cb1010a
FAIL: cb1010c
FAIL: cb1010d
FAIL: cc1222a
UNSUPPORTED: ce2108f
UNSUPPORTED: ce2108h
UNSUPPORTED: ce3112d
FAIL: ce3801a
FAIL: ce3804b
FAIL: ce3804e
FAIL: ce3804h
FAIL: ce3804j
FAIL: ce3804p
FAIL: ce3805b
FAIL: ce3806a
FAIL: ce3806d
FAIL: ce3806e
FAIL: ce3806g
FAIL: ce3809b
FAIL: ce3810a
FAIL: ce3815a
FAIL: cxa5011
FAIL: cxa5012
FAIL: cxa5a01
FAIL: cxa5a02
FAIL: cxa5a03
FAIL: cxa5a04
FAIL: cxa5a08
FAIL: cxa5a09
FAIL: cxa5a10
FAIL: cxaa008
FAIL: cxaa009
FAIL: cxaa010
FAIL: cxg1003
FAIL: cxg2001
FAIL: cxg2004
FAIL: cxg2007
FAIL: cxg2008
FAIL: cxg2010
FAIL: cxg2011
FAIL: cxg2012
FAIL: cxg2013
FAIL: cxg2014
FAIL: cxg2015
FAIL: cxg2016
FAIL: cxg2017
FAIL: cxg2018
FAIL: cxg2019
FAIL: cxg2020
FAIL: cxg2021
FAIL: cxg2024
=== acats Summary ===
# of expected passes 2256
# of unexpected failures 62
# of unsupported tests 3
*** FAILURES: yes