This is the mail archive of the gcc-testresults@gcc.gnu.org mailing list for the GCC project.


Index Nav: [Date Index] [Subject Index] [Author Index] [Thread Index]
Message Nav: [Date Prev] [Date Next] [Thread Prev] [Thread Next]
Other format: [Raw text]

Results for 4.5.1 (GCC) testsuite on hppa-unknown-linux-gnu


LAST_UPDATED: Tue Jul 27 18:30:36 UTC 2010 (revision 162585)

		=== acats tests ===

		=== acats Summary ===
# of expected passes		2321
# of unexpected failures	0
Native configuration is hppa-unknown-linux-gnu

		=== g++ tests ===


Running target unix
WARNING: program timed out.
FAIL: g++.dg/abi/vbase8-4.C (test for excess errors)
UNRESOLVED: g++.dg/abi/vbase8-4.C compilation failed to produce executable

		=== g++ Summary ===

# of expected passes		22179
# of unexpected failures	1
# of expected failures		151
# of unresolved testcases	1
# of unsupported tests		201
/home/dave/gnu/gcc/objdir/gcc/testsuite/g++/../../g++  version 4.5.1 (GCC) 

		=== gcc tests ===


Running target unix
WARNING: program timed out.
FAIL: gcc.c-torture/execute/builtins/memcpy-chk.c compilation,  -O2 -flto 
UNRESOLVED: gcc.c-torture/execute/builtins/memcpy-chk.c execution,  -O2 -flto 
WARNING: program timed out.
FAIL: gcc.c-torture/execute/builtins/memmove-chk.c compilation,  -O2 -fwhopr 
UNRESOLVED: gcc.c-torture/execute/builtins/memmove-chk.c execution,  -O2 -fwhopr 
WARNING: program timed out.
FAIL: gcc.c-torture/execute/builtins/mempcpy-chk.c compilation,  -O2 -fwhopr 
UNRESOLVED: gcc.c-torture/execute/builtins/mempcpy-chk.c execution,  -O2 -fwhopr 
WARNING: program timed out.
FAIL: gcc.c-torture/execute/builtins/pr23484-chk.c compilation,  -O2 -flto 
UNRESOLVED: gcc.c-torture/execute/builtins/pr23484-chk.c execution,  -O2 -flto 
WARNING: program timed out.
FAIL: gcc.c-torture/execute/builtins/snprintf-chk.c compilation,  -O2 -fwhopr 
UNRESOLVED: gcc.c-torture/execute/builtins/snprintf-chk.c execution,  -O2 -fwhopr 
WARNING: program timed out.
FAIL: gcc.c-torture/execute/builtins/strcat-chk.c compilation,  -O2 -fwhopr 
UNRESOLVED: gcc.c-torture/execute/builtins/strcat-chk.c execution,  -O2 -fwhopr 
WARNING: program timed out.
FAIL: gcc.c-torture/execute/builtins/strcpy-chk.c compilation,  -O2 -fwhopr 
UNRESOLVED: gcc.c-torture/execute/builtins/strcpy-chk.c execution,  -O2 -fwhopr 
WARNING: program timed out.
FAIL: gcc.c-torture/execute/builtins/vsnprintf-chk.c compilation,  -O2 -flto 
UNRESOLVED: gcc.c-torture/execute/builtins/vsnprintf-chk.c execution,  -O2 -flto 
WARNING: program timed out.
FAIL: gcc.c-torture/execute/builtins/vsprintf-chk.c compilation,  -O2 -fwhopr 
UNRESOLVED: gcc.c-torture/execute/builtins/vsprintf-chk.c execution,  -O2 -fwhopr 
WARNING: program timed out.
FAIL: gcc.c-torture/execute/20040409-1.c compilation,  -O0 
UNRESOLVED: gcc.c-torture/execute/20040409-1.c execution,  -O0 
XPASS: gcc.dg/tree-ssa/loop-1.c scan-assembler-times foo 5

		=== gcc Summary ===

# of expected passes		63657
# of unexpected failures	10
# of unexpected successes	1
# of expected failures		98
# of unresolved testcases	10
# of unsupported tests		726
/home/dave/gnu/gcc/objdir/gcc/xgcc  version 4.5.1 (GCC) 

		=== gfortran tests ===


Running target unix
WARNING: program timed out.
FAIL: gfortran.dg/chmod_2.f90  -O1  (test for excess errors)
UNRESOLVED: gfortran.dg/chmod_2.f90  -O1  compilation failed to produce executable
WARNING: program timed out.
FAIL: gfortran.dg/dependency_2.f90  -O3 -g  (test for excess errors)
UNRESOLVED: gfortran.dg/dependency_2.f90  -O3 -g  compilation failed to produce executable
WARNING: program timed out.
FAIL: gfortran.dg/dynamic_dispatch_4.f03  -O2  (test for excess errors)
UNRESOLVED: gfortran.dg/dynamic_dispatch_4.f03  -O2  compilation failed to produce executable
WARNING: program timed out.
FAIL: gfortran.dg/inquire_7.f90  -O3 -fomit-frame-pointer -funroll-loops  (test for excess errors)
UNRESOLVED: gfortran.dg/inquire_7.f90  -O3 -fomit-frame-pointer -funroll-loops  compilation failed to produce executable
FAIL: gfortran.dg/pr41928.f90  -O  (internal compiler error)
FAIL: gfortran.dg/pr41928.f90  -O  (test for excess errors)
WARNING: program timed out.
FAIL: gfortran.dg/widechar_intrinsics_4.f90  -O2  (test for excess errors)
UNRESOLVED: gfortran.dg/widechar_intrinsics_4.f90  -O2  compilation failed to produce executable
WARNING: program timed out.
FAIL: gfortran.fortran-torture/execute/intrinsic_mmloc.f90 compilation,  -O2 -fomit-frame-pointer -finline-functions -funroll-loops 
WARNING: program timed out.
FAIL: gfortran.fortran-torture/execute/intrinsic_transpose.f90 compilation,  -Os 

		=== gfortran Summary ===

# of expected passes		33236
# of unexpected failures	9
# of expected failures		31
# of unresolved testcases	5
# of untested testcases		2
# of unsupported tests		290
/home/dave/gnu/gcc/objdir/gcc/testsuite/gfortran/../../gfortran  version 4.5.1 (GCC) 

		=== gnat tests ===


Running target unix

		=== gnat Summary ===

# of expected passes		759
# of expected failures		7
# of unsupported tests		2
		=== obj-c++ tests ===


Running target unix
UNRESOLVED: obj-c++.dg/lookup-2.mm -fgnu-runtime compilation failed to produce executable
UNRESOLVED: obj-c++.dg/try-catch-2.mm -fgnu-runtime compilation failed to produce executable
UNRESOLVED: obj-c++.dg/try-catch-9.mm -fgnu-runtime compilation failed to produce executable

		=== obj-c++ Summary ===

# of expected passes		440
# of expected failures		3
# of unresolved testcases	3
# of unsupported tests		14
/home/dave/gnu/gcc/objdir/gcc/testsuite/obj-c++/../../g++  version 4.5.1 (GCC) 

		=== objc tests ===


Running target unix

		=== objc Summary ===

# of expected passes		1874
# of expected failures		15
# of unsupported tests		20
/home/dave/gnu/gcc/objdir/gcc/xgcc  version 4.5.1 (GCC) 

		=== libffi tests ===


Running target unix

		=== libffi Summary ===

# of expected passes		1624
# of expected failures		10
# of unsupported tests		15
		=== libgomp tests ===


Running target unix

		=== libgomp Summary ===

# of expected passes		2526
# of unsupported tests		7
		=== libjava tests ===


Running target unix

		=== libjava Summary ===

# of expected passes		2574
		=== libmudflap tests ===


Running target unix
FAIL: libmudflap.c/pass46-frag.c (-O2) (test for excess errors)
FAIL: libmudflap.c/pass46-frag.c (-O2) (test for excess errors)
FAIL: libmudflap.c/fail31-frag.c (-O3) crash test
FAIL: libmudflap.c/fail31-frag.c (-O3) output pattern test
FAIL: libmudflap.c/pass45-frag.c (-O3) execution test
FAIL: libmudflap.c/pass45-frag.c (-O3) output pattern test
FAIL: libmudflap.c/pass45-frag.c (-O3) execution test
FAIL: libmudflap.c/pass45-frag.c (-O3) output pattern test
FAIL: libmudflap.c/pass46-frag.c (-O3) (test for excess errors)
FAIL: libmudflap.c/pass46-frag.c (-O3) (test for excess errors)
FAIL: libmudflap.c++/pass41-frag.cxx execution test
FAIL: libmudflap.c++/pass41-frag.cxx (-static) execution test
FAIL: libmudflap.c++/pass41-frag.cxx ( -O) execution test
FAIL: libmudflap.c++/pass41-frag.cxx (-O2) execution test
FAIL: libmudflap.c++/pass41-frag.cxx (-O3) execution test

		=== libmudflap Summary ===

# of expected passes		1879
# of unexpected failures	15
		=== libstdc++ tests ===


Running target unix

		=== libstdc++ Summary ===

# of expected passes		6847
# of expected failures		93
# of unsupported tests		355

Compiler version: 4.5.1 (GCC) 
Platform: hppa-unknown-linux-gnu
configure flags: --with-gnu-as --with-gnu-ld --enable-shared --prefix=/home/dave/opt/gnu/gcc/gcc-4.5.1 --with-local-prefix=/home/dave/opt/gnu --enable-threads=posix --enable-__cxa_atexit --build=hppa-linux --enable-clocale=gnu --enable-java-gc=boehm --enable-java-awt=xlib --enable-languages=c,c++,objc,fortran,obj-c++,java,ada


Index Nav: [Date Index] [Subject Index] [Author Index] [Thread Index]
Message Nav: [Date Prev] [Date Next] [Thread Prev] [Thread Next]