This is the mail archive of the gcc-testresults@gcc.gnu.org mailing list for the GCC project.


Index Nav: [Date Index] [Subject Index] [Author Index] [Thread Index]
Message Nav: [Date Prev] [Date Next] [Thread Prev] [Thread Next]
Other format: [Raw text]

Results for 4.6.0 20100801 (experimental) [trunk revision 162805] (GCC) testsuite on ia64-unknown-linux-gnu


LAST_UPDATED: Mon Aug  2 00:11:51 UTC 2010 (revision 162805)

Native configuration is ia64-unknown-linux-gnu

		=== g++ tests ===


Running target unix
FAIL: g++.dg/inherit/covariant7.C scan-tree-dump class "48    c6::_ZTcv0_n32_v0_n24_NV2c62f2Ev"
FAIL: g++.dg/inherit/covariant7.C scan-tree-dump class "56    c6::f2"
FAIL: g++.dg/inherit/covariant7.C scan-tree-dump class "160   0u"
FAIL: g++.dg/inherit/covariant7.C scan-tree-dump class "168   c6::_ZTv0_n32_NV2c62f2Ev"
FAIL: c-c++-common/torture/complex-sign-add.c  -O0  execution test
FAIL: c-c++-common/torture/complex-sign-sub.c  -O0  execution test

		=== g++ Summary ===

# of expected passes		23369
# of unexpected failures	6
# of expected failures		149
# of unsupported tests		200
/export/gnu/import/svn/gcc-test/bld/gcc/testsuite/g++/../../g++  version 4.6.0 20100801 (experimental) [trunk revision 162805] (GCC) 

		=== gcc tests ===


Running target unix
FAIL: gcc.c-torture/compile/limits-exprparen.c  -O0  (internal compiler error)
FAIL: gcc.c-torture/compile/limits-exprparen.c  -O0  (test for excess errors)
FAIL: gcc.c-torture/compile/limits-exprparen.c  -O1  (internal compiler error)
FAIL: gcc.c-torture/compile/limits-exprparen.c  -O1  (test for excess errors)
FAIL: gcc.c-torture/compile/limits-exprparen.c  -O2  (internal compiler error)
FAIL: gcc.c-torture/compile/limits-exprparen.c  -O2  (test for excess errors)
FAIL: gcc.c-torture/compile/limits-exprparen.c  -O3 -fomit-frame-pointer  (internal compiler error)
FAIL: gcc.c-torture/compile/limits-exprparen.c  -O3 -fomit-frame-pointer  (test for excess errors)
FAIL: gcc.c-torture/compile/limits-exprparen.c  -O3 -g  (internal compiler error)
FAIL: gcc.c-torture/compile/limits-exprparen.c  -O3 -g  (test for excess errors)
FAIL: gcc.c-torture/compile/limits-exprparen.c  -Os  (internal compiler error)
FAIL: gcc.c-torture/compile/limits-exprparen.c  -Os  (test for excess errors)
FAIL: gcc.c-torture/compile/limits-exprparen.c  -O2 -flto  (internal compiler error)
FAIL: gcc.c-torture/compile/limits-exprparen.c  -O2 -flto  (test for excess errors)
FAIL: gcc.c-torture/compile/limits-exprparen.c  -O2 -fwhopr  (internal compiler error)
FAIL: gcc.c-torture/compile/limits-exprparen.c  -O2 -fwhopr  (test for excess errors)
FAIL: gcc.dg/builtin-apply4.c execution test
FAIL: gcc.dg/cproj-fails-with-broken-glibc.c execution test
XPASS: gcc.dg/tree-ssa/20031106-3.c scan-tree-dump-times optimized "link_error" 0
XPASS: gcc.dg/tree-ssa/20040204-1.c scan-tree-dump-times optimized "link_error" 0
XPASS: gcc.dg/tree-ssa/fre-vce-1.c scan-tree-dump-times fre "sv.i" 2
XPASS: gcc.dg/tree-ssa/loop-1.c scan-assembler-times foo 5
XPASS: gcc.dg/vect/pr33804.c scan-tree-dump-times vect "vectorized 1 loops" 1
XPASS: gcc.dg/vect/pr33804.c scan-tree-dump-times vect "vectorizing stmts using SLP" 1
XPASS: gcc.dg/vect/pr33953.c scan-tree-dump-times vect "vectorized 1 loops" 1
XPASS: gcc.dg/vect/pr33953.c scan-tree-dump-times vect "vectorizing stmts using SLP" 1
XPASS: gcc.dg/vect/vect-peel-1.c scan-tree-dump-times vect "vectorized 1 loops" 2
XPASS: gcc.dg/vect/vect-peel-1.c scan-tree-dump-times vect "Alignment of access forced using peeling" 1
XPASS: gcc.dg/vect/vect-peel-2.c scan-tree-dump-times vect "vectorized 1 loops" 2
FAIL: gcc.dg/vect/vect-peel-3.c scan-tree-dump-times vect "Vectorizing an unaligned access" 1
FAIL: gcc.dg/vect/vect-peel-4.c scan-tree-dump-times vect "Vectorizing an unaligned access" 1
XPASS: gcc.dg/vect/vect-vfa-slp.c scan-tree-dump-times vect "vectorized 1 loops" 1
XPASS: gcc.dg/vect/slp-23.c scan-tree-dump-times vect "vectorizing stmts using SLP" 1
XPASS: gcc.dg/vect/slp-24.c scan-tree-dump-times vect "vectorized 1 loops" 1
XPASS: gcc.dg/vect/slp-24.c scan-tree-dump-times vect "vectorizing stmts using SLP" 2
XPASS: gcc.dg/vect/slp-35.c scan-tree-dump-times vect "vectorized 1 loops" 1
XPASS: gcc.dg/vect/slp-35.c scan-tree-dump-times vect "vectorizing stmts using SLP" 1
FAIL: gcc.dg/vect/slp-reduc-3.c scan-tree-dump-times vect "vectorized 1 loops" 2
FAIL: gcc.dg/vect/slp-reduc-3.c scan-tree-dump-times vect "vectorizing stmts using SLP" 1
FAIL: gcc.dg/vect/slp-reduc-6.c scan-tree-dump-times vect "vectorized 1 loops" 2
XPASS: gcc.dg/vect/no-tree-pre-slp-29.c scan-tree-dump-times vect "vectorized 1 loops" 2
XPASS: gcc.dg/vect/no-tree-pre-slp-29.c scan-tree-dump-times vect "vectorizing stmts using SLP" 2

		=== gcc Summary ===

# of expected passes		65804
# of unexpected failures	23
# of unexpected successes	19
# of expected failures		229
# of unsupported tests		701
/export/gnu/import/svn/gcc-test/bld/gcc/xgcc  version 4.6.0 20100801 (experimental) [trunk revision 162805] (GCC) 

		=== gfortran tests ===


Running target unix
FAIL: gfortran.dg/abstract_type_6.f03  -O  (internal compiler error)
FAIL: gfortran.dg/abstract_type_6.f03  -O  (test for excess errors)
FAIL: gfortran.dg/bind_c_dts_3.f03  -O  (internal compiler error)
FAIL: gfortran.dg/bind_c_dts_3.f03  -O  (test for excess errors)
FAIL: gfortran.dg/c_assoc_2.f03  -O  (internal compiler error)
FAIL: gfortran.dg/c_assoc_2.f03  -O  (test for excess errors)
FAIL: gfortran.dg/c_ptr_tests_5.f03  -O  (internal compiler error)
FAIL: gfortran.dg/c_ptr_tests_5.f03  -O  (test for excess errors)
FAIL: gfortran.dg/finalize_3.f03  -O  (internal compiler error)
FAIL: gfortran.dg/finalize_3.f03  -O  (test for excess errors)
FAIL: gfortran.dg/function_kinds_5.f90  -O  (internal compiler error)
FAIL: gfortran.dg/function_kinds_5.f90  -O  (test for excess errors)
FAIL: gfortran.dg/maxlocval_3.f90  -O3 -fomit-frame-pointer -funroll-loops  (test for excess errors)
FAIL: gfortran.dg/maxlocval_3.f90  -O3 -fomit-frame-pointer -funroll-all-loops -finline-functions  (test for excess errors)
FAIL: gfortran.dg/proc_decl_3.f90  -O  (internal compiler error)
FAIL: gfortran.dg/proc_decl_3.f90  -O  (test for excess errors)
FAIL: gfortran.dg/proc_ptr_comp_pass_4.f90  -O  (internal compiler error)
FAIL: gfortran.dg/proc_ptr_comp_pass_4.f90  -O  (test for excess errors)
FAIL: gfortran.dg/proc_ptr_result_2.f90  -O  (internal compiler error)
FAIL: gfortran.dg/proc_ptr_result_2.f90  -O  (test for excess errors)
FAIL: gfortran.dg/typebound_call_15.f03  -O  (internal compiler error)
FAIL: gfortran.dg/typebound_call_15.f03  -O  (test for excess errors)
FAIL: gfortran.dg/typebound_call_4.f03  -O  (internal compiler error)
FAIL: gfortran.dg/typebound_call_4.f03  -O  (test for excess errors)
FAIL: gfortran.dg/typebound_operator_2.f03  -O  (internal compiler error)
FAIL: gfortran.dg/typebound_operator_2.f03  -O  (test for excess errors)
FAIL: gfortran.dg/typebound_proc_13.f03  -O  (internal compiler error)
FAIL: gfortran.dg/typebound_proc_13.f03  -O  (test for excess errors)
FAIL: gfortran.dg/typebound_proc_15.f03  -O  (internal compiler error)
FAIL: gfortran.dg/typebound_proc_15.f03  -O  (test for excess errors)
FAIL: gfortran.dg/typebound_proc_5.f03  -O  (internal compiler error)
FAIL: gfortran.dg/typebound_proc_5.f03  -O   (test for errors, line 109)
FAIL: gfortran.dg/typebound_proc_5.f03  -O  (test for excess errors)
FAIL: gfortran.dg/typebound_proc_6.f03  -O  (internal compiler error)
FAIL: gfortran.dg/typebound_proc_6.f03  -O  (test for excess errors)

		=== gfortran Summary ===

# of expected passes		35400
# of unexpected failures	35
# of expected failures		47
# of unsupported tests		39
/export/gnu/import/svn/gcc-test/bld/gcc/testsuite/gfortran/../../gfortran  version 4.6.0 20100801 (experimental) [trunk revision 162805] (GCC) 

		=== objc tests ===


Running target unix

		=== objc Summary ===

# of expected passes		1997
# of expected failures		15
# of unsupported tests		21
/export/gnu/import/svn/gcc-test/bld/gcc/xgcc  version 4.6.0 20100801 (experimental) [trunk revision 162805] (GCC) 

		=== libffi tests ===


Running target unix

		=== libffi Summary ===

# of expected passes		1624
# of expected failures		10
# of unsupported tests		15
		=== libgomp tests ===


Running target unix

		=== libgomp Summary ===

# of expected passes		2494
		=== libjava tests ===


Running target unix
FAIL: getlocalvartable output
FAIL: Throw_3 -O3 output - source compiled test
FAIL: Throw_3 -O3 -findirect-dispatch output - source compiled test

		=== libjava Summary ===

# of expected passes		2571
# of unexpected failures	3
		=== libmudflap tests ===


Running target unix
FAIL: libmudflap.c/pass49-frag.c execution test
FAIL: libmudflap.c/pass49-frag.c output pattern test
FAIL: libmudflap.c/pass49-frag.c execution test
FAIL: libmudflap.c/pass49-frag.c output pattern test
FAIL: libmudflap.c/pass49-frag.c (-static) execution test
FAIL: libmudflap.c/pass49-frag.c (-static) output pattern test
FAIL: libmudflap.c/pass49-frag.c (-static) execution test
FAIL: libmudflap.c/pass49-frag.c (-static) output pattern test
FAIL: libmudflap.c/pass49-frag.c (-O2) execution test
FAIL: libmudflap.c/pass49-frag.c (-O2) output pattern test
FAIL: libmudflap.c/pass49-frag.c (-O2) execution test
FAIL: libmudflap.c/pass49-frag.c (-O2) output pattern test
FAIL: libmudflap.c/pass49-frag.c (-O3) execution test
FAIL: libmudflap.c/pass49-frag.c (-O3) output pattern test
FAIL: libmudflap.c/pass49-frag.c (-O3) execution test
FAIL: libmudflap.c/pass49-frag.c (-O3) output pattern test
FAIL: libmudflap.c++/pass41-frag.cxx execution test
FAIL: libmudflap.c++/pass41-frag.cxx (-static) execution test
FAIL: libmudflap.c++/pass41-frag.cxx (-O2) execution test
FAIL: libmudflap.c++/pass41-frag.cxx (-O3) execution test

		=== libmudflap Summary ===

# of expected passes		1874
# of unexpected failures	20
		=== libstdc++ tests ===


Running target unix

		=== libstdc++ Summary ===

# of expected passes		7671
# of expected failures		60
# of unsupported tests		29

Compiler version: 4.6.0 20100801 (experimental) [trunk revision 162805] (GCC) 
Platform: ia64-unknown-linux-gnu
configure flags: --enable-clocale=gnu --with-system-zlib --enable-shared --with-demangler-in-ld


Index Nav: [Date Index] [Subject Index] [Author Index] [Thread Index]
Message Nav: [Date Prev] [Date Next] [Thread Prev] [Thread Next]