This is the mail archive of the gcc-testresults@gcc.gnu.org mailing list for the GCC project.


Index Nav: [Date Index] [Subject Index] [Author Index] [Thread Index]
Message Nav: [Date Prev] [Date Next] [Thread Prev] [Thread Next]
Other format: [Raw text]

Results for 4.6.0 20100731 (experimental) [trunk revision 162731] (GCC) testsuite on powerpc64-unknown-linux-gnu


Linux 2.6.16.46-0.4-ppc64 ppc64
GNU C Library development release version 2.4 (20070330)
GNU ld (GNU Binutils) 2.20
GNU assembler (GNU Binutils) 2.20
GNU Make 3.80

DejaGnu:
	Expect version is	5.43.0
	Tcl version is		8.4
	Framework version is	1.4.4

32-bit biarch default32

LAST_UPDATED: Sat Jul 31 07:05:26 UTC 2010 (revision 162731)

Native configuration is powerpc64-unknown-linux-gnu

		=== gcc tests ===


Running target unix/-m32
FAIL: gcc.dg/and-1.c scan-assembler-not nand
FAIL: gcc.dg/cproj-fails-with-broken-glibc.c execution test
FAIL: gcc.dg/sms-2.c scan-rtl-dump-times sms "SMS succeeded" 1
FAIL: gcc.dg/sms-4.c scan-rtl-dump-times sms "SMS succeeded" 1
FAIL: gcc.dg/sms-5.c scan-rtl-dump-times sms "SMS succeeded" 1
FAIL: gcc.dg/sms-6.c scan-rtl-dump-times sms "SMS succeeded" 3
FAIL: gcc.dg/sms-7.c scan-rtl-dump-times sms "SMS succeeded" 3
FAIL: gcc.dg/sms-8.c scan-rtl-dump-times sms "SMS succeeded" 1
XPASS: gcc.dg/tree-ssa/20031106-3.c scan-tree-dump-times optimized "link_error" 0
XPASS: gcc.dg/tree-ssa/fre-vce-1.c scan-tree-dump-times fre "sv.i" 2
FAIL: gcc.dg/tree-ssa/pr42585.c scan-tree-dump-times optimized "struct _fat_ptr _ans" 0
FAIL: gcc.dg/tree-ssa/pr42585.c scan-tree-dump-times optimized "struct _fat_ptr _T2" 0
FAIL: gcc.dg/tree-ssa/vrp47.c scan-tree-dump-times vrp1 "[xy][^ ]* !=" 0
FAIL: gcc.dg/tree-ssa/vrp47.c scan-tree-dump-times dom1 "x[^ ]* & y" 1
FAIL: gcc.target/powerpc/ppc-vector-memcpy.c scan-assembler lvx

		=== gcc Summary for unix/-m32 ===

# of expected passes		69771
# of unexpected failures	13
# of unexpected successes	2
# of expected failures		188
# of unsupported tests		798

Running target unix/-m64
FAIL: gcc.c-torture/execute/builtins/abs-1.c execution,  -O2 -fwhopr 
FAIL: gcc.c-torture/execute/builtins/strstr-asm.c execution,  -O2 -fwhopr 
FAIL: gcc.dg/and-1.c scan-assembler-not nand
FAIL: gcc.dg/cproj-fails-with-broken-glibc.c execution test
FAIL: gcc.dg/sms-2.c scan-rtl-dump-times sms "SMS succeeded" 1
FAIL: gcc.dg/sms-4.c scan-rtl-dump-times sms "SMS succeeded" 1
FAIL: gcc.dg/sms-5.c scan-rtl-dump-times sms "SMS succeeded" 1
FAIL: gcc.dg/sms-6.c scan-rtl-dump-times sms "SMS succeeded" 3
FAIL: gcc.dg/sms-7.c scan-rtl-dump-times sms "SMS succeeded" 3
FAIL: gcc.dg/sms-8.c scan-rtl-dump-times sms "SMS succeeded" 1
FAIL: gcc.dg/lto/20081111 c_lto_20081111_0.o-c_lto_20081111_1.o execute -O2 -fwhopr
FAIL: gcc.dg/lto/20081112 c_lto_20081112_0.o-c_lto_20081112_1.o execute -O2 -fwhopr
FAIL: gcc.dg/lto/20090116 c_lto_20090116_0.o-c_lto_20090116_0.o link, -O1 -fwhopr -fPIC (internal compiler error)
UNRESOLVED: gcc.dg/lto/20090116 c_lto_20090116_0.o-c_lto_20090116_0.o execute -O1 -fwhopr -fPIC
FAIL: gcc.dg/lto/ipareference2 c_lto_ipareference2_0.o-c_lto_ipareference2_1.o execute  -O1 -fwhopr -fwhole-program
FAIL: gcc.dg/torture/pr43879_1.c  -O2 -fwhopr  execution test
XPASS: gcc.dg/tree-ssa/20031106-3.c scan-tree-dump-times optimized "link_error" 0
XPASS: gcc.dg/tree-ssa/fre-vce-1.c scan-tree-dump-times fre "sv.i" 2
FAIL: gcc.dg/tree-ssa/pr42585.c scan-tree-dump-times optimized "struct _fat_ptr _ans" 0
FAIL: gcc.dg/tree-ssa/pr42585.c scan-tree-dump-times optimized "struct _fat_ptr _T2" 0
FAIL: gcc.dg/tree-ssa/vrp47.c scan-tree-dump-times vrp1 "[xy][^ ]* !=" 0
FAIL: gcc.dg/tree-ssa/vrp47.c scan-tree-dump-times dom1 "x[^ ]* & y" 1
FAIL: gcc.target/powerpc/ppc-vector-memcpy.c scan-assembler lvx
FAIL: gcc.target/powerpc/ppc64-abi-dfp-1.c execution test
FAIL: gcc.target/powerpc/ppc64-double-1.c scan-assembler-not stfd

		=== gcc Summary for unix/-m64 ===

# of expected passes		70406
# of unexpected failures	22
# of unexpected successes	2
# of expected failures		199
# of unresolved testcases	1
# of unsupported tests		834

		=== gcc Summary ===

# of expected passes		140177
# of unexpected failures	35
# of unexpected successes	4
# of expected failures		387
# of unresolved testcases	1
# of unsupported tests		1632
/home/gccbuild/build/nightly/build-gcc-trunk/gcc/xgcc  version 4.6.0 20100731 (experimental) [trunk revision 162731] (GCC) 

		=== gfortran tests ===


Running target unix/-m32
XPASS: gfortran.dg/default_format_denormal_2.f90  -O0  execution test
XPASS: gfortran.dg/default_format_denormal_2.f90  -O1  execution test
XPASS: gfortran.dg/default_format_denormal_2.f90  -O2  execution test
XPASS: gfortran.dg/default_format_denormal_2.f90  -O3 -fomit-frame-pointer  execution test
XPASS: gfortran.dg/default_format_denormal_2.f90  -O3 -fomit-frame-pointer -funroll-loops  execution test
XPASS: gfortran.dg/default_format_denormal_2.f90  -O3 -fomit-frame-pointer -funroll-all-loops -finline-functions  execution test
XPASS: gfortran.dg/default_format_denormal_2.f90  -O3 -g  execution test
XPASS: gfortran.dg/default_format_denormal_2.f90  -Os  execution test
FAIL: gfortran.dg/inquire_size.f90  -O0  execution test
FAIL: gfortran.dg/inquire_size.f90  -O1  execution test
FAIL: gfortran.dg/inquire_size.f90  -O2  execution test
FAIL: gfortran.dg/inquire_size.f90  -O3 -fomit-frame-pointer  execution test
FAIL: gfortran.dg/inquire_size.f90  -O3 -fomit-frame-pointer -funroll-loops  execution test
FAIL: gfortran.dg/inquire_size.f90  -O3 -fomit-frame-pointer -funroll-all-loops -finline-functions  execution test
FAIL: gfortran.dg/inquire_size.f90  -O3 -g  execution test
FAIL: gfortran.dg/inquire_size.f90  -Os  execution test
FAIL: gfortran.dg/streamio_10.f90  -O0  execution test
FAIL: gfortran.dg/streamio_10.f90  -O1  execution test
FAIL: gfortran.dg/streamio_10.f90  -O2  execution test
FAIL: gfortran.dg/streamio_10.f90  -O3 -fomit-frame-pointer  execution test
FAIL: gfortran.dg/streamio_10.f90  -O3 -fomit-frame-pointer -funroll-loops  execution test
FAIL: gfortran.dg/streamio_10.f90  -O3 -fomit-frame-pointer -funroll-all-loops -finline-functions  execution test
FAIL: gfortran.dg/streamio_10.f90  -O3 -g  execution test
FAIL: gfortran.dg/streamio_10.f90  -Os  execution test
FAIL: gfortran.dg/streamio_15.f90  -O0  execution test
FAIL: gfortran.dg/streamio_15.f90  -O1  execution test
FAIL: gfortran.dg/streamio_15.f90  -O2  execution test
FAIL: gfortran.dg/streamio_15.f90  -O3 -fomit-frame-pointer  execution test
FAIL: gfortran.dg/streamio_15.f90  -O3 -fomit-frame-pointer -funroll-loops  execution test
FAIL: gfortran.dg/streamio_15.f90  -O3 -fomit-frame-pointer -funroll-all-loops -finline-functions  execution test
FAIL: gfortran.dg/streamio_15.f90  -O3 -g  execution test
FAIL: gfortran.dg/streamio_15.f90  -Os  execution test
FAIL: gfortran.dg/streamio_16.f90  -O0  execution test
FAIL: gfortran.dg/streamio_16.f90  -O1  execution test
FAIL: gfortran.dg/streamio_16.f90  -O2  execution test
FAIL: gfortran.dg/streamio_16.f90  -O3 -fomit-frame-pointer  execution test
FAIL: gfortran.dg/streamio_16.f90  -O3 -fomit-frame-pointer -funroll-loops  execution test
FAIL: gfortran.dg/streamio_16.f90  -O3 -fomit-frame-pointer -funroll-all-loops -finline-functions  execution test
FAIL: gfortran.dg/streamio_16.f90  -O3 -g  execution test
FAIL: gfortran.dg/streamio_16.f90  -Os  execution test
FAIL: gfortran.dg/streamio_8.f90  -O0  execution test
FAIL: gfortran.dg/streamio_8.f90  -O1  execution test
FAIL: gfortran.dg/streamio_8.f90  -O2  execution test
FAIL: gfortran.dg/streamio_8.f90  -O3 -fomit-frame-pointer  execution test
FAIL: gfortran.dg/streamio_8.f90  -O3 -fomit-frame-pointer -funroll-loops  execution test
FAIL: gfortran.dg/streamio_8.f90  -O3 -fomit-frame-pointer -funroll-all-loops -finline-functions  execution test
FAIL: gfortran.dg/streamio_8.f90  -O3 -g  execution test
FAIL: gfortran.dg/streamio_8.f90  -Os  execution test
FAIL: gfortran.fortran-torture/execute/inquire_3.f90 execution,  -O0 
FAIL: gfortran.fortran-torture/execute/inquire_3.f90 execution,  -O1 
FAIL: gfortran.fortran-torture/execute/inquire_3.f90 execution,  -O2 
FAIL: gfortran.fortran-torture/execute/inquire_3.f90 execution,  -O2 -fomit-frame-pointer -finline-functions 
FAIL: gfortran.fortran-torture/execute/inquire_3.f90 execution,  -O2 -fomit-frame-pointer -finline-functions -funroll-loops 
FAIL: gfortran.fortran-torture/execute/inquire_3.f90 execution,  -O2 -fbounds-check 
FAIL: gfortran.fortran-torture/execute/inquire_3.f90 execution,  -O3 -g 
FAIL: gfortran.fortran-torture/execute/inquire_3.f90 execution,  -Os 
FAIL: gfortran.fortran-torture/execute/inquire_3.f90 execution, -O2 -ftree-vectorize -maltivec 
FAIL: gfortran.fortran-torture/execute/inquire_4.f90 execution,  -O0 
FAIL: gfortran.fortran-torture/execute/inquire_4.f90 execution,  -O1 
FAIL: gfortran.fortran-torture/execute/inquire_4.f90 execution,  -O2 
FAIL: gfortran.fortran-torture/execute/inquire_4.f90 execution,  -O2 -fomit-frame-pointer -finline-functions 
FAIL: gfortran.fortran-torture/execute/inquire_4.f90 execution,  -O2 -fomit-frame-pointer -finline-functions -funroll-loops 
FAIL: gfortran.fortran-torture/execute/inquire_4.f90 execution,  -O2 -fbounds-check 
FAIL: gfortran.fortran-torture/execute/inquire_4.f90 execution,  -O3 -g 
FAIL: gfortran.fortran-torture/execute/inquire_4.f90 execution,  -Os 
FAIL: gfortran.fortran-torture/execute/inquire_4.f90 execution, -O2 -ftree-vectorize -maltivec 

		=== gfortran Summary for unix/-m32 ===

# of expected passes		35221
# of unexpected failures	58
# of unexpected successes	8
# of expected failures		66
# of unsupported tests		147

Running target unix/-m64
XPASS: gfortran.dg/default_format_denormal_2.f90  -O0  execution test
XPASS: gfortran.dg/default_format_denormal_2.f90  -O1  execution test
XPASS: gfortran.dg/default_format_denormal_2.f90  -O2  execution test
XPASS: gfortran.dg/default_format_denormal_2.f90  -O3 -fomit-frame-pointer  execution test
XPASS: gfortran.dg/default_format_denormal_2.f90  -O3 -fomit-frame-pointer -funroll-loops  execution test
XPASS: gfortran.dg/default_format_denormal_2.f90  -O3 -fomit-frame-pointer -funroll-all-loops -finline-functions  execution test
XPASS: gfortran.dg/default_format_denormal_2.f90  -O3 -g  execution test
XPASS: gfortran.dg/default_format_denormal_2.f90  -Os  execution test

		=== gfortran Summary for unix/-m64 ===

# of expected passes		35446
# of unexpected successes	8
# of expected failures		66
# of unsupported tests		74

		=== gfortran Summary ===

# of expected passes		70667
# of unexpected failures	58
# of unexpected successes	16
# of expected failures		132
# of unsupported tests		221
/home/gccbuild/build/nightly/build-gcc-trunk/gcc/testsuite/gfortran/../../gfortran  version 4.6.0 20100731 (experimental) [trunk revision 162731] (GCC) 

		=== g++ tests ===


Running target unix/-m32
WARNING: program timed out.
FAIL: g++.dg/bprob/g++-bprob-2.C execution,    -Os  -fprofile-use
FAIL: g++.dg/lto/20081109 cp_lto_20081109_0.o-cp_lto_20081109_1.o execute -O2 -fwhopr

		=== g++ Summary for unix/-m32 ===

# of expected passes		23983
# of unexpected failures	2
# of expected failures		149
# of unsupported tests		170

Running target unix/-m64
FAIL: g++.dg/lto/20081109 cp_lto_20081109_0.o-cp_lto_20081109_1.o execute -O2 -fwhopr

		=== g++ Summary for unix/-m64 ===

# of expected passes		24595
# of unexpected failures	1
# of expected failures		149
# of unsupported tests		168

		=== g++ Summary ===

# of expected passes		48578
# of unexpected failures	3
# of expected failures		298
# of unsupported tests		338
/home/gccbuild/build/nightly/build-gcc-trunk/gcc/testsuite/g++/../../g++  version 4.6.0 20100731 (experimental) [trunk revision 162731] (GCC) 

		=== obj-c++ tests ===


Running target unix/-m32
WARNING: obj-c++.dg/lookup-2.mm -fgnu-runtime compilation failed to produce executable
WARNING: obj-c++.dg/try-catch-2.mm -fgnu-runtime compilation failed to produce executable
WARNING: obj-c++.dg/try-catch-9.mm -fgnu-runtime compilation failed to produce executable

		=== obj-c++ Summary for unix/-m32 ===

# of expected passes		566
# of expected failures		3
# of unsupported tests		15

Running target unix/-m64
WARNING: obj-c++.dg/lookup-2.mm -fgnu-runtime compilation failed to produce executable
WARNING: obj-c++.dg/try-catch-2.mm -fgnu-runtime compilation failed to produce executable
WARNING: obj-c++.dg/try-catch-9.mm -fgnu-runtime compilation failed to produce executable

		=== obj-c++ Summary for unix/-m64 ===

# of expected passes		558
# of expected failures		11
# of unsupported tests		15

		=== obj-c++ Summary ===

# of expected passes		1124
# of expected failures		14
# of unsupported tests		30
/home/gccbuild/build/nightly/build-gcc-trunk/gcc/testsuite/obj-c++/../../g++  version 4.6.0 20100731 (experimental) [trunk revision 162731] (GCC) 

		=== objc tests ===


Running target unix/-m32

		=== objc Summary for unix/-m32 ===

# of expected passes		1999
# of expected failures		15
# of unsupported tests		20

Running target unix/-m64

		=== objc Summary for unix/-m64 ===

# of expected passes		1999
# of expected failures		15
# of unsupported tests		20

		=== objc Summary ===

# of expected passes		3998
# of expected failures		30
# of unsupported tests		40
/home/gccbuild/build/nightly/build-gcc-trunk/gcc/xgcc  version 4.6.0 20100731 (experimental) [trunk revision 162731] (GCC) 

		=== libgomp tests ===


Running target unix/-m32
FAIL: libgomp.graphite/force-parallel-1.c execution test

		=== libgomp Summary for unix/-m32 ===

# of expected passes		2539
# of unexpected failures	1

Running target unix/-m64
FAIL: libgomp.c/icv-2.c execution test
FAIL: libgomp.c/lock-3.c execution test
FAIL: libgomp.graphite/force-parallel-1.c execution test

		=== libgomp Summary for unix/-m64 ===

# of expected passes		2537
# of unexpected failures	3

		=== libgomp Summary ===

# of expected passes		5076
# of unexpected failures	4
		=== libmudflap tests ===


Running target unix/-m32
FAIL: libmudflap.c/pass49-frag.c execution test
FAIL: libmudflap.c/pass49-frag.c output pattern test
FAIL: libmudflap.c/pass49-frag.c execution test
FAIL: libmudflap.c/pass49-frag.c output pattern test
FAIL: libmudflap.c/pass49-frag.c (-static) execution test
FAIL: libmudflap.c/pass49-frag.c (-static) output pattern test
FAIL: libmudflap.c/pass49-frag.c (-static) execution test
FAIL: libmudflap.c/pass49-frag.c (-static) output pattern test
FAIL: libmudflap.c/pass49-frag.c (-O2) execution test
FAIL: libmudflap.c/pass49-frag.c (-O2) output pattern test
FAIL: libmudflap.c/pass49-frag.c (-O2) execution test
FAIL: libmudflap.c/pass49-frag.c (-O2) output pattern test
FAIL: libmudflap.c/pass49-frag.c (-O3) execution test
FAIL: libmudflap.c/pass49-frag.c (-O3) output pattern test
FAIL: libmudflap.c/pass49-frag.c (-O3) execution test
FAIL: libmudflap.c/pass49-frag.c (-O3) output pattern test
FAIL: libmudflap.c++/pass41-frag.cxx execution test
FAIL: libmudflap.c++/pass28-frag.cxx (-static) (test for excess errors)
WARNING: libmudflap.c++/pass28-frag.cxx (-static) compilation failed to produce executable
FAIL: libmudflap.c++/pass41-frag.cxx (-static) (test for excess errors)
WARNING: libmudflap.c++/pass41-frag.cxx (-static) compilation failed to produce executable
FAIL: libmudflap.c++/pass55-frag.cxx (-static) (test for excess errors)
WARNING: libmudflap.c++/pass55-frag.cxx (-static) compilation failed to produce executable
WARNING: libmudflap.c++/pass57-frag.cxx (-static) compilation failed to produce executable
FAIL: libmudflap.c++/pass41-frag.cxx (-O2) execution test
FAIL: libmudflap.c++/pass41-frag.cxx (-O3) execution test

		=== libmudflap Summary for unix/-m32 ===

# of expected passes		1868
# of unexpected failures	22

Running target unix/-m64
FAIL: libmudflap.c/pass49-frag.c execution test
FAIL: libmudflap.c/pass49-frag.c output pattern test
FAIL: libmudflap.c/pass49-frag.c execution test
FAIL: libmudflap.c/pass49-frag.c output pattern test
FAIL: libmudflap.c/pass49-frag.c (-static) execution test
FAIL: libmudflap.c/pass49-frag.c (-static) output pattern test
FAIL: libmudflap.c/pass49-frag.c (-static) execution test
FAIL: libmudflap.c/pass49-frag.c (-static) output pattern test
FAIL: libmudflap.c/pass49-frag.c (-O2) execution test
FAIL: libmudflap.c/pass49-frag.c (-O2) output pattern test
FAIL: libmudflap.c/pass49-frag.c (-O2) execution test
FAIL: libmudflap.c/pass49-frag.c (-O2) output pattern test
FAIL: libmudflap.c/pass49-frag.c (-O3) execution test
FAIL: libmudflap.c/pass49-frag.c (-O3) output pattern test
FAIL: libmudflap.c/pass49-frag.c (-O3) execution test
FAIL: libmudflap.c/pass49-frag.c (-O3) output pattern test
FAIL: libmudflap.c++/pass41-frag.cxx execution test
FAIL: libmudflap.c++/pass41-frag.cxx (-static) execution test
FAIL: libmudflap.c++/pass41-frag.cxx (-O2) execution test
FAIL: libmudflap.c++/pass41-frag.cxx (-O3) execution test

		=== libmudflap Summary for unix/-m64 ===

# of expected passes		1874
# of unexpected failures	20

		=== libmudflap Summary ===

# of expected passes		3742
# of unexpected failures	42
		=== libstdc++ tests ===


Running target unix/-m32
FAIL: abi_check

		=== libstdc++ Summary for unix/-m32 ===

# of expected passes		7894
# of unexpected failures	1
# of expected failures		62
# of unsupported tests		13

Running target unix/-m64

		=== libstdc++ Summary for unix/-m64 ===

# of expected passes		7895
# of expected failures		62
# of unsupported tests		13

		=== libstdc++ Summary ===

# of expected passes		15789
# of unexpected failures	1
# of expected failures		124
# of unsupported tests		26

Compiler version: 4.6.0 20100731 (experimental) [trunk revision 162731] (GCC) 
Platform: powerpc64-unknown-linux-gnu
configure flags: --prefix=/opt/gcc-nightly/trunk-20100731 --build=powerpc64-linux --host=powerpc64-linux --target=powerpc64-linux --with-cpu=default32 --with-as=/opt/gcc-nightly/binutils-2.20/bin/as --with-ld=/opt/gcc-nightly/binutils-2.20/bin/ld --enable-threads=posix --enable-shared --enable-__cxa_atexit --enable-languages=c,c++,fortran,objc,obj-c++ --with-long-double-128 --enable-secureplt --enable-checking --disable-alsa --with-gmp=/opt/gcc-nightly/gcc-host-libs-32 --with-mpfr=/opt/gcc-nightly/gcc-host-libs-32 --with-ppl=/opt/gcc-nightly/gcc-host-libs-32 --with-cloog=/opt/gcc-nightly/gcc-host-libs-32 --with-mpc=/opt/gcc-nightly/gcc-host-libs-32 --with-libelf=/opt/gcc-nightly/gcc-host-libs-32 --with-host-libstdcxx=-Wl,-Bstatic,-L/opt/gcc-nightly/gcc-host-libs-32/lib,-lstdc++,-Bdynamic,-lm

		=== Test Framework Summary ===

# of expected passes		2531


Index Nav: [Date Index] [Subject Index] [Author Index] [Thread Index]
Message Nav: [Date Prev] [Date Next] [Thread Prev] [Thread Next]