This is the mail archive of the
gcc-testresults@gcc.gnu.org
mailing list for the GCC project.
Results for 4.5.1 (GCC) testsuite on i386-apple-darwin10.4.0
- From: Jack Howarth <howarth at bromo dot med dot uc dot edu>
- To: gcc-testresults at gcc dot gnu dot org
- Date: Sat, 31 Jul 2010 13:42:51 -0400
- Subject: Results for 4.5.1 (GCC) testsuite on i386-apple-darwin10.4.0
LAST_UPDATED: Obtained from SVN: tags/gcc_4_5_1_release revision 162774
Native configuration is i386-apple-darwin10.4.0
=== g++ tests ===
Running target unix
WARNING: g++.dg/ext/label13.C compilation failed to produce executable
FAIL: g++.dg/torture/pr40389.C -O3 -g (test for excess errors)
FAIL: g++.dg/tree-prof/partition1.C compilation, -g -fprofile-use
UNRESOLVED: g++.dg/tree-prof/partition1.C execution, -g -fprofile-use
FAIL: g++.dg/tree-prof/partition1.C compilation, -O3 -g -fprofile-use
UNRESOLVED: g++.dg/tree-prof/partition1.C execution, -O3 -g -fprofile-use
=== g++ Summary ===
# of expected passes 21925
# of unexpected failures 3
# of expected failures 150
# of unresolved testcases 2
# of unsupported tests 178
/sw_i386/src/fink.build/gcc45-4.5.1-1000/darwin_objdir/gcc/testsuite/g++/../../g++ version 4.5.1 (GCC)
=== gcc tests ===
Running target unix
FAIL: gcc.dg/debug/dwarf2/aranges-fnsec-1.c scan-assembler DW_AT_ranges
FAIL: gcc.dg/framework-1.c (test for excess errors)
FAIL: gcc.dg/torture/builtin-math-7.c -O0 execution test
FAIL: gcc.dg/torture/builtin-math-7.c -O1 execution test
FAIL: gcc.dg/torture/builtin-math-7.c -O2 execution test
FAIL: gcc.dg/torture/builtin-math-7.c -O3 -fomit-frame-pointer execution test
FAIL: gcc.dg/torture/builtin-math-7.c -O3 -fomit-frame-pointer -funroll-loops execution test
FAIL: gcc.dg/torture/builtin-math-7.c -O3 -fomit-frame-pointer -funroll-all-loops -finline-functions execution test
FAIL: gcc.dg/torture/builtin-math-7.c -O3 -g execution test
FAIL: gcc.dg/torture/builtin-math-7.c -Os execution test
=== gcc Summary ===
# of expected passes 59518
# of unexpected failures 10
# of expected failures 175
# of unsupported tests 1197
/sw_i386/src/fink.build/gcc45-4.5.1-1000/darwin_objdir/gcc/xgcc version 4.5.1 (GCC)
=== gfortran tests ===
Running target unix
=== gfortran Summary ===
# of expected passes 33869
# of expected failures 31
# of unsupported tests 152
/sw_i386/src/fink.build/gcc45-4.5.1-1000/darwin_objdir/gcc/testsuite/gfortran/../../gfortran version 4.5.1 (GCC)
=== obj-c++ tests ===
Running target unix
WARNING: obj-c++.dg/lookup-2.mm -fgnu-runtime compilation failed to produce executable
WARNING: obj-c++.dg/try-catch-2.mm -fgnu-runtime compilation failed to produce executable
WARNING: obj-c++.dg/try-catch-9.mm -fgnu-runtime compilation failed to produce executable
=== obj-c++ Summary ===
# of expected passes 924
# of expected failures 3
# of unsupported tests 13
/sw_i386/src/fink.build/gcc45-4.5.1-1000/darwin_objdir/gcc/testsuite/obj-c++/../../g++ version 4.5.1 (GCC)
=== objc tests ===
Running target unix
FAIL: objc/execute/exceptions/catchall-1.m execution, -O3 -fomit-frame-pointer -fnext-runtime
FAIL: objc/execute/exceptions/catchall-1.m execution, -O3 -g -fnext-runtime
FAIL: objc/execute/exceptions/local-variables-1.m execution, -O3 -fomit-frame-pointer -fnext-runtime
FAIL: objc/execute/exceptions/local-variables-1.m execution, -O3 -g -fnext-runtime
FAIL: objc.dg/headers.m -fnext-runtime (test for excess errors)
FAIL: objc.dg/no-extra-load.m -fnext-runtime (test for excess errors)
ERROR: objc.dg/no-extra-load.m: error executing dg-final: couldn't open "no-extra-load.s": no such file or directory
UNRESOLVED: objc.dg/no-extra-load.m: error executing dg-final: couldn't open "no-extra-load.s": no such file or directory
=== objc Summary ===
# of expected passes 3745
# of unexpected failures 6
# of expected failures 7
# of unresolved testcases 1
# of unsupported tests 25
/sw_i386/src/fink.build/gcc45-4.5.1-1000/darwin_objdir/gcc/xgcc version 4.5.1 (GCC)
=== libffi tests ===
Running target unix
=== libffi Summary ===
# of expected passes 1624
# of expected failures 10
# of unsupported tests 15
=== libgomp tests ===
Running target unix
=== libgomp Summary ===
# of expected passes 2536
# of unsupported tests 2
=== libjava tests ===
Running target unix
=== libjava Summary ===
# of expected passes 2574
=== libstdc++ tests ===
Running target unix
FAIL: 19_diagnostics/error_code/cons/39882.cc (test for excess errors)
FAIL: 19_diagnostics/error_code/modifiers/39882.cc (test for excess errors)
FAIL: 19_diagnostics/error_condition/cons/39881.cc (test for excess errors)
FAIL: 19_diagnostics/error_condition/modifiers/39881.cc (test for excess errors)
FAIL: 20_util/owner_less/cmp.cc (test for excess errors)
FAIL: 20_util/shared_ptr/assign/assign.cc (test for excess errors)
FAIL: 20_util/shared_ptr/assign/auto_ptr.cc (test for excess errors)
FAIL: 20_util/shared_ptr/assign/move.cc (test for excess errors)
FAIL: 20_util/shared_ptr/assign/shared_ptr.cc (test for excess errors)
FAIL: 20_util/shared_ptr/comparison/cmp.cc (test for excess errors)
FAIL: 20_util/shared_ptr/comparison/less.cc (test for excess errors)
FAIL: 20_util/shared_ptr/cons/alias.cc (test for excess errors)
FAIL: 20_util/shared_ptr/cons/alloc.cc (test for excess errors)
FAIL: 20_util/shared_ptr/cons/auto_ptr.cc (test for excess errors)
FAIL: 20_util/shared_ptr/cons/copy.cc (test for excess errors)
FAIL: 20_util/shared_ptr/cons/move.cc (test for excess errors)
FAIL: 20_util/shared_ptr/cons/pointer.cc (test for excess errors)
FAIL: 20_util/shared_ptr/cons/unique_ptr.cc (test for excess errors)
FAIL: 20_util/shared_ptr/cons/unique_ptr_deleter.cc (test for excess errors)
FAIL: 20_util/shared_ptr/cons/unique_ptr_deleter_ref_1.cc (test for excess errors)
FAIL: 20_util/shared_ptr/cons/unique_ptr_deleter_ref_2.cc (test for excess errors)
FAIL: 20_util/shared_ptr/creation/36949.cc (test for excess errors)
FAIL: 20_util/shared_ptr/creation/alloc.cc (test for excess errors)
FAIL: 20_util/shared_ptr/creation/dr925.cc (test for excess errors)
FAIL: 20_util/shared_ptr/creation/make.cc (test for excess errors)
FAIL: 20_util/shared_ptr/dest/dest.cc (test for excess errors)
FAIL: 20_util/shared_ptr/misc/42019.cc (test for excess errors)
FAIL: 20_util/shared_ptr/misc/swap.cc (test for excess errors)
FAIL: 20_util/shared_ptr/modifiers/reset.cc (test for excess errors)
FAIL: 20_util/shared_ptr/modifiers/reset_alloc.cc (test for excess errors)
FAIL: 20_util/shared_ptr/modifiers/swap.cc (test for excess errors)
FAIL: 20_util/shared_ptr/observers/bool_conv.cc (test for excess errors)
FAIL: 20_util/shared_ptr/observers/get.cc (test for excess errors)
FAIL: 20_util/shared_ptr/observers/owner_before.cc (test for excess errors)
FAIL: 20_util/shared_ptr/observers/unique.cc (test for excess errors)
FAIL: 20_util/shared_ptr/observers/use_count.cc (test for excess errors)
FAIL: 20_util/shared_ptr/thread/mutex_weaktoshared.cc (test for excess errors)
FAIL: 20_util/unique_ptr/assign/move.cc (test for excess errors)
FAIL: 20_util/unique_ptr/assign/move_array.cc (test for excess errors)
FAIL: 20_util/unique_ptr/cons/pointer_array.cc (test for excess errors)
FAIL: 20_util/unique_ptr/specialized_algorithms/comparisons_array.cc (test for excess errors)
FAIL: 20_util/weak_ptr/observers/owner_before.cc (test for excess errors)
FAIL: 21_strings/basic_string/element_access/char/21674.cc (test for excess errors)
FAIL: 21_strings/basic_string/element_access/wchar_t/21674.cc (test for excess errors)
FAIL: 21_strings/basic_string/inserters_extractors/pod/10081-in.cc (test for excess errors)
FAIL: 21_strings/basic_string/inserters_extractors/pod/10081-out.cc (test for excess errors)
FAIL: 22_locale/locale/operations/2.cc (test for excess errors)
FAIL: 22_locale/numpunct/members/pod/1.cc (test for excess errors)
FAIL: 22_locale/numpunct/members/pod/2.cc (test for excess errors)
FAIL: 23_containers/deque/invalidation/4.cc (test for excess errors)
FAIL: 23_containers/deque/requirements/exception/generation_prohibited.cc (test for excess errors)
FAIL: 23_containers/list/invalidation/3.cc (test for excess errors)
FAIL: 23_containers/map/invalidation/1.cc (test for excess errors)
FAIL: 23_containers/multimap/invalidation/1.cc (test for excess errors)
FAIL: 23_containers/multiset/invalidation/1.cc (test for excess errors)
FAIL: 23_containers/multiset/requirements/exception/generation_prohibited.cc (test for excess errors)
FAIL: 23_containers/set/invalidation/1.cc (test for excess errors)
FAIL: 23_containers/set/requirements/exception/generation_prohibited.cc (test for excess errors)
FAIL: 23_containers/unordered_map/requirements/exception/basic.cc (test for excess errors)
FAIL: 23_containers/unordered_map/requirements/exception/generation_prohibited.cc (test for excess errors)
FAIL: 23_containers/unordered_multimap/requirements/exception/basic.cc (test for excess errors)
FAIL: 23_containers/unordered_multimap/requirements/exception/generation_prohibited.cc (test for excess errors)
FAIL: 23_containers/unordered_multimap/requirements/exception/propagation_consistent.cc (test for excess errors)
FAIL: 23_containers/unordered_multiset/requirements/exception/basic.cc (test for excess errors)
FAIL: 23_containers/unordered_multiset/requirements/exception/generation_prohibited.cc (test for excess errors)
FAIL: 23_containers/unordered_multiset/requirements/exception/propagation_consistent.cc (test for excess errors)
FAIL: 23_containers/unordered_set/requirements/exception/basic.cc (test for excess errors)
FAIL: 23_containers/unordered_set/requirements/exception/generation_prohibited.cc (test for excess errors)
FAIL: 23_containers/vector/bool/clear_allocator.cc (test for excess errors)
FAIL: 23_containers/vector/invalidation/2.cc (test for excess errors)
FAIL: 23_containers/vector/invalidation/3.cc (test for excess errors)
FAIL: 23_containers/vector/invalidation/4.cc (test for excess errors)
FAIL: 23_containers/vector/requirements/exception/propagation_consistent.cc (test for excess errors)
FAIL: 26_numerics/random/chi_squared_distribution/cons/default.cc (test for excess errors)
FAIL: 26_numerics/random/chi_squared_distribution/cons/parms.cc (test for excess errors)
FAIL: 26_numerics/random/chi_squared_distribution/operators/equal.cc (test for excess errors)
FAIL: 26_numerics/random/chi_squared_distribution/operators/inequal.cc (test for excess errors)
FAIL: 26_numerics/random/chi_squared_distribution/operators/serialize.cc (test for excess errors)
FAIL: 26_numerics/random/fisher_f_distribution/cons/default.cc (test for excess errors)
FAIL: 26_numerics/random/fisher_f_distribution/cons/parms.cc (test for excess errors)
FAIL: 26_numerics/random/fisher_f_distribution/operators/equal.cc (test for excess errors)
FAIL: 26_numerics/random/fisher_f_distribution/operators/inequal.cc (test for excess errors)
FAIL: 26_numerics/random/fisher_f_distribution/operators/serialize.cc (test for excess errors)
FAIL: 26_numerics/random/gamma_distribution/cons/default.cc (test for excess errors)
FAIL: 26_numerics/random/gamma_distribution/cons/parms.cc (test for excess errors)
FAIL: 26_numerics/random/gamma_distribution/operators/equal.cc (test for excess errors)
FAIL: 26_numerics/random/gamma_distribution/operators/inequal.cc (test for excess errors)
FAIL: 26_numerics/random/gamma_distribution/operators/serialize.cc (test for excess errors)
FAIL: 26_numerics/random/negative_binomial_distribution/cons/default.cc (test for excess errors)
FAIL: 26_numerics/random/negative_binomial_distribution/cons/parms.cc (test for excess errors)
FAIL: 26_numerics/random/negative_binomial_distribution/operators/equal.cc (test for excess errors)
FAIL: 26_numerics/random/negative_binomial_distribution/operators/inequal.cc (test for excess errors)
FAIL: 26_numerics/random/negative_binomial_distribution/operators/serialize.cc (test for excess errors)
FAIL: 26_numerics/random/student_t_distribution/cons/default.cc (test for excess errors)
FAIL: 26_numerics/random/student_t_distribution/cons/parms.cc (test for excess errors)
FAIL: 26_numerics/random/student_t_distribution/operators/equal.cc (test for excess errors)
FAIL: 26_numerics/random/student_t_distribution/operators/inequal.cc (test for excess errors)
FAIL: 26_numerics/random/student_t_distribution/operators/serialize.cc (test for excess errors)
FAIL: 27_io/basic_filebuf/close/12790-1.cc (test for excess errors)
FAIL: 27_io/basic_filebuf/close/char/3.cc (test for excess errors)
FAIL: 27_io/basic_filebuf/in_avail/char/1.cc (test for excess errors)
FAIL: 27_io/basic_filebuf/open/12790-1.cc (test for excess errors)
FAIL: 27_io/basic_filebuf/seekoff/12790-1.cc (test for excess errors)
FAIL: 27_io/basic_filebuf/seekoff/12790-2.cc (test for excess errors)
FAIL: 27_io/basic_filebuf/seekoff/12790-3.cc (test for excess errors)
FAIL: 27_io/basic_filebuf/seekoff/12790-4.cc (test for excess errors)
FAIL: 27_io/basic_filebuf/seekpos/12790-1.cc (test for excess errors)
FAIL: 27_io/basic_filebuf/seekpos/12790-2.cc (test for excess errors)
FAIL: 27_io/basic_filebuf/seekpos/12790-3.cc (test for excess errors)
FAIL: 27_io/basic_ios/imbue/14072.cc (test for excess errors)
FAIL: 27_io/basic_istream/sentry/pod/1.cc (test for excess errors)
FAIL: 27_io/basic_ostream/sentry/pod/1.cc (test for excess errors)
FAIL: ext/bitmap_allocator/check_allocate_max_size.cc (test for excess errors)
FAIL: ext/bitmap_allocator/check_delete.cc (test for excess errors)
FAIL: ext/new_allocator/deallocate_global.cc (test for excess errors)
FAIL: ext/pb_ds/example/hash_illegal_resize.cc (test for excess errors)
FAIL: ext/pb_ds/example/hash_initial_size.cc (test for excess errors)
FAIL: ext/pb_ds/example/hash_load_set_change.cc (test for excess errors)
FAIL: ext/pb_ds/example/hash_mod.cc (test for excess errors)
FAIL: ext/pb_ds/example/hash_resize.cc (test for excess errors)
FAIL: ext/pb_ds/example/hash_shift_mask.cc (test for excess errors)
FAIL: ext/pb_ds/example/priority_queue_xref.cc (test for excess errors)
FAIL: ext/pb_ds/example/ranged_hash.cc (test for excess errors)
FAIL: ext/pb_ds/example/store_hash.cc (test for excess errors)
FAIL: ext/pb_ds/example/tree_intervals.cc (test for excess errors)
FAIL: ext/pb_ds/example/tree_order_statistics.cc (test for excess errors)
FAIL: ext/pb_ds/example/tree_order_statistics_join.cc (test for excess errors)
FAIL: ext/pb_ds/example/trie_prefix_search.cc (test for excess errors)
FAIL: ext/pool_allocator/check_delete.cc (test for excess errors)
FAIL: ext/pool_allocator/variadic_construct.cc (test for excess errors)
FAIL: ext/rope/2.cc (test for excess errors)
FAIL: ext/rope/3.cc (test for excess errors)
FAIL: ext/throw_allocator/check_new.cc (test for excess errors)
FAIL: ext/throw_allocator/variadic_construct.cc (test for excess errors)
FAIL: ext/vstring/requirements/exception/generation_prohibited.cc (test for excess errors)
FAIL: tr1/2_general_utilities/enable_shared_from_this/not_shared.cc (test for excess errors)
FAIL: tr1/2_general_utilities/enable_shared_from_this/not_shared2.cc (test for excess errors)
FAIL: tr1/2_general_utilities/enable_shared_from_this/not_shared3.cc (test for excess errors)
FAIL: tr1/2_general_utilities/enable_shared_from_this/still_shared.cc (test for excess errors)
FAIL: tr1/2_general_utilities/shared_ptr/assign/assign.cc (test for excess errors)
FAIL: tr1/2_general_utilities/shared_ptr/assign/auto_ptr.cc (test for excess errors)
FAIL: tr1/2_general_utilities/shared_ptr/assign/shared_ptr.cc (test for excess errors)
FAIL: tr1/2_general_utilities/shared_ptr/comparison/cmp.cc (test for excess errors)
FAIL: tr1/2_general_utilities/shared_ptr/cons/auto_ptr.cc (test for excess errors)
FAIL: tr1/2_general_utilities/shared_ptr/cons/copy.cc (test for excess errors)
FAIL: tr1/2_general_utilities/shared_ptr/cons/pointer.cc (test for excess errors)
FAIL: tr1/2_general_utilities/shared_ptr/dest/dest.cc (test for excess errors)
FAIL: tr1/2_general_utilities/shared_ptr/misc/swap.cc (test for excess errors)
FAIL: tr1/2_general_utilities/shared_ptr/modifiers/reset.cc (test for excess errors)
FAIL: tr1/2_general_utilities/shared_ptr/modifiers/swap.cc (test for excess errors)
FAIL: tr1/2_general_utilities/shared_ptr/observers/bool_conv.cc (test for excess errors)
FAIL: tr1/2_general_utilities/shared_ptr/observers/get.cc (test for excess errors)
FAIL: tr1/2_general_utilities/shared_ptr/observers/unique.cc (test for excess errors)
FAIL: tr1/2_general_utilities/shared_ptr/observers/use_count.cc (test for excess errors)
FAIL: tr1/2_general_utilities/shared_ptr/thread/mutex_weaktoshared.cc (test for excess errors)
FAIL: tr1/5_numerical_facilities/special_functions/17_hyperg/check_nan.cc (test for excess errors)
=== libstdc++ Summary ===
# of expected passes 6298
# of unexpected failures 156
# of expected failures 89
# of unsupported tests 554
Compiler version: 4.5.1 (GCC)
Platform: i386-apple-darwin10.4.0
configure flags: --prefix=/sw_i386 --prefix=/sw_i386/lib/gcc4.5 --mandir=/sw_i386/share/man --infodir=/sw_i386/lib/gcc4.5/info --enable-languages=c,c++,fortran,objc,obj-c++,java --with-gmp=/sw_i386 --with-libiconv-prefix=/sw_i386 --with-ppl=/sw_i386 --with-cloog=/sw_i386 --with-mpc=/sw_i386 --with-system-zlib --x-includes=/usr/X11R6/include --x-libraries=/usr/X11R6/lib --program-suffix=-fsf-4.5